[INFO] cloning repository https://github.com/anand-a-nair/EasyPDF
[INFO] running `Command { std: "git" "-c" "credential.helper=" "-c" "credential.helper=/workspace/cargo-home/bin/git-credential-null" "clone" "--bare" "https://github.com/anand-a-nair/EasyPDF" "/workspace/cache/git-repos/https%3A%2F%2Fgithub.com%2Fanand-a-nair%2FEasyPDF", kill_on_drop: false }`
[INFO] [stderr] Cloning into bare repository '/workspace/cache/git-repos/https%3A%2F%2Fgithub.com%2Fanand-a-nair%2FEasyPDF'...
[INFO] running `Command { std: "git" "rev-parse" "HEAD", kill_on_drop: false }`
[INFO] [stdout] 852d287064b170695b6af1dc1005faeb1bae54bf
[INFO] checking anand-a-nair/EasyPDF against 3154cc1a3e6424e44f438a95007d043ed5ceaaf6 for pr-133502-30
[INFO] running `Command { std: "git" "clone" "/workspace/cache/git-repos/https%3A%2F%2Fgithub.com%2Fanand-a-nair%2FEasyPDF" "/workspace/builds/worker-3-tc2/source", kill_on_drop: false }`
[INFO] [stderr] Cloning into '/workspace/builds/worker-3-tc2/source'...
[INFO] [stderr] done.
[INFO] removed /workspace/builds/worker-3-tc2/source/rust-toolchain.toml
[INFO] started tweaking git repo https://github.com/anand-a-nair/EasyPDF
[INFO] finished tweaking git repo https://github.com/anand-a-nair/EasyPDF
[INFO] tweaked toml for git repo https://github.com/anand-a-nair/EasyPDF written to /workspace/builds/worker-3-tc2/source/Cargo.toml
[INFO] validating manifest of git repo https://github.com/anand-a-nair/EasyPDF on toolchain 3154cc1a3e6424e44f438a95007d043ed5ceaaf6
[INFO] running `Command { std: CARGO_HOME="/workspace/cargo-home" RUSTUP_HOME="/workspace/rustup-home" "/workspace/cargo-home/bin/cargo" "+3154cc1a3e6424e44f438a95007d043ed5ceaaf6" "metadata" "--manifest-path" "Cargo.toml" "--no-deps", kill_on_drop: false }`
[INFO] crate git repo https://github.com/anand-a-nair/EasyPDF already has a lockfile, it will not be regenerated
[INFO] running `Command { std: CARGO_HOME="/workspace/cargo-home" RUSTUP_HOME="/workspace/rustup-home" "/workspace/cargo-home/bin/cargo" "+3154cc1a3e6424e44f438a95007d043ed5ceaaf6" "fetch" "--manifest-path" "Cargo.toml", kill_on_drop: false }`
[INFO] [stderr] warning: unused workspace dependency `easypdf-crypto`
[INFO] [stderr]   --> Cargo.toml:18:25
[INFO] [stderr]    |
[INFO] [stderr] 18 | [workspace.dependencies.easypdf-crypto]
[INFO] [stderr]    |                         ^^^^^^^^^^^^^^
[INFO] [stderr]    |
[INFO] [stderr]    = note: `cargo::unused_workspace_dependencies` is set to `warn` by default
[INFO] [stderr] help: consider removing the workspace dependency `easypdf-crypto`
[INFO] [stderr] warning: workspace (manifest) generated 1 warning
[INFO] running `Command { std: "docker" "create" "-v" "/var/lib/crater-agent-workspace/builds/worker-3-tc2/source:/opt/rustwide/workdir:ro,Z" "-v" "/var/lib/crater-agent-workspace/builds/worker-3-tc2/target:/opt/rustwide/target:rw,Z" "-v" "/var/lib/crater-agent-workspace/cargo-home:/opt/rustwide/cargo-home:ro,Z" "-v" "/var/lib/crater-agent-workspace/rustup-home:/opt/rustwide/rustup-home:ro,Z" "-m" "1610612736" "--network" "none" "ghcr.io/rust-lang/crates-build-env/linux@sha256:77db811e55d90add9212f6832c23229e3de5f1c1f9905e8cb07319ea15df73ac" "sleep" "infinity", kill_on_drop: false }`
[INFO] [stdout] 96327f456d52bb746efea02678c39143baf18d4c0759c92c16221d298631c9d7
[INFO] running `Command { std: "docker" "start" "96327f456d52bb746efea02678c39143baf18d4c0759c92c16221d298631c9d7", kill_on_drop: false }`
[INFO] running `Command { std: "docker" "inspect" "96327f456d52bb746efea02678c39143baf18d4c0759c92c16221d298631c9d7", kill_on_drop: false }`
[INFO] running `Command { std: "docker" "exec" "-e" "SOURCE_DIR=/opt/rustwide/workdir" "-e" "CARGO_HOME=/opt/rustwide/cargo-home" "-e" "RUSTUP_HOME=/opt/rustwide/rustup-home" "-e" "CARGO_TARGET_DIR=/opt/rustwide/target" "-w" "/opt/rustwide/workdir" "--user" "0:0" "96327f456d52bb746efea02678c39143baf18d4c0759c92c16221d298631c9d7" "/opt/rustwide/cargo-home/bin/cargo" "+3154cc1a3e6424e44f438a95007d043ed5ceaaf6" "metadata" "--no-deps" "--format-version=1", kill_on_drop: false }`
[INFO] running `Command { std: "docker" "inspect" "96327f456d52bb746efea02678c39143baf18d4c0759c92c16221d298631c9d7", kill_on_drop: false }`
[INFO] running `Command { std: "docker" "exec" "-e" "SOURCE_DIR=/opt/rustwide/workdir" "-e" "CARGO_HOME=/opt/rustwide/cargo-home" "-e" "RUSTUP_HOME=/opt/rustwide/rustup-home" "-e" "CARGO_TARGET_DIR=/opt/rustwide/target" "-e" "CARGO_INCREMENTAL=0" "-e" "RUST_BACKTRACE=full" "-e" "RUSTFLAGS=--cap-lints=forbid" "-e" "RUSTDOCFLAGS=--cap-lints=forbid" "-w" "/opt/rustwide/workdir" "--user" "0:0" "96327f456d52bb746efea02678c39143baf18d4c0759c92c16221d298631c9d7" "/opt/rustwide/cargo-home/bin/cargo" "+3154cc1a3e6424e44f438a95007d043ed5ceaaf6" "check" "--frozen" "--all" "--all-targets" "--message-format=json", kill_on_drop: false }`
[INFO] [stderr] warning: unused workspace dependency `easypdf-crypto`
[INFO] [stderr]   --> Cargo.toml:18:25
[INFO] [stderr]    |
[INFO] [stderr] 18 | [workspace.dependencies.easypdf-crypto]
[INFO] [stderr]    |                         ^^^^^^^^^^^^^^
[INFO] [stderr]    |
[INFO] [stderr]    = note: `cargo::unused_workspace_dependencies` is set to `warn` by default
[INFO] [stderr] help: consider removing the workspace dependency `easypdf-crypto`
[INFO] [stderr] warning: workspace (manifest) generated 1 warning
[INFO] [stderr]    Compiling syn v3.0.4
[INFO] [stderr]    Compiling syn v2.0.119
[INFO] [stderr]     Checking bitflags v2.13.1
[INFO] [stderr]     Checking futures-core v0.3.34
[INFO] [stderr]    Compiling proc-macro-error-attr v1.0.4
[INFO] [stderr]    Compiling string_cache_codegen v0.6.1
[INFO] [stderr]    Compiling winnow v1.0.4
[INFO] [stderr]    Compiling toml_datetime v1.1.1+spec-1.1.0
[INFO] [stderr]    Compiling uuid v1.25.0
[INFO] [stderr]    Compiling regex v1.13.1
[INFO] [stderr]    Compiling num-traits v0.2.19
[INFO] [stderr]     Checking futures-channel v0.3.34
[INFO] [stderr]    Compiling pdfium-render v0.9.3
[INFO] [stderr]     Checking piston-float v1.0.1
[INFO] [stderr]     Checking either v1.18.0
[INFO] [stderr]     Checking libloading v0.7.4
[INFO] [stderr]     Checking utf16string v0.2.0
[INFO] [stderr]     Checking vecmath v1.0.0
[INFO] [stderr]     Checking bytemuck v1.25.2
[INFO] [stderr]     Checking itertools v0.15.0
[INFO] [stderr]     Checking maybe-owned v0.3.4
[INFO] [stderr]    Compiling cc v1.4.4
[INFO] [stderr]    Compiling crc32fast v1.5.1
[INFO] [stderr]     Checking regex-automata v0.4.18
[INFO] [stderr]    Compiling proc-macro-error v1.0.4
[INFO] [stderr]    Compiling flate2 v1.1.9
[INFO] [stderr]    Compiling web_atoms v0.2.6
[INFO] [stderr]    Compiling toml_parser v1.1.3+spec-1.1.0
[INFO] [stderr]     Checking quick-xml v0.41.0
[INFO] [stderr]     Checking crossbeam-channel v0.5.16
[INFO] [stderr]    Compiling cfb v0.7.3
[INFO] [stderr]     Checking brotli v8.0.4
[INFO] [stderr]     Checking cookie v0.18.2
[INFO] [stderr]     Checking ctor v0.8.0
[INFO] [stderr]    Compiling png v0.17.16
[INFO] [stderr]    Compiling tauri-runtime v2.11.3
[INFO] [stderr]     Checking semver v1.0.28
[INFO] [stderr]    Compiling wry v0.55.1
[INFO] [stderr]     Checking infer v0.19.0
[INFO] [stderr]    Compiling toml v1.1.4+spec-1.1.0
[INFO] [stderr]    Compiling toml v0.9.12+spec-1.1.0
[INFO] [stderr]     Checking dunce v1.0.5
[INFO] [stderr]     Checking glob v0.3.4
[INFO] [stderr]     Checking chrono v0.4.45
[INFO] [stderr]     Checking dbus v0.9.12
[INFO] [stderr]    Compiling tauri-runtime-wry v2.11.4
[INFO] [stderr]     Checking getrandom v0.3.4
[INFO] [stderr]     Checking tokio v1.53.1
[INFO] [stderr]    Compiling rfd v0.16.0
[INFO] [stderr]     Checking heck v0.5.0
[INFO] [stderr]    Compiling ico v0.5.0
[INFO] [stderr]    Compiling embed-resource v3.0.11
[INFO] [stderr]    Compiling tauri-winres v0.3.6
[INFO] [stderr]    Compiling synstructure v0.13.2
[INFO] [stderr]    Compiling darling_core v0.23.0
[INFO] [stderr]    Compiling serde_derive_internals v0.29.1
[INFO] [stderr]    Compiling zerofrom-derive v0.1.7
[INFO] [stderr]    Compiling yoke-derive v0.8.2
[INFO] [stderr]    Compiling thiserror-impl v1.0.69
[INFO] [stderr]    Compiling phf_macros v0.13.1
[INFO] [stderr]    Compiling cssparser-macros v0.6.1
[INFO] [stderr]    Compiling derive_more-impl v2.1.1
[INFO] [stderr]    Compiling dlopen2_derive v0.4.3
[INFO] [stderr]    Compiling serialize-to-javascript-impl v0.1.2
[INFO] [stderr]    Compiling serde_derive v1.0.229
[INFO] [stderr]    Compiling zerovec-derive v0.11.6
[INFO] [stderr]    Compiling displaydoc v0.2.7
[INFO] [stderr]    Compiling thiserror-impl v2.0.20
[INFO] [stderr]    Compiling futures-macro v0.3.34
[INFO] [stderr]    Compiling serde_repr v0.1.21
[INFO] [stderr]     Checking dlopen2 v0.8.2
[INFO] [stderr]    Compiling phf v0.13.1
[INFO] [stderr]    Compiling cssparser v0.36.0
[INFO] [stderr]    Compiling schemars_derive v0.8.22
[INFO] [stderr]     Checking thiserror v2.0.20
[INFO] [stderr]    Compiling derive_more v2.1.1
[INFO] [stderr]     Checking easypdf-crypto v0.0.0-dev (/opt/rustwide/workdir/crates/easypdf-crypto)
[INFO] [stderr]    Compiling zerofrom v0.1.8
[INFO] [stderr]    Compiling yoke v0.8.3
[INFO] [stderr]     Checking thiserror v1.0.69
[INFO] [stderr]     Checking zerovec v0.11.8
[INFO] [stderr]     Checking zerotrie v0.2.5
[INFO] [stderr]    Compiling selectors v0.36.1
[INFO] [stderr]    Compiling markup5ever v0.38.0
[INFO] [stderr]     Checking futures-util v0.3.34
[INFO] [stderr]    Compiling html5ever v0.38.0
[INFO] [stderr]    Compiling darling_macro v0.23.0
[INFO] [stderr]     Checking tinystr v0.8.4
[INFO] [stderr]     Checking potential_utf v0.1.6
[INFO] [stderr]     Checking icu_collections v2.3.0
[INFO] [stderr]    Compiling darling v0.23.0
[INFO] [stderr]    Compiling icu_locale_core v2.3.0
[INFO] [stderr]    Compiling serde_with_macros v3.22.0
[INFO] [stderr]    Compiling dom_query v0.27.0
[INFO] [stderr]     Checking icu_provider v2.3.1
[INFO] [stderr]    Compiling serde_with v3.22.0
[INFO] [stderr]     Checking icu_properties v2.3.0
[INFO] [stderr]     Checking icu_normalizer v2.3.0
[INFO] [stderr]    Compiling serde v1.0.229
[INFO] [stderr]     Checking futures-executor v0.3.34
[INFO] [stderr]     Checking idna_adapter v1.2.2
[INFO] [stderr]     Checking easypdf-core v0.0.0-dev (/opt/rustwide/workdir/crates/easypdf-core)
[INFO] [stderr]     Checking dpi v0.1.2
[INFO] [stderr]     Checking jsonptr v0.6.3
[INFO] [stderr]     Checking plist v1.10.0
[INFO] [stderr]     Checking keyboard-types v0.7.0
[INFO] [stderr]     Checking serialize-to-javascript v0.1.2
[INFO] [stderr]     Checking idna v1.1.0
[INFO] [stderr]     Checking easypdf-render v0.0.0-dev (/opt/rustwide/workdir/crates/easypdf-render)
[INFO] [stderr]     Checking easypdf-ffi v0.0.0-dev (/opt/rustwide/workdir/crates/easypdf-ffi)
[INFO] [stderr]     Checking url v2.5.8
[INFO] [stderr]    Compiling toml_datetime v0.6.3
[INFO] [stderr]    Compiling serde_spanned v0.6.9
[INFO] [stderr]    Compiling indexmap v1.9.3
[INFO] [stderr]    Compiling cargo-platform v0.1.9
[INFO] [stderr]    Compiling toml_edit v0.20.2
[INFO] [stderr]    Compiling cargo_metadata v0.19.2
[INFO] [stderr]    Compiling toml_edit v0.19.15
[INFO] [stderr]    Compiling cargo_toml v0.22.3
[INFO] [stderr]     Checking urlpattern v0.3.0
[INFO] [stderr]     Checking json-patch v3.0.1
[INFO] [stderr]     Checking easypdf-session v0.0.0-dev (/opt/rustwide/workdir/crates/easypdf-session)
[INFO] [stderr]     Checking easypdf-worker v0.0.0-dev (/opt/rustwide/workdir/crates/easypdf-worker)
[INFO] [stdout] error[E0308]: mismatched types
[INFO] [stdout]   --> crates/easypdf-worker/src/sandbox.rs:60:39
[INFO] [stdout]    |
[INFO] [stdout] 60 |         let core_dumps_disabled = set(libc::RLIMIT_CORE, 0);
[INFO] [stdout]    |                                   --- ^^^^^^^^^^^^^^^^^ expected `i32`, found `u32`
[INFO] [stdout]    |                                   |
[INFO] [stdout]    |                                   arguments to this function are incorrect
[INFO] [stdout]    |
[INFO] [stdout] note: function defined here
[INFO] [stdout]   --> crates/easypdf-worker/src/sandbox.rs:44:15
[INFO] [stdout]    |
[INFO] [stdout] 44 |     unsafe fn set(resource: libc::c_int, value: u64) -> bool {
[INFO] [stdout]    |               ^^^ ---------------------
[INFO] [stdout] help: you can convert a `u32` to an `i32` and panic if the converted value doesn't fit
[INFO] [stdout]    |
[INFO] [stdout] 60 |         let core_dumps_disabled = set(libc::RLIMIT_CORE.try_into().unwrap(), 0);
[INFO] [stdout]    |                                                        ++++++++++++++++++++
[INFO] [stdout] 
[INFO] [stdout] 
[INFO] [stdout] error[E0308]: mismatched types
[INFO] [stdout]   --> crates/easypdf-worker/src/sandbox.rs:62:31
[INFO] [stdout]    |
[INFO] [stdout] 62 |         let cpu_seconds = set(libc::RLIMIT_CPU, MAX_CPU_SECONDS).then_some(MAX_CPU_SECONDS);
[INFO] [stdout]    |                           --- ^^^^^^^^^^^^^^^^ expected `i32`, found `u32`
[INFO] [stdout]    |                           |
[INFO] [stdout]    |                           arguments to this function are incorrect
[INFO] [stdout]    |
[INFO] [stdout] note: function defined here
[INFO] [stdout]   --> crates/easypdf-worker/src/sandbox.rs:44:15
[INFO] [stdout]    |
[INFO] [stdout] 44 |     unsafe fn set(resource: libc::c_int, value: u64) -> bool {
[INFO] [stdout]    |               ^^^ ---------------------
[INFO] [stdout] help: you can convert a `u32` to an `i32` and panic if the converted value doesn't fit
[INFO] [stdout]    |
[INFO] [stdout] 62 |         let cpu_seconds = set(libc::RLIMIT_CPU.try_into().unwrap(), MAX_CPU_SECONDS).then_some(MAX_CPU_SECONDS);
[INFO] [stdout]    |                                               ++++++++++++++++++++
[INFO] [stdout] 
[INFO] [stdout] 
[INFO] [stdout] error[E0308]: mismatched types
[INFO] [stdout]   --> crates/easypdf-worker/src/sandbox.rs:68:40
[INFO] [stdout]    |
[INFO] [stdout] 68 |         let address_space_bytes = (set(libc::RLIMIT_AS, MAX_ADDRESS_SPACE)
[INFO] [stdout]    |                                    --- ^^^^^^^^^^^^^^^ expected `i32`, found `u32`
[INFO] [stdout]    |                                    |
[INFO] [stdout]    |                                    arguments to this function are incorrect
[INFO] [stdout]    |
[INFO] [stdout] note: function defined here
[INFO] [stdout]   --> crates/easypdf-worker/src/sandbox.rs:44:15
[INFO] [stdout]    |
[INFO] [stdout] 44 |     unsafe fn set(resource: libc::c_int, value: u64) -> bool {
[INFO] [stdout]    |               ^^^ ---------------------
[INFO] [stdout] help: you can convert a `u32` to an `i32` and panic if the converted value doesn't fit
[INFO] [stdout]    |
[INFO] [stdout] 68 |         let address_space_bytes = (set(libc::RLIMIT_AS.try_into().unwrap(), MAX_ADDRESS_SPACE)
[INFO] [stdout]    |                                                       ++++++++++++++++++++
[INFO] [stdout] 
[INFO] [stdout] 
[INFO] [stdout] error[E0308]: mismatched types
[INFO] [stdout]   --> crates/easypdf-worker/src/sandbox.rs:69:20
[INFO] [stdout]    |
[INFO] [stdout] 69 |             || set(libc::RLIMIT_DATA, MAX_ADDRESS_SPACE))
[INFO] [stdout]    |                --- ^^^^^^^^^^^^^^^^^ expected `i32`, found `u32`
[INFO] [stdout]    |                |
[INFO] [stdout]    |                arguments to this function are incorrect
[INFO] [stdout]    |
[INFO] [stdout] note: function defined here
[INFO] [stdout]   --> crates/easypdf-worker/src/sandbox.rs:44:15
[INFO] [stdout]    |
[INFO] [stdout] 44 |     unsafe fn set(resource: libc::c_int, value: u64) -> bool {
[INFO] [stdout]    |               ^^^ ---------------------
[INFO] [stdout] help: you can convert a `u32` to an `i32` and panic if the converted value doesn't fit
[INFO] [stdout]    |
[INFO] [stdout] 69 |             || set(libc::RLIMIT_DATA.try_into().unwrap(), MAX_ADDRESS_SPACE))
[INFO] [stdout]    |                                     ++++++++++++++++++++
[INFO] [stdout] 
[INFO] [stdout] 
[INFO] [stdout] error[E0308]: mismatched types
[INFO] [stdout]     --> crates/easypdf-worker/src/sandbox.rs:50:34
[INFO] [stdout]      |
[INFO] [stdout]   50 |         unsafe { libc::setrlimit(resource, &raw const limit) == 0 }
[INFO] [stdout]      |                  --------------- ^^^^^^^^ expected `u32`, found `i32`
[INFO] [stdout]      |                  |
[INFO] [stdout]      |                  arguments to this function are incorrect
[INFO] [stdout]      |
[INFO] [stdout] note: function defined here
[INFO] [stdout]     --> /opt/rustwide/cargo-home/registry/src/index.crates.io-1949cf8c6b5b557f/libc-0.2.189/src/unix/linux_like/linux/gnu/mod.rs:1037:12
[INFO] [stdout]      |
[INFO] [stdout] 1037 |     pub fn setrlimit(resource: crate::__rlimit_resource_t, rlim: *const crate::rlimit) -> c_int;
[INFO] [stdout]      |            ^^^^^^^^^
[INFO] [stdout] help: you can convert an `i32` to a `u32` and panic if the converted value doesn't fit
[INFO] [stdout]      |
[INFO] [stdout]   50 |         unsafe { libc::setrlimit(resource.try_into().unwrap(), &raw const limit) == 0 }
[INFO] [stdout]      |                                          ++++++++++++++++++++
[INFO] [stdout] 
[INFO] [stdout] 
[INFO] [stdout] For more information about this error, try `rustc --explain E0308`.
[INFO] [stdout] 
[INFO] [stderr] error: could not compile `easypdf-worker` (bin "easypdf-worker") due to 5 previous errors
[INFO] [stderr] warning: build failed, waiting for other jobs to finish...
[INFO] [stdout] error[E0308]: mismatched types
[INFO] [stdout]   --> crates/easypdf-worker/src/sandbox.rs:60:39
[INFO] [stdout]    |
[INFO] [stdout] 60 |         let core_dumps_disabled = set(libc::RLIMIT_CORE, 0);
[INFO] [stdout]    |                                   --- ^^^^^^^^^^^^^^^^^ expected `i32`, found `u32`
[INFO] [stdout]    |                                   |
[INFO] [stdout]    |                                   arguments to this function are incorrect
[INFO] [stdout]    |
[INFO] [stdout] note: function defined here
[INFO] [stdout]   --> crates/easypdf-worker/src/sandbox.rs:44:15
[INFO] [stdout]    |
[INFO] [stdout] 44 |     unsafe fn set(resource: libc::c_int, value: u64) -> bool {
[INFO] [stdout]    |               ^^^ ---------------------
[INFO] [stdout] help: you can convert a `u32` to an `i32` and panic if the converted value doesn't fit
[INFO] [stdout]    |
[INFO] [stdout] 60 |         let core_dumps_disabled = set(libc::RLIMIT_CORE.try_into().unwrap(), 0);
[INFO] [stdout]    |                                                        ++++++++++++++++++++
[INFO] [stdout] 
[INFO] [stdout] 
[INFO] [stdout] error[E0308]: mismatched types
[INFO] [stdout]   --> crates/easypdf-worker/src/sandbox.rs:62:31
[INFO] [stdout]    |
[INFO] [stdout] 62 |         let cpu_seconds = set(libc::RLIMIT_CPU, MAX_CPU_SECONDS).then_some(MAX_CPU_SECONDS);
[INFO] [stdout]    |                           --- ^^^^^^^^^^^^^^^^ expected `i32`, found `u32`
[INFO] [stdout]    |                           |
[INFO] [stdout]    |                           arguments to this function are incorrect
[INFO] [stdout]    |
[INFO] [stdout] note: function defined here
[INFO] [stdout]   --> crates/easypdf-worker/src/sandbox.rs:44:15
[INFO] [stdout]    |
[INFO] [stdout] 44 |     unsafe fn set(resource: libc::c_int, value: u64) -> bool {
[INFO] [stdout]    |               ^^^ ---------------------
[INFO] [stdout] help: you can convert a `u32` to an `i32` and panic if the converted value doesn't fit
[INFO] [stdout]    |
[INFO] [stdout] 62 |         let cpu_seconds = set(libc::RLIMIT_CPU.try_into().unwrap(), MAX_CPU_SECONDS).then_some(MAX_CPU_SECONDS);
[INFO] [stdout]    |                                               ++++++++++++++++++++
[INFO] [stdout] 
[INFO] [stdout] 
[INFO] [stdout] error[E0308]: mismatched types
[INFO] [stdout]   --> crates/easypdf-worker/src/sandbox.rs:68:40
[INFO] [stdout]    |
[INFO] [stdout] 68 |         let address_space_bytes = (set(libc::RLIMIT_AS, MAX_ADDRESS_SPACE)
[INFO] [stdout]    |                                    --- ^^^^^^^^^^^^^^^ expected `i32`, found `u32`
[INFO] [stdout]    |                                    |
[INFO] [stdout]    |                                    arguments to this function are incorrect
[INFO] [stdout]    |
[INFO] [stdout] note: function defined here
[INFO] [stdout]   --> crates/easypdf-worker/src/sandbox.rs:44:15
[INFO] [stdout]    |
[INFO] [stdout] 44 |     unsafe fn set(resource: libc::c_int, value: u64) -> bool {
[INFO] [stdout]    |               ^^^ ---------------------
[INFO] [stdout] help: you can convert a `u32` to an `i32` and panic if the converted value doesn't fit
[INFO] [stdout]    |
[INFO] [stdout] 68 |         let address_space_bytes = (set(libc::RLIMIT_AS.try_into().unwrap(), MAX_ADDRESS_SPACE)
[INFO] [stdout]    |                                                       ++++++++++++++++++++
[INFO] [stdout] 
[INFO] [stdout] 
[INFO] [stdout] error[E0308]: mismatched types
[INFO] [stdout]   --> crates/easypdf-worker/src/sandbox.rs:69:20
[INFO] [stdout]    |
[INFO] [stdout] 69 |             || set(libc::RLIMIT_DATA, MAX_ADDRESS_SPACE))
[INFO] [stdout]    |                --- ^^^^^^^^^^^^^^^^^ expected `i32`, found `u32`
[INFO] [stdout]    |                |
[INFO] [stdout]    |                arguments to this function are incorrect
[INFO] [stdout]    |
[INFO] [stdout] note: function defined here
[INFO] [stdout]   --> crates/easypdf-worker/src/sandbox.rs:44:15
[INFO] [stdout]    |
[INFO] [stdout] 44 |     unsafe fn set(resource: libc::c_int, value: u64) -> bool {
[INFO] [stdout]    |               ^^^ ---------------------
[INFO] [stdout] help: you can convert a `u32` to an `i32` and panic if the converted value doesn't fit
[INFO] [stdout]    |
[INFO] [stdout] 69 |             || set(libc::RLIMIT_DATA.try_into().unwrap(), MAX_ADDRESS_SPACE))
[INFO] [stdout]    |                                     ++++++++++++++++++++
[INFO] [stdout] 
[INFO] [stdout] 
[INFO] [stdout] error[E0308]: mismatched types
[INFO] [stdout]     --> crates/easypdf-worker/src/sandbox.rs:50:34
[INFO] [stdout]      |
[INFO] [stdout]   50 |         unsafe { libc::setrlimit(resource, &raw const limit) == 0 }
[INFO] [stdout]      |                  --------------- ^^^^^^^^ expected `u32`, found `i32`
[INFO] [stdout]      |                  |
[INFO] [stdout]      |                  arguments to this function are incorrect
[INFO] [stdout]      |
[INFO] [stdout] note: function defined here
[INFO] [stdout]     --> /opt/rustwide/cargo-home/registry/src/index.crates.io-1949cf8c6b5b557f/libc-0.2.189/src/unix/linux_like/linux/gnu/mod.rs:1037:12
[INFO] [stdout]      |
[INFO] [stdout] 1037 |     pub fn setrlimit(resource: crate::__rlimit_resource_t, rlim: *const crate::rlimit) -> c_int;
[INFO] [stdout]      |            ^^^^^^^^^
[INFO] [stdout] help: you can convert an `i32` to a `u32` and panic if the converted value doesn't fit
[INFO] [stdout]      |
[INFO] [stdout]   50 |         unsafe { libc::setrlimit(resource.try_into().unwrap(), &raw const limit) == 0 }
[INFO] [stdout]      |                                          ++++++++++++++++++++
[INFO] [stdout] 
[INFO] [stdout] 
[INFO] [stdout] For more information about this error, try `rustc --explain E0308`.
[INFO] [stdout] 
[INFO] [stderr] error: could not compile `easypdf-worker` (bin "easypdf-worker" test) due to 5 previous errors
[INFO] [stderr] warning: unused dependency `thiserror`
[INFO] [stderr]   --> crates/easypdf-crypto/Cargo.toml:13:1
[INFO] [stderr]    |
[INFO] [stderr] 13 | thiserror.workspace = true
[INFO] [stderr]    | ^^^^^^^^^
[INFO] [stderr]    |
[INFO] [stderr]    = note: `cargo::unused_dependencies` is set to `warn` by default
[INFO] [stderr] help: consider removing the dependency on `thiserror`
[INFO] [stderr] warning: `easypdf-crypto` (manifest) generated 1 warning
[INFO] running `Command { std: "docker" "inspect" "96327f456d52bb746efea02678c39143baf18d4c0759c92c16221d298631c9d7", kill_on_drop: false }`
[INFO] running `Command { std: "docker" "rm" "-f" "96327f456d52bb746efea02678c39143baf18d4c0759c92c16221d298631c9d7", kill_on_drop: false }`
[INFO] [stdout] 96327f456d52bb746efea02678c39143baf18d4c0759c92c16221d298631c9d7
