[INFO] cloning repository https://github.com/an0mal1a/madokactl
[INFO] running `Command { std: "git" "-c" "credential.helper=" "-c" "credential.helper=/workspace/cargo-home/bin/git-credential-null" "clone" "--bare" "https://github.com/an0mal1a/madokactl" "/workspace/cache/git-repos/https%3A%2F%2Fgithub.com%2Fan0mal1a%2Fmadokactl", kill_on_drop: false }`
[INFO] [stderr] Cloning into bare repository '/workspace/cache/git-repos/https%3A%2F%2Fgithub.com%2Fan0mal1a%2Fmadokactl'...
[INFO] running `Command { std: "git" "rev-parse" "HEAD", kill_on_drop: false }`
[INFO] [stdout] a5ac6890f0868f19ec3d273de5e9a492ebaf29ad
[INFO] checking an0mal1a/madokactl against 3154cc1a3e6424e44f438a95007d043ed5ceaaf6+rustflags=-Znext-solver=coherence for pr-133502-30
[INFO] running `Command { std: "git" "clone" "/workspace/cache/git-repos/https%3A%2F%2Fgithub.com%2Fan0mal1a%2Fmadokactl" "/workspace/builds/worker-5-tc1/source", kill_on_drop: false }`
[INFO] [stderr] Cloning into '/workspace/builds/worker-5-tc1/source'...
[INFO] [stderr] done.
[INFO] started tweaking git repo https://github.com/an0mal1a/madokactl
[INFO] finished tweaking git repo https://github.com/an0mal1a/madokactl
[INFO] tweaked toml for git repo https://github.com/an0mal1a/madokactl written to /workspace/builds/worker-5-tc1/source/Cargo.toml
[INFO] validating manifest of git repo https://github.com/an0mal1a/madokactl on toolchain 3154cc1a3e6424e44f438a95007d043ed5ceaaf6
[INFO] running `Command { std: CARGO_HOME="/workspace/cargo-home" RUSTUP_HOME="/workspace/rustup-home" "/workspace/cargo-home/bin/cargo" "+3154cc1a3e6424e44f438a95007d043ed5ceaaf6" "metadata" "--manifest-path" "Cargo.toml" "--no-deps", kill_on_drop: false }`
[INFO] crate git repo https://github.com/an0mal1a/madokactl already has a lockfile, it will not be regenerated
[INFO] running `Command { std: CARGO_HOME="/workspace/cargo-home" RUSTUP_HOME="/workspace/rustup-home" "/workspace/cargo-home/bin/cargo" "+3154cc1a3e6424e44f438a95007d043ed5ceaaf6" "fetch" "--manifest-path" "Cargo.toml", kill_on_drop: false }`
[INFO] [stderr]     Updating crates.io index
[INFO] [stderr]  Downloading crates ...
[INFO] [stderr]   Downloaded bluez-async v0.8.2
[INFO] [stderr]   Downloaded objc2-core-bluetooth v0.2.2
[INFO] [stderr]   Downloaded serde-xml-rs v0.8.2
[INFO] [stderr]   Downloaded bluez-generated v0.4.0
[INFO] [stderr]   Downloaded btleplug v0.12.0
[INFO] running `Command { std: "docker" "create" "-v" "/var/lib/crater-agent-workspace/builds/worker-5-tc1/source:/opt/rustwide/workdir:ro,Z" "-v" "/var/lib/crater-agent-workspace/builds/worker-5-tc1/target:/opt/rustwide/target:rw,Z" "-v" "/var/lib/crater-agent-workspace/cargo-home:/opt/rustwide/cargo-home:ro,Z" "-v" "/var/lib/crater-agent-workspace/rustup-home:/opt/rustwide/rustup-home:ro,Z" "-m" "1610612736" "--network" "none" "ghcr.io/rust-lang/crates-build-env/linux@sha256:77db811e55d90add9212f6832c23229e3de5f1c1f9905e8cb07319ea15df73ac" "sleep" "infinity", kill_on_drop: false }`
[INFO] [stdout] a0e45b2dca94bd1076daa977de37ca2c72992f8d934516239346c5980f674880
[INFO] running `Command { std: "docker" "start" "a0e45b2dca94bd1076daa977de37ca2c72992f8d934516239346c5980f674880", kill_on_drop: false }`
[INFO] running `Command { std: "docker" "inspect" "a0e45b2dca94bd1076daa977de37ca2c72992f8d934516239346c5980f674880", kill_on_drop: false }`
[INFO] running `Command { std: "docker" "exec" "-e" "SOURCE_DIR=/opt/rustwide/workdir" "-e" "CARGO_HOME=/opt/rustwide/cargo-home" "-e" "RUSTUP_HOME=/opt/rustwide/rustup-home" "-e" "CARGO_TARGET_DIR=/opt/rustwide/target" "-w" "/opt/rustwide/workdir" "--user" "0:0" "a0e45b2dca94bd1076daa977de37ca2c72992f8d934516239346c5980f674880" "/opt/rustwide/cargo-home/bin/cargo" "+3154cc1a3e6424e44f438a95007d043ed5ceaaf6" "metadata" "--no-deps" "--format-version=1", kill_on_drop: false }`
[INFO] running `Command { std: "docker" "inspect" "a0e45b2dca94bd1076daa977de37ca2c72992f8d934516239346c5980f674880", kill_on_drop: false }`
[INFO] running `Command { std: "docker" "exec" "-e" "SOURCE_DIR=/opt/rustwide/workdir" "-e" "CARGO_HOME=/opt/rustwide/cargo-home" "-e" "RUSTUP_HOME=/opt/rustwide/rustup-home" "-e" "CARGO_TARGET_DIR=/opt/rustwide/target" "-e" "CARGO_INCREMENTAL=0" "-e" "RUST_BACKTRACE=full" "-e" "RUSTFLAGS=--cap-lints=forbid -Znext-solver=coherence" "-e" "RUSTDOCFLAGS=--cap-lints=forbid" "-w" "/opt/rustwide/workdir" "--user" "0:0" "a0e45b2dca94bd1076daa977de37ca2c72992f8d934516239346c5980f674880" "/opt/rustwide/cargo-home/bin/cargo" "+3154cc1a3e6424e44f438a95007d043ed5ceaaf6" "check" "--frozen" "--all" "--all-targets" "--message-format=json", kill_on_drop: false }`
[INFO] [stderr]    Compiling syn v3.0.3
[INFO] [stderr]    Compiling syn v2.0.119
[INFO] [stderr]     Checking futures-io v0.3.34
[INFO] [stderr]     Checking smallvec v1.15.2
[INFO] [stderr]     Checking mio v1.2.2
[INFO] [stderr]     Checking socket2 v0.6.5
[INFO] [stderr]     Checking castaway v0.2.4
[INFO] [stderr]    Compiling instability v0.3.13
[INFO] [stderr]     Checking unicode-truncate v2.0.1
[INFO] [stderr]     Checking lru v0.18.2
[INFO] [stderr]    Compiling rustix v1.1.4
[INFO] [stderr]    Compiling indoc v2.0.7
[INFO] [stderr]     Checking signal-hook v0.3.18
[INFO] [stderr]     Checking time v0.3.55
[INFO] [stderr]     Checking line-clipping v0.3.8
[INFO] [stderr]     Checking xml v1.4.0
[INFO] [stderr]     Checking compact_str v0.9.1
[INFO] [stderr]     Checking regex-automata v0.4.18
[INFO] [stderr]     Checking uuid v1.24.1
[INFO] [stderr]     Checking tracing-log v0.2.0
[INFO] [stderr]     Checking parking_lot_core v0.9.12
[INFO] [stderr]     Checking serde_json v1.0.151
[INFO] [stderr]     Checking directories v6.0.0
[INFO] [stderr]     Checking parking_lot v0.12.5
[INFO] [stderr]     Checking dashmap v6.2.1
[INFO] [stderr]     Checking signal-hook-mio v0.2.5
[INFO] [stderr]     Checking matchers v0.2.0
[INFO] [stderr]    Compiling darling_core v0.24.1
[INFO] [stderr]    Compiling strum_macros v0.28.0
[INFO] [stderr]    Compiling derive_more-impl v2.1.1
[INFO] [stderr]    Compiling tracing-attributes v0.1.31
[INFO] [stderr]    Compiling thiserror-impl v2.0.20
[INFO] [stderr]    Compiling futures-macro v0.3.34
[INFO] [stderr]    Compiling tokio-macros v2.7.2
[INFO] [stderr]    Compiling serde_derive v1.0.229
[INFO] [stderr]    Compiling async-trait v0.1.92
[INFO] [stderr]    Compiling clap_derive v4.6.4
[INFO] [stderr]     Checking derive_more v2.1.1
[INFO] [stderr]     Checking tokio v1.53.1
[INFO] [stderr]     Checking crossterm v0.29.0
[INFO] [stderr]     Checking futures-util v0.3.34
[INFO] [stderr]     Checking tracing v0.1.44
[INFO] [stderr]     Checking tracing-subscriber v0.3.23
[INFO] [stderr]     Checking thiserror v2.0.20
[INFO] [stderr]     Checking clap v4.6.6
[INFO] [stderr]     Checking kasuari v0.4.12
[INFO] [stderr]     Checking strum v0.28.0
[INFO] [stderr]     Checking ratatui-core v0.1.2
[INFO] [stderr]    Compiling darling_macro v0.24.1
[INFO] [stderr]    Compiling darling v0.24.1
[INFO] [stderr]     Checking serde v1.0.229
[INFO] [stderr]     Checking ratatui-widgets v0.3.2
[INFO] [stderr]     Checking ratatui-crossterm v0.1.2
[INFO] [stderr]     Checking serde-xml-rs v0.8.2
[INFO] [stderr]     Checking tokio-util v0.7.19
[INFO] [stderr]     Checking tokio-stream v0.1.19
[INFO] [stderr]     Checking dbus v0.9.12
[INFO] [stderr]     Checking futures-executor v0.3.34
[INFO] [stderr]     Checking futures v0.3.34
[INFO] [stderr]     Checking ratatui-macros v0.7.2
[INFO] [stderr]     Checking ratatui v0.30.2
[INFO] [stderr]     Checking dbus-tokio v0.7.6
[INFO] [stderr]     Checking bluez-generated v0.4.0
[INFO] [stderr]     Checking bluez-async v0.8.2
[INFO] [stderr]     Checking btleplug v0.12.0
[INFO] [stderr]     Checking madokactl v0.1.0 (/opt/rustwide/workdir)
[INFO] [stdout] error[E0609]: no field `name` on type `ResolvedKnownDevice`
[INFO] [stdout]   --> src/main.rs:93:22
[INFO] [stdout]    |
[INFO] [stdout] 93 |             resolved.name.clone(),
[INFO] [stdout]    |                      ^^^^ unknown field
[INFO] [stdout] 
[INFO] [stdout] 
[INFO] [stdout] error[E0609]: no field `address` on type `ResolvedKnownDevice`
[INFO] [stdout]   --> src/main.rs:95:27
[INFO] [stdout]    |
[INFO] [stdout] 95 |             Some(resolved.address.clone()),
[INFO] [stdout]    |                           ^^^^^^^ unknown field
[INFO] [stdout] 
[INFO] [stdout] 
[INFO] [stdout] error[E0609]: no field `name` on type `ResolvedKnownDevice`
[INFO] [stdout]   --> src/main.rs:93:22
[INFO] [stdout]    |
[INFO] [stdout] 93 |             resolved.name.clone(),
[INFO] [stdout]    |                      ^^^^ unknown field
[INFO] [stdout] 
[INFO] [stdout] 
[INFO] [stdout] error[E0609]: no field `address` on type `ResolvedKnownDevice`
[INFO] [stdout]   --> src/main.rs:95:27
[INFO] [stdout]    |
[INFO] [stdout] 95 |             Some(resolved.address.clone()),
[INFO] [stdout]    |                           ^^^^^^^ unknown field
[INFO] [stdout] 
[INFO] [stdout] 
[INFO] [stdout] For more information about this error, try `rustc --explain E0609`.
[INFO] [stdout] 
[INFO] [stderr] error: could not compile `madokactl` (bin "madoka") due to 2 previous errors
[INFO] [stderr] warning: build failed, waiting for other jobs to finish...
[INFO] [stdout] For more information about this error, try `rustc --explain E0609`.
[INFO] [stdout] 
[INFO] [stderr] error: could not compile `madokactl` (bin "madoka" test) due to 2 previous errors
[INFO] running `Command { std: "docker" "inspect" "a0e45b2dca94bd1076daa977de37ca2c72992f8d934516239346c5980f674880", kill_on_drop: false }`
[INFO] running `Command { std: "docker" "rm" "-f" "a0e45b2dca94bd1076daa977de37ca2c72992f8d934516239346c5980f674880", kill_on_drop: false }`
[INFO] [stdout] a0e45b2dca94bd1076daa977de37ca2c72992f8d934516239346c5980f674880
