[INFO] cloning repository https://github.com/amrutgawade/PrismDesk
[INFO] running `Command { std: "git" "-c" "credential.helper=" "-c" "credential.helper=/workspace/cargo-home/bin/git-credential-null" "clone" "--bare" "https://github.com/amrutgawade/PrismDesk" "/workspace/cache/git-repos/https%3A%2F%2Fgithub.com%2Famrutgawade%2FPrismDesk", kill_on_drop: false }`
[INFO] [stderr] Cloning into bare repository '/workspace/cache/git-repos/https%3A%2F%2Fgithub.com%2Famrutgawade%2FPrismDesk'...
[INFO] running `Command { std: "git" "rev-parse" "HEAD", kill_on_drop: false }`
[INFO] [stdout] b4c9b9e77091e482faf02dedeb1c008aeb11d8b4
[INFO] checking amrutgawade/PrismDesk against 3154cc1a3e6424e44f438a95007d043ed5ceaaf6+rustflags=-Znext-solver=coherence for pr-133502-30
[INFO] running `Command { std: "git" "clone" "/workspace/cache/git-repos/https%3A%2F%2Fgithub.com%2Famrutgawade%2FPrismDesk" "/workspace/builds/worker-0-tc1/source", kill_on_drop: false }`
[INFO] [stderr] Cloning into '/workspace/builds/worker-0-tc1/source'...
[INFO] [stderr] done.
[INFO] removed /workspace/builds/worker-0-tc1/source/.cargo/config.toml
[INFO] removed /workspace/builds/worker-0-tc1/source/rust-toolchain.toml
[INFO] started tweaking git repo https://github.com/amrutgawade/PrismDesk
[INFO] finished tweaking git repo https://github.com/amrutgawade/PrismDesk
[INFO] tweaked toml for git repo https://github.com/amrutgawade/PrismDesk written to /workspace/builds/worker-0-tc1/source/Cargo.toml
[INFO] validating manifest of git repo https://github.com/amrutgawade/PrismDesk on toolchain 3154cc1a3e6424e44f438a95007d043ed5ceaaf6
[INFO] running `Command { std: CARGO_HOME="/workspace/cargo-home" RUSTUP_HOME="/workspace/rustup-home" "/workspace/cargo-home/bin/cargo" "+3154cc1a3e6424e44f438a95007d043ed5ceaaf6" "metadata" "--manifest-path" "Cargo.toml" "--no-deps", kill_on_drop: false }`
[INFO] crate git repo https://github.com/amrutgawade/PrismDesk already has a lockfile, it will not be regenerated
[INFO] running `Command { std: CARGO_HOME="/workspace/cargo-home" RUSTUP_HOME="/workspace/rustup-home" "/workspace/cargo-home/bin/cargo" "+3154cc1a3e6424e44f438a95007d043ed5ceaaf6" "fetch" "--manifest-path" "Cargo.toml", kill_on_drop: false }`
[INFO] [stderr]     Blocking waiting for file lock on package cache
[INFO] [stderr]     Updating crates.io index
[INFO] [stderr]  Downloading crates ...
[INFO] [stderr]   Downloaded coreaudio-sys v0.2.18
[INFO] [stderr]   Downloaded mp4 v0.14.0
[INFO] [stderr]   Downloaded eframe v0.29.1
[INFO] [stderr]   Downloaded egui_glow v0.29.1
[INFO] [stderr]   Downloaded accesskit v0.16.3
[INFO] [stderr]   Downloaded accesskit_unix v0.12.3
[INFO] [stderr]   Downloaded accesskit_winit v0.22.4
[INFO] [stderr]   Downloaded immutable-chunkmap v2.1.3
[INFO] [stderr]   Downloaded accesskit_windows v0.23.2
[INFO] [stderr]   Downloaded accesskit_consumer v0.24.3
[INFO] [stderr]   Downloaded zbus-lockstep-macros v0.4.4
[INFO] [stderr]   Downloaded zbus-lockstep v0.4.4
[INFO] [stderr]   Downloaded atspi-proxies v0.6.0
[INFO] [stderr]   Downloaded zbus_xml v4.0.0
[INFO] [stderr]   Downloaded accesskit_atspi_common v0.9.3
[INFO] [stderr]   Downloaded accesskit_macos v0.17.4
[INFO] [stderr]   Downloaded atspi v0.22.0
[INFO] [stderr]   Downloaded atspi-common v0.6.0
[INFO] [stderr]   Downloaded atspi-connection v0.6.0
[INFO] [stderr]   Downloaded egui-wgpu v0.29.1
[INFO] [stderr]   Downloaded gpu-allocator v0.26.0
[INFO] [stderr]   Downloaded wgpu v22.1.0
[INFO] [stderr]   Downloaded bit-set v0.6.0
[INFO] [stderr]   Downloaded bit-vec v0.7.0
[INFO] [stderr]   Downloaded naga v22.1.0
[INFO] [stderr]   Downloaded wgpu-types v22.0.0
[INFO] [stderr]   Downloaded wgpu-core v22.1.0
[INFO] [stderr]   Downloaded wgpu-hal v22.0.0
[INFO] running `Command { std: "docker" "create" "-v" "/var/lib/crater-agent-workspace/builds/worker-0-tc1/source:/opt/rustwide/workdir:ro,Z" "-v" "/var/lib/crater-agent-workspace/builds/worker-0-tc1/target:/opt/rustwide/target:rw,Z" "-v" "/var/lib/crater-agent-workspace/cargo-home:/opt/rustwide/cargo-home:ro,Z" "-v" "/var/lib/crater-agent-workspace/rustup-home:/opt/rustwide/rustup-home:ro,Z" "-m" "1610612736" "--network" "none" "ghcr.io/rust-lang/crates-build-env/linux@sha256:77db811e55d90add9212f6832c23229e3de5f1c1f9905e8cb07319ea15df73ac" "sleep" "infinity", kill_on_drop: false }`
[INFO] [stdout] bfab040292adce6f03769994653cd0fb3096ea3afd5f049b26115332780ad0e3
[INFO] running `Command { std: "docker" "start" "bfab040292adce6f03769994653cd0fb3096ea3afd5f049b26115332780ad0e3", kill_on_drop: false }`
[INFO] running `Command { std: "docker" "inspect" "bfab040292adce6f03769994653cd0fb3096ea3afd5f049b26115332780ad0e3", kill_on_drop: false }`
[INFO] running `Command { std: "docker" "exec" "-e" "SOURCE_DIR=/opt/rustwide/workdir" "-e" "CARGO_HOME=/opt/rustwide/cargo-home" "-e" "RUSTUP_HOME=/opt/rustwide/rustup-home" "-e" "CARGO_TARGET_DIR=/opt/rustwide/target" "-w" "/opt/rustwide/workdir" "--user" "0:0" "bfab040292adce6f03769994653cd0fb3096ea3afd5f049b26115332780ad0e3" "/opt/rustwide/cargo-home/bin/cargo" "+3154cc1a3e6424e44f438a95007d043ed5ceaaf6" "metadata" "--no-deps" "--format-version=1", kill_on_drop: false }`
[INFO] running `Command { std: "docker" "inspect" "bfab040292adce6f03769994653cd0fb3096ea3afd5f049b26115332780ad0e3", kill_on_drop: false }`
[INFO] running `Command { std: "docker" "exec" "-e" "SOURCE_DIR=/opt/rustwide/workdir" "-e" "CARGO_HOME=/opt/rustwide/cargo-home" "-e" "RUSTUP_HOME=/opt/rustwide/rustup-home" "-e" "CARGO_TARGET_DIR=/opt/rustwide/target" "-e" "CARGO_INCREMENTAL=0" "-e" "RUST_BACKTRACE=full" "-e" "RUSTFLAGS=--cap-lints=forbid -Znext-solver=coherence" "-e" "RUSTDOCFLAGS=--cap-lints=forbid" "-w" "/opt/rustwide/workdir" "--user" "0:0" "bfab040292adce6f03769994653cd0fb3096ea3afd5f049b26115332780ad0e3" "/opt/rustwide/cargo-home/bin/cargo" "+3154cc1a3e6424e44f438a95007d043ed5ceaaf6" "check" "--frozen" "--all" "--all-targets" "--message-format=json", kill_on_drop: false }`
[INFO] [stderr]    Compiling proc-macro2 v1.0.107
[INFO] [stderr]     Checking log v0.4.34
[INFO] [stderr]     Checking smallvec v1.16.0
[INFO] [stderr]    Compiling serde_core v1.0.229
[INFO] [stderr]    Compiling serde v1.0.229
[INFO] [stderr]    Compiling quote v1.0.47
[INFO] [stderr]    Compiling indexmap v2.14.1
[INFO] [stderr]    Compiling toml_datetime v1.1.1+spec-1.1.0
[INFO] [stderr]     Checking polling v3.11.0
[INFO] [stderr]    Compiling zerocopy v0.8.56
[INFO] [stderr]    Compiling crossbeam-utils v0.8.22
[INFO] [stderr]     Checking tracing-core v0.1.36
[INFO] [stderr]     Checking fastrand v2.5.0
[INFO] [stderr]    Compiling memoffset v0.9.1
[INFO] [stderr]    Compiling windows_x86_64_gnu v0.52.6
[INFO] [stderr]     Checking getrandom v0.2.17
[INFO] [stderr]    Compiling nix v0.29.0
[INFO] [stderr]     Checking digest v0.10.7
[INFO] [stderr]     Checking rand_core v0.6.4
[INFO] [stderr]     Checking arrayvec v0.7.8
[INFO] [stderr]     Checking wayland-sys v0.31.11
[INFO] [stderr]    Compiling getrandom v0.3.4
[INFO] [stderr]     Checking wayland-backend v0.3.17
[INFO] [stderr]     Checking ttf-parser v0.25.1
[INFO] [stderr]     Checking futures-sink v0.3.34
[INFO] [stderr]     Checking windows-targets v0.52.6
[INFO] [stderr]     Checking sha1 v0.10.7
[INFO] [stderr]     Checking futures-lite v2.6.1
[INFO] [stderr]     Checking piper v0.2.5
[INFO] [stderr]     Checking xdg-home v1.3.0
[INFO] [stderr]     Checking windows-result v0.2.0
[INFO] [stderr]    Compiling ahash v0.8.12
[INFO] [stderr]    Compiling xml-rs v0.8.29
[INFO] [stderr]     Checking ab_glyph_rasterizer v0.1.10
[INFO] [stderr]     Checking cursor-icon v1.2.0
[INFO] [stderr]     Checking windows-strings v0.1.0
[INFO] [stderr]    Compiling num-traits v0.2.19
[INFO] [stderr]    Compiling x11-dl v2.21.0
[INFO] [stderr]     Checking flate2 v1.1.10
[INFO] [stderr]    Compiling smithay-client-toolkit v0.19.2
[INFO] [stderr]     Checking concurrent-queue v2.5.0
[INFO] [stderr]     Checking accesskit v0.16.3
[INFO] [stderr]     Checking arrayref v0.3.9
[INFO] [stderr]     Checking async-channel v2.5.0
[INFO] [stderr]     Checking parking_lot_core v0.9.12
[INFO] [stderr]    Compiling syn v2.0.119
[INFO] [stderr]    Compiling syn v3.0.4
[INFO] [stderr]    Compiling wayland-scanner v0.31.11
[INFO] [stderr]     Checking gethostname v1.1.0
[INFO] [stderr]     Checking x11rb-protocol v0.13.2
[INFO] [stderr]     Checking parking_lot v0.12.5
[INFO] [stderr]    Compiling toml_edit v0.25.13+spec-1.1.0
[INFO] [stderr]     Checking immutable-chunkmap v2.1.3
[INFO] [stderr]     Checking blocking v1.7.0
[INFO] [stderr]     Checking async-io v2.6.0
[INFO] [stderr]     Checking async-fs v2.2.0
[INFO] [stderr]     Checking async-executor v1.14.0
[INFO] [stderr]    Compiling gl_generator v0.14.0
[INFO] [stderr]     Checking wayland-csd-frame v0.3.0
[INFO] [stderr]    Compiling winit v0.30.13
[INFO] [stderr]    Compiling alsa-sys v0.3.1
[INFO] [stderr]     Checking accesskit_consumer v0.24.3
[INFO] [stderr]     Checking xkbcommon-dl v0.4.2
[INFO] [stderr]     Checking nohash-hasher v0.2.0
[INFO] [stderr]     Checking dpi v0.1.2
[INFO] [stderr]    Compiling smithay-client-toolkit v0.20.0
[INFO] [stderr]     Checking epaint_default_fonts v0.29.1
[INFO] [stderr]     Checking smol_str v0.2.2
[INFO] [stderr]     Checking png v0.17.16
[INFO] [stderr]     Checking form_urlencoded v1.2.2
[INFO] [stderr]    Compiling glutin v0.32.3
[INFO] [stderr]    Compiling glutin_glx_sys v0.6.1
[INFO] [stderr]    Compiling glutin_egl_sys v0.7.1
[INFO] [stderr]    Compiling proc-macro-crate v3.5.0
[INFO] [stderr]    Compiling cpal v0.15.3
[INFO] [stderr]     Checking alsa v0.9.1
[INFO] [stderr]     Checking owned_ttf_parser v0.25.1
[INFO] [stderr]     Checking num-integer v0.1.47
[INFO] [stderr]     Checking ab_glyph v0.2.32
[INFO] [stderr]    Compiling glutin-winit v0.5.0
[INFO] [stderr]     Checking dasp_sample v0.11.0
[INFO] [stderr]     Checking wayland-client v0.31.15
[INFO] [stderr]    Compiling serde_json v1.0.151
[INFO] [stderr]     Checking pxfm v0.1.30
[INFO] [stderr]     Checking num-bigint v0.4.8
[INFO] [stderr]     Checking png v0.18.1
[INFO] [stderr]     Checking byteorder-lite v0.1.0
[INFO] [stderr]     Checking web-time v1.1.0
[INFO] [stderr]    Compiling litrs v1.0.0
[INFO] [stderr]     Checking glow v0.14.2
[INFO] [stderr]     Checking clipboard-win v5.4.1
[INFO] [stderr]     Checking scrcpy-dump v0.1.0 (/opt/rustwide/workdir/spikes/scrcpy-dump)
[INFO] [stderr]    Compiling document-features v0.2.12
[INFO] [stderr]     Checking pd-audio v0.1.0 (/opt/rustwide/workdir/crates/pd-audio)
[INFO] [stderr]     Checking wayland-protocols v0.32.13
[INFO] [stderr]     Checking wayland-cursor v0.31.14
[INFO] [stderr]     Checking ppv-lite86 v0.2.21
[INFO] [stderr]     Checking rand_chacha v0.3.1
[INFO] [stderr]    Compiling zvariant_utils v2.1.0
[INFO] [stderr]    Compiling synstructure v0.13.2
[INFO] [stderr]     Checking rand v0.8.8
[INFO] [stderr]    Compiling enumflags2_derive v0.7.12
[INFO] [stderr]    Compiling zvariant_derive v4.2.0
[INFO] [stderr]    Compiling tracing-attributes v0.1.31
[INFO] [stderr]    Compiling thiserror-impl v1.0.69
[INFO] [stderr]    Compiling zbus_macros v4.4.0
[INFO] [stderr]    Compiling windows-interface v0.58.0
[INFO] [stderr]    Compiling windows-implement v0.58.0
[INFO] [stderr]     Checking moxcms v0.8.1
[INFO] [stderr]    Compiling zerofrom-derive v0.1.7
[INFO] [stderr]    Compiling yoke-derive v0.8.2
[INFO] [stderr]     Checking windows-core v0.58.0
[INFO] [stderr]    Compiling serde_derive v1.0.229
[INFO] [stderr]    Compiling bytemuck_derive v1.12.0
[INFO] [stderr]    Compiling zerovec-derive v0.11.6
[INFO] [stderr]    Compiling displaydoc v0.2.7
[INFO] [stderr]    Compiling futures-macro v0.3.34
[INFO] [stderr]    Compiling async-trait v0.1.92
[INFO] [stderr]    Compiling serde_repr v0.1.21
[INFO] [stderr]     Checking windows v0.58.0
[INFO] [stderr]     Checking thiserror v1.0.69
[INFO] [stderr]     Checking zerofrom v0.1.8
[INFO] [stderr]    Compiling thiserror-impl v2.0.20
[INFO] [stderr]     Checking calloop v0.13.0
[INFO] [stderr]     Checking pd-render v0.1.0 (/opt/rustwide/workdir/crates/pd-render)
[INFO] [stderr]     Checking yoke v0.8.3
[INFO] [stdout] error[E0433]: cannot find `Win32` in `windows`
[INFO] [stdout]  --> crates/pd-render/src/lib.rs:8:14
[INFO] [stdout]   |
[INFO] [stdout] 8 | use windows::Win32::Foundation::{BOOL, HANDLE, HINSTANCE, HWND, LPARAM, LRESULT, RECT, WPARAM};
[INFO] [stdout]   |              ^^^^^ could not find `Win32` in `windows`
[INFO] [stdout] 
[INFO] [stdout] 
[INFO] [stdout] error[E0433]: cannot find `Win32` in `windows`
[INFO] [stdout]  --> crates/pd-render/src/lib.rs:9:14
[INFO] [stdout]   |
[INFO] [stdout] 9 | use windows::Win32::Graphics::Direct3D::{
[INFO] [stdout]   |              ^^^^^ could not find `Win32` in `windows`
[INFO] [stdout] 
[INFO] [stdout] 
[INFO] [stdout] error[E0433]: cannot find `Win32` in `windows`
[INFO] [stdout]   --> crates/pd-render/src/lib.rs:12:14
[INFO] [stdout]    |
[INFO] [stdout] 12 | use windows::Win32::Graphics::Direct3D11::{
[INFO] [stdout]    |              ^^^^^ could not find `Win32` in `windows`
[INFO] [stdout] 
[INFO] [stdout] 
[INFO] [stdout] error[E0433]: cannot find `Win32` in `windows`
[INFO] [stdout]   --> crates/pd-render/src/lib.rs:16:14
[INFO] [stdout]    |
[INFO] [stdout] 16 | use windows::Win32::Graphics::Dxgi::Common::{
[INFO] [stdout]    |              ^^^^^ could not find `Win32` in `windows`
[INFO] [stdout] 
[INFO] [stdout] 
[INFO] [stdout] error[E0433]: cannot find `Win32` in `windows`
[INFO] [stdout]   --> crates/pd-render/src/lib.rs:19:14
[INFO] [stdout]    |
[INFO] [stdout] 19 | use windows::Win32::Graphics::Dxgi::{
[INFO] [stdout]    |              ^^^^^ could not find `Win32` in `windows`
[INFO] [stdout] 
[INFO] [stdout] 
[INFO] [stdout] error[E0433]: cannot find `Win32` in `windows`
[INFO] [stdout]   --> crates/pd-render/src/lib.rs:25:14
[INFO] [stdout]    |
[INFO] [stdout] 25 | use windows::Win32::System::Threading::WaitForSingleObjectEx;
[INFO] [stdout]    |              ^^^^^ could not find `Win32` in `windows`
[INFO] [stdout] 
[INFO] [stdout] 
[INFO] [stdout] error[E0433]: cannot find `Win32` in `windows`
[INFO] [stdout]   --> crates/pd-render/src/lib.rs:29:14
[INFO] [stdout]    |
[INFO] [stdout] 29 | use windows::Win32::Graphics::Gdi::{
[INFO] [stdout]    |              ^^^^^ could not find `Win32` in `windows`
[INFO] [stdout] 
[INFO] [stdout] 
[INFO] [stdout] error[E0433]: cannot find `Win32` in `windows`
[INFO] [stdout]   --> crates/pd-render/src/lib.rs:32:14
[INFO] [stdout]    |
[INFO] [stdout] 32 | use windows::Win32::System::LibraryLoader::GetModuleHandleW;
[INFO] [stdout]    |              ^^^^^ could not find `Win32` in `windows`
[INFO] [stdout] 
[INFO] [stdout] 
[INFO] [stdout] error[E0433]: cannot find `Win32` in `windows`
[INFO] [stdout]   --> crates/pd-render/src/lib.rs:33:14
[INFO] [stdout]    |
[INFO] [stdout] 33 | use windows::Win32::UI::HiDpi::{
[INFO] [stdout]    |              ^^^^^ could not find `Win32` in `windows`
[INFO] [stdout] 
[INFO] [stdout] 
[INFO] [stdout] error[E0433]: cannot find `Win32` in `windows`
[INFO] [stdout]   --> crates/pd-render/src/lib.rs:36:14
[INFO] [stdout]    |
[INFO] [stdout] 36 | use windows::Win32::UI::Input::KeyboardAndMouse::GetKeyState;
[INFO] [stdout]    |              ^^^^^ could not find `Win32` in `windows`
[INFO] [stdout] 
[INFO] [stdout] 
[INFO] [stdout] error[E0433]: cannot find `Win32` in `windows`
[INFO] [stdout]   --> crates/pd-render/src/lib.rs:37:14
[INFO] [stdout]    |
[INFO] [stdout] 37 | use windows::Win32::UI::WindowsAndMessaging::{
[INFO] [stdout]    |              ^^^^^ could not find `Win32` in `windows`
[INFO] [stdout] 
[INFO] [stdout] 
[INFO] [stdout] error[E0432]: unresolved import `windows::core`
[INFO] [stdout]  --> crates/pd-render/src/lib.rs:7:14
[INFO] [stdout]   |
[INFO] [stdout] 7 | use windows::core::{w, Interface, Result};
[INFO] [stdout]   |              ^^^^ could not find `core` in `windows`
[INFO] [stdout] 
[INFO] [stdout] 
[INFO] [stdout] error[E0433]: cannot find `Win32` in `windows`
[INFO] [stdout]   --> crates/pd-render/src/video.rs:10:14
[INFO] [stdout]    |
[INFO] [stdout] 10 | use windows::Win32::Graphics::Direct3D::Fxc::D3DCompile;
[INFO] [stdout]    |              ^^^^^ could not find `Win32` in `windows`
[INFO] [stdout] 
[INFO] [stdout] 
[INFO] [stdout] error[E0433]: cannot find `Win32` in `windows`
[INFO] [stdout]   --> crates/pd-render/src/video.rs:11:14
[INFO] [stdout]    |
[INFO] [stdout] 11 | use windows::Win32::Graphics::Direct3D::{
[INFO] [stdout]    |              ^^^^^ could not find `Win32` in `windows`
[INFO] [stdout] 
[INFO] [stdout] 
[INFO] [stdout] error[E0433]: cannot find `Win32` in `windows`
[INFO] [stdout]   --> crates/pd-render/src/video.rs:14:14
[INFO] [stdout]    |
[INFO] [stdout] 14 | use windows::Win32::Graphics::Direct3D11::{
[INFO] [stdout]    |              ^^^^^ could not find `Win32` in `windows`
[INFO] [stdout] 
[INFO] [stdout] 
[INFO] [stdout] error[E0433]: cannot find `Win32` in `windows`
[INFO] [stdout]   --> crates/pd-render/src/video.rs:23:14
[INFO] [stdout]    |
[INFO] [stdout] 23 | use windows::Win32::Graphics::Dxgi::Common::{
[INFO] [stdout]    |              ^^^^^ could not find `Win32` in `windows`
[INFO] [stdout] 
[INFO] [stdout] 
[INFO] [stdout] error[E0432]: unresolved import `windows::core`
[INFO] [stdout]  --> crates/pd-render/src/video.rs:9:14
[INFO] [stdout]   |
[INFO] [stdout] 9 | use windows::core::{s, Result};
[INFO] [stdout]   |              ^^^^ could not find `core` in `windows`
[INFO] [stdout] 
[INFO] [stdout] 
[INFO] [stdout] error[E0433]: cannot find `Win32` in `windows`
[INFO] [stdout]    --> crates/pd-render/src/video.rs:306:22
[INFO] [stdout]     |
[INFO] [stdout] 306 |     format: windows::Win32::Graphics::Dxgi::Common::DXGI_FORMAT,
[INFO] [stdout]     |                      ^^^^^ could not find `Win32` in `windows`
[INFO] [stdout] 
[INFO] [stdout] 
[INFO] [stdout] error[E0433]: cannot find `core` in `windows`
[INFO] [stdout]    --> crates/pd-render/src/video.rs:325:21
[INFO] [stdout]     |
[INFO] [stdout] 325 |     entry: windows::core::PCSTR,
[INFO] [stdout]     |                     ^^^^ could not find `core` in `windows`
[INFO] [stdout] 
[INFO] [stdout] 
[INFO] [stdout] error[E0433]: cannot find `core` in `windows`
[INFO] [stdout]    --> crates/pd-render/src/video.rs:326:22
[INFO] [stdout]     |
[INFO] [stdout] 326 |     target: windows::core::PCSTR,
[INFO] [stdout]     |                      ^^^^ could not find `core` in `windows`
[INFO] [stdout] 
[INFO] [stdout] 
[INFO] [stdout] error[E0433]: cannot find `Win32` in `windows`
[INFO] [stdout]    --> crates/pd-render/src/lib.rs:228:70
[INFO] [stdout]     |
[INFO] [stdout] 228 |                     .map_err(|_| windows::core::Error::from(windows::Win32::Foundation::E_FAIL))?;
[INFO] [stdout]     |                                                                      ^^^^^ could not find `Win32` in `windows`
[INFO] [stdout] 
[INFO] [stdout] 
[INFO] [stdout] error[E0408]: variable `WM_LBUTTONDOWN` is not bound in all patterns
[INFO] [stdout]    --> crates/pd-render/src/lib.rs:448:13
[INFO] [stdout]     |
[INFO] [stdout] 448 |             WM_MOUSEMOVE | WM_LBUTTONDOWN | WM_LBUTTONUP => {
[INFO] [stdout]     |             ^^^^^^^^^^^^   --------------   ^^^^^^^^^^^^ pattern doesn't bind `WM_LBUTTONDOWN`
[INFO] [stdout]     |             |              |
[INFO] [stdout]     |             |              variable not in all patterns
[INFO] [stdout]     |             pattern doesn't bind `WM_LBUTTONDOWN`
[INFO] [stdout]     |
[INFO] [stdout] help: if you meant to match on a unit struct, unit variant or a `const` item, consider making the path in the pattern qualified: `path::to::ModOrType::WM_LBUTTONDOWN`
[INFO] [stdout]    --> crates/pd-render/src/lib.rs:448:28
[INFO] [stdout]     |
[INFO] [stdout] 448 |             WM_MOUSEMOVE | WM_LBUTTONDOWN | WM_LBUTTONUP => {
[INFO] [stdout]     |                            ^^^^^^^^^^^^^^
[INFO] [stdout] 
[INFO] [stdout] 
[INFO] [stdout] error[E0408]: variable `WM_LBUTTONUP` is not bound in all patterns
[INFO] [stdout]    --> crates/pd-render/src/lib.rs:448:13
[INFO] [stdout]     |
[INFO] [stdout] 448 |             WM_MOUSEMOVE | WM_LBUTTONDOWN | WM_LBUTTONUP => {
[INFO] [stdout]     |             ^^^^^^^^^^^^   ^^^^^^^^^^^^^^   ------------ variable not in all patterns
[INFO] [stdout]     |             |              |
[INFO] [stdout]     |             |              pattern doesn't bind `WM_LBUTTONUP`
[INFO] [stdout]     |             pattern doesn't bind `WM_LBUTTONUP`
[INFO] [stdout]     |
[INFO] [stdout] help: if you meant to match on a unit struct, unit variant or a `const` item, consider making the path in the pattern qualified: `path::to::ModOrType::WM_LBUTTONUP`
[INFO] [stdout]    --> crates/pd-render/src/lib.rs:448:45
[INFO] [stdout]     |
[INFO] [stdout] 448 |             WM_MOUSEMOVE | WM_LBUTTONDOWN | WM_LBUTTONUP => {
[INFO] [stdout]     |                                             ^^^^^^^^^^^^
[INFO] [stdout] 
[INFO] [stdout] 
[INFO] [stdout] error[E0408]: variable `WM_MOUSEMOVE` is not bound in all patterns
[INFO] [stdout]    --> crates/pd-render/src/lib.rs:448:28
[INFO] [stdout]     |
[INFO] [stdout] 448 |             WM_MOUSEMOVE | WM_LBUTTONDOWN | WM_LBUTTONUP => {
[INFO] [stdout]     |             ------------   ^^^^^^^^^^^^^^   ^^^^^^^^^^^^ pattern doesn't bind `WM_MOUSEMOVE`
[INFO] [stdout]     |             |              |
[INFO] [stdout]     |             |              pattern doesn't bind `WM_MOUSEMOVE`
[INFO] [stdout]     |             variable not in all patterns
[INFO] [stdout]     |
[INFO] [stdout] help: if you meant to match on a unit struct, unit variant or a `const` item, consider making the path in the pattern qualified: `path::to::ModOrType::WM_MOUSEMOVE`
[INFO] [stdout]    --> crates/pd-render/src/lib.rs:448:13
[INFO] [stdout]     |
[INFO] [stdout] 448 |             WM_MOUSEMOVE | WM_LBUTTONDOWN | WM_LBUTTONUP => {
[INFO] [stdout]     |             ^^^^^^^^^^^^
[INFO] [stdout] 
[INFO] [stdout] 
[INFO] [stdout] error[E0433]: cannot find `core` in `windows`
[INFO] [stdout]    --> crates/pd-render/src/lib.rs:493:18
[INFO] [stdout]     |
[INFO] [stdout] 493 |         windows::core::PCWSTR(title_w.as_ptr()),
[INFO] [stdout]     |                  ^^^^ could not find `core` in `windows`
[INFO] [stdout] 
[INFO] [stdout] 
[INFO] [stdout] error[E0433]: cannot find `Win32` in `windows`
[INFO] [stdout]    --> crates/pd-render/src/lib.rs:536:18
[INFO] [stdout]     |
[INFO] [stdout] 536 |         windows::Win32::Foundation::HMODULE::default(),
[INFO] [stdout]     |                  ^^^^^ could not find `Win32` in `windows`
[INFO] [stdout] 
[INFO] [stdout] 
[INFO] [stdout] error[E0433]: cannot find `core` in `windows`
[INFO] [stdout]    --> crates/pd-render/src/lib.rs:228:43
[INFO] [stdout]     |
[INFO] [stdout] 228 |                     .map_err(|_| windows::core::Error::from(windows::Win32::Foundation::E_FAIL))?;
[INFO] [stdout]     |                                           ^^^^ could not find `core` in `windows`
[INFO] [stdout]     |
[INFO] [stdout] help: consider importing one of these items
[INFO] [stdout]     |
[INFO] [stdout]   7 + use std::error::Error;
[INFO] [stdout]     |
[INFO] [stdout]   7 + use std::fmt::Error;
[INFO] [stdout]     |
[INFO] [stdout]   7 + use std::io::Error;
[INFO] [stdout]     |
[INFO] [stdout]   7 + use windows_core::Error;
[INFO] [stdout]     |
[INFO] [stdout] help: if you import `Error`, refer to it directly
[INFO] [stdout]     |
[INFO] [stdout] 228 -                     .map_err(|_| windows::core::Error::from(windows::Win32::Foundation::E_FAIL))?;
[INFO] [stdout] 228 +                     .map_err(|_| Error::from(windows::Win32::Foundation::E_FAIL))?;
[INFO] [stdout]     |
[INFO] [stdout] 
[INFO] [stdout] 
[INFO] [stderr]     Checking pd-decode v0.1.0 (/opt/rustwide/workdir/crates/pd-decode)
[INFO] [stderr]     Checking mf-smoke v0.1.0 (/opt/rustwide/workdir/spikes/mf-smoke)
[INFO] [stdout] error[E0433]: cannot find `Win32` in `windows`
[INFO] [stdout]   --> crates/pd-decode/src/lib.rs:16:14
[INFO] [stdout]    |
[INFO] [stdout] 16 | use windows::Win32::Graphics::Direct3D11::{ID3D11Device, ID3D11Texture2D, D3D11_TEXTURE2D_DESC};
[INFO] [stdout]    |              ^^^^^ could not find `Win32` in `windows`
[INFO] [stdout] 
[INFO] [stdout] 
[INFO] [stdout] error[E0433]: cannot find `Win32` in `windows`
[INFO] [stdout]   --> crates/pd-decode/src/lib.rs:17:14
[INFO] [stdout]    |
[INFO] [stdout] 17 | use windows::Win32::Media::MediaFoundation::*;
[INFO] [stdout]    |              ^^^^^ could not find `Win32` in `windows`
[INFO] [stdout] 
[INFO] [stdout] 
[INFO] [stdout] error[E0433]: cannot find `Win32` in `windows`
[INFO] [stdout]   --> crates/pd-decode/src/lib.rs:18:14
[INFO] [stdout]    |
[INFO] [stdout] 18 | use windows::Win32::System::Com::CoTaskMemFree;
[INFO] [stdout]    |              ^^^^^ could not find `Win32` in `windows`
[INFO] [stdout] 
[INFO] [stdout] 
[INFO] [stdout] error[E0432]: unresolved import `windows::core`
[INFO] [stdout]   --> crates/pd-decode/src/lib.rs:15:14
[INFO] [stdout]    |
[INFO] [stdout] 15 | use windows::core::{Interface, Result, GUID};
[INFO] [stdout]    |              ^^^^ could not find `core` in `windows`
[INFO] [stdout] 
[INFO] [stdout] 
[INFO] [stdout] error[E0277]: the size for values of type `[u8]` cannot be known at compilation time
[INFO] [stdout]    --> crates/pd-render/src/lib.rs:226:25
[INFO] [stdout]     |
[INFO] [stdout] 226 |             Some((w, h, bgra)) => {
[INFO] [stdout]     |                         ^^^^ doesn't have a size known at compile-time
[INFO] [stdout]     |
[INFO] [stdout]     = help: the trait `Sized` is not implemented for `[u8]`
[INFO] [stdout]     = note: all local variables must have a statically known size
[INFO] [stdout] 
[INFO] [stdout] 
[INFO] [stdout] error[E0433]: cannot find `Win32` in `windows`
[INFO] [stdout]   --> spikes/mf-smoke/src/main.rs:18:14
[INFO] [stdout]    |
[INFO] [stdout] 18 | use windows::Win32::Foundation::HMODULE;
[INFO] [stdout]    |              ^^^^^ could not find `Win32` in `windows`
[INFO] [stdout] 
[INFO] [stdout] 
[INFO] [stdout] error[E0433]: cannot find `Win32` in `windows`
[INFO] [stdout]   --> spikes/mf-smoke/src/main.rs:19:14
[INFO] [stdout]    |
[INFO] [stdout] 19 | use windows::Win32::Graphics::Direct3D::{
[INFO] [stdout]    |              ^^^^^ could not find `Win32` in `windows`
[INFO] [stdout] 
[INFO] [stdout] 
[INFO] [stdout] error[E0433]: cannot find `Win32` in `windows`
[INFO] [stdout]   --> spikes/mf-smoke/src/main.rs:22:14
[INFO] [stdout]    |
[INFO] [stdout] 22 | use windows::Win32::Graphics::Direct3D11::{
[INFO] [stdout]    |              ^^^^^ could not find `Win32` in `windows`
[INFO] [stdout] 
[INFO] [stdout] 
[INFO] [stdout] error[E0433]: cannot find `Win32` in `windows`
[INFO] [stdout]   --> spikes/mf-smoke/src/main.rs:26:14
[INFO] [stdout]    |
[INFO] [stdout] 26 | use windows::Win32::Graphics::Dxgi::{
[INFO] [stdout]    |              ^^^^^ could not find `Win32` in `windows`
[INFO] [stdout] 
[INFO] [stdout] 
[INFO] [stdout] error[E0433]: cannot find `Win32` in `windows`
[INFO] [stdout]   --> spikes/mf-smoke/src/main.rs:29:14
[INFO] [stdout]    |
[INFO] [stdout] 29 | use windows::Win32::Media::MediaFoundation::{
[INFO] [stdout]    |              ^^^^^ could not find `Win32` in `windows`
[INFO] [stdout] 
[INFO] [stdout] 
[INFO] [stdout] error[E0433]: cannot find `Win32` in `windows`
[INFO] [stdout]   --> spikes/mf-smoke/src/main.rs:36:14
[INFO] [stdout]    |
[INFO] [stdout] 36 | use windows::Win32::System::Com::{CoInitializeEx, CoTaskMemFree, COINIT_MULTITHREADED};
[INFO] [stdout]    |              ^^^^^ could not find `Win32` in `windows`
[INFO] [stdout] 
[INFO] [stdout] 
[INFO] [stdout] error[E0432]: unresolved import `windows::core`
[INFO] [stdout]   --> spikes/mf-smoke/src/main.rs:17:14
[INFO] [stdout]    |
[INFO] [stdout] 17 | use windows::core::{Interface, Result, PWSTR};
[INFO] [stdout]    |              ^^^^ could not find `core` in `windows`
[INFO] [stdout] 
[INFO] [stdout] 
[INFO] [stdout] Some errors have detailed explanations: E0277, E0408, E0432, E0433.
[INFO] [stdout] 
[INFO] [stdout] For more information about an error, try `rustc --explain E0277`.
[INFO] [stdout] 
[INFO] [stderr] error: could not compile `pd-render` (lib) due to 28 previous errors
[INFO] [stderr] warning: build failed, waiting for other jobs to finish...
[INFO] [stdout] Some errors have detailed explanations: E0432, E0433.
[INFO] [stdout] 
[INFO] [stdout] For more information about an error, try `rustc --explain E0432`.
[INFO] [stdout] 
[INFO] [stderr] error: could not compile `mf-smoke` (bin "mf-smoke") due to 7 previous errors
[INFO] [stdout] error[E0425]: cannot find type `IMFTransform` in this scope
[INFO] [stdout]   --> crates/pd-decode/src/lib.rs:36:16
[INFO] [stdout]    |
[INFO] [stdout] 36 |     transform: IMFTransform,
[INFO] [stdout]    |                ^^^^^^^^^^^^ not found in this scope
[INFO] [stdout] 
[INFO] [stdout] 
[INFO] [stdout] error[E0425]: cannot find type `IMFDXGIDeviceManager` in this scope
[INFO] [stdout]   --> crates/pd-decode/src/lib.rs:37:11
[INFO] [stdout]    |
[INFO] [stdout] 37 |     _mgr: IMFDXGIDeviceManager,
[INFO] [stdout]    |           ^^^^^^^^^^^^^^^^^^^^ not found in this scope
[INFO] [stdout] 
[INFO] [stdout] 
[INFO] [stdout] error[E0425]: cannot find value `MFVideoFormat_HEVC` in this scope
[INFO] [stdout]   --> crates/pd-decode/src/lib.rs:48:13
[INFO] [stdout]    |
[INFO] [stdout] 48 |             MFVideoFormat_HEVC
[INFO] [stdout]    |             ^^^^^^^^^^^^^^^^^^ not found in this scope
[INFO] [stdout] 
[INFO] [stdout] 
[INFO] [stdout] error[E0425]: cannot find value `MFVideoFormat_H264` in this scope
[INFO] [stdout]   --> crates/pd-decode/src/lib.rs:50:13
[INFO] [stdout]    |
[INFO] [stdout] 50 |             MFVideoFormat_H264
[INFO] [stdout]    |             ^^^^^^^^^^^^^^^^^^ not found in this scope
[INFO] [stdout] 
[INFO] [stdout] 
[INFO] [stdout] error[E0425]: cannot find type `IMFDXGIDeviceManager` in this scope
[INFO] [stdout]   --> crates/pd-decode/src/lib.rs:58:33
[INFO] [stdout]    |
[INFO] [stdout] 58 |             let mut mgr: Option<IMFDXGIDeviceManager> = None;
[INFO] [stdout]    |                                 ^^^^^^^^^^^^^^^^^^^^ not found in this scope
[INFO] [stdout]    |
[INFO] [stdout] help: you might be missing a type parameter
[INFO] [stdout]    |
[INFO] [stdout] 43 | impl<IMFDXGIDeviceManager> Decoder {
[INFO] [stdout]    |     ++++++++++++++++++++++
[INFO] [stdout] 
[INFO] [stdout] 
[INFO] [stdout] error[E0425]: cannot find value `MF_LOW_LATENCY` in this scope
[INFO] [stdout]   --> crates/pd-decode/src/lib.rs:66:42
[INFO] [stdout]    |
[INFO] [stdout] 66 |                 let _ = attrs.SetUINT32(&MF_LOW_LATENCY, 1);
[INFO] [stdout]    |                                          ^^^^^^^^^^^^^^ not found in this scope
[INFO] [stdout] 
[INFO] [stdout] 
[INFO] [stdout] error[E0425]: cannot find value `MFT_MESSAGE_SET_D3D_MANAGER` in this scope
[INFO] [stdout]   --> crates/pd-decode/src/lib.rs:68:38
[INFO] [stdout]    |
[INFO] [stdout] 68 |             transform.ProcessMessage(MFT_MESSAGE_SET_D3D_MANAGER, mgr.as_raw() as usize)?;
[INFO] [stdout]    |                                      ^^^^^^^^^^^^^^^^^^^^^^^^^^^ not found in this scope
[INFO] [stdout] 
[INFO] [stdout] 
[INFO] [stdout] error[E0425]: cannot find value `MF_MT_MAJOR_TYPE` in this scope
[INFO] [stdout]   --> crates/pd-decode/src/lib.rs:71:29
[INFO] [stdout]    |
[INFO] [stdout] 71 |             intype.SetGUID(&MF_MT_MAJOR_TYPE, &MFMediaType_Video)?;
[INFO] [stdout]    |                             ^^^^^^^^^^^^^^^^ not found in this scope
[INFO] [stdout] 
[INFO] [stdout] 
[INFO] [stdout] error[E0425]: cannot find value `MFMediaType_Video` in this scope
[INFO] [stdout]   --> crates/pd-decode/src/lib.rs:71:48
[INFO] [stdout]    |
[INFO] [stdout] 71 |             intype.SetGUID(&MF_MT_MAJOR_TYPE, &MFMediaType_Video)?;
[INFO] [stdout]    |                                                ^^^^^^^^^^^^^^^^^ not found in this scope
[INFO] [stdout] 
[INFO] [stdout] 
[INFO] [stdout] error[E0425]: cannot find value `MF_MT_SUBTYPE` in this scope
[INFO] [stdout]   --> crates/pd-decode/src/lib.rs:72:29
[INFO] [stdout]    |
[INFO] [stdout] 72 |             intype.SetGUID(&MF_MT_SUBTYPE, &subtype)?;
[INFO] [stdout]    |                             ^^^^^^^^^^^^^ not found in this scope
[INFO] [stdout] 
[INFO] [stdout] 
[INFO] [stdout] error[E0425]: cannot find value `MFT_MESSAGE_NOTIFY_BEGIN_STREAMING` in this scope
[INFO] [stdout]   --> crates/pd-decode/src/lib.rs:86:41
[INFO] [stdout]    |
[INFO] [stdout] 86 |             me.transform.ProcessMessage(MFT_MESSAGE_NOTIFY_BEGIN_STREAMING, 0)?;
[INFO] [stdout]    |                                         ^^^^^^^^^^^^^^^^^^^^^^^^^^^^^^^^^^ not found in this scope
[INFO] [stdout] 
[INFO] [stdout] 
[INFO] [stdout] error[E0425]: cannot find value `MFT_MESSAGE_NOTIFY_START_OF_STREAM` in this scope
[INFO] [stdout]   --> crates/pd-decode/src/lib.rs:87:41
[INFO] [stdout]    |
[INFO] [stdout] 87 |             me.transform.ProcessMessage(MFT_MESSAGE_NOTIFY_START_OF_STREAM, 0)?;
[INFO] [stdout]    |                                         ^^^^^^^^^^^^^^^^^^^^^^^^^^^^^^^^^^ not found in this scope
[INFO] [stdout] 
[INFO] [stdout] 
[INFO] [stdout] error[E0425]: cannot find value `MF_E_NOTACCEPTING` in this scope
[INFO] [stdout]    --> crates/pd-decode/src/lib.rs:102:39
[INFO] [stdout]     |
[INFO] [stdout] 102 |                 Err(e) if e.code() == MF_E_NOTACCEPTING => {
[INFO] [stdout]     |                                       ^^^^^^^^^^^^^^^^^ not found in this scope
[INFO] [stdout] 
[INFO] [stdout] 
[INFO] [stdout] error[E0425]: cannot find value `MFT_MESSAGE_NOTIFY_END_OF_STREAM` in this scope
[INFO] [stdout]    --> crates/pd-decode/src/lib.rs:116:43
[INFO] [stdout]     |
[INFO] [stdout] 116 |             self.transform.ProcessMessage(MFT_MESSAGE_NOTIFY_END_OF_STREAM, 0)?;
[INFO] [stdout]     |                                           ^^^^^^^^^^^^^^^^^^^^^^^^^^^^^^^^ not found in this scope
[INFO] [stdout] 
[INFO] [stdout] 
[INFO] [stdout] error[E0425]: cannot find value `MFT_MESSAGE_COMMAND_DRAIN` in this scope
[INFO] [stdout]    --> crates/pd-decode/src/lib.rs:117:43
[INFO] [stdout]     |
[INFO] [stdout] 117 |             self.transform.ProcessMessage(MFT_MESSAGE_COMMAND_DRAIN, 0)?;
[INFO] [stdout]     |                                           ^^^^^^^^^^^^^^^^^^^^^^^^^ not found in this scope
[INFO] [stdout] 
[INFO] [stdout] 
[INFO] [stdout] error[E0422]: cannot find struct, variant or union type `MFT_OUTPUT_DATA_BUFFER` in this scope
[INFO] [stdout]    --> crates/pd-decode/src/lib.rs:125:29
[INFO] [stdout]     |
[INFO] [stdout] 125 |             let mut bufs = [MFT_OUTPUT_DATA_BUFFER {
[INFO] [stdout]     |                             ^^^^^^^^^^^^^^^^^^^^^^ not found in this scope
[INFO] [stdout] 
[INFO] [stdout] 
[INFO] [stdout] error[E0425]: cannot find value `MF_E_TRANSFORM_NEED_MORE_INPUT` in this scope
[INFO] [stdout]    --> crates/pd-decode/src/lib.rs:142:39
[INFO] [stdout]     |
[INFO] [stdout] 142 |                 Err(e) if e.code() == MF_E_TRANSFORM_NEED_MORE_INPUT => return Ok(()),
[INFO] [stdout]     |                                       ^^^^^^^^^^^^^^^^^^^^^^^^^^^^^^ not found in this scope
[INFO] [stdout] 
[INFO] [stdout] 
[INFO] [stdout] error[E0425]: cannot find value `MF_E_TRANSFORM_STREAM_CHANGE` in this scope
[INFO] [stdout]    --> crates/pd-decode/src/lib.rs:143:39
[INFO] [stdout]     |
[INFO] [stdout] 143 |                 Err(e) if e.code() == MF_E_TRANSFORM_STREAM_CHANGE => {
[INFO] [stdout]     |                                       ^^^^^^^^^^^^^^^^^^^^^^^^^^^^ not found in this scope
[INFO] [stdout] 
[INFO] [stdout] 
[INFO] [stdout] error[E0425]: cannot find value `MF_MT_SUBTYPE` in this scope
[INFO] [stdout]    --> crates/pd-decode/src/lib.rs:154:27
[INFO] [stdout]     |
[INFO] [stdout] 154 |             if t.GetGUID(&MF_MT_SUBTYPE)? == MFVideoFormat_NV12 {
[INFO] [stdout]     |                           ^^^^^^^^^^^^^ not found in this scope
[INFO] [stdout] 
[INFO] [stdout] 
[INFO] [stdout] error[E0425]: cannot find value `MFVideoFormat_NV12` in this scope
[INFO] [stdout]    --> crates/pd-decode/src/lib.rs:154:46
[INFO] [stdout]     |
[INFO] [stdout] 154 |             if t.GetGUID(&MF_MT_SUBTYPE)? == MFVideoFormat_NV12 {
[INFO] [stdout]     |                                              ^^^^^^^^^^^^^^^^^^ not found in this scope
[INFO] [stdout] 
[INFO] [stdout] 
[INFO] [stdout] error[E0425]: cannot find value `MF_MT_FRAME_SIZE` in this scope
[INFO] [stdout]    --> crates/pd-decode/src/lib.rs:156:46
[INFO] [stdout]     |
[INFO] [stdout] 156 |                 if let Ok(fs) = t.GetUINT64(&MF_MT_FRAME_SIZE) {
[INFO] [stdout]     |                                              ^^^^^^^^^^^^^^^^ not found in this scope
[INFO] [stdout] 
[INFO] [stdout] 
[INFO] [stdout] error[E0425]: cannot find type `IMFTransform` in this scope
[INFO] [stdout]    --> crates/pd-decode/src/lib.rs:169:49
[INFO] [stdout]     |
[INFO] [stdout] 169 | fn instantiate_decoder(subtype: GUID) -> Result<IMFTransform> {
[INFO] [stdout]     |                                                 ^^^^^^^^^^^^ not found in this scope
[INFO] [stdout]     |
[INFO] [stdout] help: you might be missing a type parameter
[INFO] [stdout]     |
[INFO] [stdout] 169 | fn instantiate_decoder<IMFTransform>(subtype: GUID) -> Result<IMFTransform> {
[INFO] [stdout]     |                       ++++++++++++++
[INFO] [stdout] 
[INFO] [stdout] 
[INFO] [stdout] error[E0422]: cannot find struct, variant or union type `MFT_REGISTER_TYPE_INFO` in this scope
[INFO] [stdout]    --> crates/pd-decode/src/lib.rs:171:21
[INFO] [stdout]     |
[INFO] [stdout] 171 |         let input = MFT_REGISTER_TYPE_INFO {
[INFO] [stdout]     |                     ^^^^^^^^^^^^^^^^^^^^^^ not found in this scope
[INFO] [stdout] 
[INFO] [stdout] 
[INFO] [stdout] error[E0425]: cannot find value `MFMediaType_Video` in this scope
[INFO] [stdout]    --> crates/pd-decode/src/lib.rs:172:28
[INFO] [stdout]     |
[INFO] [stdout] 172 |             guidMajorType: MFMediaType_Video,
[INFO] [stdout]     |                            ^^^^^^^^^^^^^^^^^ not found in this scope
[INFO] [stdout] 
[INFO] [stdout] 
[INFO] [stdout] error[E0422]: cannot find struct, variant or union type `MFT_REGISTER_TYPE_INFO` in this scope
[INFO] [stdout]    --> crates/pd-decode/src/lib.rs:175:22
[INFO] [stdout]     |
[INFO] [stdout] 175 |         let output = MFT_REGISTER_TYPE_INFO {
[INFO] [stdout]     |                      ^^^^^^^^^^^^^^^^^^^^^^ not found in this scope
[INFO] [stdout] 
[INFO] [stdout] 
[INFO] [stdout] error[E0425]: cannot find value `MFMediaType_Video` in this scope
[INFO] [stdout]    --> crates/pd-decode/src/lib.rs:176:28
[INFO] [stdout]     |
[INFO] [stdout] 176 |             guidMajorType: MFMediaType_Video,
[INFO] [stdout]     |                            ^^^^^^^^^^^^^^^^^ not found in this scope
[INFO] [stdout] 
[INFO] [stdout] 
[INFO] [stdout] error[E0425]: cannot find value `MFVideoFormat_NV12` in this scope
[INFO] [stdout]    --> crates/pd-decode/src/lib.rs:177:26
[INFO] [stdout]     |
[INFO] [stdout] 177 |             guidSubtype: MFVideoFormat_NV12,
[INFO] [stdout]     |                          ^^^^^^^^^^^^^^^^^^ not found in this scope
[INFO] [stdout] 
[INFO] [stdout] 
[INFO] [stdout] error[E0425]: cannot find type `IMFActivate` in this scope
[INFO] [stdout]    --> crates/pd-decode/src/lib.rs:179:40
[INFO] [stdout]     |
[INFO] [stdout] 179 |         let mut activates: *mut Option<IMFActivate> = std::ptr::null_mut();
[INFO] [stdout]     |                                        ^^^^^^^^^^^ not found in this scope
[INFO] [stdout]     |
[INFO] [stdout] help: you might be missing a type parameter
[INFO] [stdout]     |
[INFO] [stdout] 169 | fn instantiate_decoder<IMFActivate>(subtype: GUID) -> Result<IMFTransform> {
[INFO] [stdout]     |                       +++++++++++++
[INFO] [stdout] 
[INFO] [stdout] 
[INFO] [stdout] error[E0425]: cannot find value `MFT_CATEGORY_VIDEO_DECODER` in this scope
[INFO] [stdout]    --> crates/pd-decode/src/lib.rs:182:13
[INFO] [stdout]     |
[INFO] [stdout] 182 |             MFT_CATEGORY_VIDEO_DECODER,
[INFO] [stdout]     |             ^^^^^^^^^^^^^^^^^^^^^^^^^^ not found in this scope
[INFO] [stdout] 
[INFO] [stdout] 
[INFO] [stdout] error[E0425]: cannot find value `MFT_ENUM_FLAG_SYNCMFT` in this scope
[INFO] [stdout]    --> crates/pd-decode/src/lib.rs:183:13
[INFO] [stdout]     |
[INFO] [stdout] 183 |             MFT_ENUM_FLAG_SYNCMFT | MFT_ENUM_FLAG_ASYNCMFT | MFT_ENUM_FLAG_HARDWARE
[INFO] [stdout]     |             ^^^^^^^^^^^^^^^^^^^^^ not found in this scope
[INFO] [stdout] 
[INFO] [stdout] 
[INFO] [stdout] error[E0425]: cannot find value `MFT_ENUM_FLAG_ASYNCMFT` in this scope
[INFO] [stdout]    --> crates/pd-decode/src/lib.rs:183:37
[INFO] [stdout]     |
[INFO] [stdout] 183 |             MFT_ENUM_FLAG_SYNCMFT | MFT_ENUM_FLAG_ASYNCMFT | MFT_ENUM_FLAG_HARDWARE
[INFO] [stdout]     |                                     ^^^^^^^^^^^^^^^^^^^^^^ not found in this scope
[INFO] [stdout] 
[INFO] [stdout] 
[INFO] [stdout] error[E0425]: cannot find value `MFT_ENUM_FLAG_HARDWARE` in this scope
[INFO] [stdout]    --> crates/pd-decode/src/lib.rs:183:62
[INFO] [stdout]     |
[INFO] [stdout] 183 |             MFT_ENUM_FLAG_SYNCMFT | MFT_ENUM_FLAG_ASYNCMFT | MFT_ENUM_FLAG_HARDWARE
[INFO] [stdout]     |                                                              ^^^^^^^^^^^^^^^^^^^^^^ not found in this scope
[INFO] [stdout] 
[INFO] [stdout] 
[INFO] [stdout] error[E0425]: cannot find value `MFT_ENUM_FLAG_SORTANDFILTER` in this scope
[INFO] [stdout]    --> crates/pd-decode/src/lib.rs:184:19
[INFO] [stdout]     |
[INFO] [stdout] 184 |                 | MFT_ENUM_FLAG_SORTANDFILTER,
[INFO] [stdout]     |                   ^^^^^^^^^^^^^^^^^^^^^^^^^^^ not found in this scope
[INFO] [stdout] 
[INFO] [stdout] 
[INFO] [stdout] error[E0433]: cannot find `core` in `windows`
[INFO] [stdout]    --> crates/pd-decode/src/lib.rs:191:33
[INFO] [stdout]     |
[INFO] [stdout] 191 |             return Err(windows::core::Error::from(MF_E_TOPO_CODEC_NOT_FOUND));
[INFO] [stdout]     |                                 ^^^^ could not find `core` in `windows`
[INFO] [stdout]     |
[INFO] [stdout] help: consider importing one of these items
[INFO] [stdout]     |
[INFO] [stdout]  11 + use std::error::Error;
[INFO] [stdout]     |
[INFO] [stdout]  11 + use std::fmt::Error;
[INFO] [stdout]     |
[INFO] [stdout]  11 + use std::io::Error;
[INFO] [stdout]     |
[INFO] [stdout]  11 + use windows_core::Error;
[INFO] [stdout]     |
[INFO] [stdout] help: if you import `Error`, refer to it directly
[INFO] [stdout]     |
[INFO] [stdout] 191 -             return Err(windows::core::Error::from(MF_E_TOPO_CODEC_NOT_FOUND));
[INFO] [stdout] 191 +             return Err(Error::from(MF_E_TOPO_CODEC_NOT_FOUND));
[INFO] [stdout]     |
[INFO] [stdout] 
[INFO] [stdout] 
[INFO] [stdout] error[E0425]: cannot find value `MF_E_TOPO_CODEC_NOT_FOUND` in this scope
[INFO] [stdout]    --> crates/pd-decode/src/lib.rs:191:51
[INFO] [stdout]     |
[INFO] [stdout] 191 |             return Err(windows::core::Error::from(MF_E_TOPO_CODEC_NOT_FOUND));
[INFO] [stdout]     |                                                   ^^^^^^^^^^^^^^^^^^^^^^^^^ not found in this scope
[INFO] [stdout] 
[INFO] [stdout] 
[INFO] [stdout] error[E0425]: cannot find type `IMFTransform` in this scope
[INFO] [stdout]    --> crates/pd-decode/src/lib.rs:195:24
[INFO] [stdout]     |
[INFO] [stdout] 195 |         let transform: IMFTransform = activate.ActivateObject()?;
[INFO] [stdout]     |                        ^^^^^^^^^^^^ not found in this scope
[INFO] [stdout] 
[INFO] [stdout] 
[INFO] [stdout] error[E0425]: cannot find type `IMFSample` in this scope
[INFO] [stdout]    --> crates/pd-decode/src/lib.rs:201:68
[INFO] [stdout]     |
[INFO] [stdout] 201 | unsafe fn make_input_sample(data: &[u8], pts_100ns: i64) -> Result<IMFSample> {
[INFO] [stdout]     |                                                                    ^^^^^^^^^ not found in this scope
[INFO] [stdout]     |
[INFO] [stdout] help: you might be missing a type parameter
[INFO] [stdout]     |
[INFO] [stdout] 201 | unsafe fn make_input_sample<IMFSample>(data: &[u8], pts_100ns: i64) -> Result<IMFSample> {
[INFO] [stdout]     |                            +++++++++++
[INFO] [stdout] 
[INFO] [stdout] 
[INFO] [stdout] error[E0425]: cannot find type `IMFSample` in this scope
[INFO] [stdout]    --> crates/pd-decode/src/lib.rs:217:34
[INFO] [stdout]     |
[INFO] [stdout] 217 | unsafe fn extract_frame(sample: &IMFSample) -> Result<Option<DecodedFrame>> {
[INFO] [stdout]     |                                  ^^^^^^^^^ not found in this scope
[INFO] [stdout] 
[INFO] [stdout] 
[INFO] [stdout] error[E0425]: cannot find type `IMFDXGIBuffer` in this scope
[INFO] [stdout]    --> crates/pd-decode/src/lib.rs:219:15
[INFO] [stdout]     |
[INFO] [stdout] 219 |     let dxgi: IMFDXGIBuffer = buffer.cast()?;
[INFO] [stdout]     |               ^^^^^^^^^^^^^ not found in this scope
[INFO] [stdout] 
[INFO] [stdout] 
[INFO] [stdout] error[E0425]: cannot find function, tuple struct or tuple variant `MFStartup` in this scope
[INFO] [stdout]   --> crates/pd-decode/src/lib.rs:54:25
[INFO] [stdout]    |
[INFO] [stdout] 54 |                 let _ = MFStartup(MF_VERSION, MFSTARTUP_LITE);
[INFO] [stdout]    |                         ^^^^^^^^^ not found in this scope
[INFO] [stdout] 
[INFO] [stdout] 
[INFO] [stdout] error[E0425]: cannot find function, tuple struct or tuple variant `MFCreateDXGIDeviceManager` in this scope
[INFO] [stdout]   --> crates/pd-decode/src/lib.rs:59:13
[INFO] [stdout]    |
[INFO] [stdout] 59 |             MFCreateDXGIDeviceManager(&mut token, &mut mgr)?;
[INFO] [stdout]    |             ^^^^^^^^^^^^^^^^^^^^^^^^^ not found in this scope
[INFO] [stdout] 
[INFO] [stdout] 
[INFO] [stdout] error[E0425]: cannot find function, tuple struct or tuple variant `MFCreateMediaType` in this scope
[INFO] [stdout]   --> crates/pd-decode/src/lib.rs:70:26
[INFO] [stdout]    |
[INFO] [stdout] 70 |             let intype = MFCreateMediaType()?;
[INFO] [stdout]    |                          ^^^^^^^^^^^^^^^^^ not found in this scope
[INFO] [stdout] 
[INFO] [stdout] 
[INFO] [stdout] error[E0425]: cannot find function, tuple struct or tuple variant `MFTEnumEx` in this scope
[INFO] [stdout]    --> crates/pd-decode/src/lib.rs:181:9
[INFO] [stdout]     |
[INFO] [stdout] 181 |         MFTEnumEx(
[INFO] [stdout]     |         ^^^^^^^^^ not found in this scope
[INFO] [stdout] 
[INFO] [stdout] 
[INFO] [stdout] error[E0425]: cannot find function, tuple struct or tuple variant `MFCreateSample` in this scope
[INFO] [stdout]    --> crates/pd-decode/src/lib.rs:202:18
[INFO] [stdout]     |
[INFO] [stdout] 202 |     let sample = MFCreateSample()?;
[INFO] [stdout]     |                  ^^^^^^^^^^^^^^ not found in this scope
[INFO] [stdout] 
[INFO] [stdout] 
[INFO] [stdout] error[E0425]: cannot find function, tuple struct or tuple variant `MFCreateMemoryBuffer` in this scope
[INFO] [stdout]    --> crates/pd-decode/src/lib.rs:203:18
[INFO] [stdout]     |
[INFO] [stdout] 203 |     let buffer = MFCreateMemoryBuffer(data.len() as u32)?;
[INFO] [stdout]     |                  ^^^^^^^^^^^^^^^^^^^^ not found in this scope
[INFO] [stdout] 
[INFO] [stdout] 
[INFO] [stdout] Some errors have detailed explanations: E0422, E0425, E0432, E0433.
[INFO] [stdout] 
[INFO] [stdout] For more information about an error, try `rustc --explain E0422`.
[INFO] [stdout] 
[INFO] [stderr] error: could not compile `pd-decode` (lib) due to 49 previous errors
[INFO] running `Command { std: "docker" "inspect" "bfab040292adce6f03769994653cd0fb3096ea3afd5f049b26115332780ad0e3", kill_on_drop: false }`
[INFO] running `Command { std: "docker" "rm" "-f" "bfab040292adce6f03769994653cd0fb3096ea3afd5f049b26115332780ad0e3", kill_on_drop: false }`
[INFO] [stdout] bfab040292adce6f03769994653cd0fb3096ea3afd5f049b26115332780ad0e3
