[INFO] cloning repository https://github.com/ampfit2-lab/ampfit2-lab--tontinton--maki
[INFO] running `Command { std: "git" "-c" "credential.helper=" "-c" "credential.helper=/workspace/cargo-home/bin/git-credential-null" "clone" "--bare" "https://github.com/ampfit2-lab/ampfit2-lab--tontinton--maki" "/workspace/cache/git-repos/https%3A%2F%2Fgithub.com%2Fampfit2-lab%2Fampfit2-lab--tontinton--maki", kill_on_drop: false }`
[INFO] [stderr] Cloning into bare repository '/workspace/cache/git-repos/https%3A%2F%2Fgithub.com%2Fampfit2-lab%2Fampfit2-lab--tontinton--maki'...
[INFO] running `Command { std: "git" "rev-parse" "HEAD", kill_on_drop: false }`
[INFO] [stdout] 78bd5883746075bc97bae3422abbe41070d8bd4c
[INFO] checking ampfit2-lab/ampfit2-lab--tontinton--maki against 3154cc1a3e6424e44f438a95007d043ed5ceaaf6+rustflags=-Znext-solver=coherence for pr-133502-30
[INFO] running `Command { std: "git" "clone" "/workspace/cache/git-repos/https%3A%2F%2Fgithub.com%2Fampfit2-lab%2Fampfit2-lab--tontinton--maki" "/workspace/builds/worker-6-tc1/source", kill_on_drop: false }`
[INFO] [stderr] Cloning into '/workspace/builds/worker-6-tc1/source'...
[INFO] [stderr] done.
[INFO] removed /workspace/builds/worker-6-tc1/source/.cargo/config.toml
[INFO] started tweaking git repo https://github.com/ampfit2-lab/ampfit2-lab--tontinton--maki
[INFO] finished tweaking git repo https://github.com/ampfit2-lab/ampfit2-lab--tontinton--maki
[INFO] tweaked toml for git repo https://github.com/ampfit2-lab/ampfit2-lab--tontinton--maki written to /workspace/builds/worker-6-tc1/source/Cargo.toml
[INFO] validating manifest of git repo https://github.com/ampfit2-lab/ampfit2-lab--tontinton--maki on toolchain 3154cc1a3e6424e44f438a95007d043ed5ceaaf6
[INFO] running `Command { std: CARGO_HOME="/workspace/cargo-home" RUSTUP_HOME="/workspace/rustup-home" "/workspace/cargo-home/bin/cargo" "+3154cc1a3e6424e44f438a95007d043ed5ceaaf6" "metadata" "--manifest-path" "Cargo.toml" "--no-deps", kill_on_drop: false }`
[INFO] crate git repo https://github.com/ampfit2-lab/ampfit2-lab--tontinton--maki already has a lockfile, it will not be regenerated
[INFO] running `Command { std: CARGO_HOME="/workspace/cargo-home" RUSTUP_HOME="/workspace/rustup-home" "/workspace/cargo-home/bin/cargo" "+3154cc1a3e6424e44f438a95007d043ed5ceaaf6" "fetch" "--manifest-path" "Cargo.toml", kill_on_drop: false }`
[INFO] [stderr] warning: unused workspace dependency `memchr`
[INFO] [stderr]    --> Cargo.toml:138:1
[INFO] [stderr]     |
[INFO] [stderr] 138 | memchr = "2"
[INFO] [stderr]     | ^^^^^^
[INFO] [stderr]     |
[INFO] [stderr]     = note: `cargo::unused_workspace_dependencies` is set to `warn` by default
[INFO] [stderr] help: consider removing the workspace dependency `memchr`
[INFO] [stderr] warning: workspace (manifest) generated 1 warning
[INFO] [stderr]     Updating git repository `https://github.com/crossterm-rs/crossterm`
[INFO] [stderr]     Updating crates.io index
[INFO] [stderr]     Updating git repository `https://github.com/pydantic/monty.git`
[INFO] [stderr]  Downloading crates ...
[INFO] [stderr]   Downloaded notify v9.0.0-rc.4
[INFO] [stderr]   Downloaded termini v1.0.0
[INFO] [stderr]   Downloaded xxhash-rust v0.8.17
[INFO] [stderr]   Downloaded objc2-core-services v0.3.2
[INFO] [stderr]   Downloaded windows-native-keyring-store v1.1.0
[INFO] [stderr]   Downloaded apple-native-keyring-store v1.0.2
[INFO] [stderr]   Downloaded sluice v0.6.0
[INFO] [stderr]   Downloaded globset v0.4.19
[INFO] [stderr]   Downloaded zbus-secret-service-keyring-store v1.0.1
[INFO] [stderr]   Downloaded isahc v1.8.3
[INFO] [stderr]   Downloaded keyring v4.1.6
[INFO] [stderr]   Downloaded keyring-core v1.0.0
[INFO] [stderr]   Downloaded tree-sitter-containerfile v0.9.2
[INFO] [stderr]   Downloaded curl v0.4.50
[INFO] [stderr]   Downloaded tree-sitter-toml-ng v0.7.0
[INFO] [stderr]   Downloaded mlua_derive v0.11.0
[INFO] [stderr]   Downloaded tree-sitter-nix v0.3.0
[INFO] [stderr]   Downloaded ruff_text_size v0.0.3
[INFO] [stderr]   Downloaded tree-sitter-make v1.1.1
[INFO] [stderr]   Downloaded tree-sitter-lua v0.5.0
[INFO] [stderr]   Downloaded tree-sitter-hcl v1.1.0
[INFO] [stderr]   Downloaded fs4 v1.1.0
[INFO] [stderr]   Downloaded unicode_names2_generator v1.3.0
[INFO] [stderr]   Downloaded speedate v0.17.0
[INFO] [stderr]   Downloaded get-size2 v0.10.1
[INFO] [stderr]   Downloaded get-size-derive2 v0.10.3
[INFO] [stderr]   Downloaded ruff_source_file v0.0.3
[INFO] [stderr]   Downloaded ruff_python_stdlib v0.0.3
[INFO] [stderr]   Downloaded ruff_python_literal v0.0.3
[INFO] [stderr]   Downloaded jiff-static v0.2.32
[INFO] [stderr]   Downloaded tree-sitter-zig v1.1.2
[INFO] [stderr]   Downloaded mlua-sys v0.10.0
[INFO] [stderr]   Downloaded ordermap v1.2.0
[INFO] [stderr]   Downloaded is-macro v0.3.7
[INFO] [stderr]   Downloaded grep-matcher v0.1.9
[INFO] [stderr]   Downloaded grep-regex v0.1.14
[INFO] [stderr]   Downloaded tree-sitter-starlark v1.3.0
[INFO] [stderr]   Downloaded tree-sitter-javascript v0.23.1
[INFO] [stderr]   Downloaded tree-sitter-gleam v1.0.0
[INFO] [stderr]   Downloaded ruff_python_codegen v0.0.3
[INFO] [stderr]   Downloaded pyo3-macros v0.29.2
[INFO] [stderr]   Downloaded pyo3-macros-backend v0.29.2
[INFO] [stderr]   Downloaded pyo3-build-config v0.29.2
[INFO] [stderr]   Downloaded encoding_rs_io v0.1.7
[INFO] [stderr]   Downloaded ruff_python_trivia v0.0.3
[INFO] [stderr]   Downloaded ruff_python_ast v0.0.3
[INFO] [stderr]   Downloaded grep-searcher v0.1.17
[INFO] [stderr]   Downloaded pyo3-ffi v0.29.2
[INFO] [stderr]   Downloaded fancy-regex v0.17.0
[INFO] [stderr]   Downloaded jsonrepair v0.1.0
[INFO] [stderr]   Downloaded ignore v0.4.29
[INFO] [stderr]   Downloaded tree-sitter v0.26.11
[INFO] [stderr]   Downloaded uuid-simd v0.8.0
[INFO] [stderr]   Downloaded borrow-or-share v0.2.4
[INFO] [stderr]   Downloaded num-cmp v0.1.0
[INFO] [stderr]   Downloaded bytecount v0.6.9
[INFO] [stderr]   Downloaded mlua v0.11.6
[INFO] [stderr]   Downloaded fluent-uri v0.3.2
[INFO] [stderr]   Downloaded jiter v0.16.0
[INFO] [stderr]   Downloaded referencing v0.33.0
[INFO] [stderr]   Downloaded tree-sitter-dart v0.2.0
[INFO] [stderr]   Downloaded tree-sitter-md v0.5.3
[INFO] [stderr]   Downloaded jsonschema v0.33.0
[INFO] [stderr]   Downloaded fraction v0.15.4
[INFO] [stderr]   Downloaded unicode_names2 v1.3.0
[INFO] [stderr]   Downloaded luau0-src v0.18.3+luau709
[INFO] [stderr]   Downloaded ruff_python_parser v0.0.3
[INFO] [stderr]   Downloaded markup5ever_rcdom v0.38.0+unofficial
[INFO] [stderr]   Downloaded xml5ever v0.38.0
[INFO] [stderr]   Downloaded criterion v0.5.1
[INFO] [stderr]   Downloaded jiff v0.2.32
[INFO] [stderr]   Downloaded htmd v0.5.4
[INFO] [stderr]   Downloaded tree-sitter-swift v0.7.3
[INFO] [stderr]   Downloaded tree-sitter-kotlin-ng v1.1.0
[INFO] [stderr]   Downloaded pyo3 v0.29.2
[INFO] [stderr]   Downloaded tree-sitter-scala v0.25.1
[INFO] [stderr]   Downloaded owo-colors v4.3.0
[INFO] [stderr]   Downloaded clap v4.6.2
[INFO] [stderr]   Downloaded curl-sys v0.4.90+curl-8.21.0
[INFO] [stderr]   Downloaded libnghttp2-sys v0.1.13+1.68.1
[INFO] [stderr]   Downloaded agent-client-protocol-schema v0.13.8
[INFO] [stderr]   Downloaded two-face v0.5.1
[INFO] running `Command { std: "docker" "create" "-v" "/var/lib/crater-agent-workspace/builds/worker-6-tc1/source:/opt/rustwide/workdir:ro,Z" "-v" "/var/lib/crater-agent-workspace/builds/worker-6-tc1/target:/opt/rustwide/target:rw,Z" "-v" "/var/lib/crater-agent-workspace/cargo-home:/opt/rustwide/cargo-home:ro,Z" "-v" "/var/lib/crater-agent-workspace/rustup-home:/opt/rustwide/rustup-home:ro,Z" "-m" "1610612736" "--network" "none" "ghcr.io/rust-lang/crates-build-env/linux@sha256:77db811e55d90add9212f6832c23229e3de5f1c1f9905e8cb07319ea15df73ac" "sleep" "infinity", kill_on_drop: false }`
[INFO] [stdout] 6223690acf9c8f48fa4a35d459574a9ef1feec670d5dcf12f4150f03444d8d34
[INFO] running `Command { std: "docker" "start" "6223690acf9c8f48fa4a35d459574a9ef1feec670d5dcf12f4150f03444d8d34", kill_on_drop: false }`
[INFO] running `Command { std: "docker" "inspect" "6223690acf9c8f48fa4a35d459574a9ef1feec670d5dcf12f4150f03444d8d34", kill_on_drop: false }`
[INFO] running `Command { std: "docker" "exec" "-e" "SOURCE_DIR=/opt/rustwide/workdir" "-e" "CARGO_HOME=/opt/rustwide/cargo-home" "-e" "RUSTUP_HOME=/opt/rustwide/rustup-home" "-e" "CARGO_TARGET_DIR=/opt/rustwide/target" "-w" "/opt/rustwide/workdir" "--user" "0:0" "6223690acf9c8f48fa4a35d459574a9ef1feec670d5dcf12f4150f03444d8d34" "/opt/rustwide/cargo-home/bin/cargo" "+3154cc1a3e6424e44f438a95007d043ed5ceaaf6" "metadata" "--no-deps" "--format-version=1", kill_on_drop: false }`
[INFO] running `Command { std: "docker" "inspect" "6223690acf9c8f48fa4a35d459574a9ef1feec670d5dcf12f4150f03444d8d34", kill_on_drop: false }`
[INFO] running `Command { std: "docker" "exec" "-e" "SOURCE_DIR=/opt/rustwide/workdir" "-e" "CARGO_HOME=/opt/rustwide/cargo-home" "-e" "RUSTUP_HOME=/opt/rustwide/rustup-home" "-e" "CARGO_TARGET_DIR=/opt/rustwide/target" "-e" "CARGO_INCREMENTAL=0" "-e" "RUST_BACKTRACE=full" "-e" "RUSTFLAGS=--cap-lints=forbid -Znext-solver=coherence" "-e" "RUSTDOCFLAGS=--cap-lints=forbid" "-w" "/opt/rustwide/workdir" "--user" "0:0" "6223690acf9c8f48fa4a35d459574a9ef1feec670d5dcf12f4150f03444d8d34" "/opt/rustwide/cargo-home/bin/cargo" "+3154cc1a3e6424e44f438a95007d043ed5ceaaf6" "check" "--frozen" "--all" "--all-targets" "--message-format=json", kill_on_drop: false }`
[INFO] [stderr] warning: unused workspace dependency `memchr`
[INFO] [stderr]    --> Cargo.toml:138:1
[INFO] [stderr]     |
[INFO] [stderr] 138 | memchr = "2"
[INFO] [stderr]     | ^^^^^^
[INFO] [stderr]     |
[INFO] [stderr]     = note: `cargo::unused_workspace_dependencies` is set to `warn` by default
[INFO] [stderr] help: consider removing the workspace dependency `memchr`
[INFO] [stderr] warning: workspace (manifest) generated 1 warning
[INFO] [stderr]    Compiling libc v0.2.186
[INFO] [stderr]    Compiling quote v1.0.46
[INFO] [stderr]    Compiling proc-macro2 v1.0.106
[INFO] [stderr]    Compiling serde_core v1.0.228
[INFO] [stderr]    Compiling serde v1.0.228
[INFO] [stderr]    Compiling tree-sitter-language v0.1.7
[INFO] [stderr]     Checking foldhash v0.2.0
[INFO] [stderr]     Checking bitflags v2.13.1
[INFO] [stderr]     Checking once_cell v1.21.4
[INFO] [stderr]     Checking log v0.4.33
[INFO] [stderr]     Checking futures-core v0.3.32
[INFO] [stderr]    Compiling thiserror v2.0.18
[INFO] [stderr]    Compiling rustix v1.1.4
[INFO] [stderr]     Checking aho-corasick v1.1.4
[INFO] [stderr]     Checking parking v2.2.1
[INFO] [stderr]     Checking stable_deref_trait v1.2.1
[INFO] [stderr]     Checking futures-io v0.3.32
[INFO] [stderr]     Checking lock_api v0.4.14
[INFO] [stderr]     Checking concurrent-queue v2.5.0
[INFO] [stderr]     Checking hashbrown v0.17.1
[INFO] [stderr]     Checking fastrand v2.4.1
[INFO] [stderr]    Compiling serde_json v1.0.150
[INFO] [stderr]    Compiling num-traits v0.2.19
[INFO] [stderr]     Checking castaway v0.2.4
[INFO] [stderr]     Checking unicode-ident v1.0.24
[INFO] [stderr]     Checking writeable v0.6.3
[INFO] [stderr]     Checking litemap v0.8.2
[INFO] [stderr]     Checking tracing-core v0.1.36
[INFO] [stderr]     Checking futures-lite v2.6.1
[INFO] [stderr]     Checking utf8_iter v1.0.4
[INFO] [stderr]    Compiling icu_properties_data v2.2.0
[INFO] [stderr]     Checking event-listener v5.4.1
[INFO] [stderr]    Compiling siphasher v1.0.3
[INFO] [stderr]    Compiling vcpkg v0.2.15
[INFO] [stderr]     Checking ryu v1.0.23
[INFO] [stderr]    Compiling getrandom v0.3.4
[INFO] [stderr]     Checking event-listener-strategy v0.5.4
[INFO] [stderr]    Compiling generic-array v0.14.7
[INFO] [stderr]    Compiling async-io v2.6.0
[INFO] [stderr]     Checking either v1.16.0
[INFO] [stderr]     Checking async-channel v2.5.0
[INFO] [stderr]    Compiling icu_normalizer_data v2.2.0
[INFO] [stderr]    Compiling syn v2.0.119
[INFO] [stderr]     Checking async-task v4.7.1
[INFO] [stderr]     Checking indexmap v2.14.0
[INFO] [stderr]     Checking simd-adler32 v0.3.10
[INFO] [stderr]     Checking regex-automata v0.4.16
[INFO] [stderr]     Checking typenum v1.20.1
[INFO] [stderr]     Checking futures-sink v0.3.32
[INFO] [stderr]     Checking adler2 v2.0.1
[INFO] [stderr]     Checking atomic-waker v1.1.2
[INFO] [stderr]     Checking miniz_oxide v0.8.9
[INFO] [stderr]    Compiling crc32fast v1.5.0
[INFO] [stderr]     Checking piper v0.2.5
[INFO] [stderr]     Checking percent-encoding v2.3.2
[INFO] [stderr]    Compiling winnow v1.0.4
[INFO] [stderr]     Checking num-integer v0.1.46
[INFO] [stderr]     Checking blocking v1.6.2
[INFO] [stderr]    Compiling syn v3.0.3
[INFO] [stderr]     Checking async-lock v3.4.2
[INFO] [stderr]    Compiling smallvec v1.15.2
[INFO] [stderr]     Checking spin v0.9.9
[INFO] [stderr]    Compiling toml_datetime v1.1.1+spec-1.1.0
[INFO] [stderr]    Compiling proc-macro-utils v0.10.0
[INFO] [stderr]     Checking errno v0.3.14
[INFO] [stderr]     Checking getrandom v0.4.3
[INFO] [stderr]     Checking signal-hook-registry v1.4.8
[INFO] [stderr]    Compiling jobserver v0.1.35
[INFO] [stderr]     Checking flate2 v1.1.9
[INFO] [stderr]     Checking async-executor v1.14.0
[INFO] [stderr]     Checking encoding_rs v0.8.35
[INFO] [stderr]    Compiling cc v1.2.67
[INFO] [stderr]    Compiling curl v0.4.50
[INFO] [stderr]     Checking static_assertions v1.1.0
[INFO] [stderr]     Checking compact_str v0.9.1
[INFO] [stderr]     Checking socket2 v0.6.5
[INFO] [stderr]     Checking form_urlencoded v1.2.2
[INFO] [stderr]     Checking openssl-probe v0.1.6
[INFO] [stderr]    Compiling isahc v1.8.3
[INFO] [stderr]    Compiling zerocopy v0.8.54
[INFO] [stderr]     Checking bytes v1.12.1
[INFO] [stderr]    Compiling manyhow-macros v0.11.4
[INFO] [stderr]     Checking sluice v0.6.0
[INFO] [stderr]     Checking crypto-common v0.1.7
[INFO] [stderr]     Checking waker-fn v1.2.0
[INFO] [stderr]     Checking mime v0.3.17
[INFO] [stderr]    Compiling getrandom v0.2.17
[INFO] [stderr]     Checking etcetera v0.11.0
[INFO] [stderr]    Compiling interpolator v0.5.0
[INFO] [stderr]     Checking http v0.2.12
[INFO] [stderr]    Compiling collection_literals v1.0.3
[INFO] [stderr]     Checking same-file v1.0.6
[INFO] [stderr]     Checking winnow v0.7.15
[INFO] [stderr]     Checking toml_write v0.1.2
[INFO] [stderr]     Checking bs58 v0.5.1
[INFO] [stderr]     Checking walkdir v2.5.0
[INFO] [stderr]    Compiling rand_core v0.6.4
[INFO] [stderr]     Checking block-buffer v0.10.4
[INFO] [stderr]    Compiling toml_parser v1.1.3+spec-1.1.0
[INFO] [stderr]     Checking block-padding v0.3.3
[INFO] [stderr]     Checking async-fs v2.2.0
[INFO] [stderr]     Checking futures-channel v0.3.32
[INFO] [stderr]    Compiling phf_shared v0.13.1
[INFO] [stderr]    Compiling openssl-src v300.6.1+3.6.3
[INFO] [stderr]     Checking uuid v1.24.0
[INFO] [stderr]     Checking unicode-segmentation v1.13.3
[INFO] [stderr]     Checking bstr v1.13.0
[INFO] [stderr]     Checking bit-vec v0.8.0
[INFO] [stderr]     Checking futures-task v0.3.32
[INFO] [stderr]    Compiling toml_edit v0.25.13+spec-1.1.0
[INFO] [stderr]    Compiling endi v1.1.1
[INFO] [stderr]     Checking subtle v2.6.1
[INFO] [stderr]    Compiling phf_generator v0.13.1
[INFO] [stderr]     Checking bit-set v0.8.0
[INFO] [stderr]     Checking digest v0.10.7
[INFO] [stderr]     Checking inout v0.1.4
[INFO] [stderr]     Checking num-iter v0.1.46
[INFO] [stderr]     Checking num-complex v0.4.6
[INFO] [stderr]     Checking dotenvy v0.15.7
[INFO] [stderr]     Checking globset v0.4.19
[INFO] [stderr]    Compiling crossbeam-epoch v0.9.20
[INFO] [stderr]     Checking inventory v0.3.24
[INFO] [stderr]    Compiling libnghttp2-sys v0.1.13+1.68.1
[INFO] [stderr]    Compiling libz-sys v1.1.29
[INFO] [stderr]    Compiling openssl-sys v0.9.117
[INFO] [stderr]    Compiling curl-sys v0.4.90+curl-8.21.0
[INFO] [stderr]     Checking cipher v0.4.4
[INFO] [stderr]     Checking ordermap v1.2.0
[INFO] [stderr]    Compiling phf_shared v0.11.3
[INFO] [stderr]     Checking time-core v0.1.9
[INFO] [stderr]     Checking thin-vec v0.2.18
[INFO] [stderr]     Checking deranged v0.5.8
[INFO] [stderr]     Checking num-conv v0.2.2
[INFO] [stderr]    Compiling proc-macro-crate v3.5.0
[INFO] [stderr]     Checking num_threads v0.1.7
[INFO] [stderr]     Checking powerfmt v0.2.0
[INFO] [stderr]     Checking hmac v0.12.1
[INFO] [stderr]     Checking flume v0.11.1
[INFO] [stderr]     Checking async-broadcast v0.7.2
[INFO] [stderr]     Checking ordered-stream v0.2.0
[INFO] [stderr]     Checking jiff v0.2.32
[INFO] [stderr]    Compiling ref-cast v1.0.25
[INFO] [stderr]    Compiling unicode-width v0.2.2
[INFO] [stderr]     Checking crossbeam-deque v0.8.7
[INFO] [stderr]     Checking hkdf v0.12.4
[INFO] [stderr]     Checking cbc v0.1.2
[INFO] [stderr]     Checking aes v0.8.4
[INFO] [stderr]     Checking sha2 v0.10.9
[INFO] [stderr]     Checking itertools v0.14.0
[INFO] [stderr]     Checking hashbrown v0.16.1
[INFO] [stderr]    Compiling getopts v0.2.24
[INFO] [stderr]    Compiling phf_codegen v0.13.1
[INFO] [stderr]     Checking polling v3.11.0
[INFO] [stderr]     Checking tempfile v3.27.0
[INFO] [stderr]    Compiling string_cache_codegen v0.6.1
[INFO] [stderr]     Checking itertools v0.15.0
[INFO] [stderr]     Checking is-docker v0.2.0
[INFO] [stderr]    Compiling ahash v0.8.12
[INFO] [stderr]     Checking keyring-core v1.0.0
[INFO] [stderr]     Checking rustc-hash v2.1.3
[INFO] [stderr]    Compiling semver v1.0.28
[INFO] [stderr]    Compiling synstructure v0.13.2
[INFO] [stderr]    Compiling manyhow v0.11.4
[INFO] [stderr]     Checking async-signal v0.2.14
[INFO] [stderr]     Checking async-net v2.0.0
[INFO] [stderr]    Compiling test-case-core v3.3.1
[INFO] [stderr]     Checking async-process v2.5.0
[INFO] [stderr]     Checking new_debug_unreachable v1.0.6
[INFO] [stderr]    Compiling web_atoms v0.2.5
[INFO] [stderr]    Compiling rustc_version v0.4.1
[INFO] [stderr]     Checking is-wsl v0.4.0
[INFO] [stderr]     Checking smol v2.0.2
[INFO] [stderr]     Checking fancy-regex v0.16.2
[INFO] [stderr]     Checking time v0.3.53
[INFO] [stderr]     Checking quick-xml v0.41.0
[INFO] [stderr]     Checking arrayvec v0.7.8
[INFO] [stderr]     Checking unsafe-libyaml v0.2.11
[INFO] [stderr]    Compiling maki-providers v0.4.12 (/opt/rustwide/workdir/maki-providers)
[INFO] [stderr]     Checking lexical-util v1.0.7
[INFO] [stderr]     Checking tinyvec_macros v0.1.1
[INFO] [stderr]     Checking linked-hash-map v0.5.6
[INFO] [stderr]     Checking precomputed-hash v0.1.1
[INFO] [stderr]     Checking tinyvec v1.12.0
[INFO] [stderr]     Checking yaml-rust v0.4.5
[INFO] [stderr]     Checking phf v0.11.3
[INFO] [stderr]     Checking open v5.4.0
[INFO] [stderr]    Compiling heapless v0.7.17
[INFO] [stderr]     Checking wait-timeout v0.2.1
[INFO] [stderr]     Checking grep-matcher v0.1.9
[INFO] [stderr]    Compiling signal-hook v0.3.18
[INFO] [stderr]    Compiling jsonrepair v0.1.0
[INFO] [stderr]     Checking byteorder v1.5.0
[INFO] [stderr]    Compiling unicode-general-category v1.1.0
[INFO] [stderr]     Checking unicode-normalization v0.1.25
[INFO] [stderr]     Checking tendril v0.5.1
[INFO] [stderr]     Checking encoding_rs_io v0.1.7
[INFO] [stderr]     Checking mio v1.2.2
[INFO] [stderr]     Checking memmap2 v0.9.11
[INFO] [stderr]     Checking hash32 v0.2.1
[INFO] [stderr]     Checking lexical-parse-integer v1.0.6
[INFO] [stderr]     Checking iana-time-zone v0.1.65
[INFO] [stderr]    Compiling jiter v0.16.0
[INFO] [stderr]     Checking grep-searcher v0.1.17
[INFO] [stderr]     Checking bitvec v1.1.1
[INFO] [stderr]     Checking grep-regex v0.1.14
[INFO] [stderr]     Checking ignore v0.4.29
[INFO] [stderr]    Compiling serde_derive v1.0.228
[INFO] [stderr]    Compiling thiserror-impl v2.0.18
[INFO] [stderr]    Compiling zerofrom-derive v0.1.7
[INFO] [stderr]    Compiling yoke-derive v0.8.2
[INFO] [stderr]    Compiling zerovec-derive v0.11.3
[INFO] [stderr]    Compiling displaydoc v0.2.6
[INFO] [stderr]    Compiling tracing-attributes v0.1.31
[INFO] [stderr]    Compiling pin-project-internal v1.1.13
[INFO] [stderr]    Compiling enumflags2_derive v0.7.12
[INFO] [stderr]    Compiling quote-use-macros v0.8.4
[INFO] [stderr]    Compiling ppv-lite86 v0.2.21
[INFO] [stderr]    Compiling derive-where v1.6.1
[INFO] [stderr]    Compiling futures-macro v0.3.32
[INFO] [stderr]    Compiling quote-use v0.8.4
[INFO] [stderr]    Compiling strum_macros v0.27.2
[INFO] [stderr]    Compiling attribute-derive-macro v0.10.5
[INFO] [stderr]    Compiling rand_chacha v0.3.1
[INFO] [stderr]    Compiling zerocopy-derive v0.8.54
[INFO] [stderr]    Compiling maki-config-macro v0.4.12 (/opt/rustwide/workdir/maki-config-macro)
[INFO] [stderr]    Compiling rand v0.8.7
[INFO] [stderr]    Compiling async-recursion v1.1.1
[INFO] [stderr]    Compiling serde_repr v0.1.21
[INFO] [stderr]     Checking pin-project v1.1.13
[INFO] [stderr]     Checking zerofrom v0.1.8
[INFO] [stderr]     Checking futures-util v0.3.32
[INFO] [stderr]    Compiling async-trait v0.1.92
[INFO] [stderr]     Checking tracing v0.1.44
[INFO] [stderr]     Checking yoke v0.8.3
[INFO] [stderr]    Compiling ref-cast-impl v1.0.25
[INFO] [stderr]    Compiling test-case-macros v3.3.1
[INFO] [stderr]     Checking zerovec v0.11.6
[INFO] [stderr]     Checking zerotrie v0.2.4
[INFO] [stderr]     Checking tracing-futures v0.2.5
[INFO] [stderr]    Compiling is-macro v0.3.7
[INFO] [stderr]    Compiling phf_macros v0.13.1
[INFO] [stderr]    Compiling derive_more-impl v2.1.1
[INFO] [stderr]     Checking lexical-parse-float v1.0.6
[INFO] [stderr]    Compiling phf_generator v0.11.3
[INFO] [stderr]     Checking test-case v3.3.1
[INFO] [stderr]     Checking cobs v0.3.0
[INFO] [stderr]    Compiling monty-macros v0.0.21 (https://github.com/pydantic/monty.git?tag=v0.0.21#70fe3f57)
[INFO] [stderr]    Compiling attribute-derive v0.10.5
[INFO] [stderr]    Compiling phf_codegen v0.11.3
[INFO] [stderr]    Compiling unicode_names2_generator v1.3.0
[INFO] [stderr]     Checking similar v2.7.0
[INFO] [stderr]    Compiling luau0-src v0.18.3+luau709
[INFO] [stderr]     Checking phf v0.13.1
[INFO] [stderr]     Checking tinystr v0.8.3
[INFO] [stderr]     Checking potential_utf v0.1.5
[INFO] [stderr]     Checking arc-swap v1.9.2
[INFO] [stderr]    Compiling zmij v1.0.23
[INFO] [stderr]     Checking icu_locale_core v2.2.0
[INFO] [stderr]     Checking icu_collections v2.2.0
[INFO] [stderr]    Compiling typeid v1.0.3
[INFO] [stderr]     Checking humantime v2.4.0
[INFO] [stderr]    Compiling regex-syntax v0.8.11
[INFO] [stderr]     Checking lazy_static v1.5.0
[INFO] [stderr]    Compiling mlua-sys v0.10.0
[INFO] [stderr]     Checking signal-hook-mio v0.2.5
[INFO] [stderr]     Checking fancy-regex v0.17.0
[INFO] [stderr]     Checking regex v1.13.1
[INFO] [stderr]    Compiling get-size-derive2 v0.10.3
[INFO] [stderr]    Compiling unicode_names2 v1.3.0
[INFO] [stderr]     Checking fdeflate v0.3.7
[INFO] [stderr]    Compiling proc-macro-error-attr2 v2.0.0
[INFO] [stderr]     Checking ruff_python_stdlib v0.0.3
[INFO] [stderr]     Checking quick-error v2.0.1
[INFO] [stderr]     Checking zune-core v0.5.1
[INFO] [stderr]     Checking strum v0.27.2
[INFO] [stderr]     Checking byteorder-lite v0.1.0
[INFO] [stderr]     Checking speedate v0.17.0
[INFO] [stderr]     Checking color_quant v1.1.0
[INFO] [stderr]     Checking borrow-or-share v0.2.4
[INFO] [stderr]     Checking base64 v0.23.1
[INFO] [stderr]     Checking weezl v0.1.12
[INFO] [stderr]    Compiling erased-serde v0.4.10
[INFO] [stderr]     Checking icu_provider v2.2.0
[INFO] [stderr]     Checking pxfm v0.1.30
[INFO] [stderr]     Checking image-webp v0.2.4
[INFO] [stderr]     Checking futures-executor v0.3.32
[INFO] [stderr]     Checking gif v0.14.2
[INFO] [stderr]     Checking futures v0.3.32
[INFO] [stderr]     Checking zune-jpeg v0.5.15
[INFO] [stderr]    Compiling proc-macro-error2 v2.0.1
[INFO] [stderr]     Checking icu_properties v2.2.0
[INFO] [stderr]     Checking png v0.18.1
[INFO] [stderr]    Compiling tree-sitter v0.26.11
[INFO] [stderr]     Checking rayon-core v1.13.0
[INFO] [stderr]     Checking fs4 v1.1.0
[INFO] [stderr]     Checking derive_more v2.1.1
[INFO] [stderr]    Compiling tree-sitter-javascript v0.23.1
[INFO] [stderr]    Compiling tree-sitter-hcl v1.1.0
[INFO] [stderr]    Compiling tree-sitter-elixir v0.3.5
[INFO] [stderr]    Compiling tree-sitter-zig v1.1.2
[INFO] [stderr]     Checking num-bigint v0.4.8
[INFO] [stderr]     Checking toml_datetime v0.6.11
[INFO] [stderr]     Checking serde_spanned v0.6.9
[INFO] [stderr]     Checking enumflags2 v0.7.12
[INFO] [stderr]     Checking zvariant_utils v4.2.0
[INFO] [stderr]     Checking icu_normalizer v2.2.0
[INFO] [stderr]     Checking parking_lot_core v0.9.12
[INFO] [stderr]     Checking zcheapstr v1.1.0
[INFO] [stderr]     Checking toml_edit v0.22.27
[INFO] [stderr]     Checking parking_lot v0.12.5
[INFO] [stderr]     Checking get-size2 v0.10.1
[INFO] [stderr]     Checking serde_yaml v0.9.34+deprecated
[INFO] [stderr]     Checking string_cache v0.9.0
[INFO] [stderr]     Checking idna_adapter v1.2.2
[INFO] [stderr]     Checking bincode v1.3.3
[INFO] [stderr]     Checking plist v1.10.0
[INFO] [stderr]     Checking idna v1.1.0
[INFO] [stderr]     Checking ruff_text_size v0.0.3
[INFO] [stderr]     Checking ruff_source_file v0.0.3
[INFO] [stderr]     Checking url v2.5.8
[INFO] [stderr]     Checking ruff_python_trivia v0.0.3
[INFO] [stderr]     Checking num-rational v0.4.2
[INFO] [stderr]     Checking syntect v5.3.0
[INFO] [stderr]     Checking ruff_python_ast v0.0.3
[INFO] [stderr]     Checking chrono v0.4.45
[INFO] [stderr]     Checking moxcms v0.8.1
[INFO] [stderr]     Checking crossterm v0.29.0 (https://github.com/crossterm-rs/crossterm?rev=3ca54292d2b1f1c58e200a06122ddaf5dd6b5c77#3ca54292)
[INFO] [stderr]     Checking num v0.4.3
[INFO] [stderr]     Checking fluent-uri v0.3.2
[INFO] [stderr]     Checking markup5ever v0.38.0
[INFO] [stderr]    Compiling zvariant_derive v5.15.0
[INFO] [stderr]    Compiling tree-sitter-cpp v0.23.4
[INFO] [stderr]     Checking xml5ever v0.38.0
[INFO] [stderr]     Checking html5ever v0.38.0
[INFO] [stderr]    Compiling zvariant v5.15.0
[INFO] [stderr]     Checking postcard v1.1.3
[INFO] [stderr]    Compiling tree-sitter-toml-ng v0.7.0
[INFO] [stderr]    Compiling tree-sitter-c v0.24.2
[INFO] [stderr]    Compiling tree-sitter-sequel v0.3.11
[INFO] [stderr]     Checking monty-types v0.0.21 (https://github.com/pydantic/monty.git?tag=v0.0.21#70fe3f57)
[INFO] [stderr]    Compiling tree-sitter-ruby v0.23.1
[INFO] [stderr]    Compiling tree-sitter-nix v0.3.0
[INFO] [stderr]    Compiling tree-sitter-json v0.24.8
[INFO] [stderr]    Compiling tree-sitter-lua v0.5.0
[INFO] [stderr]    Compiling tree-sitter-html v0.23.2
[INFO] [stderr]     Checking two-face v0.5.1
[INFO] [stderr]    Compiling tree-sitter-gleam v1.0.0
[INFO] [stderr]    Compiling tree-sitter-css v0.25.0
[INFO] [stderr]    Compiling tree-sitter-typescript v0.23.2
[INFO] [stderr]    Compiling tree-sitter-c-sharp v0.23.5
[INFO] [stderr]    Compiling tree-sitter-starlark v1.3.0
[INFO] [stderr]    Compiling tree-sitter-rust v0.24.2
[INFO] [stderr]    Compiling tree-sitter-php v0.24.2
[INFO] [stderr]    Compiling tree-sitter-kotlin-ng v1.1.0
[INFO] [stderr]     Checking maki-highlight v0.4.12 (/opt/rustwide/workdir/maki-highlight)
[INFO] [stderr]    Compiling tree-sitter-make v1.1.1
[INFO] [stderr]    Compiling tree-sitter-java v0.23.5
[INFO] [stderr]    Compiling tree-sitter-go v0.23.4
[INFO] [stderr]    Compiling tree-sitter-dart v0.2.0
[INFO] [stderr]    Compiling tree-sitter-yaml v0.7.2
[INFO] [stderr]     Checking toml v0.8.23
[INFO] [stderr]    Compiling tree-sitter-containerfile v0.9.2
[INFO] [stderr]    Compiling tree-sitter-swift v0.7.3
[INFO] [stderr]    Compiling tree-sitter-bash v0.25.1
[INFO] [stderr]    Compiling tree-sitter-scala v0.25.1
[INFO] [stderr]    Compiling tree-sitter-python v0.23.6
[INFO] [stderr]    Compiling tree-sitter-md v0.5.3
[INFO] [stderr]     Checking ordered-float v2.10.1
[INFO] [stderr]     Checking vsimd v0.8.0
[INFO] [stderr]     Checking bytemuck v1.25.1
[INFO] [stderr]     Checking outref v0.5.2
[INFO] [stderr]     Checking serde-value v0.7.0
[INFO] [stderr]     Checking referencing v0.33.0
[INFO] [stderr]     Checking uuid-simd v0.8.0
[INFO] [stderr]     Checking zbus_names v4.3.4
[INFO] [stderr]    Compiling mlua_derive v0.11.0
[INFO] [stderr]    Compiling zbus_macros v5.19.0
[INFO] [stderr]     Checking ruff_python_literal v0.0.3
[INFO] [stderr]     Checking ruff_python_parser v0.0.3
[INFO] [stderr]     Checking markup5ever_rcdom v0.38.0+unofficial
[INFO] [stderr]     Checking image v0.25.10
[INFO] [stderr]     Checking fraction v0.15.4
[INFO] [stderr]     Checking rayon v1.12.0
[INFO] [stderr] error: could not compile `zbus_macros` (lib)
[INFO] [stderr] 
[INFO] [stderr] Caused by:
[INFO] [stderr]   process didn't exit successfully: `/opt/rustwide/rustup-home/toolchains/3154cc1a3e6424e44f438a95007d043ed5ceaaf6/bin/rustc --crate-name zbus_macros --edition=2024 /opt/rustwide/cargo-home/registry/src/index.crates.io-1949cf8c6b5b557f/zbus_macros-5.19.0/src/lib.rs --error-format=json --json=diagnostic-rendered-ansi,artifacts,future-incompat,unused-externs-silent --crate-type proc-macro --emit=dep-info,link -C prefer-dynamic -C embed-bitcode=no --cfg 'feature="blocking-api"' --cfg 'feature="default"' --check-cfg 'cfg(docsrs,test)' --check-cfg 'cfg(feature, values("blocking-api", "default", "gvariant"))' -C metadata=1c93dae3fd8418c5 -C extra-filename=-eeb4726aa16ebfce --out-dir /opt/rustwide/target/debug/build/zbus_macros/eeb4726aa16ebfce/out -C strip=debuginfo -L dependency=/opt/rustwide/target/debug/build/endi/c0d6454b3b5f57e9/out -L dependency=/opt/rustwide/target/debug/build/enumflags2/d56c088e2287efcd/out -L dependency=/opt/rustwide/target/debug/build/enumflags2_derive/f988e44903339adf/out -L dependency=/opt/rustwide/target/debug/build/equivalent/df16b08fc01d9d26/out -L dependency=/opt/rustwide/target/debug/build/hashbrown/fa591be5fb528f41/out -L dependency=/opt/rustwide/target/debug/build/indexmap/a808a3e58eea9a60/out -L dependency=/opt/rustwide/target/debug/build/proc-macro2/3c899c724a2261e7/out -L dependency=/opt/rustwide/target/debug/build/quote/53c0b96f33242f72/out -L dependency=/opt/rustwide/target/debug/build/serde/9bff7322090fcbaf/out -L dependency=/opt/rustwide/target/debug/build/serde_core/6300746b11b659c6/out -L dependency=/opt/rustwide/target/debug/build/serde_derive/257c36123142f764/out -L dependency=/opt/rustwide/target/debug/build/syn/e85a460e22e5f367/out -L dependency=/opt/rustwide/target/debug/build/toml_datetime/ed47194613ca6b90/out -L dependency=/opt/rustwide/target/debug/build/toml_edit/0700ab544e3b2482/out -L dependency=/opt/rustwide/target/debug/build/toml_parser/ba3482869465f43d/out -L dependency=/opt/rustwide/target/debug/build/unicode-ident/81420f8e840eaccc/out -L dependency=/opt/rustwide/target/debug/build/winnow/6b6145471fb1a86d/out -L dependency=/opt/rustwide/target/debug/build/zcheapstr/ca578c95000ec794/out -L dependency=/opt/rustwide/target/debug/build/zvariant/3d9bf9a128abf75f/out -L dependency=/opt/rustwide/target/debug/build/zvariant_derive/0201177bd63e3b40/out -L dependency=/opt/rustwide/target/debug/build/zvariant_utils/a6eb511f808e710e/out --extern proc_macro_crate=/opt/rustwide/target/debug/build/proc-macro-crate/81ca5e184557f471/out/libproc_macro_crate-81ca5e184557f471.rlib --extern proc_macro_crate=/opt/rustwide/target/debug/build/proc-macro-crate/81ca5e184557f471/out/libproc_macro_crate-81ca5e184557f471.rmeta --extern proc_macro2=/opt/rustwide/target/debug/build/proc-macro2/3c899c724a2261e7/out/libproc_macro2-3c899c724a2261e7.rlib --extern proc_macro2=/opt/rustwide/target/debug/build/proc-macro2/3c899c724a2261e7/out/libproc_macro2-3c899c724a2261e7.rmeta --extern quote=/opt/rustwide/target/debug/build/quote/53c0b96f33242f72/out/libquote-53c0b96f33242f72.rlib --extern quote=/opt/rustwide/target/debug/build/quote/53c0b96f33242f72/out/libquote-53c0b96f33242f72.rmeta --extern syn=/opt/rustwide/target/debug/build/syn/e85a460e22e5f367/out/libsyn-e85a460e22e5f367.rlib --extern syn=/opt/rustwide/target/debug/build/syn/e85a460e22e5f367/out/libsyn-e85a460e22e5f367.rmeta --extern zbus_names=/opt/rustwide/target/debug/build/zbus_names/4417d25777d9f616/out/libzbus_names-4417d25777d9f616.rlib --extern zbus_names=/opt/rustwide/target/debug/build/zbus_names/4417d25777d9f616/out/libzbus_names-4417d25777d9f616.rmeta --extern zvariant=/opt/rustwide/target/debug/build/zvariant/3d9bf9a128abf75f/out/libzvariant-3d9bf9a128abf75f.rlib --extern zvariant=/opt/rustwide/target/debug/build/zvariant/3d9bf9a128abf75f/out/libzvariant-3d9bf9a128abf75f.rmeta --extern zvariant_utils=/opt/rustwide/target/debug/build/zvariant_utils/a6eb511f808e710e/out/libzvariant_utils-a6eb511f808e710e.rlib --extern zvariant_utils=/opt/rustwide/target/debug/build/zvariant_utils/a6eb511f808e710e/out/libzvariant_utils-a6eb511f808e710e.rmeta --extern proc_macro --cap-lints allow --cap-lints=forbid -Znext-solver=coherence --force-warn=unused_crate_dependencies` (signal: 9, SIGKILL: kill)
[INFO] [stderr] warning: build failed, waiting for other jobs to finish...
[INFO] [stderr] warning: tree-sitter-scala@0.25.1: cc: fatal error: Killed signal terminated program cc1
[INFO] [stderr] warning: tree-sitter-scala@0.25.1: compilation terminated.
[INFO] [stderr] warning: tree-sitter-scala@0.25.1: ToolExecError: command did not execute successfully (status code exit status: 1): LC_ALL="C" "cc" "-O0" "-ffunction-sections" "-fdata-sections" "-fPIC" "-m64" "-std=c11" "-I" "src" "-Wall" "-Wextra" "-Wno-unused" "-o" "/opt/rustwide/target/debug/build/tree-sitter-scala/25a17a1d1d17cd86/out/ea708c7824d36062-parser.o" "-c" "src/parser.c"
[INFO] [stderr] error: failed to run custom build command for `tree-sitter-scala v0.25.1`
[INFO] [stderr] note: To improve backtraces for build dependencies, set the CARGO_PROFILE_DEV_BUILD_OVERRIDE_DEBUG=true environment variable to enable debug information generation.
[INFO] [stderr] 
[INFO] [stderr] Caused by:
[INFO] [stderr]   process didn't exit successfully: `/opt/rustwide/target/debug/build/tree-sitter-scala/1589366252cba8ed/out/build_script_build` (exit status: 1)
[INFO] [stderr]   --- stdout
[INFO] [stderr]   cargo:rerun-if-changed=src/parser.c
[INFO] [stderr]   cargo:rerun-if-changed=src/scanner.c
[INFO] [stderr]   cargo:rerun-if-env-changed=CC_FORCE_DISABLE
[INFO] [stderr]   CC_FORCE_DISABLE = None
[INFO] [stderr]   cargo:rerun-if-env-changed=CC_x86_64-unknown-linux-gnu
[INFO] [stderr]   CC_x86_64-unknown-linux-gnu = None
[INFO] [stderr]   cargo:rerun-if-env-changed=CC_x86_64_unknown_linux_gnu
[INFO] [stderr]   CC_x86_64_unknown_linux_gnu = None
[INFO] [stderr]   cargo:rerun-if-env-changed=HOST_CC
[INFO] [stderr]   HOST_CC = None
[INFO] [stderr]   cargo:rerun-if-env-changed=CC
[INFO] [stderr]   CC = None
[INFO] [stderr]   cargo:rerun-if-env-changed=CC_ENABLE_DEBUG_OUTPUT
[INFO] [stderr]   cargo:rerun-if-env-changed=CRATE_CC_NO_DEFAULTS
[INFO] [stderr]   CRATE_CC_NO_DEFAULTS = None
[INFO] [stderr]   cargo:rerun-if-env-changed=CFLAGS
[INFO] [stderr]   CFLAGS = None
[INFO] [stderr]   cargo:rerun-if-env-changed=HOST_CFLAGS
[INFO] [stderr]   HOST_CFLAGS = None
[INFO] [stderr]   cargo:rerun-if-env-changed=CFLAGS_x86_64_unknown_linux_gnu
[INFO] [stderr]   CFLAGS_x86_64_unknown_linux_gnu = None
[INFO] [stderr]   cargo:rerun-if-env-changed=CFLAGS_x86_64-unknown-linux-gnu
[INFO] [stderr]   CFLAGS_x86_64-unknown-linux-gnu = None
[INFO] [stderr]   cargo:rerun-if-env-changed=CC_ENABLE_DEBUG_OUTPUT
[INFO] [stderr]   cargo:rerun-if-env-changed=CRATE_CC_NO_DEFAULTS
[INFO] [stderr]   CRATE_CC_NO_DEFAULTS = None
[INFO] [stderr]   cargo:rerun-if-env-changed=CFLAGS
[INFO] [stderr]   CFLAGS = None
[INFO] [stderr]   cargo:rerun-if-env-changed=HOST_CFLAGS
[INFO] [stderr]   HOST_CFLAGS = None
[INFO] [stderr]   cargo:rerun-if-env-changed=CFLAGS_x86_64_unknown_linux_gnu
[INFO] [stderr]   CFLAGS_x86_64_unknown_linux_gnu = None
[INFO] [stderr]   cargo:rerun-if-env-changed=CFLAGS_x86_64-unknown-linux-gnu
[INFO] [stderr]   CFLAGS_x86_64-unknown-linux-gnu = None
[INFO] [stderr]   cargo:rerun-if-env-changed=CC_x86_64-unknown-linux-gnu
[INFO] [stderr]   CC_x86_64-unknown-linux-gnu = None
[INFO] [stderr]   cargo:rerun-if-env-changed=CC_x86_64_unknown_linux_gnu
[INFO] [stderr]   CC_x86_64_unknown_linux_gnu = None
[INFO] [stderr]   cargo:rerun-if-env-changed=HOST_CC
[INFO] [stderr]   HOST_CC = None
[INFO] [stderr]   cargo:rerun-if-env-changed=CC
[INFO] [stderr]   CC = None
[INFO] [stderr]   cargo:rerun-if-env-changed=CRATE_CC_NO_DEFAULTS
[INFO] [stderr]   CRATE_CC_NO_DEFAULTS = None
[INFO] [stderr]   cargo:rerun-if-env-changed=CFLAGS
[INFO] [stderr]   CFLAGS = None
[INFO] [stderr]   cargo:rerun-if-env-changed=HOST_CFLAGS
[INFO] [stderr]   HOST_CFLAGS = None
[INFO] [stderr]   cargo:rerun-if-env-changed=CFLAGS_x86_64_unknown_linux_gnu
[INFO] [stderr]   CFLAGS_x86_64_unknown_linux_gnu = None
[INFO] [stderr]   cargo:rerun-if-env-changed=CFLAGS_x86_64-unknown-linux-gnu
[INFO] [stderr]   CFLAGS_x86_64-unknown-linux-gnu = None
[INFO] [stderr]   cargo:warning=cc: fatal error: Killed signal terminated program cc1
[INFO] [stderr]   cargo:warning=compilation terminated.
[INFO] [stderr]   exit status: 1
[INFO] [stderr]   cargo:warning=ToolExecError: command did not execute successfully (status code exit status: 1): LC_ALL="C" "cc" "-O0" "-ffunction-sections" "-fdata-sections" "-fPIC" "-m64" "-std=c11" "-I" "src" "-Wall" "-Wextra" "-Wno-unused" "-o" "/opt/rustwide/target/debug/build/tree-sitter-scala/25a17a1d1d17cd86/out/ea708c7824d36062-parser.o" "-c" "src/parser.c"
[INFO] [stderr]   exit status: 0
[INFO] [stderr] 
[INFO] [stderr]   --- stderr
[INFO] [stderr] 
[INFO] [stderr] 
[INFO] [stderr]   error occurred in cc-rs: command did not execute successfully (status code exit status: 1): LC_ALL="C" "cc" "-O0" "-ffunction-sections" "-fdata-sections" "-fPIC" "-m64" "-std=c11" "-I" "src" "-Wall" "-Wextra" "-Wno-unused" "-o" "/opt/rustwide/target/debug/build/tree-sitter-scala/25a17a1d1d17cd86/out/ea708c7824d36062-parser.o" "-c" "src/parser.c"
[INFO] [stderr] 
[INFO] [stderr] 
[INFO] [stderr] warning: mlua-sys@0.10.0: c++: fatal error: Killed signal terminated program cc1plus
[INFO] [stderr] warning: mlua-sys@0.10.0: compilation terminated.
[INFO] [stderr] warning: mlua-sys@0.10.0: ToolExecError: command did not execute successfully (status code exit status: 1): LC_ALL="C" "c++" "-O0" "-ffunction-sections" "-fdata-sections" "-fPIC" "-m64" "-std=c++17" "-I" "/opt/rustwide/cargo-home/registry/src/index.crates.io-1949cf8c6b5b557f/luau0-src-0.18.3+luau709/luau/Common/include" "-I" "/opt/rustwide/cargo-home/registry/src/index.crates.io-1949cf8c6b5b557f/luau0-src-0.18.3+luau709/luau/Ast/include" "-w" "-DLUAI_MAXCSTACK=1000000" "-DLUA_VECTOR_SIZE=3" "-DLUA_API=extern \"C\"" "-DLUAU_ENABLE_ASSERT" "-o" "/opt/rustwide/target/debug/build/mlua-sys/d3efc7050d934025/out/luau-build/24e8cd1501d575f3-Parser.o" "-c" "/opt/rustwide/cargo-home/registry/src/index.crates.io-1949cf8c6b5b557f/luau0-src-0.18.3+luau709/luau/Ast/src/Parser.cpp"
[INFO] [stderr] error: failed to run custom build command for `mlua-sys v0.10.0`
[INFO] [stderr] note: To improve backtraces for build dependencies, set the CARGO_PROFILE_DEV_BUILD_OVERRIDE_DEBUG=true environment variable to enable debug information generation.
[INFO] [stderr] 
[INFO] [stderr] Caused by:
[INFO] [stderr]   process didn't exit successfully: `/opt/rustwide/target/debug/build/mlua-sys/40a977a441b94469/out/build_script_main` (exit status: 1)
[INFO] [stderr]   --- stdout
[INFO] [stderr]   cargo:rerun-if-changed=build
[INFO] [stderr]   cargo:warning=c++: fatal error: Killed signal terminated program cc1plus
[INFO] [stderr]   cargo:warning=compilation terminated.
[INFO] [stderr]   exit status: 0
[INFO] [stderr]   exit status: 0
[INFO] [stderr]   exit status: 0
[INFO] [stderr]   exit status: 0
[INFO] [stderr]   exit status: 0
[INFO] [stderr]   exit status: 0
[INFO] [stderr]   exit status: 1
[INFO] [stderr]   cargo:warning=ToolExecError: command did not execute successfully (status code exit status: 1): LC_ALL="C" "c++" "-O0" "-ffunction-sections" "-fdata-sections" "-fPIC" "-m64" "-std=c++17" "-I" "/opt/rustwide/cargo-home/registry/src/index.crates.io-1949cf8c6b5b557f/luau0-src-0.18.3+luau709/luau/Common/include" "-I" "/opt/rustwide/cargo-home/registry/src/index.crates.io-1949cf8c6b5b557f/luau0-src-0.18.3+luau709/luau/Ast/include" "-w" "-DLUAI_MAXCSTACK=1000000" "-DLUA_VECTOR_SIZE=3" "-DLUA_API=extern \"C\"" "-DLUAU_ENABLE_ASSERT" "-o" "/opt/rustwide/target/debug/build/mlua-sys/d3efc7050d934025/out/luau-build/24e8cd1501d575f3-Parser.o" "-c" "/opt/rustwide/cargo-home/registry/src/index.crates.io-1949cf8c6b5b557f/luau0-src-0.18.3+luau709/luau/Ast/src/Parser.cpp"
[INFO] [stderr]   exit status: 0
[INFO] [stderr] 
[INFO] [stderr]   --- stderr
[INFO] [stderr] 
[INFO] [stderr] 
[INFO] [stderr]   error occurred in cc-rs: command did not execute successfully (status code exit status: 1): LC_ALL="C" "c++" "-O0" "-ffunction-sections" "-fdata-sections" "-fPIC" "-m64" "-std=c++17" "-I" "/opt/rustwide/cargo-home/registry/src/index.crates.io-1949cf8c6b5b557f/luau0-src-0.18.3+luau709/luau/Common/include" "-I" "/opt/rustwide/cargo-home/registry/src/index.crates.io-1949cf8c6b5b557f/luau0-src-0.18.3+luau709/luau/Ast/include" "-w" "-DLUAI_MAXCSTACK=1000000" "-DLUA_VECTOR_SIZE=3" "-DLUA_API=extern \"C\"" "-DLUAU_ENABLE_ASSERT" "-o" "/opt/rustwide/target/debug/build/mlua-sys/d3efc7050d934025/out/luau-build/24e8cd1501d575f3-Parser.o" "-c" "/opt/rustwide/cargo-home/registry/src/index.crates.io-1949cf8c6b5b557f/luau0-src-0.18.3+luau709/luau/Ast/src/Parser.cpp"
[INFO] [stderr] 
[INFO] [stderr] 
[INFO] running `Command { std: "docker" "inspect" "6223690acf9c8f48fa4a35d459574a9ef1feec670d5dcf12f4150f03444d8d34", kill_on_drop: false }`
[INFO] running `Command { std: "docker" "rm" "-f" "6223690acf9c8f48fa4a35d459574a9ef1feec670d5dcf12f4150f03444d8d34", kill_on_drop: false }`
[INFO] [stdout] 6223690acf9c8f48fa4a35d459574a9ef1feec670d5dcf12f4150f03444d8d34
