[INFO] cloning repository https://github.com/ampfit2-lab/ampfit2-lab--deeplethe--utopia
[INFO] running `Command { std: "git" "-c" "credential.helper=" "-c" "credential.helper=/workspace/cargo-home/bin/git-credential-null" "clone" "--bare" "https://github.com/ampfit2-lab/ampfit2-lab--deeplethe--utopia" "/workspace/cache/git-repos/https%3A%2F%2Fgithub.com%2Fampfit2-lab%2Fampfit2-lab--deeplethe--utopia", kill_on_drop: false }`
[INFO] [stderr] Cloning into bare repository '/workspace/cache/git-repos/https%3A%2F%2Fgithub.com%2Fampfit2-lab%2Fampfit2-lab--deeplethe--utopia'...
[INFO] running `Command { std: "git" "rev-parse" "HEAD", kill_on_drop: false }`
[INFO] [stdout] 2cc3563ebe3606515a71addb3ac35511cb226233
[INFO] checking ampfit2-lab/ampfit2-lab--deeplethe--utopia against 3154cc1a3e6424e44f438a95007d043ed5ceaaf6+rustflags=-Znext-solver=coherence for pr-133502-30
[INFO] running `Command { std: "git" "clone" "/workspace/cache/git-repos/https%3A%2F%2Fgithub.com%2Fampfit2-lab%2Fampfit2-lab--deeplethe--utopia" "/workspace/builds/worker-7-tc1/source", kill_on_drop: false }`
[INFO] [stderr] Cloning into '/workspace/builds/worker-7-tc1/source'...
[INFO] [stderr] done.
[INFO] started tweaking git repo https://github.com/ampfit2-lab/ampfit2-lab--deeplethe--utopia
[INFO] finished tweaking git repo https://github.com/ampfit2-lab/ampfit2-lab--deeplethe--utopia
[INFO] tweaked toml for git repo https://github.com/ampfit2-lab/ampfit2-lab--deeplethe--utopia written to /workspace/builds/worker-7-tc1/source/Cargo.toml
[INFO] validating manifest of git repo https://github.com/ampfit2-lab/ampfit2-lab--deeplethe--utopia on toolchain 3154cc1a3e6424e44f438a95007d043ed5ceaaf6
[INFO] running `Command { std: CARGO_HOME="/workspace/cargo-home" RUSTUP_HOME="/workspace/rustup-home" "/workspace/cargo-home/bin/cargo" "+3154cc1a3e6424e44f438a95007d043ed5ceaaf6" "metadata" "--manifest-path" "Cargo.toml" "--no-deps", kill_on_drop: false }`
[INFO] crate git repo https://github.com/ampfit2-lab/ampfit2-lab--deeplethe--utopia already has a lockfile, it will not be regenerated
[INFO] running `Command { std: CARGO_HOME="/workspace/cargo-home" RUSTUP_HOME="/workspace/rustup-home" "/workspace/cargo-home/bin/cargo" "+3154cc1a3e6424e44f438a95007d043ed5ceaaf6" "fetch" "--manifest-path" "Cargo.toml", kill_on_drop: false }`
[INFO] [stderr] warning: unused workspace dependency `pulldown-cmark`
[INFO] [stderr]   --> Cargo.toml:73:25
[INFO] [stderr]    |
[INFO] [stderr] 73 | [workspace.dependencies.pulldown-cmark]
[INFO] [stderr]    |                         ^^^^^^^^^^^^^^
[INFO] [stderr]    |
[INFO] [stderr]    = note: `cargo::unused_workspace_dependencies` is set to `warn` by default
[INFO] [stderr] help: consider removing the workspace dependency `pulldown-cmark`
[INFO] [stderr] warning: unused workspace dependency `tempfile`
[INFO] [stderr]   --> Cargo.toml:39:1
[INFO] [stderr]    |
[INFO] [stderr] 39 | tempfile = "3"
[INFO] [stderr]    | ^^^^^^^^
[INFO] [stderr]    |
[INFO] [stderr] help: consider removing the workspace dependency `tempfile`
[INFO] [stderr] warning: unused workspace dependency `tokio-stream`
[INFO] [stderr]   --> Cargo.toml:42:1
[INFO] [stderr]    |
[INFO] [stderr] 42 | tokio-stream = "0.1"
[INFO] [stderr]    | ^^^^^^^^^^^^
[INFO] [stderr]    |
[INFO] [stderr] help: consider removing the workspace dependency `tokio-stream`
[INFO] [stderr] warning: unused field `repository` in `workspace.package`
[INFO] [stderr]    --> Cargo.toml:137:1
[INFO] [stderr]     |
[INFO] [stderr] 137 | repository = "https://github.com/deeplethe/utopia"
[INFO] [stderr]     | ^^^^^^^^^^
[INFO] [stderr]     |
[INFO] [stderr]     = note: `cargo::unused_workspace_package_fields` is set to `warn` by default
[INFO] [stderr] help: consider removing the field `workspace.package.repository`
[INFO] [stderr] warning: workspace (manifest) generated 4 warnings
[INFO] [stderr]     Updating crates.io index
[INFO] [stderr]  Downloading crates ...
[INFO] [stderr]   Downloaded include-flate v0.3.4
[INFO] [stderr]   Downloaded tantivy-tokenizer-api v0.7.0
[INFO] [stderr]   Downloaded utf8-ranges v1.0.5
[INFO] [stderr]   Downloaded census v0.4.2
[INFO] [stderr]   Downloaded include-flate-compress v0.3.4
[INFO] [stderr]   Downloaded typetag-impl v0.2.23
[INFO] [stderr]   Downloaded murmurhash32 v0.3.1
[INFO] [stderr]   Downloaded fastdivide v0.4.2
[INFO] [stderr]   Downloaded levenshtein_automata v0.2.1
[INFO] [stderr]   Downloaded proc-macro-error-attr3 v3.1.0
[INFO] [stderr]   Downloaded ownedbytes v0.9.0
[INFO] [stderr]   Downloaded tantivy-bitpacker v0.10.0
[INFO] [stderr]   Downloaded measure_time v0.9.0
[INFO] [stderr]   Downloaded include-flate-codegen v0.3.4
[INFO] [stderr]   Downloaded tantivy-common v0.11.0
[INFO] [stderr]   Downloaded sketches-ddsketch v0.4.1
[INFO] [stderr]   Downloaded typetag v0.2.23
[INFO] [stderr]   Downloaded tantivy-stacker v0.7.0
[INFO] [stderr]   Downloaded tantivy-query-grammar v0.26.0
[INFO] [stderr]   Downloaded oneshot v0.1.13
[INFO] [stderr]   Downloaded lz4_flex v0.13.1
[INFO] [stderr]   Downloaded proc-macro-error3 v3.1.0
[INFO] [stderr]   Downloaded tantivy-sstable v0.7.0
[INFO] [stderr]   Downloaded libflate v2.3.1
[INFO] [stderr]   Downloaded cedarwood v0.5.0
[INFO] [stderr]   Downloaded htmlescape v0.3.1
[INFO] [stderr]   Downloaded bon v3.10.0
[INFO] [stderr]   Downloaded prettyplease v0.3.0
[INFO] [stderr]   Downloaded text-splitter v0.32.0
[INFO] [stderr]   Downloaded bon-macros v3.10.0
[INFO] [stderr]   Downloaded tantivy-jieba v0.20.0
[INFO] [stderr]   Downloaded tantivy-columnar v0.7.0
[INFO] [stderr]   Downloaded jieba-macros v0.10.3
[INFO] [stderr]   Downloaded datasketches v0.2.0
[INFO] [stderr]   Downloaded zip v6.0.0
[INFO] [stderr]   Downloaded reqwest v0.13.1
[INFO] [stderr]   Downloaded oxttl v0.2.3
[INFO] [stderr]   Downloaded oxrdf v0.3.3
[INFO] [stderr]   Downloaded oxiri v0.2.11
[INFO] [stderr]   Downloaded oxrdfxml v0.2.3
[INFO] [stderr]   Downloaded oxilangtag v0.1.6
[INFO] [stderr]   Downloaded fast-float2 v0.2.4
[INFO] [stderr]   Downloaded calamine v0.36.1
[INFO] [stderr]   Downloaded codepage v0.1.2
[INFO] [stderr]   Downloaded atoi_simd v0.18.1
[INFO] [stderr]   Downloaded debug_unsafe v0.1.4
[INFO] [stderr]   Downloaded tantivy v0.26.1
[INFO] [stderr]   Downloaded uncased v0.9.10
[INFO] [stderr]   Downloaded pear v0.2.9
[INFO] [stderr]   Downloaded pear_codegen v0.2.9
[INFO] [stderr]   Downloaded tantivy-fst v0.5.0
[INFO] [stderr]   Downloaded figment v0.10.19
[INFO] [stderr]   Downloaded cron v0.12.1
[INFO] [stderr]   Downloaded rust-stemmers v1.2.0
[INFO] [stderr]   Downloaded jieba-rs v0.10.3
[INFO] [stderr]   Downloaded sqlparser v0.62.0
[INFO] [stderr]   Downloaded recursive v0.1.1
[INFO] [stderr]   Downloaded recursive-proc-macro-impl v0.1.1
[INFO] [stderr]   Downloaded oxrdfio v0.2.5
[INFO] [stderr]   Downloaded ryu-js v1.0.3
[INFO] [stderr]   Downloaded object_store v0.14.1
[INFO] [stderr]   Downloaded oxjsonld v0.2.5
[INFO] [stderr]   Downloaded json-event-parser v0.2.3
[INFO] [stderr]   Downloaded axum-extra v0.10.3
[INFO] [stderr]   Downloaded mediatype v0.21.0
[INFO] [stderr]   Downloaded feed-rs v2.4.0
[INFO] running `Command { std: "docker" "create" "-v" "/var/lib/crater-agent-workspace/builds/worker-7-tc1/source:/opt/rustwide/workdir:ro,Z" "-v" "/var/lib/crater-agent-workspace/builds/worker-7-tc1/target:/opt/rustwide/target:rw,Z" "-v" "/var/lib/crater-agent-workspace/cargo-home:/opt/rustwide/cargo-home:ro,Z" "-v" "/var/lib/crater-agent-workspace/rustup-home:/opt/rustwide/rustup-home:ro,Z" "-m" "1610612736" "--network" "none" "ghcr.io/rust-lang/crates-build-env/linux@sha256:77db811e55d90add9212f6832c23229e3de5f1c1f9905e8cb07319ea15df73ac" "sleep" "infinity", kill_on_drop: false }`
[INFO] [stdout] 94d5a24533312b9baf411ee677f1a6baabda33d34621e705b4e408f7f7383e5b
[INFO] running `Command { std: "docker" "start" "94d5a24533312b9baf411ee677f1a6baabda33d34621e705b4e408f7f7383e5b", kill_on_drop: false }`
[INFO] running `Command { std: "docker" "inspect" "94d5a24533312b9baf411ee677f1a6baabda33d34621e705b4e408f7f7383e5b", kill_on_drop: false }`
[INFO] running `Command { std: "docker" "exec" "-e" "SOURCE_DIR=/opt/rustwide/workdir" "-e" "CARGO_HOME=/opt/rustwide/cargo-home" "-e" "RUSTUP_HOME=/opt/rustwide/rustup-home" "-e" "CARGO_TARGET_DIR=/opt/rustwide/target" "-w" "/opt/rustwide/workdir" "--user" "0:0" "94d5a24533312b9baf411ee677f1a6baabda33d34621e705b4e408f7f7383e5b" "/opt/rustwide/cargo-home/bin/cargo" "+3154cc1a3e6424e44f438a95007d043ed5ceaaf6" "metadata" "--no-deps" "--format-version=1", kill_on_drop: false }`
[INFO] running `Command { std: "docker" "inspect" "94d5a24533312b9baf411ee677f1a6baabda33d34621e705b4e408f7f7383e5b", kill_on_drop: false }`
[INFO] running `Command { std: "docker" "exec" "-e" "SOURCE_DIR=/opt/rustwide/workdir" "-e" "CARGO_HOME=/opt/rustwide/cargo-home" "-e" "RUSTUP_HOME=/opt/rustwide/rustup-home" "-e" "CARGO_TARGET_DIR=/opt/rustwide/target" "-e" "CARGO_INCREMENTAL=0" "-e" "RUST_BACKTRACE=full" "-e" "RUSTFLAGS=--cap-lints=forbid -Znext-solver=coherence" "-e" "RUSTDOCFLAGS=--cap-lints=forbid" "-w" "/opt/rustwide/workdir" "--user" "0:0" "94d5a24533312b9baf411ee677f1a6baabda33d34621e705b4e408f7f7383e5b" "/opt/rustwide/cargo-home/bin/cargo" "+3154cc1a3e6424e44f438a95007d043ed5ceaaf6" "check" "--frozen" "--all" "--all-targets" "--message-format=json", kill_on_drop: false }`
[INFO] [stderr] warning: unused workspace dependency `pulldown-cmark`
[INFO] [stderr]   --> Cargo.toml:73:25
[INFO] [stderr]    |
[INFO] [stderr] 73 | [workspace.dependencies.pulldown-cmark]
[INFO] [stderr]    |                         ^^^^^^^^^^^^^^
[INFO] [stderr]    |
[INFO] [stderr]    = note: `cargo::unused_workspace_dependencies` is set to `warn` by default
[INFO] [stderr] help: consider removing the workspace dependency `pulldown-cmark`
[INFO] [stderr] warning: unused workspace dependency `tempfile`
[INFO] [stderr]   --> Cargo.toml:39:1
[INFO] [stderr]    |
[INFO] [stderr] 39 | tempfile = "3"
[INFO] [stderr]    | ^^^^^^^^
[INFO] [stderr]    |
[INFO] [stderr] help: consider removing the workspace dependency `tempfile`
[INFO] [stderr] warning: unused workspace dependency `tokio-stream`
[INFO] [stderr]   --> Cargo.toml:42:1
[INFO] [stderr]    |
[INFO] [stderr] 42 | tokio-stream = "0.1"
[INFO] [stderr]    | ^^^^^^^^^^^^
[INFO] [stderr]    |
[INFO] [stderr] help: consider removing the workspace dependency `tokio-stream`
[INFO] [stderr] warning: unused field `repository` in `workspace.package`
[INFO] [stderr]    --> Cargo.toml:137:1
[INFO] [stderr]     |
[INFO] [stderr] 137 | repository = "https://github.com/deeplethe/utopia"
[INFO] [stderr]     | ^^^^^^^^^^
[INFO] [stderr]     |
[INFO] [stderr]     = note: `cargo::unused_workspace_package_fields` is set to `warn` by default
[INFO] [stderr] help: consider removing the field `workspace.package.repository`
[INFO] [stderr] warning: workspace (manifest) generated 4 warnings
[INFO] [stderr]    Compiling syn v3.0.4
[INFO] [stderr]     Checking cfg-if v1.0.4
[INFO] [stderr]    Compiling libc v0.2.189
[INFO] [stderr]    Compiling serde_core v1.0.229
[INFO] [stderr]    Compiling serde v1.0.229
[INFO] [stderr]     Checking zeroize v1.9.0
[INFO] [stderr]     Checking memchr v2.8.3
[INFO] [stderr]     Checking typenum v1.20.1
[INFO] [stderr]    Compiling libm v0.2.16
[INFO] [stderr]     Checking subtle v2.6.1
[INFO] [stderr]    Compiling generic-array v0.14.7
[INFO] [stderr]    Compiling num-traits v0.2.19
[INFO] [stderr]    Compiling parking_lot_core v0.9.12
[INFO] [stderr]     Checking pin-project-lite v0.2.17
[INFO] [stderr]     Checking stable_deref_trait v1.2.1
[INFO] [stderr]     Checking itoa v1.0.18
[INFO] [stderr]     Checking log v0.4.34
[INFO] [stderr]     Checking equivalent v1.0.2
[INFO] [stderr]     Checking once_cell v1.21.4
[INFO] [stderr]     Checking futures-core v0.3.34
[INFO] [stderr]     Checking scopeguard v1.2.0
[INFO] [stderr]     Checking const-oid v0.9.6
[INFO] [stderr]     Checking lock_api v0.4.14
[INFO] [stderr]    Compiling thiserror v2.0.20
[INFO] [stderr]     Checking zerofrom v0.1.8
[INFO] [stderr]     Checking yoke v0.8.3
[INFO] [stderr]    Compiling zerocopy v0.8.56
[INFO] [stderr]     Checking futures-sink v0.3.34
[INFO] [stderr]     Checking bytes v1.12.1
[INFO] [stderr]    Compiling zmij v1.0.23
[INFO] [stderr]    Compiling icu_properties_data v2.3.0
[INFO] [stderr]    Compiling icu_normalizer_data v2.3.0
[INFO] [stderr]     Checking tracing-core v0.1.36
[INFO] [stderr]    Compiling jobserver v0.1.35
[INFO] [stderr]     Checking slab v0.4.12
[INFO] [stderr]    Compiling cc v1.4.4
[INFO] [stderr]     Checking writeable v0.6.4
[INFO] [stderr]    Compiling serde_json v1.0.151
[INFO] [stderr]     Checking futures-channel v0.3.34
[INFO] [stderr]     Checking tracing v0.1.44
[INFO] [stderr]     Checking litemap v0.8.3
[INFO] [stderr]     Checking block-buffer v0.10.4
[INFO] [stderr]     Checking getrandom v0.2.17
[INFO] [stderr]     Checking errno v0.3.14
[INFO] [stderr]     Checking hashbrown v0.17.1
[INFO] [stderr]     Checking rand_core v0.6.4
[INFO] [stderr]     Checking futures-task v0.3.34
[INFO] [stderr]     Checking futures-io v0.3.34
[INFO] [stderr]    Compiling crc32fast v1.5.1
[INFO] [stderr]     Checking crypto-common v0.1.7
[INFO] [stderr]     Checking signal-hook-registry v1.4.8
[INFO] [stderr]     Checking mio v1.2.2
[INFO] [stderr]     Checking digest v0.10.7
[INFO] [stderr]     Checking socket2 v0.6.5
[INFO] [stderr]     Checking utf8_iter v1.0.4
[INFO] [stderr]     Checking rand_core v0.10.1
[INFO] [stderr]    Compiling getrandom v0.4.3
[INFO] [stderr]     Checking percent-encoding v2.3.2
[INFO] [stderr]     Checking cpufeatures v0.2.17
[INFO] [stderr]     Checking base64 v0.22.1
[INFO] [stderr]    Compiling cmake v0.1.58
[INFO] [stderr]     Checking indexmap v2.14.0
[INFO] [stderr]     Checking bitflags v2.13.1
[INFO] [stderr]     Checking base64ct v1.8.3
[INFO] [stderr]     Checking fnv v1.0.7
[INFO] [stderr]     Checking rustls-pki-types v1.15.1
[INFO] [stderr]    Compiling aws-lc-rs v1.18.0
[INFO] [stderr]     Checking form_urlencoded v1.2.2
[INFO] [stderr]     Checking allocator-api2 v0.2.21
[INFO] [stderr]     Checking simd-adler32 v0.3.10
[INFO] [stderr]     Checking pem-rfc7468 v0.7.0
[INFO] [stderr]    Compiling ring v0.17.14
[INFO] [stderr]    Compiling aws-lc-sys v0.44.0
[INFO] [stderr]     Checking encoding_rs v0.8.35
[INFO] [stderr]     Checking spin v0.9.9
[INFO] [stderr]     Checking adler2 v2.0.1
[INFO] [stderr]     Checking untrusted v0.9.0
[INFO] [stderr]     Checking der v0.7.10
[INFO] [stderr]     Checking miniz_oxide v0.8.9
[INFO] [stderr]     Checking uuid v1.25.0
[INFO] [stderr]    Compiling rustls v0.23.43
[INFO] [stderr]     Checking zlib-rs v0.6.7
[INFO] [stderr]     Checking byteorder v1.5.0
[INFO] [stderr]    Compiling crossbeam-utils v0.8.22
[INFO] [stderr]     Checking spki v0.7.3
[INFO] [stderr]     Checking siphasher v1.0.3
[INFO] [stderr]     Checking pkcs8 v0.10.2
[INFO] [stderr]     Checking flate2 v1.1.9
[INFO] [stderr]     Checking sha2 v0.10.9
[INFO] [stderr]     Checking phf_shared v0.13.1
[INFO] [stderr]     Checking lazy_static v1.5.0
[INFO] [stderr]    Compiling bigdecimal v0.4.10
[INFO] [stderr]    Compiling num-integer v0.1.47
[INFO] [stderr]     Checking webpki-roots v1.0.9
[INFO] [stderr]    Compiling phf_macros v0.13.1
[INFO] [stderr]     Checking hmac v0.12.1
[INFO] [stderr]     Checking block-padding v0.3.3
[INFO] [stderr]     Checking tinyvec_macros v0.1.1
[INFO] [stderr]     Checking inout v0.1.4
[INFO] [stderr]     Checking tinyvec v1.12.0
[INFO] [stderr]    Compiling num-bigint-dig v0.8.6
[INFO] [stderr]     Checking iana-time-zone v0.1.65
[INFO] [stderr]    Compiling anyhow v1.0.104
[INFO] [stderr]     Checking unicode-normalization v0.1.25
[INFO] [stderr]     Checking cipher v0.4.4
[INFO] [stderr]    Compiling serde_derive v1.0.229
[INFO] [stderr]    Compiling zerovec-derive v0.11.6
[INFO] [stderr]    Compiling displaydoc v0.2.7
[INFO] [stderr]    Compiling thiserror-impl v2.0.20
[INFO] [stderr]    Compiling futures-macro v0.3.34
[INFO] [stderr]    Compiling tokio-macros v2.7.2
[INFO] [stderr]     Checking zerotrie v0.2.5
[INFO] [stderr]     Checking ppv-lite86 v0.2.21
[INFO] [stderr]     Checking futures-util v0.3.34
[INFO] [stderr]     Checking zerovec v0.11.8
[INFO] [stderr]     Checking rand_chacha v0.3.1
[INFO] [stderr]    Compiling tinystr v0.8.4
[INFO] [stderr]     Checking rand v0.8.8
[INFO] [stderr]    Compiling icu_locale_core v2.3.0
[INFO] [stderr]    Compiling potential_utf v0.1.6
[INFO] [stderr]     Checking icu_collections v2.3.0
[INFO] [stderr]     Checking phf v0.13.1
[INFO] [stderr]    Compiling icu_provider v2.3.1
[INFO] [stderr]     Checking hkdf v0.12.4
[INFO] [stderr]     Checking signature v2.2.0
[INFO] [stderr]    Compiling icu_properties v2.3.0
[INFO] [stderr]     Checking unicode-properties v0.1.4
[INFO] [stderr]     Checking unicode-bidi v0.3.18
[INFO] [stderr]     Checking stringprep v0.1.5
[INFO] [stderr]     Checking smallvec v1.15.2
[INFO] [stderr]     Checking either v1.18.0
[INFO] [stderr]     Checking parking_lot v0.12.5
[INFO] [stderr]     Checking icu_normalizer v2.3.0
[INFO] [stderr]     Checking tokio v1.53.1
[INFO] [stderr]     Checking chrono v0.4.45
[INFO] [stderr]     Checking idna_adapter v1.2.2
[INFO] [stderr]     Checking idna v1.1.0
[INFO] [stderr]     Checking url v2.5.8
[INFO] [stderr]     Checking md-5 v0.10.6
[INFO] [stderr]    Compiling rustls-webpki v0.103.15
[INFO] [stderr]     Checking num-bigint v0.4.8
[INFO] [stderr]     Checking new_debug_unreachable v1.0.6
[INFO] [stderr]     Checking rustc-hash v2.1.3
[INFO] [stderr]    Compiling crossbeam-queue v0.3.13
[INFO] [stderr]    Compiling futures-intrusive v0.5.0
[INFO] [stderr]     Checking itertools v0.14.0
[INFO] [stderr]    Compiling num-iter v0.1.46
[INFO] [stderr]    Compiling string_cache_codegen v0.6.1
[INFO] [stderr]     Checking cpufeatures v0.3.0
[INFO] [stderr]     Checking precomputed-hash v0.1.1
[INFO] [stderr]     Checking foldhash v0.1.5
[INFO] [stderr]     Checking hashbrown v0.15.5
[INFO] [stderr]    Compiling web_atoms v0.2.6
[INFO] [stderr]    Compiling pkcs1 v0.7.5
[INFO] [stderr]     Checking aes v0.8.4
[INFO] [stderr]    Compiling atoi v2.0.0
[INFO] [stderr]     Checking oxilangtag v0.1.6
[INFO] [stderr]     Checking crc-catalog v2.5.0
[INFO] [stderr]     Checking oxiri v0.2.11
[INFO] [stderr]     Checking ryu v1.0.23
[INFO] [stderr]     Checking parking v2.2.1
[INFO] [stderr]    Compiling icu_locale_fallback_data v2.3.0
[INFO] [stderr]     Checking event-listener v5.4.2
[INFO] [stderr]     Checking crc v3.4.0
[INFO] [stderr]     Checking oxrdf v0.3.3
[INFO] [stderr]     Checking hashlink v0.10.0
[INFO] [stderr]    Compiling tokio-stream v0.1.19
[INFO] [stderr]     Checking string_cache v0.9.0
[INFO] [stderr]    Compiling rsa v0.9.10
[INFO] [stderr]     Checking chacha20 v0.10.1
[INFO] [stderr]    Compiling sha1 v0.10.7
[INFO] [stderr]     Checking webpki-roots v0.26.11
[INFO] [stderr]    Compiling sqlx-core v0.8.6
[INFO] [stderr]    Compiling proc-macro2-diagnostics v0.10.1
[INFO] [stderr]    Compiling icu_segmenter_data v2.3.0
[INFO] [stderr]     Checking dtoa v1.0.11
[INFO] [stderr]     Checking bumpalo v3.20.3
[INFO] [stderr]     Checking dtoa-short v0.3.5
[INFO] [stderr]    Compiling getrandom v0.3.4
[INFO] [stderr]     Checking rand v0.10.2
[INFO] [stderr]     Checking zopfli v0.8.3
[INFO] [stderr]     Checking tendril v0.5.1
[INFO] [stderr]     Checking quick-xml v0.41.0
[INFO] [stderr]    Compiling selectors v0.38.0
[INFO] [stderr]     Checking hybrid-array v0.4.14
[INFO] [stderr]    Compiling derive_more-impl v2.1.1
[INFO] [stderr]    Compiling cssparser-macros v0.7.0
[INFO] [stderr]     Checking hex v0.4.3
[INFO] [stderr]     Checking dotenvy v0.15.7
[INFO] [stderr]     Checking pom v1.1.0
[INFO] [stderr]     Checking whoami v1.6.1
[INFO] [stderr]    Compiling yansi v1.0.1
[INFO] [stderr]     Checking minimal-lexical v0.2.1
[INFO] [stderr]     Checking cssparser v0.37.0
[INFO] [stderr]     Checking nom v7.1.3
[INFO] [stderr]     Checking derive_more v2.1.1
[INFO] [stderr]    Compiling ahash v0.8.12
[INFO] [stderr]     Checking markup5ever v0.39.0
[INFO] [stderr]     Checking icu_locale_fallback v2.3.0
[INFO] [stderr]     Checking ecb v0.1.2
[INFO] [stderr]     Checking cbc v0.1.2
[INFO] [stderr]    Compiling strum_macros v0.28.0
[INFO] [stderr]    Compiling derive_utils v0.16.0
[INFO] [stderr]     Checking universal-hash v0.5.1
[INFO] [stderr]     Checking core_maths v0.1.1
[INFO] [stderr]     Checking quick-xml v0.37.5
[INFO] [stderr]     Checking nom v8.0.0
[INFO] [stderr]     Checking servo_arc v0.4.3
[INFO] [stderr]    Compiling uncased v0.9.10
[INFO] [stderr]     Checking rangemap v1.8.0
[INFO] [stderr]     Checking debug_unsafe v0.1.4
[INFO] [stderr]     Checking typed-path v0.12.3
[INFO] [stderr]     Checking opaque-debug v0.3.1
[INFO] [stderr]     Checking unicode-width v0.2.2
[INFO] [stderr]     Checking home v0.5.12
[INFO] [stderr]     Checking weezl v0.1.12
[INFO] [stderr]     Checking web-time v1.1.0
[INFO] [stderr]     Checking ttf-parser v0.25.1
[INFO] [stderr]     Checking cfb v0.14.0
[INFO] [stderr]     Checking getopts v0.2.24
[INFO] [stderr]    Compiling sqlx-postgres v0.8.6
[INFO] [stderr]    Compiling sqlx-mysql v0.8.6
[INFO] [stderr]     Checking zip v8.6.0
[INFO] [stderr]     Checking oxrdfxml v0.2.3
[INFO] [stderr]     Checking polyval v0.6.2
[INFO] [stderr]     Checking strum v0.28.0
[INFO] [stderr]     Checking atoi_simd v0.18.1
[INFO] [stderr]    Compiling auto_enums v0.8.10
[INFO] [stderr]     Checking icu_segmenter v2.3.0
[INFO] [stderr]     Checking lopdf v0.42.0
[INFO] [stderr]     Checking html5ever v0.39.0
[INFO] [stderr]    Compiling pear_codegen v0.2.9
[INFO] [stderr]     Checking crypto-common v0.2.2
[INFO] [stderr]     Checking block-buffer v0.12.1
[INFO] [stderr]     Checking type1-encoding-parser v0.1.1
[INFO] [stderr]     Checking adobe-cmap-parser v0.4.1
[INFO] [stderr]     Checking oxttl v0.2.3
[INFO] [stderr]     Checking codepage v0.1.2
[INFO] [stderr]     Checking euclid v0.20.14
[INFO] [stderr]     Checking csv-core v0.1.13
[INFO] [stderr]    Compiling figment v0.10.19
[INFO] [stderr]     Checking postscript v0.14.1
[INFO] [stderr]     Checking const-oid v0.10.2
[INFO] [stderr]     Checking cff-parser v0.2.0
[INFO] [stderr]     Checking fast-float2 v0.2.4
[INFO] [stderr]     Checking ego-tree v0.11.0
[INFO] [stderr]     Checking inlinable_string v0.1.15
[INFO] [stderr]     Checking calamine v0.36.1
[INFO] [stderr]     Checking digest v0.11.3
[INFO] [stderr]     Checking pear v0.2.9
[INFO] [stderr]     Checking scraper v0.27.0
[INFO] [stderr]     Checking csv v1.4.0
[INFO] [stderr]     Checking text-splitter v0.32.0
[INFO] [stderr]     Checking ghash v0.5.1
[INFO] [stderr]     Checking infer v0.22.0
[INFO] [stderr]     Checking zip v6.0.0
[INFO] [stderr]     Checking ctr v0.9.2
[INFO] [stderr]    Compiling strum_macros v0.27.2
[INFO] [stderr]     Checking chardetng v1.0.0
[INFO] [stderr]     Checking aead v0.5.2
[INFO] [stderr]     Checking quick-xml v0.42.0
[INFO] [stderr]     Checking aes-gcm v0.10.3
[INFO] [stderr]    Compiling sqlx-macros-core v0.8.6
[INFO] [stderr]     Checking base64 v0.23.1
[INFO] [stderr]     Checking sha2 v0.11.0
[INFO] [stderr]     Checking cron v0.12.1
[INFO] [stderr]     Checking utopia-reason v0.1.0 (/opt/rustwide/workdir/crates/utopia-reason)
[INFO] [stderr]     Checking http v1.5.0
[INFO] [stderr]    Compiling httparse v1.10.1
[INFO] [stderr]     Checking tokio-util v0.7.19
[INFO] [stderr]    Compiling zstd-sys v2.0.16+zstd.1.5.7
[INFO] [stderr]     Checking pdf-extract v0.12.0
[INFO] [stderr]     Checking regex-syntax v0.8.11
[INFO] [stderr]     Checking tower-service v0.3.3
[INFO] [stderr]     Checking http-body v1.1.0
[INFO] [stderr]     Checking strum v0.27.2
[INFO] [stderr]     Checking httpdate v1.0.3
[INFO] [stderr]     Checking try-lock v0.2.5
[INFO] [stderr]     Checking atomic-waker v1.1.2
[INFO] [stderr]     Checking want v0.3.1
[INFO] [stderr]     Checking h2 v0.4.19
[INFO] [stderr]     Checking utopia-ingest v0.1.0 (/opt/rustwide/workdir/crates/utopia-ingest)
[INFO] [stderr]     Checking deranged v0.5.8
[INFO] [stderr]     Checking time-core v0.1.9
[INFO] [stderr]     Checking mime v0.3.17
[INFO] [stderr]    Compiling zstd-safe v7.2.4
[INFO] [stderr]     Checking num-conv v0.2.2
[INFO] [stderr]     Checking powerfmt v0.2.0
[INFO] [stderr]     Checking http-body-util v0.1.5
[INFO] [stderr]     Checking aho-corasick v1.1.5
[INFO] [stderr]     Checking sync_wrapper v1.0.2
[INFO] [stderr]     Checking tower-layer v0.3.3
[INFO] [stderr]    Compiling sqlx-macros v0.8.6
[INFO] [stderr]     Checking ipnet v2.12.1
[INFO] [stderr]     Checking foldhash v0.2.0
[INFO] [stderr]     Checking hashbrown v0.16.1
[INFO] [stderr]     Checking time v0.3.55
[INFO] [stderr]     Checking regex-automata v0.4.18
[INFO] [stderr]     Checking tower v0.5.3
[INFO] [stderr]    Compiling no_std_io2 v0.9.4
[INFO] [stderr]     Checking compression-core v0.4.32
[INFO] [stderr]    Compiling rle-decode-fast v1.0.3
[INFO] [stderr]    Compiling object v0.39.1
[INFO] [stderr]    Compiling libflate_lz77 v2.3.0
[INFO] [stderr]     Checking compression-codecs v0.4.38
[INFO] [stderr]    Compiling crunchy v0.2.4
[INFO] [stderr]    Compiling mime_guess v2.0.5
[INFO] [stderr]    Compiling async-trait v0.1.92
[INFO] [stderr]    Compiling adler32 v1.2.0
[INFO] [stderr]    Compiling crossbeam-epoch v0.9.20
[INFO] [stderr]     Checking unicase v2.9.0
[INFO] [stderr]    Compiling dary_heap v0.3.9
[INFO] [stderr]     Checking openssl-probe v0.2.1
[INFO] [stderr]     Checking rustls-native-certs v0.8.4
[INFO] [stderr]    Compiling libflate v2.3.1
[INFO] [stderr]    Compiling darling_core v0.24.1
[INFO] [stderr]     Checking hyper v1.11.0
[INFO] [stderr]     Checking async-compression v0.4.43
[INFO] [stderr]     Checking regex v1.13.1
[INFO] [stderr]     Checking ff v0.13.1
[INFO] [stderr]     Checking ownedbytes v0.9.0
[INFO] [stderr]    Compiling proc-macro-error-attr3 v3.1.0
[INFO] [stderr]     Checking http-range-header v0.4.2
[INFO] [stderr]    Compiling crossbeam-deque v0.8.7
[INFO] [stderr]     Checking base16ct v0.2.0
[INFO] [stderr]    Compiling prettyplease v0.3.0
[INFO] [stderr]     Checking sec1 v0.7.3
[INFO] [stderr]    Compiling typeid v1.0.3
[INFO] [stderr]    Compiling rustix v1.1.4
[INFO] [stderr]    Compiling proc-macro-error3 v3.1.0
[INFO] [stderr]     Checking tower-http v0.6.11
[INFO] [stderr]     Checking hyper-util v0.1.20
[INFO] [stderr]     Checking tantivy-common v0.11.0
[INFO] [stderr]     Checking group v0.13.0
[INFO] [stderr]     Checking bitpacking v0.9.3
[INFO] [stderr]     Checking crypto-bigint v0.5.5
[INFO] [stderr]    Compiling rayon-core v1.13.0
[INFO] [stderr]     Checking linux-raw-sys v0.12.1
[INFO] [stderr]     Checking utf8-ranges v1.0.5
[INFO] [stderr]    Compiling erased-serde v0.4.10
[INFO] [stderr]     Checking tantivy-fst v0.5.0
[INFO] [stderr]    Compiling darling_macro v0.24.1
[INFO] [stderr]    Compiling darling v0.24.1
[INFO] [stderr]     Checking tantivy-bitpacker v0.10.0
[INFO] [stderr]     Checking elliptic-curve v0.13.8
[INFO] [stderr]    Compiling typetag v0.2.23
[INFO] [stderr]     Checking murmurhash32 v0.3.1
[INFO] [stderr]     Checking tantivy-stacker v0.7.0
[INFO] [stderr]     Checking async-stream v0.3.6
[INFO] [stderr]    Compiling curve25519-dalek v4.1.3
[INFO] [stderr]    Compiling ar_archive_writer v0.5.3
[INFO] [stderr]     Checking cedarwood v0.5.0
[INFO] [stderr]    Compiling bon-macros v3.10.0
[INFO] [stderr]     Checking tantivy-tokenizer-api v0.7.0
[INFO] [stderr]    Compiling typetag-impl v0.2.23
[INFO] [stderr]     Checking rfc6979 v0.4.0
[INFO] [stderr]    Compiling jieba-macros v0.10.3
[INFO] [stderr]    Compiling stacker v0.1.25
[INFO] [stderr]     Checking ordered-float v5.5.0
[INFO] [stderr]    Compiling multer v3.1.0
[INFO] [stderr]     Checking downcast-rs v2.0.2
[INFO] [stderr]     Checking fastdivide v0.4.2
[INFO] [stderr]     Checking inventory v0.3.24
[INFO] [stderr]     Checking bytecount v0.6.9
[INFO] [stderr]     Checking fastrand v2.5.0
[INFO] [stderr]     Checking tempfile v3.27.0
[INFO] [stderr]    Compiling psm v0.1.32
[INFO] [stderr]     Checking tantivy-query-grammar v0.26.0
[INFO] [stderr]    Compiling nix v0.31.3
[INFO] [stderr]     Checking fs4 v0.13.1
[INFO] [stderr]     Checking ecdsa v0.16.9
[INFO] [stderr]     Checking rayon v1.12.0
[INFO] [stderr]     Checking primeorder v0.13.6
[INFO] [stderr]     Checking lru v0.16.4
[INFO] [stderr]     Checking serde_urlencoded v0.7.1
[INFO] [stderr]     Checking arc-swap v1.9.2
[INFO] [stderr]     Checking sketches-ddsketch v0.4.1
[INFO] [stderr]     Checking rust-stemmers v1.2.0
[INFO] [stderr]     Checking crossbeam-channel v0.5.16
[INFO] [stderr]     Checking memmap2 v0.9.11
[INFO] [stderr]     Checking measure_time v0.9.0
[INFO] [stderr]    Compiling cookie v0.18.2
[INFO] [stderr]     Checking levenshtein_automata v0.2.1
[INFO] [stderr]     Checking datasketches v0.2.0
[INFO] [stderr]     Checking htmlescape v0.3.1
[INFO] [stderr]     Checking census v0.4.2
[INFO] [stderr]     Checking oneshot v0.1.13
[INFO] [stderr]     Checking lz4_flex v0.13.1
[INFO] [stderr]     Checking axum-core v0.5.6
[INFO] [stderr]     Checking ed25519 v2.2.3
[INFO] [stderr]     Checking serde_path_to_error v0.1.20
[INFO] [stderr]    Compiling recursive-proc-macro-impl v0.1.1
[INFO] [stderr]     Checking ryu-js v1.0.3
[INFO] [stderr]     Checking matchit v0.8.4
[INFO] [stderr]     Checking spin v0.10.1
[INFO] [stderr]     Checking json-event-parser v0.2.3
[INFO] [stderr]     Checking same-file v1.0.6
[INFO] [stderr]     Checking crc-fast v1.10.0
[INFO] [stderr]     Checking walkdir v2.5.0
[INFO] [stderr]     Checking oxjsonld v0.2.5
[INFO] [stderr]     Checking ed25519-dalek v2.2.0
[INFO] [stderr]     Checking recursive v0.1.1
[INFO] [stderr]     Checking p256 v0.13.2
[INFO] [stderr]     Checking p384 v0.13.1
[INFO] [stderr]     Checking matchers v0.2.0
[INFO] [stderr]     Checking axum v0.8.9
[INFO] [stderr]     Checking simple_asn1 v0.6.4
[INFO] [stderr]     Checking md-5 v0.11.0
[INFO] [stderr]     Checking itertools v0.15.0
[INFO] [stderr]     Checking mediatype v0.21.0
[INFO] [stderr]     Checking futures-executor v0.3.34
[INFO] [stderr]     Checking bon v3.10.0
[INFO] [stderr]     Checking sharded-slab v0.1.7
[INFO] [stderr]     Checking password-hash v0.5.0
[INFO] [stderr]     Checking pem v3.0.6
[INFO] [stderr]     Checking zstd v0.13.3
[INFO] [stderr]     Checking blake2 v0.10.6
[INFO] [stderr]     Checking include-flate-compress v0.3.4
[INFO] [stderr]     Checking tantivy-sstable v0.7.0
[INFO] [stderr]     Checking num_cpus v1.17.0
[INFO] [stderr]     Checking tracing-log v0.2.0
[INFO] [stderr]     Checking thread_local v1.1.10
[INFO] [stderr]     Checking nu-ansi-term v0.50.3
[INFO] [stderr]     Checking humantime v2.4.0
[INFO] [stderr]    Compiling include-flate-codegen v0.3.4
[INFO] [stderr]     Checking deadpool-runtime v0.1.4
[INFO] [stderr]     Checking argon2 v0.5.3
[INFO] [stderr]     Checking deadpool v0.12.3
[INFO] [stderr]     Checking tracing-subscriber v0.3.23
[INFO] [stderr]     Checking tantivy-columnar v0.7.0
[INFO] [stderr]     Checking feed-rs v2.4.0
[INFO] [stderr]     Checking jsonwebtoken v10.4.0
[INFO] [stderr]     Checking include-flate v0.3.4
[INFO] [stderr]     Checking jieba-rs v0.10.3
[INFO] [stderr]     Checking futures v0.3.34
[INFO] [stderr]     Checking oxrdfio v0.2.5
[INFO] [stderr]     Checking sqlparser v0.62.0
[INFO] [stderr]     Checking assert-json-diff v2.0.2
[INFO] [stderr]     Checking tantivy v0.26.1
[INFO] [stderr]     Checking wiremock v0.6.5
[INFO] [stderr]     Checking axum-extra v0.10.3
[INFO] [stderr]     Checking tantivy-jieba v0.20.0
[INFO] [stderr]     Checking utopia-search v0.1.0 (/opt/rustwide/workdir/crates/utopia-search)
[INFO] [stderr]     Checking tokio-rustls v0.26.4
[INFO] [stderr]     Checking rustls-platform-verifier v0.6.2
[INFO] [stderr]     Checking hyper-rustls v0.27.9
[INFO] [stderr]     Checking reqwest v0.13.1
[INFO] [stderr]     Checking utopia-llm v0.1.0 (/opt/rustwide/workdir/crates/utopia-llm)
[INFO] [stderr]     Checking object_store v0.14.1
[INFO] [stderr]     Checking utopia-extract v0.1.0 (/opt/rustwide/workdir/crates/utopia-extract)
[INFO] [stderr]     Checking sqlx v0.8.6
[INFO] [stderr]     Checking pgvector v0.4.2
[INFO] [stderr]     Checking utopia-core v0.1.0 (/opt/rustwide/workdir/crates/utopia-core)
[INFO] [stderr]     Checking utopia-store v0.1.0 (/opt/rustwide/workdir/crates/utopia-store)
[INFO] [stderr]     Checking utopia-server v0.1.0 (/opt/rustwide/workdir/crates/utopia-server)
[INFO] [stdout] error[E0583]: file not found for module `sources_routes`
[INFO] [stdout]   --> crates/utopia-server/src/api/mod.rs:19:1
[INFO] [stdout]    |
[INFO] [stdout] 19 | mod sources_routes;
[INFO] [stdout]    | ^^^^^^^^^^^^^^^^^^^
[INFO] [stdout]    |
[INFO] [stdout]    = help: to create the module `sources_routes`, create file "crates/utopia-server/src/api/sources_routes.rs" or "crates/utopia-server/src/api/sources_routes/mod.rs"
[INFO] [stdout]    = note: if there is a `mod sources_routes` elsewhere in the crate already, import it with `use crate::...` instead
[INFO] [stdout] 
[INFO] [stdout] 
[INFO] [stdout] error[E0583]: file not found for module `object_storage`
[INFO] [stdout]   --> crates/utopia-server/src/main.rs:19:1
[INFO] [stdout]    |
[INFO] [stdout] 19 | mod object_storage;
[INFO] [stdout]    | ^^^^^^^^^^^^^^^^^^^
[INFO] [stdout]    |
[INFO] [stdout]    = help: to create the module `object_storage`, create file "crates/utopia-server/src/object_storage.rs" or "crates/utopia-server/src/object_storage/mod.rs"
[INFO] [stdout]    = note: if there is a `mod object_storage` elsewhere in the crate already, import it with `use crate::...` instead
[INFO] [stdout] 
[INFO] [stdout] 
[INFO] [stdout] error[E0583]: file not found for module `sources_routes`
[INFO] [stdout]   --> crates/utopia-server/src/api/mod.rs:19:1
[INFO] [stdout]    |
[INFO] [stdout] 19 | mod sources_routes;
[INFO] [stdout]    | ^^^^^^^^^^^^^^^^^^^
[INFO] [stdout]    |
[INFO] [stdout]    = help: to create the module `sources_routes`, create file "crates/utopia-server/src/api/sources_routes.rs" or "crates/utopia-server/src/api/sources_routes/mod.rs"
[INFO] [stdout]    = note: if there is a `mod sources_routes` elsewhere in the crate already, import it with `use crate::...` instead
[INFO] [stdout] 
[INFO] [stdout] 
[INFO] [stdout] error[E0583]: file not found for module `object_storage`
[INFO] [stdout]   --> crates/utopia-server/src/main.rs:19:1
[INFO] [stdout]    |
[INFO] [stdout] 19 | mod object_storage;
[INFO] [stdout]    | ^^^^^^^^^^^^^^^^^^^
[INFO] [stdout]    |
[INFO] [stdout]    = help: to create the module `object_storage`, create file "crates/utopia-server/src/object_storage.rs" or "crates/utopia-server/src/object_storage/mod.rs"
[INFO] [stdout]    = note: if there is a `mod object_storage` elsewhere in the crate already, import it with `use crate::...` instead
[INFO] [stdout] 
[INFO] [stdout] 
[INFO] [stdout] For more information about this error, try `rustc --explain E0583`.
[INFO] [stdout] 
[INFO] [stderr] error: could not compile `utopia-server` (bin "utopia-server" test) due to 2 previous errors
[INFO] [stderr] warning: build failed, waiting for other jobs to finish...
[INFO] [stdout] For more information about this error, try `rustc --explain E0583`.
[INFO] [stdout] 
[INFO] [stderr] error: could not compile `utopia-server` (bin "utopia-server") due to 2 previous errors
[INFO] [stderr] warning: unused dependency `pgvector`
[INFO] [stderr]   --> crates/utopia-core/Cargo.toml:16:1
[INFO] [stderr]    |
[INFO] [stderr] 16 | pgvector.workspace = true
[INFO] [stderr]    | ^^^^^^^^
[INFO] [stderr]    |
[INFO] [stderr]    = note: `cargo::unused_dependencies` is set to `warn` by default
[INFO] [stderr] help: consider removing the dependency on `pgvector`
[INFO] [stderr] warning: `utopia-core` (manifest) generated 1 warning
[INFO] [stderr] warning: unused dependency `tracing`
[INFO] [stderr]   --> crates/utopia-ingest/Cargo.toml:22:1
[INFO] [stderr]    |
[INFO] [stderr] 22 | tracing.workspace = true
[INFO] [stderr]    | ^^^^^^^
[INFO] [stderr]    |
[INFO] [stderr]    = note: `cargo::unused_dependencies` is set to `warn` by default
[INFO] [stderr] help: consider removing the dependency on `tracing`
[INFO] [stderr] warning: `utopia-ingest` (manifest) generated 1 warning
[INFO] [stderr] warning: unused dependency `tracing`
[INFO] [stderr]   --> crates/utopia-search/Cargo.toml:11:1
[INFO] [stderr]    |
[INFO] [stderr] 11 | tracing.workspace = true
[INFO] [stderr]    | ^^^^^^^
[INFO] [stderr]    |
[INFO] [stderr]    = note: `cargo::unused_dependencies` is set to `warn` by default
[INFO] [stderr] help: consider removing the dependency on `tracing`
[INFO] [stderr] warning: `utopia-search` (manifest) generated 1 warning
[INFO] [stderr] warning: unused dependency `object_store`
[INFO] [stderr]   --> crates/utopia-server/Cargo.toml:43:1
[INFO] [stderr]    |
[INFO] [stderr] 43 | object_store = { version = "0.14.1", features = ["aws", "azure", "gcp"] }
[INFO] [stderr]    | ^^^^^^^^^^^^^^^^^^^^^^^^^^^^^^^^^^^^^^^^^^^^^^^^^^^^^^^^^^^^^^^^^^^^^^^^^
[INFO] [stderr]    |
[INFO] [stderr]    = note: `cargo::unused_dependencies` is set to `warn` by default
[INFO] [stderr] help: consider removing the dependency on `object_store`
[INFO] [stderr] warning: `utopia-server` (manifest) generated 1 warning
[INFO] running `Command { std: "docker" "inspect" "94d5a24533312b9baf411ee677f1a6baabda33d34621e705b4e408f7f7383e5b", kill_on_drop: false }`
[INFO] running `Command { std: "docker" "rm" "-f" "94d5a24533312b9baf411ee677f1a6baabda33d34621e705b4e408f7f7383e5b", kill_on_drop: false }`
[INFO] [stdout] 94d5a24533312b9baf411ee677f1a6baabda33d34621e705b4e408f7f7383e5b
