[INFO] cloning repository https://github.com/amirmahdi148/wtcs-team-back
[INFO] running `Command { std: "git" "-c" "credential.helper=" "-c" "credential.helper=/workspace/cargo-home/bin/git-credential-null" "clone" "--bare" "https://github.com/amirmahdi148/wtcs-team-back" "/workspace/cache/git-repos/https%3A%2F%2Fgithub.com%2Famirmahdi148%2Fwtcs-team-back", kill_on_drop: false }`
[INFO] [stderr] Cloning into bare repository '/workspace/cache/git-repos/https%3A%2F%2Fgithub.com%2Famirmahdi148%2Fwtcs-team-back'...
[INFO] running `Command { std: "git" "rev-parse" "HEAD", kill_on_drop: false }`
[INFO] [stdout] 3579ce353291f0f69552f2a3203c1b4d5ff03c60
[INFO] checking amirmahdi148/wtcs-team-back against 3154cc1a3e6424e44f438a95007d043ed5ceaaf6+rustflags=-Znext-solver=coherence for pr-133502-30
[INFO] running `Command { std: "git" "clone" "/workspace/cache/git-repos/https%3A%2F%2Fgithub.com%2Famirmahdi148%2Fwtcs-team-back" "/workspace/builds/worker-3-tc1/source", kill_on_drop: false }`
[INFO] [stderr] Cloning into '/workspace/builds/worker-3-tc1/source'...
[INFO] [stderr] done.
[INFO] started tweaking git repo https://github.com/amirmahdi148/wtcs-team-back
[INFO] finished tweaking git repo https://github.com/amirmahdi148/wtcs-team-back
[INFO] tweaked toml for git repo https://github.com/amirmahdi148/wtcs-team-back written to /workspace/builds/worker-3-tc1/source/Cargo.toml
[INFO] validating manifest of git repo https://github.com/amirmahdi148/wtcs-team-back on toolchain 3154cc1a3e6424e44f438a95007d043ed5ceaaf6
[INFO] running `Command { std: CARGO_HOME="/workspace/cargo-home" RUSTUP_HOME="/workspace/rustup-home" "/workspace/cargo-home/bin/cargo" "+3154cc1a3e6424e44f438a95007d043ed5ceaaf6" "metadata" "--manifest-path" "Cargo.toml" "--no-deps", kill_on_drop: false }`
[INFO] crate git repo https://github.com/amirmahdi148/wtcs-team-back already has a lockfile, it will not be regenerated
[INFO] running `Command { std: CARGO_HOME="/workspace/cargo-home" RUSTUP_HOME="/workspace/rustup-home" "/workspace/cargo-home/bin/cargo" "+3154cc1a3e6424e44f438a95007d043ed5ceaaf6" "fetch" "--manifest-path" "Cargo.toml", kill_on_drop: false }`
[INFO] [stderr]     Updating crates.io index
[INFO] [stderr]  Downloading crates ...
[INFO] [stderr]   Downloaded sqlx-core v0.8.6
[INFO] [stderr]   Downloaded quote v1.0.44
[INFO] [stderr]   Downloaded itoa v1.0.17
[INFO] [stderr]   Downloaded wasm-bindgen-shared v0.2.110
[INFO] [stderr]   Downloaded wasm-bindgen-macro v0.2.110
[INFO] [stderr]   Downloaded libredox v0.1.12
[INFO] [stderr]   Downloaded pkg-config v0.3.32
[INFO] [stderr]   Downloaded whoami v1.6.1
[INFO] [stderr]   Downloaded redox_syscall v0.7.1
[INFO] [stderr]   Downloaded socket2 v0.6.2
[INFO] [stderr]   Downloaded wasm-bindgen v0.2.110
[INFO] [stderr]   Downloaded sqlx-sqlite v0.8.6
[INFO] [stderr]   Downloaded wasm-bindgen-macro-support v0.2.110
[INFO] [stderr]   Downloaded sqlx-macros v0.8.6
[INFO] [stderr]   Downloaded rustls-webpki v0.103.9
[INFO] [stderr]   Downloaded js-sys v0.3.87
[INFO] [stderr]   Downloaded cc v1.2.56
[INFO] [stderr]   Downloaded flume v0.11.1
[INFO] [stderr]   Downloaded sqlx-macros-core v0.8.6
[INFO] [stderr]   Downloaded sqlx-mysql v0.8.6
[INFO] [stderr]   Downloaded sqlx v0.8.6
[INFO] [stderr]   Downloaded zerocopy-derive v0.8.39
[INFO] [stderr]   Downloaded sqlx-postgres v0.8.6
[INFO] [stderr]   Downloaded zerocopy v0.8.39
[INFO] [stderr]   Downloaded rustls v0.23.36
[INFO] [stderr]   Downloaded regex-syntax v0.8.9
[INFO] [stderr]   Downloaded deranged v0.5.7
[INFO] [stderr]   Downloaded bcrypt v0.15.1
[INFO] [stderr]   Downloaded libc v0.2.182
[INFO] [stderr]   Downloaded tokio v1.49.0
[INFO] [stderr]   Downloaded bytestring v1.5.0
[INFO] [stderr]   Downloaded actix-http v3.12.0
[INFO] [stderr]   Downloaded simd-adler32 v0.3.8
[INFO] [stderr]   Downloaded actix-cors v0.7.1
[INFO] running `Command { std: "docker" "create" "-v" "/var/lib/crater-agent-workspace/builds/worker-3-tc1/source:/opt/rustwide/workdir:ro,Z" "-v" "/var/lib/crater-agent-workspace/builds/worker-3-tc1/target:/opt/rustwide/target:rw,Z" "-v" "/var/lib/crater-agent-workspace/cargo-home:/opt/rustwide/cargo-home:ro,Z" "-v" "/var/lib/crater-agent-workspace/rustup-home:/opt/rustwide/rustup-home:ro,Z" "-m" "1610612736" "--network" "none" "ghcr.io/rust-lang/crates-build-env/linux@sha256:77db811e55d90add9212f6832c23229e3de5f1c1f9905e8cb07319ea15df73ac" "sleep" "infinity", kill_on_drop: false }`
[INFO] [stdout] 5c0c1dd421fa9ec2bc8c721135c15630316e58bf9aeb53d3d68f35b01dd6d44e
[INFO] running `Command { std: "docker" "start" "5c0c1dd421fa9ec2bc8c721135c15630316e58bf9aeb53d3d68f35b01dd6d44e", kill_on_drop: false }`
[INFO] running `Command { std: "docker" "inspect" "5c0c1dd421fa9ec2bc8c721135c15630316e58bf9aeb53d3d68f35b01dd6d44e", kill_on_drop: false }`
[INFO] running `Command { std: "docker" "exec" "-e" "SOURCE_DIR=/opt/rustwide/workdir" "-e" "CARGO_HOME=/opt/rustwide/cargo-home" "-e" "RUSTUP_HOME=/opt/rustwide/rustup-home" "-e" "CARGO_TARGET_DIR=/opt/rustwide/target" "-w" "/opt/rustwide/workdir" "--user" "0:0" "5c0c1dd421fa9ec2bc8c721135c15630316e58bf9aeb53d3d68f35b01dd6d44e" "/opt/rustwide/cargo-home/bin/cargo" "+3154cc1a3e6424e44f438a95007d043ed5ceaaf6" "metadata" "--no-deps" "--format-version=1", kill_on_drop: false }`
[INFO] running `Command { std: "docker" "inspect" "5c0c1dd421fa9ec2bc8c721135c15630316e58bf9aeb53d3d68f35b01dd6d44e", kill_on_drop: false }`
[INFO] running `Command { std: "docker" "exec" "-e" "SOURCE_DIR=/opt/rustwide/workdir" "-e" "CARGO_HOME=/opt/rustwide/cargo-home" "-e" "RUSTUP_HOME=/opt/rustwide/rustup-home" "-e" "CARGO_TARGET_DIR=/opt/rustwide/target" "-e" "CARGO_INCREMENTAL=0" "-e" "RUST_BACKTRACE=full" "-e" "RUSTFLAGS=--cap-lints=forbid -Znext-solver=coherence" "-e" "RUSTDOCFLAGS=--cap-lints=forbid" "-w" "/opt/rustwide/workdir" "--user" "0:0" "5c0c1dd421fa9ec2bc8c721135c15630316e58bf9aeb53d3d68f35b01dd6d44e" "/opt/rustwide/cargo-home/bin/cargo" "+3154cc1a3e6424e44f438a95007d043ed5ceaaf6" "check" "--frozen" "--all" "--all-targets" "--message-format=json", kill_on_drop: false }`
[INFO] [stderr]    Compiling quote v1.0.44
[INFO] [stderr]    Compiling libc v0.2.182
[INFO] [stderr]    Compiling serde_core v1.0.228
[INFO] [stderr]    Compiling serde v1.0.228
[INFO] [stderr]    Compiling zerocopy v0.8.39
[INFO] [stderr]     Checking pin-project-lite v0.2.16
[INFO] [stderr]    Compiling stable_deref_trait v1.2.1
[INFO] [stderr]    Compiling crossbeam-utils v0.8.21
[INFO] [stderr]     Checking itoa v1.0.17
[INFO] [stderr]    Compiling typenum v1.19.0
[INFO] [stderr]    Compiling serde_json v1.0.149
[INFO] [stderr]     Checking once_cell v1.21.3
[INFO] [stderr]    Compiling bytes v1.11.1
[INFO] [stderr]    Compiling writeable v0.6.2
[INFO] [stderr]    Compiling litemap v0.8.1
[INFO] [stderr]    Compiling subtle v2.6.1
[INFO] [stderr]    Compiling rustls v0.23.36
[INFO] [stderr]    Compiling log v0.4.29
[INFO] [stderr]    Compiling zeroize v1.8.2
[INFO] [stderr]     Checking tracing-core v0.1.36
[INFO] [stderr]    Compiling icu_properties_data v2.1.2
[INFO] [stderr]    Compiling icu_normalizer_data v2.1.1
[INFO] [stderr]    Compiling num-traits v0.2.19
[INFO] [stderr]     Checking futures-task v0.3.32
[INFO] [stderr]     Checking futures-io v0.3.32
[INFO] [stderr]    Compiling pkg-config v0.3.32
[INFO] [stderr]    Compiling futures-core v0.3.32
[INFO] [stderr]    Compiling rustls-pki-types v1.14.0
[INFO] [stderr]    Compiling untrusted v0.9.0
[INFO] [stderr]     Checking foldhash v0.1.5
[INFO] [stderr]     Checking futures-util v0.3.32
[INFO] [stderr]    Compiling syn v2.0.117
[INFO] [stderr]    Compiling allocator-api2 v0.2.21
[INFO] [stderr]    Compiling num-conv v0.2.0
[INFO] [stderr]    Compiling percent-encoding v2.3.2
[INFO] [stderr]    Compiling generic-array v0.14.7
[INFO] [stderr]    Compiling futures-sink v0.3.32
[INFO] [stderr]    Compiling tinyvec_macros v0.1.1
[INFO] [stderr]    Compiling time-core v0.1.8
[INFO] [stderr]    Compiling form_urlencoded v1.2.2
[INFO] [stderr]    Compiling tinyvec v1.10.0
[INFO] [stderr]    Compiling concurrent-queue v2.5.0
[INFO] [stderr]     Checking deranged v0.5.7
[INFO] [stderr]    Compiling hashbrown v0.15.5
[INFO] [stderr]    Compiling webpki-roots v1.0.6
[INFO] [stderr]    Compiling time-macros v0.2.27
[INFO] [stderr]     Checking errno v0.3.14
[INFO] [stderr]     Checking getrandom v0.2.17
[INFO] [stderr]     Checking mio v1.1.1
[INFO] [stderr]     Checking socket2 v0.6.2
[INFO] [stderr]     Checking signal-hook-registry v1.4.8
[INFO] [stderr]     Checking rand_core v0.6.4
[INFO] [stderr]     Checking getrandom v0.3.4
[INFO] [stderr]    Compiling zmij v1.0.21
[INFO] [stderr]    Compiling hashbrown v0.16.1
[INFO] [stderr]    Compiling zstd-safe v7.2.4
[INFO] [stderr]    Compiling unicode-segmentation v1.12.0
[INFO] [stderr]    Compiling crypto-common v0.1.7
[INFO] [stderr]    Compiling block-buffer v0.10.4
[INFO] [stderr]     Checking alloc-no-stdlib v2.0.4
[INFO] [stderr]    Compiling cpufeatures v0.2.17
[INFO] [stderr]    Compiling jobserver v0.1.34
[INFO] [stderr]    Compiling digest v0.10.7
[INFO] [stderr]    Compiling parking v2.2.1
[INFO] [stderr]    Compiling cc v1.2.56
[INFO] [stderr]    Compiling iana-time-zone v0.1.65
[INFO] [stderr]     Checking local-waker v0.1.4
[INFO] [stderr]    Compiling slab v0.4.12
[INFO] [stderr]    Compiling crc-catalog v2.4.0
[INFO] [stderr]     Checking bitflags v2.11.0
[INFO] [stderr]     Checking http v0.2.12
[INFO] [stderr]    Compiling convert_case v0.10.0
[INFO] [stderr]    Compiling crc v3.4.0
[INFO] [stderr]    Compiling chrono v0.4.44
[INFO] [stderr]     Checking time v0.3.47
[INFO] [stderr]    Compiling sha2 v0.10.9
[INFO] [stderr]    Compiling hmac v0.12.1
[INFO] [stderr]    Compiling tokio v1.49.0
[INFO] [stderr]    Compiling hashlink v0.10.0
[INFO] [stderr]    Compiling event-listener v5.4.1
[INFO] [stderr]    Compiling indexmap v2.13.0
[INFO] [stderr]     Checking alloc-stdlib v0.2.2
[INFO] [stderr]     Checking rand_core v0.9.5
[INFO] [stderr]    Compiling webpki-roots v0.26.11
[INFO] [stderr]    Compiling unicode-normalization v0.1.25
[INFO] [stderr]    Compiling crossbeam-queue v0.3.12
[INFO] [stderr]     Checking aho-corasick v1.1.4
[INFO] [stderr]    Compiling unicode-properties v0.1.4
[INFO] [stderr]    Compiling unicode-bidi v0.3.18
[INFO] [stderr]     Checking simd-adler32 v0.3.8
[INFO] [stderr]    Compiling unicode-xid v0.2.6
[INFO] [stderr]    Compiling base64 v0.22.1
[INFO] [stderr]     Checking regex-syntax v0.8.9
[INFO] [stderr]     Checking miniz_oxide v0.8.9
[INFO] [stderr]     Checking brotli-decompressor v5.0.0
[INFO] [stderr]    Compiling stringprep v0.1.5
[INFO] [stderr]    Compiling hkdf v0.12.4
[INFO] [stderr]     Checking actix-utils v3.0.1
[INFO] [stderr]    Compiling md-5 v0.10.6
[INFO] [stderr]    Compiling ring v0.17.14
[INFO] [stderr]    Compiling zstd-sys v2.0.16+zstd.1.5.7
[INFO] [stderr]    Compiling atoi v2.0.0
[INFO] [stderr]    Compiling futures-channel v0.3.32
[INFO] [stderr]    Compiling bytestring v1.5.0
[INFO] [stderr]     Checking actix-service v2.0.3
[INFO] [stderr]    Compiling cookie v0.16.2
[INFO] [stderr]    Compiling dotenvy v0.15.7
[INFO] [stderr]    Compiling whoami v1.6.1
[INFO] [stderr]    Compiling regex-lite v0.1.9
[INFO] [stderr]    Compiling byteorder v1.5.0
[INFO] [stderr]    Compiling hex v0.4.3
[INFO] [stderr]    Compiling home v0.5.12
[INFO] [stderr]     Checking ppv-lite86 v0.2.21
[INFO] [stderr]     Checking flate2 v1.1.9
[INFO] [stderr]     Checking local-channel v0.1.5
[INFO] [stderr]     Checking rand_chacha v0.9.0
[INFO] [stderr]     Checking rand_chacha v0.3.1
[INFO] [stderr]     Checking rand v0.9.2
[INFO] [stderr]     Checking socket2 v0.5.10
[INFO] [stderr]     Checking num-integer v0.1.46
[INFO] [stderr]     Checking inout v0.1.4
[INFO] [stderr]     Checking encoding_rs v0.8.35
[INFO] [stderr]     Checking mime v0.3.17
[INFO] [stderr]     Checking language-tags v0.3.2
[INFO] [stderr]    Compiling synstructure v0.13.2
[INFO] [stderr]     Checking num-bigint v0.4.6
[INFO] [stderr]     Checking cipher v0.4.4
[INFO] [stderr]     Checking brotli v8.0.2
[INFO] [stderr]    Compiling rand v0.8.5
[INFO] [stderr]     Checking impl-more v0.1.9
[INFO] [stderr]     Checking base64ct v1.8.3
[INFO] [stderr]     Checking blowfish v0.9.1
[INFO] [stderr]     Checking pem v3.0.6
[INFO] [stderr]     Checking blake2 v0.10.6
[INFO] [stderr]     Checking bcrypt v0.15.1
[INFO] [stderr]     Checking password-hash v0.5.0
[INFO] [stderr]     Checking argon2 v0.5.3
[INFO] [stderr]     Checking regex-automata v0.4.14
[INFO] [stderr]    Compiling serde_derive v1.0.228
[INFO] [stderr]    Compiling zerofrom-derive v0.1.6
[INFO] [stderr]    Compiling yoke-derive v0.8.1
[INFO] [stderr]    Compiling zerovec-derive v0.11.2
[INFO] [stderr]    Compiling displaydoc v0.2.5
[INFO] [stderr]    Compiling tracing-attributes v0.1.31
[INFO] [stderr]    Compiling thiserror-impl v2.0.18
[INFO] [stderr]    Compiling derive_more-impl v2.1.1
[INFO] [stderr]    Compiling actix-macros v0.2.4
[INFO] [stderr]    Compiling zerofrom v0.1.6
[INFO] [stderr]     Checking yoke v0.8.1
[INFO] [stderr]     Checking tracing v0.1.44
[INFO] [stderr]     Checking zerovec v0.11.5
[INFO] [stderr]    Compiling zerotrie v0.2.3
[INFO] [stderr]    Compiling tokio-stream v0.1.18
[INFO] [stderr]     Checking thiserror v2.0.18
[INFO] [stderr]    Compiling tinystr v0.8.2
[INFO] [stderr]    Compiling potential_utf v0.1.4
[INFO] [stderr]     Checking rustls-webpki v0.103.9
[INFO] [stderr]    Compiling icu_locale_core v2.1.1
[INFO] [stderr]    Compiling icu_collections v2.1.1
[INFO] [stderr]     Checking regex v1.12.3
[INFO] [stderr]     Checking simple_asn1 v0.6.4
[INFO] [stderr]     Checking icu_provider v2.1.1
[INFO] [stderr]     Checking icu_properties v2.1.2
[INFO] [stderr]     Checking derive_more v2.1.1
[INFO] [stderr]    Compiling smallvec v1.15.1
[INFO] [stderr]    Compiling either v1.15.0
[INFO] [stderr]    Compiling actix-router v0.5.4
[INFO] [stderr]     Checking serde_urlencoded v0.7.1
[INFO] [stderr]     Checking jsonwebtoken v9.3.1
[INFO] [stderr]    Compiling icu_normalizer v2.1.1
[INFO] [stderr]    Compiling parking_lot_core v0.9.12
[INFO] [stderr]    Compiling parking_lot v0.12.5
[INFO] [stderr]    Compiling futures-intrusive v0.5.0
[INFO] [stderr]     Checking idna_adapter v1.2.1
[INFO] [stderr]    Compiling actix-web-codegen v4.3.0
[INFO] [stderr]     Checking idna v1.1.0
[INFO] [stderr]     Checking url v2.5.8
[INFO] [stderr]     Checking zstd v0.13.3
[INFO] [stderr]    Compiling sqlx-core v0.8.6
[INFO] [stderr]     Checking tokio-util v0.7.18
[INFO] [stderr]     Checking actix-rt v2.11.0
[INFO] [stderr]     Checking actix-server v2.6.0
[INFO] [stderr]     Checking h2 v0.3.27
[INFO] [stderr]     Checking actix-codec v0.5.2
[INFO] [stderr]    Compiling sqlx-postgres v0.8.6
[INFO] [stderr]     Checking actix-http v3.12.0
[INFO] [stderr]    Compiling sqlx-macros-core v0.8.6
[INFO] [stderr]     Checking actix-web v4.13.0
[INFO] [stderr]    Compiling sqlx-macros v0.8.6
[INFO] [stderr]     Checking actix-cors v0.7.1
[INFO] [stderr]     Checking sqlx v0.8.6
[INFO] [stderr]     Checking wtcs-team-back v0.1.0 (/opt/rustwide/workdir)
[INFO] [stdout] error: error communicating with database: Connection refused (os error 111)
[INFO] [stdout]   --> src/services/authentication/login_service.rs:42:33
[INFO] [stdout]    |
[INFO] [stdout] 42 |       let result_database = match sqlx::query!(
[INFO] [stdout]    |  _________________________________^
[INFO] [stdout] 43 | |         r#"SELECT password , id FROM members WHERE username = $1"#,
[INFO] [stdout] 44 | |         result_username
[INFO] [stdout] 45 | |     )
[INFO] [stdout]    | |_____^
[INFO] [stdout]    |
[INFO] [stdout]    = note: this error originates in the macro `$crate::sqlx_macros::expand_query` which comes from the expansion of the macro `sqlx::query` (in Nightly builds, run with -Z macro-backtrace for more info)
[INFO] [stdout] 
[INFO] [stdout] 
[INFO] [stdout] error: error communicating with database: Connection refused (os error 111)
[INFO] [stdout]   --> src/services/authentication/login_service.rs:42:33
[INFO] [stdout]    |
[INFO] [stdout] 42 |       let result_database = match sqlx::query!(
[INFO] [stdout]    |  _________________________________^
[INFO] [stdout] 43 | |         r#"SELECT password , id FROM members WHERE username = $1"#,
[INFO] [stdout] 44 | |         result_username
[INFO] [stdout] 45 | |     )
[INFO] [stdout]    | |_____^
[INFO] [stdout]    |
[INFO] [stdout]    = note: this error originates in the macro `$crate::sqlx_macros::expand_query` which comes from the expansion of the macro `sqlx::query` (in Nightly builds, run with -Z macro-backtrace for more info)
[INFO] [stdout] 
[INFO] [stdout] 
[INFO] [stdout] error: error communicating with database: Connection refused (os error 111)
[INFO] [stdout]   --> src/services/badges_service.rs:8:31
[INFO] [stdout]    |
[INFO] [stdout]  8 |       let badge_insert_result = sqlx::query!(
[INFO] [stdout]    |  _______________________________^
[INFO] [stdout]  9 | |         r#"
[INFO] [stdout] 10 | |         INSERT INTO badges (emoji, title, subtitle, rarity, accent, iconbg, glow)
[INFO] [stdout] 11 | |         VALUES ($1, $2, $3, $4, $5, $6, $7)
[INFO] [stdout] ...  |
[INFO] [stdout] 20 | |         data.glow
[INFO] [stdout] 21 | |     )
[INFO] [stdout]    | |_____^
[INFO] [stdout]    |
[INFO] [stdout]    = note: this error originates in the macro `$crate::sqlx_macros::expand_query` which comes from the expansion of the macro `sqlx::query` (in Nightly builds, run with -Z macro-backtrace for more info)
[INFO] [stdout] 
[INFO] [stdout] 
[INFO] [stdout] error: error communicating with database: Connection refused (os error 111)
[INFO] [stdout]   --> src/services/badges_service.rs:8:31
[INFO] [stdout]    |
[INFO] [stdout]  8 |       let badge_insert_result = sqlx::query!(
[INFO] [stdout]    |  _______________________________^
[INFO] [stdout]  9 | |         r#"
[INFO] [stdout] 10 | |         INSERT INTO badges (emoji, title, subtitle, rarity, accent, iconbg, glow)
[INFO] [stdout] 11 | |         VALUES ($1, $2, $3, $4, $5, $6, $7)
[INFO] [stdout] ...  |
[INFO] [stdout] 20 | |         data.glow
[INFO] [stdout] 21 | |     )
[INFO] [stdout]    | |_____^
[INFO] [stdout]    |
[INFO] [stdout]    = note: this error originates in the macro `$crate::sqlx_macros::expand_query` which comes from the expansion of the macro `sqlx::query` (in Nightly builds, run with -Z macro-backtrace for more info)
[INFO] [stdout] 
[INFO] [stdout] 
[INFO] [stdout] error: error communicating with database: Connection refused (os error 111)
[INFO] [stdout]   --> src/services/badges_service.rs:28:24
[INFO] [stdout]    |
[INFO] [stdout] 28 |       let meta_item_id = sqlx::query!(
[INFO] [stdout]    |  ________________________^
[INFO] [stdout] 29 | |         r#"
[INFO] [stdout] 30 | |         INSERT INTO meta_items (meta_type, source_id)
[INFO] [stdout] 31 | |         VALUES ('badge', $1)
[INFO] [stdout] ...  |
[INFO] [stdout] 36 | |         badge_id
[INFO] [stdout] 37 | |     )
[INFO] [stdout]    | |_____^
[INFO] [stdout]    |
[INFO] [stdout]    = note: this error originates in the macro `$crate::sqlx_macros::expand_query` which comes from the expansion of the macro `sqlx::query` (in Nightly builds, run with -Z macro-backtrace for more info)
[INFO] [stdout] 
[INFO] [stdout] 
[INFO] [stdout] error: error communicating with database: Connection refused (os error 111)
[INFO] [stdout]   --> src/services/badges_service.rs:28:24
[INFO] [stdout]    |
[INFO] [stdout] 28 |       let meta_item_id = sqlx::query!(
[INFO] [stdout]    |  ________________________^
[INFO] [stdout] 29 | |         r#"
[INFO] [stdout] 30 | |         INSERT INTO meta_items (meta_type, source_id)
[INFO] [stdout] 31 | |         VALUES ('badge', $1)
[INFO] [stdout] ...  |
[INFO] [stdout] 36 | |         badge_id
[INFO] [stdout] 37 | |     )
[INFO] [stdout]    | |_____^
[INFO] [stdout]    |
[INFO] [stdout]    = note: this error originates in the macro `$crate::sqlx_macros::expand_query` which comes from the expansion of the macro `sqlx::query` (in Nightly builds, run with -Z macro-backtrace for more info)
[INFO] [stdout] 
[INFO] [stdout] 
[INFO] [stdout] error: error communicating with database: Connection refused (os error 111)
[INFO] [stdout]   --> src/services/badges_service.rs:44:5
[INFO] [stdout]    |
[INFO] [stdout] 44 | /     sqlx::query!(
[INFO] [stdout] 45 | |         r#"UPDATE badges SET meta_item_id = $1 WHERE id = $2"#,
[INFO] [stdout] 46 | |         meta_item_id,
[INFO] [stdout] 47 | |         badge_id
[INFO] [stdout] 48 | |     )
[INFO] [stdout]    | |_____^
[INFO] [stdout]    |
[INFO] [stdout]    = note: this error originates in the macro `$crate::sqlx_macros::expand_query` which comes from the expansion of the macro `sqlx::query` (in Nightly builds, run with -Z macro-backtrace for more info)
[INFO] [stdout] 
[INFO] [stdout] 
[INFO] [stdout] error: error communicating with database: Connection refused (os error 111)
[INFO] [stdout]   --> src/services/badges_service.rs:44:5
[INFO] [stdout]    |
[INFO] [stdout] 44 | /     sqlx::query!(
[INFO] [stdout] 45 | |         r#"UPDATE badges SET meta_item_id = $1 WHERE id = $2"#,
[INFO] [stdout] 46 | |         meta_item_id,
[INFO] [stdout] 47 | |         badge_id
[INFO] [stdout] 48 | |     )
[INFO] [stdout]    | |_____^
[INFO] [stdout]    |
[INFO] [stdout]    = note: this error originates in the macro `$crate::sqlx_macros::expand_query` which comes from the expansion of the macro `sqlx::query` (in Nightly builds, run with -Z macro-backtrace for more info)
[INFO] [stdout] 
[INFO] [stdout] 
[INFO] [stdout] error: error communicating with database: Connection refused (os error 111)
[INFO] [stdout]   --> src/services/members_service/me_service.rs:17:26
[INFO] [stdout]    |
[INFO] [stdout] 17 |     let username = match sqlx::query!("SELECT username FROM members WHERE id=$1", id_num)
[INFO] [stdout]    |                          ^^^^^^^^^^^^^^^^^^^^^^^^^^^^^^^^^^^^^^^^^^^^^^^^^^^^^^^^^^^^^^^^
[INFO] [stdout]    |
[INFO] [stdout]    = note: this error originates in the macro `$crate::sqlx_macros::expand_query` which comes from the expansion of the macro `sqlx::query` (in Nightly builds, run with -Z macro-backtrace for more info)
[INFO] [stdout] 
[INFO] [stdout] 
[INFO] [stdout] error: error communicating with database: Connection refused (os error 111)
[INFO] [stdout]   --> src/services/panel/badges_service.rs:21:16
[INFO] [stdout]    |
[INFO] [stdout] 21 |     let role = sqlx::query!(r#"SELECT user_role FROM members WHERE id = $1"#, real_id)
[INFO] [stdout]    |                ^^^^^^^^^^^^^^^^^^^^^^^^^^^^^^^^^^^^^^^^^^^^^^^^^^^^^^^^^^^^^^^^^^^^^^^
[INFO] [stdout]    |
[INFO] [stdout]    = note: this error originates in the macro `$crate::sqlx_macros::expand_query` which comes from the expansion of the macro `sqlx::query` (in Nightly builds, run with -Z macro-backtrace for more info)
[INFO] [stdout] 
[INFO] [stdout] 
[INFO] [stdout] error: error communicating with database: Connection refused (os error 111)
[INFO] [stdout]   --> src/services/panel/badges_service.rs:44:18
[INFO] [stdout]    |
[INFO] [stdout] 44 |       let badges = sqlx::query_as!(
[INFO] [stdout]    |  __________________^
[INFO] [stdout] 45 | |         Badge,
[INFO] [stdout] 46 | |         r#"SELECT emoji , title , subtitle , rarity , accent , iconbg , glow FROM badges"#
[INFO] [stdout] 47 | |     )
[INFO] [stdout]    | |_____^
[INFO] [stdout]    |
[INFO] [stdout]    = note: this error originates in the macro `$crate::sqlx_macros::expand_query` which comes from the expansion of the macro `sqlx::query_as` (in Nightly builds, run with -Z macro-backtrace for more info)
[INFO] [stdout] 
[INFO] [stdout] 
[INFO] [stdout] error: error communicating with database: Connection refused (os error 111)
[INFO] [stdout]   --> src/services/panel/badges_service.rs:89:15
[INFO] [stdout]    |
[INFO] [stdout] 89 |         match sqlx::query!(r#"SELECT id  FROM members WHERE username = $1"#, username)
[INFO] [stdout]    |               ^^^^^^^^^^^^^^^^^^^^^^^^^^^^^^^^^^^^^^^^^^^^^^^^^^^^^^^^^^^^^^^^^^^^^^^^
[INFO] [stdout]    |
[INFO] [stdout]    = note: this error originates in the macro `$crate::sqlx_macros::expand_query` which comes from the expansion of the macro `sqlx::query` (in Nightly builds, run with -Z macro-backtrace for more info)
[INFO] [stdout] 
[INFO] [stdout] 
[INFO] [stdout] error: error communicating with database: Connection refused (os error 111)
[INFO] [stdout]    --> src/services/panel/badges_service.rs:111:30
[INFO] [stdout]     |
[INFO] [stdout] 111 |     let current_user = match sqlx::query!(r#"SELECT user_role  FROM members WHERE id = $1"#, id)
[INFO] [stdout]     |                              ^^^^^^^^^^^^^^^^^^^^^^^^^^^^^^^^^^^^^^^^^^^^^^^^^^^^^^^^^^^^^^^^^^^
[INFO] [stdout]     |
[INFO] [stdout]     = note: this error originates in the macro `$crate::sqlx_macros::expand_query` which comes from the expansion of the macro `sqlx::query` (in Nightly builds, run with -Z macro-backtrace for more info)
[INFO] [stdout] 
[INFO] [stdout] 
[INFO] [stdout] error: error communicating with database: Connection refused (os error 111)
[INFO] [stdout]    --> src/services/panel/badges_service.rs:143:30
[INFO] [stdout]     |
[INFO] [stdout] 143 |       let total_badges = match sqlx::query_scalar!(
[INFO] [stdout]     |  ______________________________^
[INFO] [stdout] 144 | |         r#"SELECT COUNT(*) FROM members_meta WHERE owner = $1 AND meta_type = 'badge'"#,
[INFO] [stdout] 145 | |         user_additional.id
[INFO] [stdout] 146 | |     )
[INFO] [stdout]     | |_____^
[INFO] [stdout]     |
[INFO] [stdout]     = note: this error originates in the macro `$crate::sqlx_macros::expand_query` which comes from the expansion of the macro `sqlx::query_scalar` (in Nightly builds, run with -Z macro-backtrace for more info)
[INFO] [stdout] 
[INFO] [stdout] 
[INFO] [stdout] error: error communicating with database: Connection refused (os error 111)
[INFO] [stdout]    --> src/services/panel/badges_service.rs:161:24
[INFO] [stdout]     |
[INFO] [stdout] 161 |       let badges = match sqlx::query_as!(
[INFO] [stdout]     |  ________________________^
[INFO] [stdout] 162 | |         Badge,
[INFO] [stdout] 163 | |         r#"SELECT
[INFO] [stdout] 164 | |         b.emoji,
[INFO] [stdout] ...   |
[INFO] [stdout] 179 | |         offset as i64
[INFO] [stdout] 180 | |     )
[INFO] [stdout]     | |_____^
[INFO] [stdout]     |
[INFO] [stdout]     = note: this error originates in the macro `$crate::sqlx_macros::expand_query` which comes from the expansion of the macro `sqlx::query_as` (in Nightly builds, run with -Z macro-backtrace for more info)
[INFO] [stdout] 
[INFO] [stdout] 
[INFO] [stdout] error: error communicating with database: Connection refused (os error 111)
[INFO] [stdout]   --> src/services/members_service/me_service.rs:17:26
[INFO] [stdout]    |
[INFO] [stdout] 17 |     let username = match sqlx::query!("SELECT username FROM members WHERE id=$1", id_num)
[INFO] [stdout]    |                          ^^^^^^^^^^^^^^^^^^^^^^^^^^^^^^^^^^^^^^^^^^^^^^^^^^^^^^^^^^^^^^^^
[INFO] [stdout]    |
[INFO] [stdout]    = note: this error originates in the macro `$crate::sqlx_macros::expand_query` which comes from the expansion of the macro `sqlx::query` (in Nightly builds, run with -Z macro-backtrace for more info)
[INFO] [stdout] 
[INFO] [stdout] 
[INFO] [stdout] error: error communicating with database: Connection refused (os error 111)
[INFO] [stdout]   --> src/services/panel/badges_service.rs:21:16
[INFO] [stdout]    |
[INFO] [stdout] 21 |     let role = sqlx::query!(r#"SELECT user_role FROM members WHERE id = $1"#, real_id)
[INFO] [stdout]    |                ^^^^^^^^^^^^^^^^^^^^^^^^^^^^^^^^^^^^^^^^^^^^^^^^^^^^^^^^^^^^^^^^^^^^^^^
[INFO] [stdout]    |
[INFO] [stdout]    = note: this error originates in the macro `$crate::sqlx_macros::expand_query` which comes from the expansion of the macro `sqlx::query` (in Nightly builds, run with -Z macro-backtrace for more info)
[INFO] [stdout] 
[INFO] [stdout] 
[INFO] [stdout] error: error communicating with database: Connection refused (os error 111)
[INFO] [stdout]   --> src/services/panel/badges_service.rs:44:18
[INFO] [stdout]    |
[INFO] [stdout] 44 |       let badges = sqlx::query_as!(
[INFO] [stdout]    |  __________________^
[INFO] [stdout] 45 | |         Badge,
[INFO] [stdout] 46 | |         r#"SELECT emoji , title , subtitle , rarity , accent , iconbg , glow FROM badges"#
[INFO] [stdout] 47 | |     )
[INFO] [stdout]    | |_____^
[INFO] [stdout]    |
[INFO] [stdout]    = note: this error originates in the macro `$crate::sqlx_macros::expand_query` which comes from the expansion of the macro `sqlx::query_as` (in Nightly builds, run with -Z macro-backtrace for more info)
[INFO] [stdout] 
[INFO] [stdout] 
[INFO] [stdout] error: error communicating with database: Connection refused (os error 111)
[INFO] [stdout]   --> src/services/panel/badges_service.rs:89:15
[INFO] [stdout]    |
[INFO] [stdout] 89 |         match sqlx::query!(r#"SELECT id  FROM members WHERE username = $1"#, username)
[INFO] [stdout]    |               ^^^^^^^^^^^^^^^^^^^^^^^^^^^^^^^^^^^^^^^^^^^^^^^^^^^^^^^^^^^^^^^^^^^^^^^^
[INFO] [stdout]    |
[INFO] [stdout]    = note: this error originates in the macro `$crate::sqlx_macros::expand_query` which comes from the expansion of the macro `sqlx::query` (in Nightly builds, run with -Z macro-backtrace for more info)
[INFO] [stdout] 
[INFO] [stdout] 
[INFO] [stdout] error: error communicating with database: Connection refused (os error 111)
[INFO] [stdout]    --> src/services/panel/badges_service.rs:111:30
[INFO] [stdout]     |
[INFO] [stdout] 111 |     let current_user = match sqlx::query!(r#"SELECT user_role  FROM members WHERE id = $1"#, id)
[INFO] [stdout]     |                              ^^^^^^^^^^^^^^^^^^^^^^^^^^^^^^^^^^^^^^^^^^^^^^^^^^^^^^^^^^^^^^^^^^^
[INFO] [stdout]     |
[INFO] [stdout]     = note: this error originates in the macro `$crate::sqlx_macros::expand_query` which comes from the expansion of the macro `sqlx::query` (in Nightly builds, run with -Z macro-backtrace for more info)
[INFO] [stdout] 
[INFO] [stdout] 
[INFO] [stdout] error: error communicating with database: Connection refused (os error 111)
[INFO] [stdout]    --> src/services/panel/badges_service.rs:143:30
[INFO] [stdout]     |
[INFO] [stdout] 143 |       let total_badges = match sqlx::query_scalar!(
[INFO] [stdout]     |  ______________________________^
[INFO] [stdout] 144 | |         r#"SELECT COUNT(*) FROM members_meta WHERE owner = $1 AND meta_type = 'badge'"#,
[INFO] [stdout] 145 | |         user_additional.id
[INFO] [stdout] 146 | |     )
[INFO] [stdout]     | |_____^
[INFO] [stdout]     |
[INFO] [stdout]     = note: this error originates in the macro `$crate::sqlx_macros::expand_query` which comes from the expansion of the macro `sqlx::query_scalar` (in Nightly builds, run with -Z macro-backtrace for more info)
[INFO] [stdout] 
[INFO] [stdout] 
[INFO] [stdout] error: error communicating with database: Connection refused (os error 111)
[INFO] [stdout]    --> src/services/panel/badges_service.rs:161:24
[INFO] [stdout]     |
[INFO] [stdout] 161 |       let badges = match sqlx::query_as!(
[INFO] [stdout]     |  ________________________^
[INFO] [stdout] 162 | |         Badge,
[INFO] [stdout] 163 | |         r#"SELECT
[INFO] [stdout] 164 | |         b.emoji,
[INFO] [stdout] ...   |
[INFO] [stdout] 179 | |         offset as i64
[INFO] [stdout] 180 | |     )
[INFO] [stdout]     | |_____^
[INFO] [stdout]     |
[INFO] [stdout]     = note: this error originates in the macro `$crate::sqlx_macros::expand_query` which comes from the expansion of the macro `sqlx::query_as` (in Nightly builds, run with -Z macro-backtrace for more info)
[INFO] [stdout] 
[INFO] [stdout] 
[INFO] [stdout] warning: unused import: `http::StatusCode`
[INFO] [stdout]  --> src/controllers/auth_controller.rs:2:5
[INFO] [stdout]   |
[INFO] [stdout] 2 | use http::StatusCode;
[INFO] [stdout]   |     ^^^^^^^^^^^^^^^^
[INFO] [stdout]   |
[INFO] [stdout]   = note: `#[warn(unused_imports)]` (part of `#[warn(unused)]`) on by default
[INFO] [stdout] 
[INFO] [stdout] 
[INFO] [stdout] warning: unused import: `serde_json::Value`
[INFO] [stdout]  --> src/controllers/auth_controller.rs:3:5
[INFO] [stdout]   |
[INFO] [stdout] 3 | use serde_json::Value;
[INFO] [stdout]   |     ^^^^^^^^^^^^^^^^^
[INFO] [stdout] 
[INFO] [stdout] 
[INFO] [stdout] warning: unused import: `sqlx::PgPool`
[INFO] [stdout]  --> src/controllers/auth_controller.rs:4:5
[INFO] [stdout]   |
[INFO] [stdout] 4 | use sqlx::PgPool;
[INFO] [stdout]   |     ^^^^^^^^^^^^
[INFO] [stdout] 
[INFO] [stdout] 
[INFO] [stdout] warning: unused import: `sqlx::types::Json`
[INFO] [stdout]  --> src/controllers/auth_controller.rs:5:5
[INFO] [stdout]   |
[INFO] [stdout] 5 | use sqlx::types::Json;
[INFO] [stdout]   |     ^^^^^^^^^^^^^^^^^
[INFO] [stdout] 
[INFO] [stdout] 
[INFO] [stdout] warning: unused import: `serde_json::json`
[INFO] [stdout]  --> src/controllers/members_controller.rs:7:5
[INFO] [stdout]   |
[INFO] [stdout] 7 | use serde_json::json;
[INFO] [stdout]   |     ^^^^^^^^^^^^^^^^
[INFO] [stdout] 
[INFO] [stdout] 
[INFO] [stdout] warning: unused import: `crate::utils::hasher::hash_password`
[INFO] [stdout]  --> src/services/authentication/login_service.rs:3:5
[INFO] [stdout]   |
[INFO] [stdout] 3 | use crate::utils::hasher::hash_password;
[INFO] [stdout]   |     ^^^^^^^^^^^^^^^^^^^^^^^^^^^^^^^^^^^
[INFO] [stdout] 
[INFO] [stdout] 
[INFO] [stdout] warning: unused import: `crate::utils::sanitize`
[INFO] [stdout]  --> src/services/authentication/login_service.rs:5:5
[INFO] [stdout]   |
[INFO] [stdout] 5 | use crate::utils::sanitize;
[INFO] [stdout]   |     ^^^^^^^^^^^^^^^^^^^^^^
[INFO] [stdout] 
[INFO] [stdout] 
[INFO] [stdout] warning: unused import: `Error`
[INFO] [stdout]  --> src/services/authentication/login_service.rs:9:12
[INFO] [stdout]   |
[INFO] [stdout] 9 | use sqlx::{Error, PgPool};
[INFO] [stdout]   |            ^^^^^
[INFO] [stdout] 
[INFO] [stdout] 
[INFO] [stdout] warning: unused import: `actix_web::cookie::time::OffsetDateTime`
[INFO] [stdout]  --> src/services/members_service/get_member_detail.rs:2:5
[INFO] [stdout]   |
[INFO] [stdout] 2 | use actix_web::cookie::time::OffsetDateTime;
[INFO] [stdout]   |     ^^^^^^^^^^^^^^^^^^^^^^^^^^^^^^^^^^^^^^^
[INFO] [stdout] 
[INFO] [stdout] 
[INFO] [stdout] warning: unused import: `NaiveDateTime`
[INFO] [stdout]  --> src/services/members_service/get_member_detail.rs:4:35
[INFO] [stdout]   |
[INFO] [stdout] 4 | use chrono::{DateTime, NaiveDate, NaiveDateTime, Utc};
[INFO] [stdout]   |                                   ^^^^^^^^^^^^^
[INFO] [stdout] 
[INFO] [stdout] 
[INFO] [stdout] warning: unused imports: `Decode` and `FromRow`
[INFO] [stdout]   --> src/services/members_service/get_member_detail.rs:10:12
[INFO] [stdout]    |
[INFO] [stdout] 10 | use sqlx::{Decode, Error, FromRow};
[INFO] [stdout]    |            ^^^^^^         ^^^^^^^
[INFO] [stdout] 
[INFO] [stdout] 
[INFO] [stdout] warning: unused import: `std::panic::Location`
[INFO] [stdout]  --> src/structs/login_struct.rs:2:5
[INFO] [stdout]   |
[INFO] [stdout] 2 | use std::panic::Location;
[INFO] [stdout]   |     ^^^^^^^^^^^^^^^^^^^^
[INFO] [stdout] 
[INFO] [stdout] 
[INFO] [stdout] warning: unused import: `http::StatusCode`
[INFO] [stdout]  --> src/controllers/auth_controller.rs:2:5
[INFO] [stdout]   |
[INFO] [stdout] 2 | use http::StatusCode;
[INFO] [stdout]   |     ^^^^^^^^^^^^^^^^
[INFO] [stdout]   |
[INFO] [stdout]   = note: `#[warn(unused_imports)]` (part of `#[warn(unused)]`) on by default
[INFO] [stdout] 
[INFO] [stdout] 
[INFO] [stdout] warning: unused import: `serde_json::Value`
[INFO] [stdout]  --> src/controllers/auth_controller.rs:3:5
[INFO] [stdout]   |
[INFO] [stdout] 3 | use serde_json::Value;
[INFO] [stdout]   |     ^^^^^^^^^^^^^^^^^
[INFO] [stdout] 
[INFO] [stdout] 
[INFO] [stdout] warning: unused import: `sqlx::PgPool`
[INFO] [stdout]  --> src/controllers/auth_controller.rs:4:5
[INFO] [stdout]   |
[INFO] [stdout] 4 | use sqlx::PgPool;
[INFO] [stdout]   |     ^^^^^^^^^^^^
[INFO] [stdout] 
[INFO] [stdout] 
[INFO] [stdout] warning: unused import: `sqlx::types::Json`
[INFO] [stdout]  --> src/controllers/auth_controller.rs:5:5
[INFO] [stdout]   |
[INFO] [stdout] 5 | use sqlx::types::Json;
[INFO] [stdout]   |     ^^^^^^^^^^^^^^^^^
[INFO] [stdout] 
[INFO] [stdout] 
[INFO] [stdout] warning: unused import: `serde_json::json`
[INFO] [stdout]  --> src/controllers/members_controller.rs:7:5
[INFO] [stdout]   |
[INFO] [stdout] 7 | use serde_json::json;
[INFO] [stdout]   |     ^^^^^^^^^^^^^^^^
[INFO] [stdout] 
[INFO] [stdout] 
[INFO] [stdout] warning: unused import: `crate::utils::hasher::hash_password`
[INFO] [stdout]  --> src/services/authentication/login_service.rs:3:5
[INFO] [stdout]   |
[INFO] [stdout] 3 | use crate::utils::hasher::hash_password;
[INFO] [stdout]   |     ^^^^^^^^^^^^^^^^^^^^^^^^^^^^^^^^^^^
[INFO] [stdout] 
[INFO] [stdout] 
[INFO] [stdout] warning: unused import: `crate::utils::sanitize`
[INFO] [stdout]  --> src/services/authentication/login_service.rs:5:5
[INFO] [stdout]   |
[INFO] [stdout] 5 | use crate::utils::sanitize;
[INFO] [stdout]   |     ^^^^^^^^^^^^^^^^^^^^^^
[INFO] [stdout] 
[INFO] [stdout] 
[INFO] [stdout] warning: unused import: `Error`
[INFO] [stdout]  --> src/services/authentication/login_service.rs:9:12
[INFO] [stdout]   |
[INFO] [stdout] 9 | use sqlx::{Error, PgPool};
[INFO] [stdout]   |            ^^^^^
[INFO] [stdout] 
[INFO] [stdout] 
[INFO] [stdout] warning: unused import: `actix_web::cookie::time::OffsetDateTime`
[INFO] [stdout]  --> src/services/members_service/get_member_detail.rs:2:5
[INFO] [stdout]   |
[INFO] [stdout] 2 | use actix_web::cookie::time::OffsetDateTime;
[INFO] [stdout]   |     ^^^^^^^^^^^^^^^^^^^^^^^^^^^^^^^^^^^^^^^
[INFO] [stdout] 
[INFO] [stdout] 
[INFO] [stdout] warning: unused import: `NaiveDateTime`
[INFO] [stdout]  --> src/services/members_service/get_member_detail.rs:4:35
[INFO] [stdout]   |
[INFO] [stdout] 4 | use chrono::{DateTime, NaiveDate, NaiveDateTime, Utc};
[INFO] [stdout]   |                                   ^^^^^^^^^^^^^
[INFO] [stdout] 
[INFO] [stdout] 
[INFO] [stdout] warning: unused imports: `Decode` and `FromRow`
[INFO] [stdout]   --> src/services/members_service/get_member_detail.rs:10:12
[INFO] [stdout]    |
[INFO] [stdout] 10 | use sqlx::{Decode, Error, FromRow};
[INFO] [stdout]    |            ^^^^^^         ^^^^^^^
[INFO] [stdout] 
[INFO] [stdout] 
[INFO] [stdout] warning: unused import: `std::panic::Location`
[INFO] [stdout]  --> src/structs/login_struct.rs:2:5
[INFO] [stdout]   |
[INFO] [stdout] 2 | use std::panic::Location;
[INFO] [stdout]   |     ^^^^^^^^^^^^^^^^^^^^
[INFO] [stdout] 
[INFO] [stdout] 
[INFO] [stderr] error: could not compile `wtcs-team-back` (bin "wtcs-team-back") due to 11 previous errors; 12 warnings emitted
[INFO] [stderr] warning: build failed, waiting for other jobs to finish...
[INFO] [stderr] error: could not compile `wtcs-team-back` (bin "wtcs-team-back" test) due to 11 previous errors; 12 warnings emitted
[INFO] running `Command { std: "docker" "inspect" "5c0c1dd421fa9ec2bc8c721135c15630316e58bf9aeb53d3d68f35b01dd6d44e", kill_on_drop: false }`
[INFO] running `Command { std: "docker" "rm" "-f" "5c0c1dd421fa9ec2bc8c721135c15630316e58bf9aeb53d3d68f35b01dd6d44e", kill_on_drop: false }`
[INFO] [stdout] 5c0c1dd421fa9ec2bc8c721135c15630316e58bf9aeb53d3d68f35b01dd6d44e
