[INFO] cloning repository https://github.com/aloks98/argus
[INFO] running `Command { std: "git" "-c" "credential.helper=" "-c" "credential.helper=/workspace/cargo-home/bin/git-credential-null" "clone" "--bare" "https://github.com/aloks98/argus" "/workspace/cache/git-repos/https%3A%2F%2Fgithub.com%2Faloks98%2Fargus", kill_on_drop: false }`
[INFO] [stderr] Cloning into bare repository '/workspace/cache/git-repos/https%3A%2F%2Fgithub.com%2Faloks98%2Fargus'...
[INFO] running `Command { std: "git" "rev-parse" "HEAD", kill_on_drop: false }`
[INFO] [stdout] 34e8da089e56e29f26f7d91986310961213390fa
[INFO] checking aloks98/argus against 3154cc1a3e6424e44f438a95007d043ed5ceaaf6+rustflags=-Znext-solver=coherence for pr-133502-30
[INFO] running `Command { std: "git" "clone" "/workspace/cache/git-repos/https%3A%2F%2Fgithub.com%2Faloks98%2Fargus" "/workspace/builds/worker-1-tc1/source", kill_on_drop: false }`
[INFO] [stderr] Cloning into '/workspace/builds/worker-1-tc1/source'...
[INFO] [stderr] done.
[INFO] removed /workspace/builds/worker-1-tc1/source/rust-toolchain.toml
[INFO] started tweaking git repo https://github.com/aloks98/argus
[INFO] finished tweaking git repo https://github.com/aloks98/argus
[INFO] tweaked toml for git repo https://github.com/aloks98/argus written to /workspace/builds/worker-1-tc1/source/Cargo.toml
[INFO] validating manifest of git repo https://github.com/aloks98/argus on toolchain 3154cc1a3e6424e44f438a95007d043ed5ceaaf6
[INFO] running `Command { std: CARGO_HOME="/workspace/cargo-home" RUSTUP_HOME="/workspace/rustup-home" "/workspace/cargo-home/bin/cargo" "+3154cc1a3e6424e44f438a95007d043ed5ceaaf6" "metadata" "--manifest-path" "Cargo.toml" "--no-deps", kill_on_drop: false }`
[INFO] crate git repo https://github.com/aloks98/argus already has a lockfile, it will not be regenerated
[INFO] running `Command { std: CARGO_HOME="/workspace/cargo-home" RUSTUP_HOME="/workspace/rustup-home" "/workspace/cargo-home/bin/cargo" "+3154cc1a3e6424e44f438a95007d043ed5ceaaf6" "fetch" "--manifest-path" "Cargo.toml", kill_on_drop: false }`
[INFO] [stderr] warning: unused workspace dependency `thiserror`
[INFO] [stderr]   --> Cargo.toml:25:1
[INFO] [stderr]    |
[INFO] [stderr] 25 | thiserror = "2"
[INFO] [stderr]    | ^^^^^^^^^
[INFO] [stderr]    |
[INFO] [stderr]    = note: `cargo::unused_workspace_dependencies` is set to `warn` by default
[INFO] [stderr] help: consider removing the workspace dependency `thiserror`
[INFO] [stderr] warning: unused field `license` in `workspace.package`
[INFO] [stderr]    --> Cargo.toml:108:1
[INFO] [stderr]     |
[INFO] [stderr] 108 | license = "AGPL-3.0-only"
[INFO] [stderr]     | ^^^^^^^
[INFO] [stderr]     |
[INFO] [stderr]     = note: `cargo::unused_workspace_package_fields` is set to `warn` by default
[INFO] [stderr] help: consider removing the field `workspace.package.license`
[INFO] [stderr] warning: workspace (manifest) generated 2 warnings
[INFO] [stderr]     Blocking waiting for file lock on package cache
[INFO] [stderr]     Updating crates.io index
[INFO] [stderr]     Blocking waiting for file lock on package cache
[INFO] [stderr]  Downloading crates ...
[INFO] [stderr]   Downloaded zvariant_utils v3.5.0
[INFO] [stderr]   Downloaded futures-io v0.3.33
[INFO] [stderr]   Downloaded asn1-rs-derive v0.5.1
[INFO] [stderr]   Downloaded rusticata-macros v4.1.0
[INFO] [stderr]   Downloaded windows-threading v0.2.1
[INFO] [stderr]   Downloaded wasm-bindgen-macro v0.2.126
[INFO] [stderr]   Downloaded asn1-rs-impl v0.2.0
[INFO] [stderr]   Downloaded futures-task v0.3.33
[INFO] [stderr]   Downloaded futures-sink v0.3.33
[INFO] [stderr]   Downloaded enumflags2_derive v0.7.12
[INFO] [stderr]   Downloaded endi v1.1.1
[INFO] [stderr]   Downloaded futures-macro v0.3.33
[INFO] [stderr]   Downloaded http-body v1.0.1
[INFO] [stderr]   Downloaded asn1-rs-derive v0.6.0
[INFO] [stderr]   Downloaded tokio-macros v2.7.0
[INFO] [stderr]   Downloaded tonic-prost v0.14.6
[INFO] [stderr]   Downloaded quote v1.0.46
[INFO] [stderr]   Downloaded zvariant_derive v5.13.1
[INFO] [stderr]   Downloaded displaydoc v0.2.6
[INFO] [stderr]   Downloaded memchr v2.8.2
[INFO] [stderr]   Downloaded wasm-bindgen-shared v0.2.126
[INFO] [stderr]   Downloaded async-recursion v1.1.1
[INFO] [stderr]   Downloaded windows-numerics v0.3.1
[INFO] [stderr]   Downloaded async-broadcast v0.7.2
[INFO] [stderr]   Downloaded oid-registry v0.7.1
[INFO] [stderr]   Downloaded data-encoding v2.11.0
[INFO] [stderr]   Downloaded hyper-timeout v0.5.2
[INFO] [stderr]   Downloaded prost-derive v0.14.4
[INFO] [stderr]   Downloaded windows-collections v0.3.2
[INFO] [stderr]   Downloaded enumflags2 v0.7.12
[INFO] [stderr]   Downloaded futures-core v0.3.33
[INFO] [stderr]   Downloaded http-body-util v0.1.3
[INFO] [stderr]   Downloaded either v1.16.0
[INFO] [stderr]   Downloaded rustls-pemfile v2.2.0
[INFO] [stderr]   Downloaded fastrand v2.4.1
[INFO] [stderr]   Downloaded async-trait v0.1.89
[INFO] [stderr]   Downloaded thread_local v1.1.9
[INFO] [stderr]   Downloaded pin-project-internal v1.1.13
[INFO] [stderr]   Downloaded tokio-tungstenite v0.29.0
[INFO] [stderr]   Downloaded thiserror v2.0.18
[INFO] [stderr]   Downloaded thiserror-impl v2.0.18
[INFO] [stderr]   Downloaded axum-core v0.5.6
[INFO] [stderr]   Downloaded windows-future v0.3.2
[INFO] [stderr]   Downloaded toml_parser v1.1.2+spec-1.1.0
[INFO] [stderr]   Downloaded zbus_names v4.3.4
[INFO] [stderr]   Downloaded zbus_macros v5.18.0
[INFO] [stderr]   Downloaded uuid v1.23.4
[INFO] [stderr]   Downloaded uds_windows v1.2.1
[INFO] [stderr]   Downloaded ordered-stream v0.2.0
[INFO] [stderr]   Downloaded event-listener v5.4.1
[INFO] [stderr]   Downloaded crossbeam-utils v0.8.21
[INFO] [stderr]   Downloaded time-macros v0.2.31
[INFO] [stderr]   Downloaded der-parser v9.0.0
[INFO] [stderr]   Downloaded tokio-stream v0.1.18
[INFO] [stderr]   Downloaded ipnet v2.12.0
[INFO] [stderr]   Downloaded futures-channel v0.3.32
[INFO] [stderr]   Downloaded matchit v0.8.4
[INFO] [stderr]   Downloaded prost v0.14.4
[INFO] [stderr]   Downloaded anyhow v1.0.103
[INFO] [stderr]   Downloaded potential_utf v0.1.5
[INFO] [stderr]   Downloaded hyperlocal v0.9.1
[INFO] [stderr]   Downloaded bitflags v2.13.0
[INFO] [stderr]   Downloaded objc2-open-directory v0.3.2
[INFO] [stderr]   Downloaded serde_plain v1.0.2
[INFO] [stderr]   Downloaded wasm-bindgen v0.2.126
[INFO] [stderr]   Downloaded log v0.4.33
[INFO] [stderr]   Downloaded socket2 v0.6.4
[INFO] [stderr]   Downloaded bytes v1.12.0
[INFO] [stderr]   Downloaded asn1-rs v0.6.2
[INFO] [stderr]   Downloaded rustls-pki-types v1.15.0
[INFO] [stderr]   Downloaded pin-project v1.1.13
[INFO] [stderr]   Downloaded tungstenite v0.29.0
[INFO] [stderr]   Downloaded rcgen v0.14.8
[INFO] [stderr]   Downloaded oid-registry v0.8.1
[INFO] [stderr]   Downloaded tinystr v0.8.3
[INFO] [stderr]   Downloaded hyper-named-pipe v0.1.1
[INFO] [stderr]   Downloaded sha1 v0.11.0
[INFO] [stderr]   Downloaded pkcs1 v0.7.5
[INFO] [stderr]   Downloaded universal-hash v0.5.1
[INFO] [stderr]   Downloaded opaque-debug v0.3.1
[INFO] [stderr]   Downloaded zvariant v5.13.1
[INFO] [stderr]   Downloaded wasm-bindgen-macro-support v0.2.126
[INFO] [stderr]   Downloaded x509-parser v0.16.0
[INFO] [stderr]   Downloaded minimal-lexical v0.2.1
[INFO] [stderr]   Downloaded rustls-webpki v0.103.13
[INFO] [stderr]   Downloaded cc v1.2.65
[INFO] [stderr]   Downloaded http v1.4.2
[INFO] [stderr]   Downloaded rand v0.9.4
[INFO] [stderr]   Downloaded zerocopy-derive v0.8.52
[INFO] [stderr]   Downloaded ref-cast-impl v1.0.26
[INFO] [stderr]   Downloaded cpufeatures v0.3.0
[INFO] [stderr]   Downloaded sqlx-macros-core v0.9.0
[INFO] [stderr]   Downloaded ordered-float v2.10.1
[INFO] [stderr]   Downloaded ghash v0.5.1
[INFO] [stderr]   Downloaded polyval v0.6.2
[INFO] [stderr]   Downloaded indexmap v2.14.0
[INFO] [stderr]   Downloaded js-sys v0.3.103
[INFO] [stderr]   Downloaded mio v1.2.1
[INFO] [stderr]   Downloaded nom v7.1.3
[INFO] [stderr]   Downloaded num-bigint v0.4.7
[INFO] [stderr]   Downloaded tonic v0.14.6
[INFO] [stderr]   Downloaded x509-parser v0.18.1
[INFO] [stderr]   Downloaded shell-words v1.1.1
[INFO] [stderr]   Downloaded ref-cast v1.0.26
[INFO] [stderr]   Downloaded tonic-prost-build v0.14.6
[INFO] [stderr]   Downloaded tonic-build v0.14.6
[INFO] [stderr]   Downloaded protox-parse v0.9.0
[INFO] [stderr]   Downloaded crc32fast v1.5.0
[INFO] [stderr]   Downloaded security-framework v3.7.0
[INFO] [stderr]   Downloaded num-bigint-dig v0.8.6
[INFO] [stderr]   Downloaded num-iter v0.1.46
[INFO] [stderr]   Downloaded futures-util v0.3.33
[INFO] [stderr]   Downloaded aho-corasick v1.1.4
[INFO] [stderr]   Downloaded tokio-util v0.7.18
[INFO] [stderr]   Downloaded hyper v1.10.1
[INFO] [stderr]   Downloaded h2 v0.4.15
[INFO] [stderr]   Downloaded axum v0.8.9
[INFO] [stderr]   Downloaded serde_json v1.0.150
[INFO] [stderr]   Downloaded multimap v0.10.1
[INFO] [stderr]   Downloaded logos-derive v0.15.1
[INFO] [stderr]   Downloaded logos-derive v0.16.1
[INFO] [stderr]   Downloaded compression-core v0.4.32
[INFO] [stderr]   Downloaded crossbeam-queue v0.3.12
[INFO] [stderr]   Downloaded crc v3.4.0
[INFO] [stderr]   Downloaded atoi v2.0.0
[INFO] [stderr]   Downloaded crypto-common v0.2.2
[INFO] [stderr]   Downloaded block-buffer v0.12.1
[INFO] [stderr]   Downloaded md-5 v0.11.0
[INFO] [stderr]   Downloaded etcetera v0.11.0
[INFO] [stderr]   Downloaded zbus v5.18.0
[INFO] [stderr]   Downloaded sysinfo v0.39.5
[INFO] [stderr]   Downloaded asn1-rs v0.7.2
[INFO] [stderr]   Downloaded cfg_aliases v0.1.1
[INFO] [stderr]   Downloaded filedescriptor v0.8.3
[INFO] [stderr]   Downloaded writeable v0.6.3
[INFO] [stderr]   Downloaded pulldown-cmark-to-cmark v22.0.0
[INFO] [stderr]   Downloaded fixedbitset v0.5.7
[INFO] [stderr]   Downloaded protox v0.9.1
[INFO] [stderr]   Downloaded miette-derive v7.6.0
[INFO] [stderr]   Downloaded beef v0.5.2
[INFO] [stderr]   Downloaded logos v0.16.1
[INFO] [stderr]   Downloaded crc-catalog v2.5.0
[INFO] [stderr]   Downloaded pkg-config v0.3.33
[INFO] [stderr]   Downloaded futures-executor v0.3.32
[INFO] [stderr]   Downloaded whoami v2.1.2
[INFO] [stderr]   Downloaded stringprep v0.1.5
[INFO] [stderr]   Downloaded digest v0.11.3
[INFO] [stderr]   Downloaded ctutils v0.4.2
[INFO] [stderr]   Downloaded cmov v0.5.4
[INFO] [stderr]   Downloaded hybrid-array v0.4.13
[INFO] [stderr]   Downloaded hmac v0.13.0
[INFO] [stderr]   Downloaded dotenvy v0.15.7
[INFO] [stderr]   Downloaded openidconnect v4.0.1
[INFO] [stderr]   Downloaded ctr v0.9.2
[INFO] [stderr]   Downloaded time v0.3.53
[INFO] [stderr]   Downloaded bit-vec v0.9.1
[INFO] [stderr]   Downloaded portable-pty v0.9.0
[INFO] [stderr]   Downloaded winreg v0.10.1
[INFO] [stderr]   Downloaded litemap v0.8.2
[INFO] [stderr]   Downloaded icu_normalizer v2.2.0
[INFO] [stderr]   Downloaded serde_with_macros v3.21.0
[INFO] [stderr]   Downloaded compression-codecs v0.4.38
[INFO] [stderr]   Downloaded hashlink v0.11.1
[INFO] [stderr]   Downloaded flume v0.12.0
[INFO] [stderr]   Downloaded sha2 v0.11.0
[INFO] [stderr]   Downloaded chacha20 v0.10.1
[INFO] [stderr]   Downloaded rust-embed-utils v8.11.0
[INFO] [stderr]   Downloaded syn v2.0.118
[INFO] [stderr]   Downloaded syn v3.0.3
[INFO] [stderr]   Downloaded zerocopy v0.8.52
[INFO] [stderr]   Downloaded yasna v0.6.0
[INFO] [stderr]   Downloaded serial2 v0.2.37
[INFO] [stderr]   Downloaded icu_properties v2.2.0
[INFO] [stderr]   Downloaded zerovec-derive v0.11.3
[INFO] [stderr]   Downloaded icu_provider v2.2.0
[INFO] [stderr]   Downloaded icu_collections v2.2.0
[INFO] [stderr]   Downloaded icu_normalizer_data v2.2.0
[INFO] [stderr]   Downloaded tinyvec v1.11.0
[INFO] [stderr]   Downloaded prost-types v0.14.4
[INFO] [stderr]   Downloaded prost-build v0.14.4
[INFO] [stderr]   Downloaded logos-codegen v0.15.1
[INFO] [stderr]   Downloaded logos-codegen v0.16.1
[INFO] [stderr]   Downloaded unicode-properties v0.1.4
[INFO] [stderr]   Downloaded sqlx-mysql v0.9.0
[INFO] [stderr]   Downloaded sqlx-macros v0.9.0
[INFO] [stderr]   Downloaded rust-embed-impl v8.11.0
[INFO] [stderr]   Downloaded wasm-bindgen-futures v0.4.76
[INFO] [stderr]   Downloaded rustls-native-certs v0.8.4
[INFO] [stderr]   Downloaded security-framework-sys v2.17.0
[INFO] [stderr]   Downloaded schannel v0.1.29
[INFO] [stderr]   Downloaded oauth2 v5.0.0
[INFO] [stderr]   Downloaded axum-extra v0.10.3
[INFO] [stderr]   Downloaded cookie v0.18.1
[INFO] [stderr]   Downloaded aead v0.5.2
[INFO] [stderr]   Downloaded der-parser v10.0.0
[INFO] [stderr]   Downloaded sqlx-sqlite v0.9.0
[INFO] [stderr]   Downloaded futures-intrusive v0.5.0
[INFO] [stderr]   Downloaded unicode-bidi v0.3.18
[INFO] [stderr]   Downloaded rustls v0.23.41
[INFO] [stderr]   Downloaded icu_locale_core v2.2.0
[INFO] [stderr]   Downloaded bollard-stubs v1.49.1-rc.28.4.0
[INFO] [stderr]   Downloaded miette v7.6.0
[INFO] [stderr]   Downloaded async-compression v0.4.43
[INFO] [stderr]   Downloaded flate2 v1.1.9
[INFO] [stderr]   Downloaded zerotrie v0.2.4
[INFO] [stderr]   Downloaded prost-reflect v0.16.4
[INFO] [stderr]   Downloaded aes v0.8.4
[INFO] [stderr]   Downloaded zerovec v0.11.6
[INFO] [stderr]   Downloaded hkdf v0.12.4
[INFO] [stderr]   Downloaded aes-gcm v0.10.3
[INFO] [stderr]   Downloaded bollard v0.19.4
[INFO] [stderr]   Downloaded regex v1.12.4
[INFO] [stderr]   Downloaded pulldown-cmark v0.13.4
[INFO] [stderr]   Downloaded sqlx-core v0.9.0
[INFO] [stderr]   Downloaded sqlx-postgres v0.9.0
[INFO] [stderr]   Downloaded hkdf v0.13.0
[INFO] [stderr]   Downloaded icu_properties_data v2.2.0
[INFO] [stderr]   Downloaded tower-http v0.7.0
[INFO] [stderr]   Downloaded openssl-probe v0.2.1
[INFO] [stderr]   Downloaded objc2-io-kit v0.3.2
[INFO] [stderr]   Downloaded sqlx v0.9.0
[INFO] [stderr]   Downloaded webpki-roots v1.0.8
[INFO] [stderr]   Downloaded serde_with v3.21.0
[INFO] [stderr]   Downloaded p384 v0.13.1
[INFO] [stderr]   Downloaded regex-automata v0.4.14
[INFO] [stderr]   Downloaded vcpkg v0.2.15
[INFO] [stderr]   Downloaded serde-value v0.7.0
[INFO] [stderr]   Downloaded rsa v0.9.10
[INFO] [stderr]   Downloaded pem-rfc7468 v0.7.0
[INFO] [stderr]   Downloaded rand v0.8.7
[INFO] [stderr]   Downloaded web-sys v0.3.103
[INFO] [stderr]   Downloaded nix v0.28.0
[INFO] [stderr]   Downloaded libc v0.2.186
[INFO] [stderr]   Downloaded quinn-proto v0.11.16
[INFO] [stderr]   Downloaded tokio v1.52.3
[INFO] [stderr]   Downloaded petgraph v0.8.3
[INFO] [stderr]   Downloaded rust-embed v8.11.0
[INFO] [stderr]   Downloaded logos v0.15.1
[INFO] [stderr]   Downloaded libsqlite3-sys v0.37.0
[INFO] [stderr]   Downloaded windows v0.62.2
[INFO] running `Command { std: "docker" "create" "-v" "/var/lib/crater-agent-workspace/builds/worker-1-tc1/source:/opt/rustwide/workdir:ro,Z" "-v" "/var/lib/crater-agent-workspace/builds/worker-1-tc1/target:/opt/rustwide/target:rw,Z" "-v" "/var/lib/crater-agent-workspace/cargo-home:/opt/rustwide/cargo-home:ro,Z" "-v" "/var/lib/crater-agent-workspace/rustup-home:/opt/rustwide/rustup-home:ro,Z" "-m" "1610612736" "--network" "none" "ghcr.io/rust-lang/crates-build-env/linux@sha256:77db811e55d90add9212f6832c23229e3de5f1c1f9905e8cb07319ea15df73ac" "sleep" "infinity", kill_on_drop: false }`
[INFO] [stdout] d372d3da2fb0a784bfd91af881437220707894d00007964b5485fc7d1c8ce89b
[INFO] running `Command { std: "docker" "start" "d372d3da2fb0a784bfd91af881437220707894d00007964b5485fc7d1c8ce89b", kill_on_drop: false }`
[INFO] running `Command { std: "docker" "inspect" "d372d3da2fb0a784bfd91af881437220707894d00007964b5485fc7d1c8ce89b", kill_on_drop: false }`
[INFO] running `Command { std: "docker" "exec" "-e" "SOURCE_DIR=/opt/rustwide/workdir" "-e" "CARGO_HOME=/opt/rustwide/cargo-home" "-e" "RUSTUP_HOME=/opt/rustwide/rustup-home" "-e" "CARGO_TARGET_DIR=/opt/rustwide/target" "-w" "/opt/rustwide/workdir" "--user" "0:0" "d372d3da2fb0a784bfd91af881437220707894d00007964b5485fc7d1c8ce89b" "/opt/rustwide/cargo-home/bin/cargo" "+3154cc1a3e6424e44f438a95007d043ed5ceaaf6" "metadata" "--no-deps" "--format-version=1", kill_on_drop: false }`
[INFO] running `Command { std: "docker" "inspect" "d372d3da2fb0a784bfd91af881437220707894d00007964b5485fc7d1c8ce89b", kill_on_drop: false }`
[INFO] running `Command { std: "docker" "exec" "-e" "SOURCE_DIR=/opt/rustwide/workdir" "-e" "CARGO_HOME=/opt/rustwide/cargo-home" "-e" "RUSTUP_HOME=/opt/rustwide/rustup-home" "-e" "CARGO_TARGET_DIR=/opt/rustwide/target" "-e" "CARGO_INCREMENTAL=0" "-e" "RUST_BACKTRACE=full" "-e" "RUSTFLAGS=--cap-lints=forbid -Znext-solver=coherence" "-e" "RUSTDOCFLAGS=--cap-lints=forbid" "-w" "/opt/rustwide/workdir" "--user" "0:0" "d372d3da2fb0a784bfd91af881437220707894d00007964b5485fc7d1c8ce89b" "/opt/rustwide/cargo-home/bin/cargo" "+3154cc1a3e6424e44f438a95007d043ed5ceaaf6" "check" "--frozen" "--all" "--all-targets" "--message-format=json", kill_on_drop: false }`
[INFO] [stderr] warning: unused workspace dependency `thiserror`
[INFO] [stderr]   --> Cargo.toml:25:1
[INFO] [stderr]    |
[INFO] [stderr] 25 | thiserror = "2"
[INFO] [stderr]    | ^^^^^^^^^
[INFO] [stderr]    |
[INFO] [stderr]    = note: `cargo::unused_workspace_dependencies` is set to `warn` by default
[INFO] [stderr] help: consider removing the workspace dependency `thiserror`
[INFO] [stderr] warning: unused field `license` in `workspace.package`
[INFO] [stderr]    --> Cargo.toml:108:1
[INFO] [stderr]     |
[INFO] [stderr] 108 | license = "AGPL-3.0-only"
[INFO] [stderr]     | ^^^^^^^
[INFO] [stderr]     |
[INFO] [stderr]     = note: `cargo::unused_workspace_package_fields` is set to `warn` by default
[INFO] [stderr] help: consider removing the field `workspace.package.license`
[INFO] [stderr] warning: workspace (manifest) generated 2 warnings
[INFO] [stderr]    Compiling proc-macro2 v1.0.106
[INFO] [stderr]    Compiling quote v1.0.46
[INFO] [stderr]    Compiling unicode-ident v1.0.24
[INFO] [stderr]     Checking cfg-if v1.0.4
[INFO] [stderr]    Compiling libc v0.2.186
[INFO] [stderr]    Compiling serde v1.0.228
[INFO] [stderr]    Compiling serde_core v1.0.228
[INFO] [stderr]    Compiling version_check v0.9.5
[INFO] [stderr]     Checking zeroize v1.9.0
[INFO] [stderr]     Checking typenum v1.20.1
[INFO] [stderr]     Checking subtle v2.6.1
[INFO] [stderr]    Compiling parking_lot_core v0.9.12
[INFO] [stderr]     Checking pin-project-lite v0.2.17
[INFO] [stderr]     Checking const-oid v0.9.6
[INFO] [stderr]     Checking memchr v2.8.2
[INFO] [stderr]     Checking futures-core v0.3.33
[INFO] [stderr]     Checking bytes v1.12.0
[INFO] [stderr]    Compiling autocfg v1.5.1
[INFO] [stderr]     Checking log v0.4.33
[INFO] [stderr]     Checking scopeguard v1.2.0
[INFO] [stderr]     Checking itoa v1.0.18
[INFO] [stderr]     Checking once_cell v1.21.4
[INFO] [stderr]    Compiling generic-array v0.14.9
[INFO] [stderr]    Compiling find-msvc-tools v0.1.9
[INFO] [stderr]    Compiling shlex v2.0.1
[INFO] [stderr]    Compiling thiserror v2.0.18
[INFO] [stderr]     Checking lock_api v0.4.14
[INFO] [stderr]     Checking futures-sink v0.3.33
[INFO] [stderr]     Checking cpufeatures v0.2.17
[INFO] [stderr]    Compiling libm v0.2.16
[INFO] [stderr]    Compiling equivalent v1.0.2
[INFO] [stderr]    Compiling num-traits v0.2.19
[INFO] [stderr]     Checking http v1.4.2
[INFO] [stderr]     Checking futures-io v0.3.33
[INFO] [stderr]    Compiling icu_normalizer_data v2.2.0
[INFO] [stderr]     Checking tracing-core v0.1.36
[INFO] [stderr]     Checking percent-encoding v2.3.2
[INFO] [stderr]    Compiling cc v1.2.65
[INFO] [stderr]    Compiling icu_properties_data v2.2.0
[INFO] [stderr]     Checking slab v0.4.12
[INFO] [stderr]    Compiling zmij v1.0.21
[INFO] [stderr]    Compiling num-conv v0.2.2
[INFO] [stderr]     Checking hashbrown v0.17.1
[INFO] [stderr]    Compiling time-core v0.1.9
[INFO] [stderr]    Compiling serde_json v1.0.150
[INFO] [stderr]     Checking stable_deref_trait v1.2.1
[INFO] [stderr]     Checking futures-task v0.3.33
[INFO] [stderr]    Compiling time-macros v0.2.31
[INFO] [stderr]    Compiling getrandom v0.4.3
[INFO] [stderr]    Compiling httparse v1.10.1
[INFO] [stderr]    Compiling zerocopy v0.8.52
[INFO] [stderr]    Compiling crossbeam-utils v0.8.21
[INFO] [stderr]     Checking base64 v0.22.1
[INFO] [stderr]     Checking http-body v1.0.1
[INFO] [stderr]    Compiling syn v2.0.118
[INFO] [stderr]     Checking indexmap v2.14.0
[INFO] [stderr]     Checking rustls-pki-types v1.15.0
[INFO] [stderr]    Compiling anyhow v1.0.103
[INFO] [stderr]     Checking tower-service v0.3.3
[INFO] [stderr]     Checking block-buffer v0.10.4
[INFO] [stderr]     Checking futures-channel v0.3.32
[INFO] [stderr]    Compiling regex-syntax v0.8.11
[INFO] [stderr]    Compiling semver v1.0.28
[INFO] [stderr]     Checking untrusted v0.9.0
[INFO] [stderr]     Checking form_urlencoded v1.2.2
[INFO] [stderr]    Compiling rustc_version v0.4.1
[INFO] [stderr]     Checking atomic-waker v1.1.2
[INFO] [stderr]     Checking powerfmt v0.2.0
[INFO] [stderr]     Checking fnv v1.0.7
[INFO] [stderr]     Checking try-lock v0.2.5
[INFO] [stderr]     Checking want v0.3.1
[INFO] [stderr]     Checking writeable v0.6.3
[INFO] [stderr]     Checking base64ct v1.8.3
[INFO] [stderr]     Checking litemap v0.8.2
[INFO] [stderr]     Checking httpdate v1.0.3
[INFO] [stderr]    Compiling rustls v0.23.41
[INFO] [stderr]    Compiling bitflags v2.13.0
[INFO] [stderr]    Compiling ring v0.17.14
[INFO] [stderr]     Checking utf8_iter v1.0.4
[INFO] [stderr]     Checking ipnet v2.12.0
[INFO] [stderr]    Compiling rand_core v0.10.1
[INFO] [stderr]    Compiling aho-corasick v1.1.4
[INFO] [stderr]    Compiling getrandom v0.3.4
[INFO] [stderr]     Checking tower-layer v0.3.3
[INFO] [stderr]     Checking pem-rfc7468 v0.7.0
[INFO] [stderr]     Checking http-body-util v0.1.3
[INFO] [stderr]     Checking sync_wrapper v1.0.2
[INFO] [stderr]     Checking der v0.7.10
[INFO] [stderr]     Checking data-encoding v2.11.0
[INFO] [stderr]     Checking minimal-lexical v0.2.1
[INFO] [stderr]     Checking ryu v1.0.23
[INFO] [stderr]    Compiling logos-codegen v0.15.1
[INFO] [stderr]     Checking deranged v0.5.8
[INFO] [stderr]     Checking nom v7.1.3
[INFO] [stderr]    Compiling thiserror v1.0.69
[INFO] [stderr]     Checking num-integer v0.1.46
[INFO] [stderr]    Compiling hybrid-array v0.4.13
[INFO] [stderr]    Compiling prettyplease v0.2.37
[INFO] [stderr]     Checking getrandom v0.2.17
[INFO] [stderr]     Checking errno v0.3.14
[INFO] [stderr]     Checking mio v1.2.1
[INFO] [stderr]     Checking socket2 v0.6.4
[INFO] [stderr]     Checking signal-hook-registry v1.4.8
[INFO] [stderr]     Checking rand_core v0.6.4
[INFO] [stderr]     Checking crypto-common v0.1.6
[INFO] [stderr]    Compiling rustix v1.1.4
[INFO] [stderr]    Compiling pulldown-cmark v0.13.4
[INFO] [stderr]     Checking spin v0.9.8
[INFO] [stderr]     Checking digest v0.10.7
[INFO] [stderr]    Compiling heck v0.5.0
[INFO] [stderr]     Checking spki v0.7.3
[INFO] [stderr]     Checking rand_core v0.9.5
[INFO] [stderr]    Compiling beef v0.5.2
[INFO] [stderr]    Compiling lazy_static v1.5.0
[INFO] [stderr]     Checking sha1 v0.10.7
[INFO] [stderr]     Checking sha2 v0.10.9
[INFO] [stderr]     Checking pkcs8 v0.10.2
[INFO] [stderr]     Checking serde_path_to_error v0.1.20
[INFO] [stderr]     Checking parking v2.2.1
[INFO] [stderr]    Compiling cmov v0.5.4
[INFO] [stderr]    Compiling unicase v2.9.0
[INFO] [stderr]    Compiling strsim v0.11.1
[INFO] [stderr]    Compiling linux-raw-sys v0.12.1
[INFO] [stderr]    Compiling winnow v1.0.4
[INFO] [stderr]    Compiling foldhash v0.1.5
[INFO] [stderr]    Compiling ident_case v1.0.1
[INFO] [stderr]    Compiling unicode-width v0.1.14
[INFO] [stderr]    Compiling hashbrown v0.15.5
[INFO] [stderr]    Compiling regex-automata v0.4.14
[INFO] [stderr]    Compiling ctutils v0.4.2
[INFO] [stderr]    Compiling block-buffer v0.12.1
[INFO] [stderr]    Compiling crypto-common v0.2.2
[INFO] [stderr]     Checking concurrent-queue v2.5.0
[INFO] [stderr]     Checking time v0.3.53
[INFO] [stderr]    Compiling fastrand v2.4.1
[INFO] [stderr]     Checking mime v0.3.17
[INFO] [stderr]    Compiling fixedbitset v0.5.7
[INFO] [stderr]     Checking event-listener v5.4.1
[INFO] [stderr]     Checking rusticata-macros v4.1.0
[INFO] [stderr]    Compiling petgraph v0.8.3
[INFO] [stderr]     Checking hmac v0.12.1
[INFO] [stderr]    Compiling multimap v0.10.1
[INFO] [stderr]    Compiling toml_datetime v1.1.1+spec-1.1.0
[INFO] [stderr]     Checking matchit v0.8.4
[INFO] [stderr]    Compiling pulldown-cmark-to-cmark v22.0.0
[INFO] [stderr]    Compiling digest v0.11.3
[INFO] [stderr]    Compiling toml_parser v1.1.2+spec-1.1.0
[INFO] [stderr]     Checking signature v2.2.0
[INFO] [stderr]     Checking ff v0.13.1
[INFO] [stderr]     Checking num-bigint v0.4.7
[INFO] [stderr]     Checking webpki-roots v1.0.8
[INFO] [stderr]    Compiling cpufeatures v0.3.0
[INFO] [stderr]    Compiling tinyvec_macros v0.1.1
[INFO] [stderr]    Compiling foldhash v0.2.0
[INFO] [stderr]    Compiling allocator-api2 v0.2.21
[INFO] [stderr]     Checking base16ct v0.2.0
[INFO] [stderr]    Compiling toml_edit v0.25.13+spec-1.1.0
[INFO] [stderr]     Checking hex v0.4.3
[INFO] [stderr]    Compiling tempfile v3.27.0
[INFO] [stderr]    Compiling tokio v1.52.3
[INFO] [stderr]     Checking sec1 v0.7.3
[INFO] [stderr]    Compiling hashbrown v0.16.1
[INFO] [stderr]    Compiling synstructure v0.13.2
[INFO] [stderr]    Compiling darling_core v0.23.0
[INFO] [stderr]    Compiling tinyvec v1.11.0
[INFO] [stderr]     Checking group v0.13.0
[INFO] [stderr]     Checking hkdf v0.12.4
[INFO] [stderr]    Compiling proc-macro-crate v3.5.0
[INFO] [stderr]     Checking uuid v1.23.4
[INFO] [stderr]     Checking crypto-bigint v0.5.5
[INFO] [stderr]    Compiling tonic-build v0.14.6
[INFO] [stderr]     Checking rustls-webpki v0.103.13
[INFO] [stderr]     Checking ppv-lite86 v0.2.21
[INFO] [stderr]    Compiling crc-catalog v2.5.0
[INFO] [stderr]    Compiling crc32fast v1.5.0
[INFO] [stderr]    Compiling oid-registry v0.8.1
[INFO] [stderr]    Compiling futures-util v0.3.33
[INFO] [stderr]     Checking rand_chacha v0.9.0
[INFO] [stderr]    Compiling logos-codegen v0.16.1
[INFO] [stderr]     Checking rand v0.9.4
[INFO] [stderr]    Compiling regex v1.12.4
[INFO] [stderr]     Checking rand_chacha v0.3.1
[INFO] [stderr]    Compiling crc v3.4.0
[INFO] [stderr]    Compiling hashlink v0.11.1
[INFO] [stderr]    Compiling unicode-normalization v0.1.25
[INFO] [stderr]    Compiling serde_derive v1.0.228
[INFO] [stderr]    Compiling displaydoc v0.2.6
[INFO] [stderr]    Compiling zerofrom-derive v0.1.7
[INFO] [stderr]    Compiling yoke-derive v0.8.2
[INFO] [stderr]    Compiling zerovec-derive v0.11.3
[INFO] [stderr]    Compiling tracing-attributes v0.1.31
[INFO] [stderr]    Compiling tokio-macros v2.7.0
[INFO] [stderr]    Compiling thiserror-impl v2.0.18
[INFO] [stderr]    Compiling futures-macro v0.3.33
[INFO] [stderr]    Compiling thiserror-impl v1.0.69
[INFO] [stderr]    Compiling asn1-rs-impl v0.2.0
[INFO] [stderr]    Compiling miette-derive v7.6.0
[INFO] [stderr]    Compiling logos-derive v0.15.1
[INFO] [stderr]    Compiling logos v0.15.1
[INFO] [stderr]     Checking zerofrom v0.1.8
[INFO] [stderr]    Compiling yoke v0.8.3
[INFO] [stderr]    Compiling asn1-rs-derive v0.6.0
[INFO] [stderr]    Compiling enumflags2_derive v0.7.12
[INFO] [stderr]    Compiling zerovec v0.11.6
[INFO] [stderr]     Checking tracing v0.1.44
[INFO] [stderr]     Checking zerotrie v0.2.4
[INFO] [stderr]    Compiling logos-derive v0.16.1
[INFO] [stderr]    Compiling darling_macro v0.23.0
[INFO] [stderr]     Checking axum-core v0.5.6
[INFO] [stderr]    Compiling logos v0.16.1
[INFO] [stderr]    Compiling pin-project-internal v1.1.13
[INFO] [stderr]    Compiling miette v7.6.0
[INFO] [stderr]    Compiling darling v0.23.0
[INFO] [stderr]    Compiling async-trait v0.1.89
[INFO] [stderr]    Compiling serde_with_macros v3.21.0
[INFO] [stderr]    Compiling asn1-rs-derive v0.5.1
[INFO] [stderr]     Checking tinystr v0.8.3
[INFO] [stderr]     Checking potential_utf v0.1.5
[INFO] [stderr]     Checking icu_collections v2.2.0
[INFO] [stderr]     Checking tungstenite v0.29.0
[INFO] [stderr]     Checking icu_locale_core v2.2.0
[INFO] [stderr]     Checking asn1-rs v0.7.2
[INFO] [stderr]     Checking asn1-rs v0.6.2
[INFO] [stderr]     Checking elliptic-curve v0.13.8
[INFO] [stderr]     Checking serde_with v3.21.0
[INFO] [stderr]    Compiling chacha20 v0.10.1
[INFO] [stderr]    Compiling crossbeam-queue v0.3.12
[INFO] [stderr]    Compiling hmac v0.13.0
[INFO] [stderr]    Compiling tokio-stream v0.1.18
[INFO] [stderr]     Checking pin-project v1.1.13
[INFO] [stderr]     Checking icu_provider v2.2.0
[INFO] [stderr]     Checking adler2 v2.0.1
[INFO] [stderr]     Checking simd-adler32 v0.3.10
[INFO] [stderr]    Compiling unicode-properties v0.1.4
[INFO] [stderr]    Compiling unicode-bidi v0.3.18
[INFO] [stderr]     Checking icu_properties v2.2.0
[INFO] [stderr]     Checking openssl-probe v0.2.1
[INFO] [stderr]    Compiling oid-registry v0.7.1
[INFO] [stderr]     Checking der-parser v10.0.0
[INFO] [stderr]    Compiling stringprep v0.1.5
[INFO] [stderr]     Checking rustls-native-certs v0.8.4
[INFO] [stderr]     Checking miniz_oxide v0.8.9
[INFO] [stderr]    Compiling hkdf v0.13.0
[INFO] [stderr]     Checking smallvec v1.15.2
[INFO] [stderr]     Checking serde_urlencoded v0.7.1
[INFO] [stderr]    Compiling either v1.16.0
[INFO] [stderr]     Checking icu_normalizer v2.2.0
[INFO] [stderr]    Compiling zvariant_utils v3.5.0
[INFO] [stderr]     Checking parking_lot v0.12.5
[INFO] [stderr]    Compiling rand v0.10.2
[INFO] [stderr]    Compiling itertools v0.14.0
[INFO] [stderr]    Compiling atoi v2.0.0
[INFO] [stderr]     Checking rand v0.8.7
[INFO] [stderr]     Checking idna_adapter v1.2.2
[INFO] [stderr]     Checking idna v1.1.0
[INFO] [stderr]    Compiling zvariant_derive v5.13.1
[INFO] [stderr]    Compiling sha2 v0.11.0
[INFO] [stderr]    Compiling md-5 v0.11.0
[INFO] [stderr]    Compiling futures-intrusive v0.5.0
[INFO] [stderr]     Checking url v2.5.8
[INFO] [stderr]     Checking rfc6979 v0.4.0
[INFO] [stderr]    Compiling curve25519-dalek v4.1.3
[INFO] [stderr]     Checking inout v0.1.4
[INFO] [stderr]    Compiling byteorder v1.5.0
[INFO] [stderr]    Compiling whoami v2.1.2
[INFO] [stderr]    Compiling num-bigint-dig v0.8.6
[INFO] [stderr]    Compiling same-file v1.0.6
[INFO] [stderr]    Compiling dotenvy v0.15.7
[INFO] [stderr]    Compiling walkdir v2.5.0
[INFO] [stderr]     Checking cipher v0.4.4
[INFO] [stderr]     Checking ecdsa v0.16.9
[INFO] [stderr]     Checking flate2 v1.1.9
[INFO] [stderr]     Checking x509-parser v0.18.1
[INFO] [stderr]    Compiling enumflags2 v0.7.12
[INFO] [stderr]     Checking der-parser v9.0.0
[INFO] [stderr]     Checking primeorder v0.13.6
[INFO] [stderr]    Compiling curve25519-dalek-derive v0.1.1
[INFO] [stderr]     Checking yasna v0.6.0
[INFO] [stderr]     Checking sharded-slab v0.1.7
[INFO] [stderr]     Checking universal-hash v0.5.1
[INFO] [stderr]     Checking num-iter v0.1.46
[INFO] [stderr]     Checking pem v3.0.6
[INFO] [stderr]    Compiling syn v3.0.3
[INFO] [stderr]     Checking tracing-log v0.2.0
[INFO] [stderr]    Compiling cookie v0.18.1
[INFO] [stderr]     Checking thread_local v1.1.9
[INFO] [stderr]    Compiling cfg_aliases v0.1.1
[INFO] [stderr]     Checking opaque-debug v0.3.1
[INFO] [stderr]    Compiling rustversion v1.0.22
[INFO] [stderr]     Checking matchers v0.2.0
[INFO] [stderr]    Compiling endi v1.1.1
[INFO] [stderr]     Checking nu-ansi-term v0.50.3
[INFO] [stderr]     Checking iana-time-zone v0.1.65
[INFO] [stderr]     Checking compression-core v0.4.32
[INFO] [stderr]    Compiling zvariant v5.13.1
[INFO] [stderr]     Checking compression-codecs v0.4.38
[INFO] [stderr]     Checking chrono v0.4.45
[INFO] [stderr]    Compiling nix v0.28.0
[INFO] [stderr]    Compiling sqlx-core v0.9.0
[INFO] [stderr]    Compiling prost-derive v0.14.4
[INFO] [stderr]     Checking polyval v0.6.2
[INFO] [stderr]     Checking x509-parser v0.16.0
[INFO] [stderr]     Checking tracing-subscriber v0.3.23
[INFO] [stderr]     Checking rcgen v0.14.8
[INFO] [stderr]    Compiling rust-embed-utils v8.11.0
[INFO] [stderr]     Checking ed25519 v2.2.3
[INFO] [stderr]     Checking pkcs1 v0.7.5
[INFO] [stderr]     Checking ordered-float v2.10.1
[INFO] [stderr]     Checking rustls-pemfile v2.2.0
[INFO] [stderr]     Checking argus-common v0.3.0 (/opt/rustwide/workdir/crates/common)
[INFO] [stderr]     Checking ed25519-dalek v2.2.0
[INFO] [stderr]     Checking serde-value v0.7.0
[INFO] [stderr]    Compiling prost v0.14.4
[INFO] [stderr]    Compiling rust-embed-impl v8.11.0
[INFO] [stderr]     Checking ghash v0.5.1
[INFO] [stderr]     Checking p256 v0.13.2
[INFO] [stderr]     Checking p384 v0.13.1
[INFO] [stderr]     Checking rsa v0.9.10
[INFO] [stderr]     Checking aes v0.8.4
[INFO] [stderr]     Checking ctr v0.9.2
[INFO] [stderr]     Checking itertools v0.10.5
[INFO] [stderr]     Checking serde_plain v1.0.2
[INFO] [stderr]     Checking event-listener-strategy v0.5.4
[INFO] [stderr]     Checking blake2 v0.10.6
[INFO] [stderr]     Checking aead v0.5.2
[INFO] [stderr]     Checking password-hash v0.5.0
[INFO] [stderr]     Checking dyn-clone v1.0.20
[INFO] [stderr]     Checking base64 v0.21.7
[INFO] [stderr]    Compiling prost-types v0.14.4
[INFO] [stderr]     Checking rust-embed v8.11.0
[INFO] [stderr]     Checking async-broadcast v0.7.2
[INFO] [stderr]     Checking argon2 v0.5.3
[INFO] [stderr]     Checking aes-gcm v0.10.3
[INFO] [stderr]     Checking futures-lite v2.6.1
[INFO] [stderr]     Checking filedescriptor v0.8.3
[INFO] [stderr]    Compiling async-recursion v1.1.1
[INFO] [stderr]     Checking serial2 v0.2.37
[INFO] [stderr]     Checking ordered-stream v0.2.0
[INFO] [stderr]     Checking shell-words v1.1.1
[INFO] [stderr]     Checking downcast-rs v1.2.1
[INFO] [stderr]     Checking sysinfo v0.39.5
[INFO] [stderr]    Compiling serde_repr v0.1.21
[INFO] [stderr]     Checking tokio-util v0.7.18
[INFO] [stderr]     Checking tokio-rustls v0.26.4
[INFO] [stderr]     Checking tokio-tungstenite v0.29.0
[INFO] [stderr]     Checking async-compression v0.4.43
[INFO] [stderr]     Checking bollard-stubs v1.49.1-rc.28.4.0
[INFO] [stderr]    Compiling prost-build v0.14.4
[INFO] [stderr]    Compiling protox-parse v0.9.0
[INFO] [stderr]    Compiling prost-reflect v0.16.4
[INFO] [stderr]    Compiling zbus_names v4.3.4
[INFO] [stderr]     Checking portable-pty v0.9.0
[INFO] [stderr]     Checking h2 v0.4.15
[INFO] [stderr]     Checking tower v0.5.3
[INFO] [stderr]     Checking tower-http v0.7.0
[INFO] [stderr]    Compiling tonic-prost-build v0.14.6
[INFO] [stderr]    Compiling zbus_macros v5.18.0
[INFO] [stderr]    Compiling sqlx-postgres v0.9.0
[INFO] [stderr]     Checking tower-http v0.6.11
[INFO] [stderr]     Checking zbus v5.18.0
[INFO] [stderr]    Compiling protox v0.9.1
[INFO] [stderr]    Compiling argus-proto v0.3.0 (/opt/rustwide/workdir/crates/proto)
[INFO] [stderr]     Checking hyper v1.10.1
[INFO] [stderr]     Checking hyper-util v0.1.20
[INFO] [stderr]    Compiling sqlx-macros-core v0.9.0
[INFO] [stderr]     Checking axum v0.8.9
[INFO] [stderr]     Checking hyper-timeout v0.5.2
[INFO] [stderr]     Checking hyper-rustls v0.27.9
[INFO] [stderr]     Checking hyperlocal v0.9.1
[INFO] [stderr]     Checking reqwest v0.12.28
[INFO] [stderr]     Checking oauth2 v5.0.0
[INFO] [stderr]    Compiling sqlx-macros v0.9.0
[INFO] [stderr]     Checking openidconnect v4.0.1
[INFO] [stderr]     Checking sqlx v0.9.0
[INFO] [stderr]     Checking bollard v0.19.4
[INFO] [stderr]     Checking tonic v0.14.6
[INFO] [stderr]     Checking axum-extra v0.10.3
[INFO] [stderr]     Checking tonic-prost v0.14.6
[INFO] [stderr]     Checking argus-agent v0.3.0 (/opt/rustwide/workdir/crates/agent)
[INFO] [stderr]     Checking argus-server v0.3.0 (/opt/rustwide/workdir/crates/server)
[INFO] [stdout] error: #[derive(RustEmbed)] folder '/opt/rustwide/workdir/crates/server/../../frontend/dist' does not exist. cwd: '/opt/rustwide/workdir'
[INFO] [stdout]  --> crates/server/src/embed.rs:7:1
[INFO] [stdout]   |
[INFO] [stdout] 7 | / #[folder = "../../frontend/dist"]
[INFO] [stdout] 8 | | pub struct Assets;
[INFO] [stdout]   | |__________________^
[INFO] [stdout] 
[INFO] [stdout] 
[INFO] [stdout] error: #[derive(RustEmbed)] folder '/opt/rustwide/workdir/crates/server/../../frontend/dist' does not exist. cwd: '/opt/rustwide/workdir'
[INFO] [stdout]  --> crates/server/src/embed.rs:7:1
[INFO] [stdout]   |
[INFO] [stdout] 7 | / #[folder = "../../frontend/dist"]
[INFO] [stdout] 8 | | pub struct Assets;
[INFO] [stdout]   | |__________________^
[INFO] [stdout] 
[INFO] [stdout] 
[INFO] [stdout] error[E0599]: no associated function or constant named `get` found for struct `Assets` in the current scope
[INFO] [stdout]     --> crates/server/src/http.rs:1562:19
[INFO] [stdout]      |
[INFO] [stdout] 1562 |     match Assets::get(path) {
[INFO] [stdout]      |                   ^^^ associated function or constant not found in `Assets`
[INFO] [stdout]      |
[INFO] [stdout]     ::: crates/server/src/embed.rs:8:1
[INFO] [stdout]      |
[INFO] [stdout]    8 | pub struct Assets;
[INFO] [stdout]      | ----------------- associated function or constant `get` not found for this struct
[INFO] [stdout]      |
[INFO] [stdout]      = help: items from traits can only be used if the trait is implemented and in scope
[INFO] [stdout]      = note: the following traits define an item `get`, perhaps you need to implement one of them:
[INFO] [stdout]              candidate #1: `Embed`
[INFO] [stdout]              candidate #2: `Row`
[INFO] [stdout]              candidate #3: `SliceIndex`
[INFO] [stdout]              candidate #4: `StoresServerSessions`
[INFO] [stdout]              candidate #5: `icu_collections::codepointtrie::cptrie::TypedCodePointTrie`
[INFO] [stdout]              candidate #6: `icu_properties::names::PropertyEnumToValueNameLookup`
[INFO] [stdout]              candidate #7: `icu_provider::baked::DataStore`
[INFO] [stdout]              candidate #8: `tonic::metadata::map::as_metadata_key::Sealed`
[INFO] [stdout] 
[INFO] [stdout] 
[INFO] [stdout] error[E0599]: no associated function or constant named `get` found for struct `Assets` in the current scope
[INFO] [stdout]     --> crates/server/src/http.rs:1564:31
[INFO] [stdout]      |
[INFO] [stdout] 1564 |         None => match Assets::get("index.html") {
[INFO] [stdout]      |                               ^^^ associated function or constant not found in `Assets`
[INFO] [stdout]      |
[INFO] [stdout]     ::: crates/server/src/embed.rs:8:1
[INFO] [stdout]      |
[INFO] [stdout]    8 | pub struct Assets;
[INFO] [stdout]      | ----------------- associated function or constant `get` not found for this struct
[INFO] [stdout]      |
[INFO] [stdout]      = help: items from traits can only be used if the trait is implemented and in scope
[INFO] [stdout]      = note: the following traits define an item `get`, perhaps you need to implement one of them:
[INFO] [stdout]              candidate #1: `Embed`
[INFO] [stdout]              candidate #2: `Row`
[INFO] [stdout]              candidate #3: `SliceIndex`
[INFO] [stdout]              candidate #4: `StoresServerSessions`
[INFO] [stdout]              candidate #5: `icu_collections::codepointtrie::cptrie::TypedCodePointTrie`
[INFO] [stdout]              candidate #6: `icu_properties::names::PropertyEnumToValueNameLookup`
[INFO] [stdout]              candidate #7: `icu_provider::baked::DataStore`
[INFO] [stdout]              candidate #8: `tonic::metadata::map::as_metadata_key::Sealed`
[INFO] [stdout] 
[INFO] [stdout] 
[INFO] [stdout] error[E0599]: no associated function or constant named `get` found for struct `Assets` in the current scope
[INFO] [stdout]     --> crates/server/src/http.rs:1562:19
[INFO] [stdout]      |
[INFO] [stdout] 1562 |     match Assets::get(path) {
[INFO] [stdout]      |                   ^^^ associated function or constant not found in `Assets`
[INFO] [stdout]      |
[INFO] [stdout]     ::: crates/server/src/embed.rs:8:1
[INFO] [stdout]      |
[INFO] [stdout]    8 | pub struct Assets;
[INFO] [stdout]      | ----------------- associated function or constant `get` not found for this struct
[INFO] [stdout]      |
[INFO] [stdout]      = help: items from traits can only be used if the trait is implemented and in scope
[INFO] [stdout]      = note: the following traits define an item `get`, perhaps you need to implement one of them:
[INFO] [stdout]              candidate #1: `Embed`
[INFO] [stdout]              candidate #2: `Row`
[INFO] [stdout]              candidate #3: `SliceIndex`
[INFO] [stdout]              candidate #4: `StoresServerSessions`
[INFO] [stdout]              candidate #5: `icu_collections::codepointtrie::cptrie::TypedCodePointTrie`
[INFO] [stdout]              candidate #6: `icu_properties::names::PropertyEnumToValueNameLookup`
[INFO] [stdout]              candidate #7: `icu_provider::baked::DataStore`
[INFO] [stdout]              candidate #8: `tonic::metadata::map::as_metadata_key::Sealed`
[INFO] [stdout] 
[INFO] [stdout] 
[INFO] [stdout] error[E0599]: no associated function or constant named `get` found for struct `Assets` in the current scope
[INFO] [stdout]     --> crates/server/src/http.rs:1564:31
[INFO] [stdout]      |
[INFO] [stdout] 1564 |         None => match Assets::get("index.html") {
[INFO] [stdout]      |                               ^^^ associated function or constant not found in `Assets`
[INFO] [stdout]      |
[INFO] [stdout]     ::: crates/server/src/embed.rs:8:1
[INFO] [stdout]      |
[INFO] [stdout]    8 | pub struct Assets;
[INFO] [stdout]      | ----------------- associated function or constant `get` not found for this struct
[INFO] [stdout]      |
[INFO] [stdout]      = help: items from traits can only be used if the trait is implemented and in scope
[INFO] [stdout]      = note: the following traits define an item `get`, perhaps you need to implement one of them:
[INFO] [stdout]              candidate #1: `Embed`
[INFO] [stdout]              candidate #2: `Row`
[INFO] [stdout]              candidate #3: `SliceIndex`
[INFO] [stdout]              candidate #4: `StoresServerSessions`
[INFO] [stdout]              candidate #5: `icu_collections::codepointtrie::cptrie::TypedCodePointTrie`
[INFO] [stdout]              candidate #6: `icu_properties::names::PropertyEnumToValueNameLookup`
[INFO] [stdout]              candidate #7: `icu_provider::baked::DataStore`
[INFO] [stdout]              candidate #8: `tonic::metadata::map::as_metadata_key::Sealed`
[INFO] [stdout] 
[INFO] [stdout] 
[INFO] [stdout] For more information about this error, try `rustc --explain E0599`.
[INFO] [stdout] 
[INFO] [stderr] error: could not compile `argus-server` (bin "argus") due to 3 previous errors
[INFO] [stderr] warning: build failed, waiting for other jobs to finish...
[INFO] [stdout] For more information about this error, try `rustc --explain E0599`.
[INFO] [stdout] 
[INFO] [stderr] error: could not compile `argus-server` (bin "argus" test) due to 3 previous errors
[INFO] [stderr] warning: unused dependency `rustls-pemfile`
[INFO] [stderr]   --> crates/server/Cargo.toml:33:1
[INFO] [stderr]    |
[INFO] [stderr] 33 | rustls-pemfile.workspace = true
[INFO] [stderr]    | ^^^^^^^^^^^^^^
[INFO] [stderr]    |
[INFO] [stderr]    = note: `cargo::unused_dependencies` is set to `warn` by default
[INFO] [stderr] help: consider removing the dependency on `rustls-pemfile`
[INFO] [stderr] warning: `argus-server` (manifest) generated 1 warning
[INFO] running `Command { std: "docker" "inspect" "d372d3da2fb0a784bfd91af881437220707894d00007964b5485fc7d1c8ce89b", kill_on_drop: false }`
[INFO] running `Command { std: "docker" "rm" "-f" "d372d3da2fb0a784bfd91af881437220707894d00007964b5485fc7d1c8ce89b", kill_on_drop: false }`
[INFO] [stdout] d372d3da2fb0a784bfd91af881437220707894d00007964b5485fc7d1c8ce89b
