[INFO] cloning repository https://github.com/alexrudy/walnut-dns
[INFO] running `Command { std: "git" "-c" "credential.helper=" "-c" "credential.helper=/workspace/cargo-home/bin/git-credential-null" "clone" "--bare" "https://github.com/alexrudy/walnut-dns" "/workspace/cache/git-repos/https%3A%2F%2Fgithub.com%2Falexrudy%2Fwalnut-dns", kill_on_drop: false }`
[INFO] [stderr] Cloning into bare repository '/workspace/cache/git-repos/https%3A%2F%2Fgithub.com%2Falexrudy%2Fwalnut-dns'...
[INFO] running `Command { std: "git" "rev-parse" "HEAD", kill_on_drop: false }`
[INFO] [stdout] 4c14076ee74d12197301bf73cfe9d9cd7dd2b5fd
[INFO] checking alexrudy/walnut-dns against 3154cc1a3e6424e44f438a95007d043ed5ceaaf6 for pr-133502-30
[INFO] running `Command { std: "git" "clone" "/workspace/cache/git-repos/https%3A%2F%2Fgithub.com%2Falexrudy%2Fwalnut-dns" "/workspace/builds/worker-7-tc2/source", kill_on_drop: false }`
[INFO] [stderr] Cloning into '/workspace/builds/worker-7-tc2/source'...
[INFO] [stderr] done.
[INFO] started tweaking git repo https://github.com/alexrudy/walnut-dns
[INFO] finished tweaking git repo https://github.com/alexrudy/walnut-dns
[INFO] tweaked toml for git repo https://github.com/alexrudy/walnut-dns written to /workspace/builds/worker-7-tc2/source/Cargo.toml
[INFO] validating manifest of git repo https://github.com/alexrudy/walnut-dns on toolchain 3154cc1a3e6424e44f438a95007d043ed5ceaaf6
[INFO] running `Command { std: CARGO_HOME="/workspace/cargo-home" RUSTUP_HOME="/workspace/rustup-home" "/workspace/cargo-home/bin/cargo" "+3154cc1a3e6424e44f438a95007d043ed5ceaaf6" "metadata" "--manifest-path" "Cargo.toml" "--no-deps", kill_on_drop: false }`
[INFO] crate git repo https://github.com/alexrudy/walnut-dns already has a lockfile, it will not be regenerated
[INFO] running `Command { std: CARGO_HOME="/workspace/cargo-home" RUSTUP_HOME="/workspace/rustup-home" "/workspace/cargo-home/bin/cargo" "+3154cc1a3e6424e44f438a95007d043ed5ceaaf6" "fetch" "--manifest-path" "Cargo.toml", kill_on_drop: false }`
[INFO] [stderr] warning: unused workspace dependency `rustls-platform-verifier`
[INFO] [stderr]   --> Cargo.toml:29:1
[INFO] [stderr]    |
[INFO] [stderr] 29 | rustls-platform-verifier = "0.7"
[INFO] [stderr]    | ^^^^^^^^^^^^^^^^^^^^^^^^
[INFO] [stderr]    |
[INFO] [stderr]    = note: `cargo::unused_workspace_dependencies` is set to `warn` by default
[INFO] [stderr] help: consider removing the workspace dependency `rustls-platform-verifier`
[INFO] [stderr] warning: unused workspace dependency `tokio-rustls`
[INFO] [stderr]   --> Cargo.toml:79:25
[INFO] [stderr]    |
[INFO] [stderr] 79 | [workspace.dependencies.tokio-rustls]
[INFO] [stderr]    |                         ^^^^^^^^^^^^
[INFO] [stderr]    |
[INFO] [stderr] help: consider removing the workspace dependency `tokio-rustls`
[INFO] [stderr] warning: unused field `description` in `workspace.package`
[INFO] [stderr]    --> Cargo.toml:106:1
[INFO] [stderr]     |
[INFO] [stderr] 106 | description = "Additions and helpers for flexible hickory-dns servers"
[INFO] [stderr]     | ^^^^^^^^^^^
[INFO] [stderr]     |
[INFO] [stderr]     = note: `cargo::unused_workspace_package_fields` is set to `warn` by default
[INFO] [stderr] help: consider removing the field `workspace.package.description`
[INFO] [stderr] warning: unused field `documentation` in `workspace.package`
[INFO] [stderr]    --> Cargo.toml:107:1
[INFO] [stderr]     |
[INFO] [stderr] 107 | documentation = "https://docs.rs/walnut-dns"
[INFO] [stderr]     | ^^^^^^^^^^^^^
[INFO] [stderr]     |
[INFO] [stderr] help: consider removing the field `workspace.package.documentation`
[INFO] [stderr] warning: unused field `readme` in `workspace.package`
[INFO] [stderr]    --> Cargo.toml:111:1
[INFO] [stderr]     |
[INFO] [stderr] 111 | readme = "README.md"
[INFO] [stderr]     | ^^^^^^
[INFO] [stderr]     |
[INFO] [stderr] help: consider removing the field `workspace.package.readme`
[INFO] [stderr] warning: workspace (manifest) generated 5 warnings
[INFO] running `Command { std: "docker" "create" "-v" "/var/lib/crater-agent-workspace/builds/worker-7-tc2/source:/opt/rustwide/workdir:ro,Z" "-v" "/var/lib/crater-agent-workspace/builds/worker-7-tc2/target:/opt/rustwide/target:rw,Z" "-v" "/var/lib/crater-agent-workspace/cargo-home:/opt/rustwide/cargo-home:ro,Z" "-v" "/var/lib/crater-agent-workspace/rustup-home:/opt/rustwide/rustup-home:ro,Z" "-m" "1610612736" "--network" "none" "ghcr.io/rust-lang/crates-build-env/linux@sha256:77db811e55d90add9212f6832c23229e3de5f1c1f9905e8cb07319ea15df73ac" "sleep" "infinity", kill_on_drop: false }`
[INFO] [stdout] e39f7c54b31ee37c3885417df0c2b3fe5fd0e786ad26adb2c1400a423d7e5751
[INFO] running `Command { std: "docker" "start" "e39f7c54b31ee37c3885417df0c2b3fe5fd0e786ad26adb2c1400a423d7e5751", kill_on_drop: false }`
[INFO] running `Command { std: "docker" "inspect" "e39f7c54b31ee37c3885417df0c2b3fe5fd0e786ad26adb2c1400a423d7e5751", kill_on_drop: false }`
[INFO] running `Command { std: "docker" "exec" "-e" "SOURCE_DIR=/opt/rustwide/workdir" "-e" "CARGO_HOME=/opt/rustwide/cargo-home" "-e" "RUSTUP_HOME=/opt/rustwide/rustup-home" "-e" "CARGO_TARGET_DIR=/opt/rustwide/target" "-w" "/opt/rustwide/workdir" "--user" "0:0" "e39f7c54b31ee37c3885417df0c2b3fe5fd0e786ad26adb2c1400a423d7e5751" "/opt/rustwide/cargo-home/bin/cargo" "+3154cc1a3e6424e44f438a95007d043ed5ceaaf6" "metadata" "--no-deps" "--format-version=1", kill_on_drop: false }`
[INFO] running `Command { std: "docker" "inspect" "e39f7c54b31ee37c3885417df0c2b3fe5fd0e786ad26adb2c1400a423d7e5751", kill_on_drop: false }`
[INFO] running `Command { std: "docker" "exec" "-e" "SOURCE_DIR=/opt/rustwide/workdir" "-e" "CARGO_HOME=/opt/rustwide/cargo-home" "-e" "RUSTUP_HOME=/opt/rustwide/rustup-home" "-e" "CARGO_TARGET_DIR=/opt/rustwide/target" "-e" "CARGO_INCREMENTAL=0" "-e" "RUST_BACKTRACE=full" "-e" "RUSTFLAGS=--cap-lints=forbid" "-e" "RUSTDOCFLAGS=--cap-lints=forbid" "-w" "/opt/rustwide/workdir" "--user" "0:0" "e39f7c54b31ee37c3885417df0c2b3fe5fd0e786ad26adb2c1400a423d7e5751" "/opt/rustwide/cargo-home/bin/cargo" "+3154cc1a3e6424e44f438a95007d043ed5ceaaf6" "check" "--frozen" "--all" "--all-targets" "--message-format=json", kill_on_drop: false }`
[INFO] [stderr] warning: unused workspace dependency `rustls-platform-verifier`
[INFO] [stderr]   --> Cargo.toml:29:1
[INFO] [stderr]    |
[INFO] [stderr] 29 | rustls-platform-verifier = "0.7"
[INFO] [stderr]    | ^^^^^^^^^^^^^^^^^^^^^^^^
[INFO] [stderr]    |
[INFO] [stderr]    = note: `cargo::unused_workspace_dependencies` is set to `warn` by default
[INFO] [stderr] help: consider removing the workspace dependency `rustls-platform-verifier`
[INFO] [stderr] warning: unused workspace dependency `tokio-rustls`
[INFO] [stderr]   --> Cargo.toml:79:25
[INFO] [stderr]    |
[INFO] [stderr] 79 | [workspace.dependencies.tokio-rustls]
[INFO] [stderr]    |                         ^^^^^^^^^^^^
[INFO] [stderr]    |
[INFO] [stderr] help: consider removing the workspace dependency `tokio-rustls`
[INFO] [stderr] warning: unused field `description` in `workspace.package`
[INFO] [stderr]    --> Cargo.toml:106:1
[INFO] [stderr]     |
[INFO] [stderr] 106 | description = "Additions and helpers for flexible hickory-dns servers"
[INFO] [stderr]     | ^^^^^^^^^^^
[INFO] [stderr]     |
[INFO] [stderr]     = note: `cargo::unused_workspace_package_fields` is set to `warn` by default
[INFO] [stderr] help: consider removing the field `workspace.package.description`
[INFO] [stderr] warning: unused field `documentation` in `workspace.package`
[INFO] [stderr]    --> Cargo.toml:107:1
[INFO] [stderr]     |
[INFO] [stderr] 107 | documentation = "https://docs.rs/walnut-dns"
[INFO] [stderr]     | ^^^^^^^^^^^^^
[INFO] [stderr]     |
[INFO] [stderr] help: consider removing the field `workspace.package.documentation`
[INFO] [stderr] warning: unused field `readme` in `workspace.package`
[INFO] [stderr]    --> Cargo.toml:111:1
[INFO] [stderr]     |
[INFO] [stderr] 111 | readme = "README.md"
[INFO] [stderr]     | ^^^^^^
[INFO] [stderr]     |
[INFO] [stderr] help: consider removing the field `workspace.package.readme`
[INFO] [stderr] warning: workspace (manifest) generated 5 warnings
[INFO] [stderr]     Checking futures-sink v0.3.34
[INFO] [stderr]    Compiling syn v3.0.3
[INFO] [stderr]    Compiling getrandom v0.4.3
[INFO] [stderr]     Checking futures-io v0.3.34
[INFO] [stderr]    Compiling num-traits v0.2.19
[INFO] [stderr]     Checking tracing v0.1.44
[INFO] [stderr]    Compiling zerocopy v0.8.56
[INFO] [stderr]    Compiling serde v1.0.229
[INFO] [stderr]     Checking futures-channel v0.3.34
[INFO] [stderr]     Checking chacha20 v0.10.1
[INFO] [stderr]    Compiling libsqlite3-sys v0.35.0
[INFO] [stderr]     Checking tokio v1.53.1
[INFO] [stderr]     Checking getrandom v0.3.4
[INFO] [stderr]     Checking lock_api v0.4.14
[INFO] [stderr]     Checking rand v0.10.2
[INFO] [stderr]     Checking rand_core v0.9.5
[INFO] [stderr]     Checking hashlink v0.10.0
[INFO] [stderr]    Compiling pin-project-internal v1.1.13
[INFO] [stderr]     Checking sync_wrapper v1.0.2
[INFO] [stderr]     Checking parking_lot v0.12.5
[INFO] [stderr]    Compiling enum-as-inner v0.6.1
[INFO] [stderr]     Checking tinyvec v1.12.0
[INFO] [stderr]     Checking chrono v0.4.45
[INFO] [stderr]     Checking uuid v1.24.1
[INFO] [stderr]     Checking ipnet v2.12.1
[INFO] [stderr]     Checking data-encoding v2.11.1
[INFO] [stderr]    Compiling camino v1.2.5
[INFO] [stderr]     Checking rustls-pki-types v1.15.1
[INFO] [stderr]     Checking regex-syntax v0.8.11
[INFO] [stderr]    Compiling rustls v0.23.43
[INFO] [stderr]     Checking rustls-webpki v0.103.14
[INFO] [stderr]    Compiling rustix v1.1.4
[INFO] [stderr]     Checking pin-project v1.1.13
[INFO] [stderr]     Checking http-body v1.1.0
[INFO] [stderr]     Checking serde_spanned v1.1.1
[INFO] [stderr]     Checking toml_datetime v0.7.5+spec-1.1.0
[INFO] [stderr]     Checking rusqlite v0.37.0
[INFO] [stderr]     Checking toml_edit v0.23.10+spec-1.0.0
[INFO] [stderr]     Checking regex-automata v0.4.18
[INFO] [stderr]     Checking arc-swap v1.9.2
[INFO] [stderr]     Checking serde_json v1.0.151
[INFO] [stderr]     Checking monarch-db v0.1.1
[INFO] [stderr]     Checking tower-http v0.7.0
[INFO] [stderr]     Checking tracing-log v0.2.0
[INFO] [stderr]     Checking tempfile v3.27.0
[INFO] [stderr]     Checking tokio-util v0.7.19
[INFO] [stderr]     Checking matchers v0.2.0
[INFO] [stderr]    Compiling zerovec-derive v0.11.5
[INFO] [stderr]    Compiling displaydoc v0.2.7
[INFO] [stderr]    Compiling futures-macro v0.3.34
[INFO] [stderr]    Compiling serde_derive v1.0.229
[INFO] [stderr]    Compiling thiserror-impl v2.0.20
[INFO] [stderr]    Compiling async-trait v0.1.92
[INFO] [stderr]     Checking zerotrie v0.2.5
[INFO] [stderr]     Checking futures-util v0.3.34
[INFO] [stderr]     Checking zerovec v0.11.7
[INFO] [stderr]     Checking thiserror v2.0.20
[INFO] [stderr]     Checking ppv-lite86 v0.2.21
[INFO] [stderr]     Checking rand_chacha v0.9.0
[INFO] [stderr]     Checking rand v0.9.5
[INFO] [stderr]     Checking tinystr v0.8.4
[INFO] [stderr]     Checking potential_utf v0.1.6
[INFO] [stderr]     Checking icu_collections v2.2.0
[INFO] [stderr]     Checking icu_locale_core v2.2.0
[INFO] [stderr]     Checking icu_provider v2.2.0
[INFO] [stderr]     Checking icu_properties v2.2.0
[INFO] [stderr]     Checking icu_normalizer v2.2.0
[INFO] [stderr]     Checking tracing-serde v0.2.0
[INFO] [stderr]     Checking tracing-subscriber v0.3.23
[INFO] [stderr]     Checking futures-executor v0.3.34
[INFO] [stderr]     Checking tower v0.5.3
[INFO] [stderr]     Checking future-eyeballs v0.1.0
[INFO] [stderr]     Checking futures v0.3.34
[INFO] [stderr]     Checking idna_adapter v1.2.2
[INFO] [stderr]     Checking idna v1.1.0
[INFO] [stderr]     Checking chateau v0.4.0
[INFO] [stderr]     Checking url v2.5.8
[INFO] [stderr]     Checking walnut-proto v0.1.0 (/opt/rustwide/workdir/proto)
[INFO] [stderr]     Checking walnut-dns v0.1.0 (/opt/rustwide/workdir/net)
[INFO] [stdout] error[E0433]: cannot find `test` in `tokio`
[INFO] [stdout]    --> net/src/cache/service.rs:203:14
[INFO] [stdout]     |
[INFO] [stdout] 203 |     #[tokio::test]
[INFO] [stdout]     |              ^^^^ could not find `test` in `tokio`
[INFO] [stdout] 
[INFO] [stdout] 
[INFO] [stdout] error[E0433]: cannot find `test` in `tokio`
[INFO] [stdout]    --> net/src/catalog/inmemory.rs:151:14
[INFO] [stdout]     |
[INFO] [stdout] 151 |     #[tokio::test]
[INFO] [stdout]     |              ^^^^ could not find `test` in `tokio`
[INFO] [stdout] 
[INFO] [stdout] 
[INFO] [stdout] error[E0433]: cannot find `test` in `tokio`
[INFO] [stdout]    --> net/src/catalog/inmemory.rs:168:14
[INFO] [stdout]     |
[INFO] [stdout] 168 |     #[tokio::test]
[INFO] [stdout]     |              ^^^^ could not find `test` in `tokio`
[INFO] [stdout] 
[INFO] [stdout] 
[INFO] [stdout] error[E0433]: cannot find `test` in `tokio`
[INFO] [stdout]    --> net/src/catalog/inmemory.rs:186:14
[INFO] [stdout]     |
[INFO] [stdout] 186 |     #[tokio::test]
[INFO] [stdout]     |              ^^^^ could not find `test` in `tokio`
[INFO] [stdout] 
[INFO] [stdout] 
[INFO] [stdout] error[E0433]: cannot find `test` in `tokio`
[INFO] [stdout]    --> net/src/catalog/inmemory.rs:201:14
[INFO] [stdout]     |
[INFO] [stdout] 201 |     #[tokio::test]
[INFO] [stdout]     |              ^^^^ could not find `test` in `tokio`
[INFO] [stdout] 
[INFO] [stdout] 
[INFO] [stdout] error[E0433]: cannot find `test` in `tokio`
[INFO] [stdout]    --> net/src/catalog/inmemory.rs:212:14
[INFO] [stdout]     |
[INFO] [stdout] 212 |     #[tokio::test]
[INFO] [stdout]     |              ^^^^ could not find `test` in `tokio`
[INFO] [stdout] 
[INFO] [stdout] 
[INFO] [stdout] error[E0433]: cannot find `test` in `tokio`
[INFO] [stdout]    --> net/src/catalog/inmemory.rs:234:14
[INFO] [stdout]     |
[INFO] [stdout] 234 |     #[tokio::test]
[INFO] [stdout]     |              ^^^^ could not find `test` in `tokio`
[INFO] [stdout] 
[INFO] [stdout] 
[INFO] [stdout] error[E0433]: cannot find `test` in `tokio`
[INFO] [stdout]    --> net/src/catalog/inmemory.rs:275:14
[INFO] [stdout]     |
[INFO] [stdout] 275 |     #[tokio::test]
[INFO] [stdout]     |              ^^^^ could not find `test` in `tokio`
[INFO] [stdout] 
[INFO] [stdout] 
[INFO] [stdout] error[E0433]: cannot find `test` in `tokio`
[INFO] [stdout]    --> net/src/catalog/inmemory.rs:296:14
[INFO] [stdout]     |
[INFO] [stdout] 296 |     #[tokio::test]
[INFO] [stdout]     |              ^^^^ could not find `test` in `tokio`
[INFO] [stdout] 
[INFO] [stdout] 
[INFO] [stdout] error[E0433]: cannot find `test` in `tokio`
[INFO] [stdout]    --> net/src/catalog/inmemory.rs:315:14
[INFO] [stdout]     |
[INFO] [stdout] 315 |     #[tokio::test]
[INFO] [stdout]     |              ^^^^ could not find `test` in `tokio`
[INFO] [stdout] 
[INFO] [stdout] 
[INFO] [stdout] error[E0433]: cannot find `test` in `tokio`
[INFO] [stdout]    --> net/src/catalog/inmemory.rs:324:14
[INFO] [stdout]     |
[INFO] [stdout] 324 |     #[tokio::test]
[INFO] [stdout]     |              ^^^^ could not find `test` in `tokio`
[INFO] [stdout] 
[INFO] [stdout] 
[INFO] [stdout] error[E0433]: cannot find `test` in `tokio`
[INFO] [stdout]    --> net/src/database/cache.rs:234:14
[INFO] [stdout]     |
[INFO] [stdout] 234 |     #[tokio::test]
[INFO] [stdout]     |              ^^^^ could not find `test` in `tokio`
[INFO] [stdout] 
[INFO] [stdout] 
[INFO] [stdout] error[E0433]: cannot find `test` in `tokio`
[INFO] [stdout]    --> net/src/database/cache.rs:277:14
[INFO] [stdout]     |
[INFO] [stdout] 277 |     #[tokio::test]
[INFO] [stdout]     |              ^^^^ could not find `test` in `tokio`
[INFO] [stdout] 
[INFO] [stdout] 
[INFO] [stdout] error[E0433]: cannot find `test` in `tokio`
[INFO] [stdout]    --> net/src/database/cache.rs:299:14
[INFO] [stdout]     |
[INFO] [stdout] 299 |     #[tokio::test]
[INFO] [stdout]     |              ^^^^ could not find `test` in `tokio`
[INFO] [stdout] 
[INFO] [stdout] 
[INFO] [stdout] error[E0433]: cannot find `test` in `tokio`
[INFO] [stdout]    --> net/src/database/mod.rs:588:14
[INFO] [stdout]     |
[INFO] [stdout] 588 |     #[tokio::test]
[INFO] [stdout]     |              ^^^^ could not find `test` in `tokio`
[INFO] [stdout] 
[INFO] [stdout] 
[INFO] [stdout] error[E0433]: cannot find `test` in `tokio`
[INFO] [stdout]    --> net/src/database/mod.rs:599:14
[INFO] [stdout]     |
[INFO] [stdout] 599 |     #[tokio::test]
[INFO] [stdout]     |              ^^^^ could not find `test` in `tokio`
[INFO] [stdout] 
[INFO] [stdout] 
[INFO] [stdout] error[E0433]: cannot find `test` in `tokio`
[INFO] [stdout]    --> net/src/database/mod.rs:609:14
[INFO] [stdout]     |
[INFO] [stdout] 609 |     #[tokio::test]
[INFO] [stdout]     |              ^^^^ could not find `test` in `tokio`
[INFO] [stdout] 
[INFO] [stdout] 
[INFO] [stdout] error[E0433]: cannot find `test` in `tokio`
[INFO] [stdout]    --> net/src/database/mod.rs:623:14
[INFO] [stdout]     |
[INFO] [stdout] 623 |     #[tokio::test]
[INFO] [stdout]     |              ^^^^ could not find `test` in `tokio`
[INFO] [stdout] 
[INFO] [stdout] 
[INFO] [stdout] error[E0433]: cannot find `test` in `tokio`
[INFO] [stdout]    --> net/src/database/mod.rs:643:14
[INFO] [stdout]     |
[INFO] [stdout] 643 |     #[tokio::test]
[INFO] [stdout]     |              ^^^^ could not find `test` in `tokio`
[INFO] [stdout] 
[INFO] [stdout] 
[INFO] [stdout] error[E0433]: cannot find `test` in `tokio`
[INFO] [stdout]    --> net/src/database/mod.rs:664:14
[INFO] [stdout]     |
[INFO] [stdout] 664 |     #[tokio::test]
[INFO] [stdout]     |              ^^^^ could not find `test` in `tokio`
[INFO] [stdout] 
[INFO] [stdout] 
[INFO] [stdout] error[E0433]: cannot find `test` in `tokio`
[INFO] [stdout]    --> net/src/database/mod.rs:681:14
[INFO] [stdout]     |
[INFO] [stdout] 681 |     #[tokio::test]
[INFO] [stdout]     |              ^^^^ could not find `test` in `tokio`
[INFO] [stdout] 
[INFO] [stdout] 
[INFO] [stdout] error[E0433]: cannot find `test` in `tokio`
[INFO] [stdout]    --> net/src/database/mod.rs:692:14
[INFO] [stdout]     |
[INFO] [stdout] 692 |     #[tokio::test]
[INFO] [stdout]     |              ^^^^ could not find `test` in `tokio`
[INFO] [stdout] 
[INFO] [stdout] 
[INFO] [stdout] error[E0433]: cannot find `test` in `tokio`
[INFO] [stdout]    --> net/src/database/mod.rs:713:14
[INFO] [stdout]     |
[INFO] [stdout] 713 |     #[tokio::test]
[INFO] [stdout]     |              ^^^^ could not find `test` in `tokio`
[INFO] [stdout] 
[INFO] [stdout] 
[INFO] [stdout] error[E0433]: cannot find `test` in `tokio`
[INFO] [stdout]    --> net/src/database/mod.rs:735:14
[INFO] [stdout]     |
[INFO] [stdout] 735 |     #[tokio::test]
[INFO] [stdout]     |              ^^^^ could not find `test` in `tokio`
[INFO] [stdout] 
[INFO] [stdout] 
[INFO] [stdout] error[E0433]: cannot find `test` in `tokio`
[INFO] [stdout]    --> net/src/database/mod.rs:776:14
[INFO] [stdout]     |
[INFO] [stdout] 776 |     #[tokio::test]
[INFO] [stdout]     |              ^^^^ could not find `test` in `tokio`
[INFO] [stdout] 
[INFO] [stdout] 
[INFO] [stdout] error[E0433]: cannot find `test` in `tokio`
[INFO] [stdout]    --> net/src/database/mod.rs:797:14
[INFO] [stdout]     |
[INFO] [stdout] 797 |     #[tokio::test]
[INFO] [stdout]     |              ^^^^ could not find `test` in `tokio`
[INFO] [stdout] 
[INFO] [stdout] 
[INFO] [stdout] error[E0433]: cannot find `test` in `tokio`
[INFO] [stdout]    --> net/src/database/mod.rs:825:14
[INFO] [stdout]     |
[INFO] [stdout] 825 |     #[tokio::test]
[INFO] [stdout]     |              ^^^^ could not find `test` in `tokio`
[INFO] [stdout] 
[INFO] [stdout] 
[INFO] [stdout] error[E0433]: cannot find `test` in `tokio`
[INFO] [stdout]    --> net/src/database/mod.rs:844:14
[INFO] [stdout]     |
[INFO] [stdout] 844 |     #[tokio::test]
[INFO] [stdout]     |              ^^^^ could not find `test` in `tokio`
[INFO] [stdout] 
[INFO] [stdout] 
[INFO] [stdout] error[E0433]: cannot find `test` in `tokio`
[INFO] [stdout]    --> net/src/database/mod.rs:853:14
[INFO] [stdout]     |
[INFO] [stdout] 853 |     #[tokio::test]
[INFO] [stdout]     |              ^^^^ could not find `test` in `tokio`
[INFO] [stdout] 
[INFO] [stdout] 
[INFO] [stdout] error[E0433]: cannot find `test` in `tokio`
[INFO] [stdout]    --> net/src/database/mod.rs:879:14
[INFO] [stdout]     |
[INFO] [stdout] 879 |     #[tokio::test]
[INFO] [stdout]     |              ^^^^ could not find `test` in `tokio`
[INFO] [stdout] 
[INFO] [stdout] 
[INFO] [stdout] error[E0433]: cannot find `test` in `tokio`
[INFO] [stdout]    --> net/src/database/mod.rs:900:14
[INFO] [stdout]     |
[INFO] [stdout] 900 |     #[tokio::test]
[INFO] [stdout]     |              ^^^^ could not find `test` in `tokio`
[INFO] [stdout] 
[INFO] [stdout] 
[INFO] [stdout] error[E0433]: cannot find `test` in `tokio`
[INFO] [stdout]    --> net/src/recursor/cname.rs:302:14
[INFO] [stdout]     |
[INFO] [stdout] 302 |     #[tokio::test]
[INFO] [stdout]     |              ^^^^ could not find `test` in `tokio`
[INFO] [stdout] 
[INFO] [stdout] 
[INFO] [stdout] error[E0433]: cannot find `test` in `tokio`
[INFO] [stdout]    --> net/src/recursor/cname.rs:320:14
[INFO] [stdout]     |
[INFO] [stdout] 320 |     #[tokio::test]
[INFO] [stdout]     |              ^^^^ could not find `test` in `tokio`
[INFO] [stdout] 
[INFO] [stdout] 
[INFO] [stdout] error[E0433]: cannot find `test` in `tokio`
[INFO] [stdout]    --> net/src/resolver/hosts.rs:638:14
[INFO] [stdout]     |
[INFO] [stdout] 638 |     #[tokio::test]
[INFO] [stdout]     |              ^^^^ could not find `test` in `tokio`
[INFO] [stdout] 
[INFO] [stdout] 
[INFO] [stdout] error[E0433]: cannot find `test` in `tokio`
[INFO] [stdout]    --> net/src/resolver/hosts.rs:665:14
[INFO] [stdout]     |
[INFO] [stdout] 665 |     #[tokio::test]
[INFO] [stdout]     |              ^^^^ could not find `test` in `tokio`
[INFO] [stdout] 
[INFO] [stdout] 
[INFO] [stdout] error[E0433]: cannot find `test` in `tokio`
[INFO] [stdout]    --> net/src/resolver/hosts.rs:701:14
[INFO] [stdout]     |
[INFO] [stdout] 701 |     #[tokio::test]
[INFO] [stdout]     |              ^^^^ could not find `test` in `tokio`
[INFO] [stdout] 
[INFO] [stdout] 
[INFO] [stdout] error[E0433]: cannot find `test` in `tokio`
[INFO] [stdout]    --> net/src/resolver/reserved.rs:386:14
[INFO] [stdout]     |
[INFO] [stdout] 386 |     #[tokio::test]
[INFO] [stdout]     |              ^^^^ could not find `test` in `tokio`
[INFO] [stdout] 
[INFO] [stdout] 
[INFO] [stdout] error[E0433]: cannot find `test` in `tokio`
[INFO] [stdout]    --> net/src/resolver/reserved.rs:412:14
[INFO] [stdout]     |
[INFO] [stdout] 412 |     #[tokio::test]
[INFO] [stdout]     |              ^^^^ could not find `test` in `tokio`
[INFO] [stdout] 
[INFO] [stdout] 
[INFO] [stdout] error[E0433]: cannot find `test` in `tokio`
[INFO] [stdout]    --> net/src/resolver/reserved.rs:444:14
[INFO] [stdout]     |
[INFO] [stdout] 444 |     #[tokio::test]
[INFO] [stdout]     |              ^^^^ could not find `test` in `tokio`
[INFO] [stdout] 
[INFO] [stdout] 
[INFO] [stdout] error[E0433]: cannot find `test` in `tokio`
[INFO] [stdout]   --> net/tests/persistence_tests.rs:30:10
[INFO] [stdout]    |
[INFO] [stdout] 30 | #[tokio::test]
[INFO] [stdout]    |          ^^^^ could not find `test` in `tokio`
[INFO] [stdout] 
[INFO] [stdout] 
[INFO] [stdout] error[E0433]: cannot find `test` in `tokio`
[INFO] [stdout]   --> net/tests/persistence_tests.rs:52:10
[INFO] [stdout]    |
[INFO] [stdout] 52 | #[tokio::test]
[INFO] [stdout]    |          ^^^^ could not find `test` in `tokio`
[INFO] [stdout] 
[INFO] [stdout] 
[INFO] [stdout] error[E0433]: cannot find `test` in `tokio`
[INFO] [stdout]   --> net/tests/persistence_tests.rs:88:10
[INFO] [stdout]    |
[INFO] [stdout] 88 | #[tokio::test]
[INFO] [stdout]    |          ^^^^ could not find `test` in `tokio`
[INFO] [stdout] 
[INFO] [stdout] 
[INFO] [stdout] error[E0433]: cannot find `test` in `tokio`
[INFO] [stdout]    --> net/tests/persistence_tests.rs:110:10
[INFO] [stdout]     |
[INFO] [stdout] 110 | #[tokio::test]
[INFO] [stdout]     |          ^^^^ could not find `test` in `tokio`
[INFO] [stdout] 
[INFO] [stdout] 
[INFO] [stdout] error[E0433]: cannot find `test` in `tokio`
[INFO] [stdout]    --> net/tests/persistence_tests.rs:145:10
[INFO] [stdout]     |
[INFO] [stdout] 145 | #[tokio::test]
[INFO] [stdout]     |          ^^^^ could not find `test` in `tokio`
[INFO] [stdout] 
[INFO] [stdout] 
[INFO] [stdout] error[E0433]: cannot find `test` in `tokio`
[INFO] [stdout]    --> net/tests/persistence_tests.rs:205:10
[INFO] [stdout]     |
[INFO] [stdout] 205 | #[tokio::test]
[INFO] [stdout]     |          ^^^^ could not find `test` in `tokio`
[INFO] [stdout] 
[INFO] [stdout] 
[INFO] [stdout] error[E0433]: cannot find `test` in `tokio`
[INFO] [stdout]   --> net/tests/chained_authority_tests.rs:36:10
[INFO] [stdout]    |
[INFO] [stdout] 36 | #[tokio::test]
[INFO] [stdout]    |          ^^^^ could not find `test` in `tokio`
[INFO] [stdout] 
[INFO] [stdout] 
[INFO] [stdout] error[E0433]: cannot find `test` in `tokio`
[INFO] [stdout]    --> net/tests/catalog_tests.rs:117:10
[INFO] [stdout]     |
[INFO] [stdout] 117 | #[tokio::test]
[INFO] [stdout]     |          ^^^^ could not find `test` in `tokio`
[INFO] [stdout] 
[INFO] [stdout] 
[INFO] [stdout] error[E0433]: cannot find `test` in `tokio`
[INFO] [stdout]    --> net/tests/catalog_tests.rs:190:10
[INFO] [stdout]     |
[INFO] [stdout] 190 | #[tokio::test]
[INFO] [stdout]     |          ^^^^ could not find `test` in `tokio`
[INFO] [stdout] 
[INFO] [stdout] 
[INFO] [stdout] error[E0433]: cannot find `test` in `tokio`
[INFO] [stdout]    --> net/tests/catalog_tests.rs:261:10
[INFO] [stdout]     |
[INFO] [stdout] 261 | #[tokio::test]
[INFO] [stdout]     |          ^^^^ could not find `test` in `tokio`
[INFO] [stdout] 
[INFO] [stdout] 
[INFO] [stdout] error[E0433]: cannot find `test` in `tokio`
[INFO] [stdout]    --> net/tests/catalog_tests.rs:309:10
[INFO] [stdout]     |
[INFO] [stdout] 309 | #[tokio::test]
[INFO] [stdout]     |          ^^^^ could not find `test` in `tokio`
[INFO] [stdout] 
[INFO] [stdout] 
[INFO] [stdout] error[E0433]: cannot find `test` in `tokio`
[INFO] [stdout]    --> net/tests/catalog_tests.rs:346:10
[INFO] [stdout]     |
[INFO] [stdout] 346 | #[tokio::test]
[INFO] [stdout]     |          ^^^^ could not find `test` in `tokio`
[INFO] [stdout] 
[INFO] [stdout] 
[INFO] [stdout] error[E0433]: cannot find `test` in `tokio`
[INFO] [stdout]    --> net/tests/catalog_tests.rs:484:10
[INFO] [stdout]     |
[INFO] [stdout] 484 | #[tokio::test]
[INFO] [stdout]     |          ^^^^ could not find `test` in `tokio`
[INFO] [stdout] 
[INFO] [stdout] 
[INFO] [stdout] error[E0433]: cannot find `test` in `tokio`
[INFO] [stdout]    --> net/tests/catalog_tests.rs:527:10
[INFO] [stdout]     |
[INFO] [stdout] 527 | #[tokio::test]
[INFO] [stdout]     |          ^^^^ could not find `test` in `tokio`
[INFO] [stdout] 
[INFO] [stdout] 
[INFO] [stdout] error[E0433]: cannot find `test` in `tokio`
[INFO] [stdout]    --> net/tests/catalog_tests.rs:576:10
[INFO] [stdout]     |
[INFO] [stdout] 576 | #[tokio::test]
[INFO] [stdout]     |          ^^^^ could not find `test` in `tokio`
[INFO] [stdout] 
[INFO] [stdout] 
[INFO] [stdout] error[E0433]: cannot find `test` in `tokio`
[INFO] [stdout]   --> net/tests/server_tests.rs:56:10
[INFO] [stdout]    |
[INFO] [stdout] 56 | #[tokio::test]
[INFO] [stdout]    |          ^^^^ could not find `test` in `tokio`
[INFO] [stdout] 
[INFO] [stdout] 
[INFO] [stdout] error[E0433]: cannot find `test` in `tokio`
[INFO] [stdout]   --> net/tests/server_tests.rs:85:10
[INFO] [stdout]    |
[INFO] [stdout] 85 | #[tokio::test]
[INFO] [stdout]    |          ^^^^ could not find `test` in `tokio`
[INFO] [stdout] 
[INFO] [stdout] 
[INFO] [stdout] error[E0433]: cannot find `test` in `tokio`
[INFO] [stdout]    --> net/tests/server_tests.rs:106:10
[INFO] [stdout]     |
[INFO] [stdout] 106 | #[tokio::test]
[INFO] [stdout]     |          ^^^^ could not find `test` in `tokio`
[INFO] [stdout] 
[INFO] [stdout] 
[INFO] [stdout] error[E0433]: cannot find `test` in `tokio`
[INFO] [stdout]    --> net/tests/server_tests.rs:152:10
[INFO] [stdout]     |
[INFO] [stdout] 152 | #[tokio::test]
[INFO] [stdout]     |          ^^^^ could not find `test` in `tokio`
[INFO] [stdout] 
[INFO] [stdout] 
[INFO] [stdout] error[E0433]: cannot find `test` in `tokio`
[INFO] [stdout]    --> net/tests/server_tests.rs:189:10
[INFO] [stdout]     |
[INFO] [stdout] 189 | #[tokio::test]
[INFO] [stdout]     |          ^^^^ could not find `test` in `tokio`
[INFO] [stdout] 
[INFO] [stdout] 
[INFO] [stdout] error[E0433]: cannot find `test` in `tokio`
[INFO] [stdout]    --> net/tests/server_tests.rs:589:10
[INFO] [stdout]     |
[INFO] [stdout] 589 | #[tokio::test]
[INFO] [stdout]     |          ^^^^ could not find `test` in `tokio`
[INFO] [stdout] 
[INFO] [stdout] 
[INFO] [stdout] error[E0433]: cannot find `test` in `tokio`
[INFO] [stdout]   --> net/tests/authority_tests.rs:44:10
[INFO] [stdout]    |
[INFO] [stdout] 44 | #[tokio::test]
[INFO] [stdout]    |          ^^^^ could not find `test` in `tokio`
[INFO] [stdout] 
[INFO] [stdout] 
[INFO] [stdout] error[E0433]: cannot find `test` in `tokio`
[INFO] [stdout]   --> net/tests/authority_tests.rs:68:10
[INFO] [stdout]    |
[INFO] [stdout] 68 | #[tokio::test]
[INFO] [stdout]    |          ^^^^ could not find `test` in `tokio`
[INFO] [stdout] 
[INFO] [stdout] 
[INFO] [stdout] error[E0433]: cannot find `test` in `tokio`
[INFO] [stdout]   --> net/tests/authority_tests.rs:91:10
[INFO] [stdout]    |
[INFO] [stdout] 91 | #[tokio::test]
[INFO] [stdout]    |          ^^^^ could not find `test` in `tokio`
[INFO] [stdout] 
[INFO] [stdout] 
[INFO] [stdout] error[E0433]: cannot find `test` in `tokio`
[INFO] [stdout]     --> net/tests/authority_tests.rs:1145:10
[INFO] [stdout]      |
[INFO] [stdout] 1145 | #[tokio::test]
[INFO] [stdout]      |          ^^^^ could not find `test` in `tokio`
[INFO] [stdout] 
[INFO] [stdout] 
[INFO] [stdout] error[E0433]: cannot find `test` in `tokio`
[INFO] [stdout]     --> net/tests/authority_tests.rs:1162:10
[INFO] [stdout]      |
[INFO] [stdout] 1162 | #[tokio::test]
[INFO] [stdout]      |          ^^^^ could not find `test` in `tokio`
[INFO] [stdout] 
[INFO] [stdout] 
[INFO] [stdout] For more information about this error, try `rustc --explain E0433`.
[INFO] [stdout] 
[INFO] [stdout] For more information about this error, try `rustc --explain E0433`.
[INFO] [stdout] 
[INFO] [stderr] error: could not compile `walnut-dns` (test "catalog_tests") due to 8 previous errors
[INFO] [stderr] warning: build failed, waiting for other jobs to finish...
[INFO] [stderr] error: could not compile `walnut-dns` (test "chained_authority_tests") due to 1 previous error
[INFO] [stdout] For more information about this error, try `rustc --explain E0433`.
[INFO] [stdout] 
[INFO] [stderr] error: could not compile `walnut-dns` (test "authority_tests") due to 5 previous errors
[INFO] [stdout] For more information about this error, try `rustc --explain E0433`.
[INFO] [stdout] 
[INFO] [stderr] error: could not compile `walnut-dns` (test "persistence_tests") due to 6 previous errors
[INFO] [stdout] For more information about this error, try `rustc --explain E0433`.
[INFO] [stdout] 
[INFO] [stderr] error: could not compile `walnut-dns` (test "server_tests") due to 6 previous errors
[INFO] [stdout] For more information about this error, try `rustc --explain E0433`.
[INFO] [stdout] 
[INFO] [stderr] error: could not compile `walnut-dns` (lib test) due to 39 previous errors
[INFO] [stderr] warning: unused dependency `arc-swap`
[INFO] [stderr]   --> net/Cargo.toml:13:1
[INFO] [stderr]    |
[INFO] [stderr] 13 | arc-swap.workspace = true
[INFO] [stderr]    | ^^^^^^^^
[INFO] [stderr]    |
[INFO] [stderr]    = note: `cargo::unused_dependencies` is set to `warn` by default
[INFO] [stderr] help: consider removing the dependency on `arc-swap`
[INFO] [stderr] warning: unused dependency `rustls`
[INFO] [stderr]   --> net/Cargo.toml:58:15
[INFO] [stderr]    |
[INFO] [stderr] 58 | [dependencies.rustls]
[INFO] [stderr]    |               ^^^^^^^
[INFO] [stderr]    |
[INFO] [stderr] help: consider removing the dependency on `rustls`
[INFO] [stderr] warning: unused dependency `toml_edit`
[INFO] [stderr]   --> net/Cargo.toml:36:1
[INFO] [stderr]    |
[INFO] [stderr] 36 | toml_edit = { workspace = true, features = ["serde"] }
[INFO] [stderr]    | ^^^^^^^^^^^^^^^^^^^^^^^^^^^^^^^^^^^^^^^^^^^^^^^^^^^^^^
[INFO] [stderr]    |
[INFO] [stderr] help: consider removing the dependency on `toml_edit`
[INFO] [stderr] warning: unused dependency `tower-http`
[INFO] [stderr]   --> net/Cargo.toml:38:1
[INFO] [stderr]    |
[INFO] [stderr] 38 | tower-http = { workspace = true, features = ["trace"] }
[INFO] [stderr]    | ^^^^^^^^^^^^^^^^^^^^^^^^^^^^^^^^^^^^^^^^^^^^^^^^^^^^^^^
[INFO] [stderr]    |
[INFO] [stderr] help: consider removing the dependency on `tower-http`
[INFO] [stderr] warning: `walnut-dns` (manifest) generated 4 warnings
[INFO] running `Command { std: "docker" "inspect" "e39f7c54b31ee37c3885417df0c2b3fe5fd0e786ad26adb2c1400a423d7e5751", kill_on_drop: false }`
[INFO] running `Command { std: "docker" "rm" "-f" "e39f7c54b31ee37c3885417df0c2b3fe5fd0e786ad26adb2c1400a423d7e5751", kill_on_drop: false }`
[INFO] [stdout] e39f7c54b31ee37c3885417df0c2b3fe5fd0e786ad26adb2c1400a423d7e5751
