[INFO] cloning repository https://github.com/alasgarovnamig/polygraf-task
[INFO] running `Command { std: "git" "-c" "credential.helper=" "-c" "credential.helper=/workspace/cargo-home/bin/git-credential-null" "clone" "--bare" "https://github.com/alasgarovnamig/polygraf-task" "/workspace/cache/git-repos/https%3A%2F%2Fgithub.com%2Falasgarovnamig%2Fpolygraf-task", kill_on_drop: false }`
[INFO] [stderr] Cloning into bare repository '/workspace/cache/git-repos/https%3A%2F%2Fgithub.com%2Falasgarovnamig%2Fpolygraf-task'...
[INFO] running `Command { std: "git" "rev-parse" "HEAD", kill_on_drop: false }`
[INFO] [stdout] 10137c5a074cf68630785ce5267bd554292b89a9
[INFO] checking alasgarovnamig/polygraf-task against 3154cc1a3e6424e44f438a95007d043ed5ceaaf6 for pr-133502-30
[INFO] running `Command { std: "git" "clone" "/workspace/cache/git-repos/https%3A%2F%2Fgithub.com%2Falasgarovnamig%2Fpolygraf-task" "/workspace/builds/worker-2-tc2/source", kill_on_drop: false }`
[INFO] [stderr] Cloning into '/workspace/builds/worker-2-tc2/source'...
[INFO] [stderr] done.
[INFO] started tweaking git repo https://github.com/alasgarovnamig/polygraf-task
[INFO] finished tweaking git repo https://github.com/alasgarovnamig/polygraf-task
[INFO] tweaked toml for git repo https://github.com/alasgarovnamig/polygraf-task written to /workspace/builds/worker-2-tc2/source/Cargo.toml
[INFO] validating manifest of git repo https://github.com/alasgarovnamig/polygraf-task on toolchain 3154cc1a3e6424e44f438a95007d043ed5ceaaf6
[INFO] running `Command { std: CARGO_HOME="/workspace/cargo-home" RUSTUP_HOME="/workspace/rustup-home" "/workspace/cargo-home/bin/cargo" "+3154cc1a3e6424e44f438a95007d043ed5ceaaf6" "metadata" "--manifest-path" "Cargo.toml" "--no-deps", kill_on_drop: false }`
[INFO] crate git repo https://github.com/alasgarovnamig/polygraf-task already has a lockfile, it will not be regenerated
[INFO] running `Command { std: CARGO_HOME="/workspace/cargo-home" RUSTUP_HOME="/workspace/rustup-home" "/workspace/cargo-home/bin/cargo" "+3154cc1a3e6424e44f438a95007d043ed5ceaaf6" "fetch" "--manifest-path" "Cargo.toml", kill_on_drop: false }`
[INFO] running `Command { std: "docker" "create" "-v" "/var/lib/crater-agent-workspace/builds/worker-2-tc2/source:/opt/rustwide/workdir:ro,Z" "-v" "/var/lib/crater-agent-workspace/builds/worker-2-tc2/target:/opt/rustwide/target:rw,Z" "-v" "/var/lib/crater-agent-workspace/cargo-home:/opt/rustwide/cargo-home:ro,Z" "-v" "/var/lib/crater-agent-workspace/rustup-home:/opt/rustwide/rustup-home:ro,Z" "-m" "1610612736" "--network" "none" "ghcr.io/rust-lang/crates-build-env/linux@sha256:77db811e55d90add9212f6832c23229e3de5f1c1f9905e8cb07319ea15df73ac" "sleep" "infinity", kill_on_drop: false }`
[INFO] [stdout] 41373e23e0422f127e180d2cb0fbbadc357263595519effbc3262673c729218d
[INFO] running `Command { std: "docker" "start" "41373e23e0422f127e180d2cb0fbbadc357263595519effbc3262673c729218d", kill_on_drop: false }`
[INFO] running `Command { std: "docker" "inspect" "41373e23e0422f127e180d2cb0fbbadc357263595519effbc3262673c729218d", kill_on_drop: false }`
[INFO] running `Command { std: "docker" "exec" "-e" "SOURCE_DIR=/opt/rustwide/workdir" "-e" "CARGO_HOME=/opt/rustwide/cargo-home" "-e" "RUSTUP_HOME=/opt/rustwide/rustup-home" "-e" "CARGO_TARGET_DIR=/opt/rustwide/target" "-w" "/opt/rustwide/workdir" "--user" "0:0" "41373e23e0422f127e180d2cb0fbbadc357263595519effbc3262673c729218d" "/opt/rustwide/cargo-home/bin/cargo" "+3154cc1a3e6424e44f438a95007d043ed5ceaaf6" "metadata" "--no-deps" "--format-version=1", kill_on_drop: false }`
[INFO] running `Command { std: "docker" "inspect" "41373e23e0422f127e180d2cb0fbbadc357263595519effbc3262673c729218d", kill_on_drop: false }`
[INFO] running `Command { std: "docker" "exec" "-e" "SOURCE_DIR=/opt/rustwide/workdir" "-e" "CARGO_HOME=/opt/rustwide/cargo-home" "-e" "RUSTUP_HOME=/opt/rustwide/rustup-home" "-e" "CARGO_TARGET_DIR=/opt/rustwide/target" "-e" "CARGO_INCREMENTAL=0" "-e" "RUST_BACKTRACE=full" "-e" "RUSTFLAGS=--cap-lints=forbid" "-e" "RUSTDOCFLAGS=--cap-lints=forbid" "-w" "/opt/rustwide/workdir" "--user" "0:0" "41373e23e0422f127e180d2cb0fbbadc357263595519effbc3262673c729218d" "/opt/rustwide/cargo-home/bin/cargo" "+3154cc1a3e6424e44f438a95007d043ed5ceaaf6" "check" "--frozen" "--all" "--all-targets" "--message-format=json", kill_on_drop: false }`
[INFO] [stderr]    Compiling zerofrom v0.1.8
[INFO] [stderr]     Checking serde v1.0.229
[INFO] [stderr]    Compiling ring v0.17.14
[INFO] [stderr]    Compiling num-traits v0.2.19
[INFO] [stderr]    Compiling rustls v0.23.42
[INFO] [stderr]     Checking futures-sink v0.3.33
[INFO] [stderr]    Compiling cmov v0.5.4
[INFO] [stderr]    Compiling generic-array v0.14.9
[INFO] [stderr]    Compiling futures-core v0.3.33
[INFO] [stderr]     Checking tokio v1.53.1
[INFO] [stderr]     Checking tracing v0.1.44
[INFO] [stderr]    Compiling getrandom v0.2.17
[INFO] [stderr]    Compiling mio v1.2.2
[INFO] [stderr]    Compiling rand_core v0.10.1
[INFO] [stderr]    Compiling thiserror v2.0.19
[INFO] [stderr]    Compiling hashbrown v0.16.1
[INFO] [stderr]     Checking futures-util v0.3.33
[INFO] [stderr]    Compiling tinyvec v1.12.0
[INFO] [stderr]    Compiling yoke v0.8.3
[INFO] [stderr]     Checking digest v0.11.3
[INFO] [stderr]    Compiling ctutils v0.4.2
[INFO] [stderr]     Checking smallvec v1.15.2
[INFO] [stderr]    Compiling crossbeam-utils v0.8.22
[INFO] [stderr]    Compiling futures-io v0.3.33
[INFO] [stderr]    Compiling zerovec v0.11.6
[INFO] [stderr]    Compiling zerotrie v0.2.4
[INFO] [stderr]     Checking icu_normalizer v2.2.0
[INFO] [stderr]    Compiling futures-task v0.3.33
[INFO] [stderr]    Compiling unicode-normalization v0.1.25
[INFO] [stderr]     Checking block-buffer v0.10.4
[INFO] [stderr]     Checking crypto-common v0.1.6
[INFO] [stderr]    Compiling hmac v0.13.0
[INFO] [stderr]     Checking parking_lot_core v0.9.12
[INFO] [stderr]    Compiling hashlink v0.11.1
[INFO] [stderr]     Checking idna_adapter v1.2.2
[INFO] [stderr]    Compiling either v1.17.0
[INFO] [stderr]    Compiling chacha20 v0.10.1
[INFO] [stderr]    Compiling digest v0.10.7
[INFO] [stderr]    Compiling crossbeam-queue v0.3.13
[INFO] [stderr]    Compiling chrono v0.4.45
[INFO] [stderr]    Compiling getrandom v0.4.3
[INFO] [stderr]    Compiling sha2 v0.10.9
[INFO] [stderr]    Compiling parking_lot v0.12.5
[INFO] [stderr]     Checking futures-channel v0.3.33
[INFO] [stderr]    Compiling base64 v0.22.1
[INFO] [stderr]    Compiling tinystr v0.8.3
[INFO] [stderr]    Compiling potential_utf v0.1.5
[INFO] [stderr]    Compiling stringprep v0.1.5
[INFO] [stderr]    Compiling rand v0.10.2
[INFO] [stderr]     Checking idna v1.1.0
[INFO] [stderr]    Compiling icu_collections v2.2.0
[INFO] [stderr]    Compiling futures-intrusive v0.5.0
[INFO] [stderr]    Compiling atoi v2.0.0
[INFO] [stderr]    Compiling icu_locale_core v2.2.0
[INFO] [stderr]    Compiling hkdf v0.13.0
[INFO] [stderr]    Compiling md-5 v0.11.0
[INFO] [stderr]    Compiling sha2 v0.11.0
[INFO] [stderr]    Compiling whoami v2.1.2
[INFO] [stderr]     Checking url v2.5.8
[INFO] [stderr]     Checking regex-syntax v0.8.11
[INFO] [stderr]     Checking serde_urlencoded v0.7.1
[INFO] [stderr]     Checking axum-core v0.5.6
[INFO] [stderr]     Checking uuid v1.24.0
[INFO] [stderr]     Checking serde_path_to_error v0.1.20
[INFO] [stderr]    Compiling axum-macros v0.5.1
[INFO] [stderr]    Compiling icu_provider v2.2.0
[INFO] [stderr]     Checking regex-automata v0.4.16
[INFO] [stderr]    Compiling icu_properties v2.2.0
[INFO] [stderr]     Checking tower-http v0.7.0
[INFO] [stderr]     Checking rustls-webpki v0.103.13
[INFO] [stderr]     Checking matchers v0.2.0
[INFO] [stderr]     Checking tracing-subscriber v0.3.23
[INFO] [stderr]     Checking tokio-stream v0.1.19
[INFO] [stderr]     Checking hyper v1.11.0
[INFO] [stderr]     Checking tower v0.5.3
[INFO] [stderr]     Checking hyper-util v0.1.20
[INFO] [stderr]     Checking axum v0.8.9
[INFO] [stderr]     Checking sqlx-core v0.9.0
[INFO] [stderr]     Checking sqlx-postgres v0.9.0
[INFO] [stderr]    Compiling sqlx-macros-core v0.9.0
[INFO] [stderr]    Compiling sqlx-macros v0.9.0
[INFO] [stderr]     Checking sqlx v0.9.0
[INFO] [stderr]     Checking polygraf-task v0.1.0 (/opt/rustwide/workdir)
[INFO] [stdout] error: error communicating with database: Connection refused (os error 111)
[INFO] [stdout]   --> src/repository/comment_repository.rs:17:19
[INFO] [stdout]    |
[INFO] [stdout] 17 |           let row = sqlx::query_as!(
[INFO] [stdout]    |  ___________________^
[INFO] [stdout] 18 | |             Comment,
[INFO] [stdout] 19 | |             r#"
[INFO] [stdout] 20 | |             INSERT INTO comments (post_id, user_id, body)
[INFO] [stdout] ...  |
[INFO] [stdout] 26 | |             body,
[INFO] [stdout] 27 | |         )
[INFO] [stdout]    | |_________^
[INFO] [stdout]    |
[INFO] [stdout]    = note: this error originates in the macro `$crate::sqlx_macros::expand_query` which comes from the expansion of the macro `sqlx::query_as` (in Nightly builds, run with -Z macro-backtrace for more info)
[INFO] [stdout] 
[INFO] [stdout] 
[INFO] [stdout] error: error communicating with database: Connection refused (os error 111)
[INFO] [stdout]   --> src/repository/comment_repository.rs:42:21
[INFO] [stdout]    |
[INFO] [stdout] 42 |           let total = sqlx::query_scalar!(
[INFO] [stdout]    |  _____________________^
[INFO] [stdout] 43 | |             r#"SELECT count(*) AS "count!" FROM comments WHERE post_id = $1"#,
[INFO] [stdout] 44 | |             post_id
[INFO] [stdout] 45 | |         )
[INFO] [stdout]    | |_________^
[INFO] [stdout]    |
[INFO] [stdout]    = note: this error originates in the macro `$crate::sqlx_macros::expand_query` which comes from the expansion of the macro `sqlx::query_scalar` (in Nightly builds, run with -Z macro-backtrace for more info)
[INFO] [stdout] 
[INFO] [stdout] 
[INFO] [stdout] error: error communicating with database: Connection refused (os error 111)
[INFO] [stdout]   --> src/repository/comment_repository.rs:49:21
[INFO] [stdout]    |
[INFO] [stdout] 49 |           let items = sqlx::query_as!(
[INFO] [stdout]    |  _____________________^
[INFO] [stdout] 50 | |             Comment,
[INFO] [stdout] 51 | |             r#"
[INFO] [stdout] 52 | |             SELECT id, post_id, user_id, body, created_at
[INFO] [stdout] ...  |
[INFO] [stdout] 60 | |             offset,
[INFO] [stdout] 61 | |         )
[INFO] [stdout]    | |_________^
[INFO] [stdout]    |
[INFO] [stdout]    = note: this error originates in the macro `$crate::sqlx_macros::expand_query` which comes from the expansion of the macro `sqlx::query_as` (in Nightly builds, run with -Z macro-backtrace for more info)
[INFO] [stdout] 
[INFO] [stdout] 
[INFO] [stdout] error: error communicating with database: Connection refused (os error 111)
[INFO] [stdout]   --> src/repository/comment_repository.rs:71:24
[INFO] [stdout]    |
[INFO] [stdout] 71 |           let affected = sqlx::query!(
[INFO] [stdout]    |  ________________________^
[INFO] [stdout] 72 | |             "DELETE FROM comments WHERE id = $1 AND post_id = $2",
[INFO] [stdout] 73 | |             comment_id,
[INFO] [stdout] 74 | |             post_id
[INFO] [stdout] 75 | |         )
[INFO] [stdout]    | |_________^
[INFO] [stdout]    |
[INFO] [stdout]    = note: this error originates in the macro `$crate::sqlx_macros::expand_query` which comes from the expansion of the macro `sqlx::query` (in Nightly builds, run with -Z macro-backtrace for more info)
[INFO] [stdout] 
[INFO] [stdout] 
[INFO] [stdout] error: error communicating with database: Connection refused (os error 111)
[INFO] [stdout]   --> src/repository/post_repository.rs:17:19
[INFO] [stdout]    |
[INFO] [stdout] 17 |           let row = sqlx::query_as!(
[INFO] [stdout]    |  ___________________^
[INFO] [stdout] 18 | |             Post,
[INFO] [stdout] 19 | |             r#"
[INFO] [stdout] 20 | |             INSERT INTO posts (user_id, title, body)
[INFO] [stdout] ...  |
[INFO] [stdout] 26 | |             body,
[INFO] [stdout] 27 | |         )
[INFO] [stdout]    | |_________^
[INFO] [stdout]    |
[INFO] [stdout]    = note: this error originates in the macro `$crate::sqlx_macros::expand_query` which comes from the expansion of the macro `sqlx::query_as` (in Nightly builds, run with -Z macro-backtrace for more info)
[INFO] [stdout] 
[INFO] [stdout] 
[INFO] [stdout] error: error communicating with database: Connection refused (os error 111)
[INFO] [stdout]   --> src/repository/post_repository.rs:35:19
[INFO] [stdout]    |
[INFO] [stdout] 35 |           let row = sqlx::query_as!(
[INFO] [stdout]    |  ___________________^
[INFO] [stdout] 36 | |             Post,
[INFO] [stdout] 37 | |             "SELECT id, user_id, title, body FROM posts WHERE id = $1",
[INFO] [stdout] 38 | |             id
[INFO] [stdout] 39 | |         )
[INFO] [stdout]    | |_________^
[INFO] [stdout]    |
[INFO] [stdout]    = note: this error originates in the macro `$crate::sqlx_macros::expand_query` which comes from the expansion of the macro `sqlx::query_as` (in Nightly builds, run with -Z macro-backtrace for more info)
[INFO] [stdout] 
[INFO] [stdout] 
[INFO] [stdout] error: error communicating with database: Connection refused (os error 111)
[INFO] [stdout]   --> src/repository/post_repository.rs:47:22
[INFO] [stdout]    |
[INFO] [stdout] 47 |           let exists = sqlx::query_scalar!(
[INFO] [stdout]    |  ______________________^
[INFO] [stdout] 48 | |             r#"SELECT EXISTS(SELECT 1 FROM posts WHERE id = $1) AS "exists!""#,
[INFO] [stdout] 49 | |             id
[INFO] [stdout] 50 | |         )
[INFO] [stdout]    | |_________^
[INFO] [stdout]    |
[INFO] [stdout]    = note: this error originates in the macro `$crate::sqlx_macros::expand_query` which comes from the expansion of the macro `sqlx::query_scalar` (in Nightly builds, run with -Z macro-backtrace for more info)
[INFO] [stdout] 
[INFO] [stdout] 
[INFO] [stdout] error: error communicating with database: Connection refused (os error 111)
[INFO] [stdout]   --> src/repository/post_repository.rs:60:21
[INFO] [stdout]    |
[INFO] [stdout] 60 |         let total = sqlx::query_scalar!(r#"SELECT count(*) AS "count!" FROM posts"#)
[INFO] [stdout]    |                     ^^^^^^^^^^^^^^^^^^^^^^^^^^^^^^^^^^^^^^^^^^^^^^^^^^^^^^^^^^^^^^^^
[INFO] [stdout]    |
[INFO] [stdout]    = note: this error originates in the macro `$crate::sqlx_macros::expand_query` which comes from the expansion of the macro `sqlx::query_scalar` (in Nightly builds, run with -Z macro-backtrace for more info)
[INFO] [stdout] 
[INFO] [stdout] 
[INFO] [stdout] error: error communicating with database: Connection refused (os error 111)
[INFO] [stdout]   --> src/repository/post_repository.rs:64:21
[INFO] [stdout]    |
[INFO] [stdout] 64 |           let items = sqlx::query_as!(
[INFO] [stdout]    |  _____________________^
[INFO] [stdout] 65 | |             Post,
[INFO] [stdout] 66 | |             r#"
[INFO] [stdout] 67 | |             SELECT id, user_id, title, body
[INFO] [stdout] ...  |
[INFO] [stdout] 73 | |             offset,
[INFO] [stdout] 74 | |         )
[INFO] [stdout]    | |_________^
[INFO] [stdout]    |
[INFO] [stdout]    = note: this error originates in the macro `$crate::sqlx_macros::expand_query` which comes from the expansion of the macro `sqlx::query_as` (in Nightly builds, run with -Z macro-backtrace for more info)
[INFO] [stdout] 
[INFO] [stdout] 
[INFO] [stdout] error: error communicating with database: Connection refused (os error 111)
[INFO] [stdout]   --> src/repository/post_repository.rs:84:19
[INFO] [stdout]    |
[INFO] [stdout] 84 |           let row = sqlx::query_as!(
[INFO] [stdout]    |  ___________________^
[INFO] [stdout] 85 | |             Post,
[INFO] [stdout] 86 | |             r#"
[INFO] [stdout] 87 | |             UPDATE posts
[INFO] [stdout] ...  |
[INFO] [stdout] 94 | |             body,
[INFO] [stdout] 95 | |         )
[INFO] [stdout]    | |_________^
[INFO] [stdout]    |
[INFO] [stdout]    = note: this error originates in the macro `$crate::sqlx_macros::expand_query` which comes from the expansion of the macro `sqlx::query_as` (in Nightly builds, run with -Z macro-backtrace for more info)
[INFO] [stdout] 
[INFO] [stdout] 
[INFO] [stdout] error: error communicating with database: Connection refused (os error 111)
[INFO] [stdout]    --> src/repository/post_repository.rs:103:24
[INFO] [stdout]     |
[INFO] [stdout] 103 |         let affected = sqlx::query!("DELETE FROM posts WHERE id = $1", id)
[INFO] [stdout]     |                        ^^^^^^^^^^^^^^^^^^^^^^^^^^^^^^^^^^^^^^^^^^^^^^^^^^^
[INFO] [stdout]     |
[INFO] [stdout]     = note: this error originates in the macro `$crate::sqlx_macros::expand_query` which comes from the expansion of the macro `sqlx::query` (in Nightly builds, run with -Z macro-backtrace for more info)
[INFO] [stdout] 
[INFO] [stdout] 
[INFO] [stdout] error: error communicating with database: Connection refused (os error 111)
[INFO] [stdout]   --> src/repository/tag_repository.rs:17:19
[INFO] [stdout]    |
[INFO] [stdout] 17 |           let row = sqlx::query_as!(
[INFO] [stdout]    |  ___________________^
[INFO] [stdout] 18 | |             Tag,
[INFO] [stdout] 19 | |             "INSERT INTO tags (name) VALUES ($1) RETURNING id, name",
[INFO] [stdout] 20 | |             name
[INFO] [stdout] 21 | |         )
[INFO] [stdout]    | |_________^
[INFO] [stdout]    |
[INFO] [stdout]    = note: this error originates in the macro `$crate::sqlx_macros::expand_query` which comes from the expansion of the macro `sqlx::query_as` (in Nightly builds, run with -Z macro-backtrace for more info)
[INFO] [stdout] 
[INFO] [stdout] 
[INFO] [stdout] error: error communicating with database: Connection refused (os error 111)
[INFO] [stdout]   --> src/repository/tag_repository.rs:31:21
[INFO] [stdout]    |
[INFO] [stdout] 31 |         let total = sqlx::query_scalar!(r#"SELECT count(*) AS "count!" FROM tags"#)
[INFO] [stdout]    |                     ^^^^^^^^^^^^^^^^^^^^^^^^^^^^^^^^^^^^^^^^^^^^^^^^^^^^^^^^^^^^^^^
[INFO] [stdout]    |
[INFO] [stdout]    = note: this error originates in the macro `$crate::sqlx_macros::expand_query` which comes from the expansion of the macro `sqlx::query_scalar` (in Nightly builds, run with -Z macro-backtrace for more info)
[INFO] [stdout] 
[INFO] [stdout] 
[INFO] [stdout] error: error communicating with database: Connection refused (os error 111)
[INFO] [stdout]   --> src/repository/tag_repository.rs:35:21
[INFO] [stdout]    |
[INFO] [stdout] 35 |           let items = sqlx::query_as!(
[INFO] [stdout]    |  _____________________^
[INFO] [stdout] 36 | |             Tag,
[INFO] [stdout] 37 | |             "SELECT id, name FROM tags ORDER BY name LIMIT $1 OFFSET $2",
[INFO] [stdout] 38 | |             limit,
[INFO] [stdout] 39 | |             offset,
[INFO] [stdout] 40 | |         )
[INFO] [stdout]    | |_________^
[INFO] [stdout]    |
[INFO] [stdout]    = note: this error originates in the macro `$crate::sqlx_macros::expand_query` which comes from the expansion of the macro `sqlx::query_as` (in Nightly builds, run with -Z macro-backtrace for more info)
[INFO] [stdout] 
[INFO] [stdout] 
[INFO] [stdout] error: error communicating with database: Connection refused (os error 111)
[INFO] [stdout]   --> src/repository/tag_repository.rs:56:9
[INFO] [stdout]    |
[INFO] [stdout] 56 | /         sqlx::query!(
[INFO] [stdout] 57 | |             r#"
[INFO] [stdout] 58 | |             INSERT INTO post_tags (post_id, tag_id)
[INFO] [stdout] 59 | |             SELECT $1, tag_id FROM unnest($2::BIGINT[]) AS tag_id
[INFO] [stdout] ...  |
[INFO] [stdout] 63 | |             tag_ids,
[INFO] [stdout] 64 | |         )
[INFO] [stdout]    | |_________^
[INFO] [stdout]    |
[INFO] [stdout]    = note: this error originates in the macro `$crate::sqlx_macros::expand_query` which comes from the expansion of the macro `sqlx::query` (in Nightly builds, run with -Z macro-backtrace for more info)
[INFO] [stdout] 
[INFO] [stdout] 
[INFO] [stdout] error: error communicating with database: Connection refused (os error 111)
[INFO] [stdout]   --> src/repository/tag_repository.rs:76:24
[INFO] [stdout]    |
[INFO] [stdout] 76 |           let affected = sqlx::query!(
[INFO] [stdout]    |  ________________________^
[INFO] [stdout] 77 | |             "DELETE FROM post_tags WHERE post_id = $1 AND tag_id = $2",
[INFO] [stdout] 78 | |             post_id,
[INFO] [stdout] 79 | |             tag_id
[INFO] [stdout] 80 | |         )
[INFO] [stdout]    | |_________^
[INFO] [stdout]    |
[INFO] [stdout]    = note: this error originates in the macro `$crate::sqlx_macros::expand_query` which comes from the expansion of the macro `sqlx::query` (in Nightly builds, run with -Z macro-backtrace for more info)
[INFO] [stdout] 
[INFO] [stdout] 
[INFO] [stdout] error: error communicating with database: Connection refused (os error 111)
[INFO] [stdout]    --> src/repository/tag_repository.rs:90:16
[INFO] [stdout]     |
[INFO] [stdout]  90 |       let rows = sqlx::query_as!(
[INFO] [stdout]     |  ________________^
[INFO] [stdout]  91 | |         Tag,
[INFO] [stdout]  92 | |         r#"
[INFO] [stdout]  93 | |         SELECT t.id, t.name
[INFO] [stdout] ...   |
[INFO] [stdout]  99 | |         post_id
[INFO] [stdout] 100 | |     )
[INFO] [stdout]     | |_____^
[INFO] [stdout]     |
[INFO] [stdout]     = note: this error originates in the macro `$crate::sqlx_macros::expand_query` which comes from the expansion of the macro `sqlx::query_as` (in Nightly builds, run with -Z macro-backtrace for more info)
[INFO] [stdout] 
[INFO] [stdout] 
[INFO] [stdout] error: error communicating with database: Connection refused (os error 111)
[INFO] [stdout]   --> src/repository/user_repository.rs:22:19
[INFO] [stdout]    |
[INFO] [stdout] 22 |           let row = sqlx::query_as!(
[INFO] [stdout]    |  ___________________^
[INFO] [stdout] 23 | |             User,
[INFO] [stdout] 24 | |             r#"
[INFO] [stdout] 25 | |             INSERT INTO users (username, email, full_name)
[INFO] [stdout] ...  |
[INFO] [stdout] 31 | |             full_name,
[INFO] [stdout] 32 | |         )
[INFO] [stdout]    | |_________^
[INFO] [stdout]    |
[INFO] [stdout]    = note: this error originates in the macro `$crate::sqlx_macros::expand_query` which comes from the expansion of the macro `sqlx::query_as` (in Nightly builds, run with -Z macro-backtrace for more info)
[INFO] [stdout] 
[INFO] [stdout] 
[INFO] [stdout] error: error communicating with database: Connection refused (os error 111)
[INFO] [stdout]   --> src/repository/user_repository.rs:40:19
[INFO] [stdout]    |
[INFO] [stdout] 40 |           let row = sqlx::query_as!(
[INFO] [stdout]    |  ___________________^
[INFO] [stdout] 41 | |             User,
[INFO] [stdout] 42 | |             "SELECT id, username, email, full_name FROM users WHERE id = $1",
[INFO] [stdout] 43 | |             id
[INFO] [stdout] 44 | |         )
[INFO] [stdout]    | |_________^
[INFO] [stdout]    |
[INFO] [stdout]    = note: this error originates in the macro `$crate::sqlx_macros::expand_query` which comes from the expansion of the macro `sqlx::query_as` (in Nightly builds, run with -Z macro-backtrace for more info)
[INFO] [stdout] 
[INFO] [stdout] 
[INFO] [stdout] error: error communicating with database: Connection refused (os error 111)
[INFO] [stdout]   --> src/repository/user_repository.rs:58:19
[INFO] [stdout]    |
[INFO] [stdout] 58 |           let row = sqlx::query_as!(
[INFO] [stdout]    |  ___________________^
[INFO] [stdout] 59 | |             User,
[INFO] [stdout] 60 | |             r#"
[INFO] [stdout] 61 | |             UPDATE users
[INFO] [stdout] ...  |
[INFO] [stdout] 69 | |             full_name,
[INFO] [stdout] 70 | |         )
[INFO] [stdout]    | |_________^
[INFO] [stdout]    |
[INFO] [stdout]    = note: this error originates in the macro `$crate::sqlx_macros::expand_query` which comes from the expansion of the macro `sqlx::query_as` (in Nightly builds, run with -Z macro-backtrace for more info)
[INFO] [stdout] 
[INFO] [stdout] 
[INFO] [stdout] error: error communicating with database: Connection refused (os error 111)
[INFO] [stdout]   --> src/repository/user_repository.rs:78:24
[INFO] [stdout]    |
[INFO] [stdout] 78 |         let affected = sqlx::query!("DELETE FROM users WHERE id = $1", id)
[INFO] [stdout]    |                        ^^^^^^^^^^^^^^^^^^^^^^^^^^^^^^^^^^^^^^^^^^^^^^^^^^^
[INFO] [stdout]    |
[INFO] [stdout]    = note: this error originates in the macro `$crate::sqlx_macros::expand_query` which comes from the expansion of the macro `sqlx::query` (in Nightly builds, run with -Z macro-backtrace for more info)
[INFO] [stdout] 
[INFO] [stdout] 
[INFO] [stdout] error: error communicating with database: Connection refused (os error 111)
[INFO] [stdout]   --> src/repository/comment_repository.rs:17:19
[INFO] [stdout]    |
[INFO] [stdout] 17 |           let row = sqlx::query_as!(
[INFO] [stdout]    |  ___________________^
[INFO] [stdout] 18 | |             Comment,
[INFO] [stdout] 19 | |             r#"
[INFO] [stdout] 20 | |             INSERT INTO comments (post_id, user_id, body)
[INFO] [stdout] ...  |
[INFO] [stdout] 26 | |             body,
[INFO] [stdout] 27 | |         )
[INFO] [stdout]    | |_________^
[INFO] [stdout]    |
[INFO] [stdout]    = note: this error originates in the macro `$crate::sqlx_macros::expand_query` which comes from the expansion of the macro `sqlx::query_as` (in Nightly builds, run with -Z macro-backtrace for more info)
[INFO] [stdout] 
[INFO] [stdout] 
[INFO] [stdout] error: error communicating with database: Connection refused (os error 111)
[INFO] [stdout]   --> src/repository/comment_repository.rs:42:21
[INFO] [stdout]    |
[INFO] [stdout] 42 |           let total = sqlx::query_scalar!(
[INFO] [stdout]    |  _____________________^
[INFO] [stdout] 43 | |             r#"SELECT count(*) AS "count!" FROM comments WHERE post_id = $1"#,
[INFO] [stdout] 44 | |             post_id
[INFO] [stdout] 45 | |         )
[INFO] [stdout]    | |_________^
[INFO] [stdout]    |
[INFO] [stdout]    = note: this error originates in the macro `$crate::sqlx_macros::expand_query` which comes from the expansion of the macro `sqlx::query_scalar` (in Nightly builds, run with -Z macro-backtrace for more info)
[INFO] [stdout] 
[INFO] [stdout] 
[INFO] [stdout] error: error communicating with database: Connection refused (os error 111)
[INFO] [stdout]   --> src/repository/comment_repository.rs:49:21
[INFO] [stdout]    |
[INFO] [stdout] 49 |           let items = sqlx::query_as!(
[INFO] [stdout]    |  _____________________^
[INFO] [stdout] 50 | |             Comment,
[INFO] [stdout] 51 | |             r#"
[INFO] [stdout] 52 | |             SELECT id, post_id, user_id, body, created_at
[INFO] [stdout] ...  |
[INFO] [stdout] 60 | |             offset,
[INFO] [stdout] 61 | |         )
[INFO] [stdout]    | |_________^
[INFO] [stdout]    |
[INFO] [stdout]    = note: this error originates in the macro `$crate::sqlx_macros::expand_query` which comes from the expansion of the macro `sqlx::query_as` (in Nightly builds, run with -Z macro-backtrace for more info)
[INFO] [stdout] 
[INFO] [stdout] 
[INFO] [stdout] error: error communicating with database: Connection refused (os error 111)
[INFO] [stdout]   --> src/repository/comment_repository.rs:71:24
[INFO] [stdout]    |
[INFO] [stdout] 71 |           let affected = sqlx::query!(
[INFO] [stdout]    |  ________________________^
[INFO] [stdout] 72 | |             "DELETE FROM comments WHERE id = $1 AND post_id = $2",
[INFO] [stdout] 73 | |             comment_id,
[INFO] [stdout] 74 | |             post_id
[INFO] [stdout] 75 | |         )
[INFO] [stdout]    | |_________^
[INFO] [stdout]    |
[INFO] [stdout]    = note: this error originates in the macro `$crate::sqlx_macros::expand_query` which comes from the expansion of the macro `sqlx::query` (in Nightly builds, run with -Z macro-backtrace for more info)
[INFO] [stdout] 
[INFO] [stdout] 
[INFO] [stdout] error: error communicating with database: Connection refused (os error 111)
[INFO] [stdout]   --> src/repository/post_repository.rs:17:19
[INFO] [stdout]    |
[INFO] [stdout] 17 |           let row = sqlx::query_as!(
[INFO] [stdout]    |  ___________________^
[INFO] [stdout] 18 | |             Post,
[INFO] [stdout] 19 | |             r#"
[INFO] [stdout] 20 | |             INSERT INTO posts (user_id, title, body)
[INFO] [stdout] ...  |
[INFO] [stdout] 26 | |             body,
[INFO] [stdout] 27 | |         )
[INFO] [stdout]    | |_________^
[INFO] [stdout]    |
[INFO] [stdout]    = note: this error originates in the macro `$crate::sqlx_macros::expand_query` which comes from the expansion of the macro `sqlx::query_as` (in Nightly builds, run with -Z macro-backtrace for more info)
[INFO] [stdout] 
[INFO] [stdout] 
[INFO] [stdout] error: error communicating with database: Connection refused (os error 111)
[INFO] [stdout]   --> src/repository/post_repository.rs:35:19
[INFO] [stdout]    |
[INFO] [stdout] 35 |           let row = sqlx::query_as!(
[INFO] [stdout]    |  ___________________^
[INFO] [stdout] 36 | |             Post,
[INFO] [stdout] 37 | |             "SELECT id, user_id, title, body FROM posts WHERE id = $1",
[INFO] [stdout] 38 | |             id
[INFO] [stdout] 39 | |         )
[INFO] [stdout]    | |_________^
[INFO] [stdout]    |
[INFO] [stdout]    = note: this error originates in the macro `$crate::sqlx_macros::expand_query` which comes from the expansion of the macro `sqlx::query_as` (in Nightly builds, run with -Z macro-backtrace for more info)
[INFO] [stdout] 
[INFO] [stdout] 
[INFO] [stdout] error: error communicating with database: Connection refused (os error 111)
[INFO] [stdout]   --> src/repository/post_repository.rs:47:22
[INFO] [stdout]    |
[INFO] [stdout] 47 |           let exists = sqlx::query_scalar!(
[INFO] [stdout]    |  ______________________^
[INFO] [stdout] 48 | |             r#"SELECT EXISTS(SELECT 1 FROM posts WHERE id = $1) AS "exists!""#,
[INFO] [stdout] 49 | |             id
[INFO] [stdout] 50 | |         )
[INFO] [stdout]    | |_________^
[INFO] [stdout]    |
[INFO] [stdout]    = note: this error originates in the macro `$crate::sqlx_macros::expand_query` which comes from the expansion of the macro `sqlx::query_scalar` (in Nightly builds, run with -Z macro-backtrace for more info)
[INFO] [stdout] 
[INFO] [stdout] 
[INFO] [stdout] error: error communicating with database: Connection refused (os error 111)
[INFO] [stdout]   --> src/repository/post_repository.rs:60:21
[INFO] [stdout]    |
[INFO] [stdout] 60 |         let total = sqlx::query_scalar!(r#"SELECT count(*) AS "count!" FROM posts"#)
[INFO] [stdout]    |                     ^^^^^^^^^^^^^^^^^^^^^^^^^^^^^^^^^^^^^^^^^^^^^^^^^^^^^^^^^^^^^^^^
[INFO] [stdout]    |
[INFO] [stdout]    = note: this error originates in the macro `$crate::sqlx_macros::expand_query` which comes from the expansion of the macro `sqlx::query_scalar` (in Nightly builds, run with -Z macro-backtrace for more info)
[INFO] [stdout] 
[INFO] [stdout] 
[INFO] [stdout] error: error communicating with database: Connection refused (os error 111)
[INFO] [stdout]   --> src/repository/post_repository.rs:64:21
[INFO] [stdout]    |
[INFO] [stdout] 64 |           let items = sqlx::query_as!(
[INFO] [stdout]    |  _____________________^
[INFO] [stdout] 65 | |             Post,
[INFO] [stdout] 66 | |             r#"
[INFO] [stdout] 67 | |             SELECT id, user_id, title, body
[INFO] [stdout] ...  |
[INFO] [stdout] 73 | |             offset,
[INFO] [stdout] 74 | |         )
[INFO] [stdout]    | |_________^
[INFO] [stdout]    |
[INFO] [stdout]    = note: this error originates in the macro `$crate::sqlx_macros::expand_query` which comes from the expansion of the macro `sqlx::query_as` (in Nightly builds, run with -Z macro-backtrace for more info)
[INFO] [stdout] 
[INFO] [stdout] 
[INFO] [stdout] error: error communicating with database: Connection refused (os error 111)
[INFO] [stdout]   --> src/repository/post_repository.rs:84:19
[INFO] [stdout]    |
[INFO] [stdout] 84 |           let row = sqlx::query_as!(
[INFO] [stdout]    |  ___________________^
[INFO] [stdout] 85 | |             Post,
[INFO] [stdout] 86 | |             r#"
[INFO] [stdout] 87 | |             UPDATE posts
[INFO] [stdout] ...  |
[INFO] [stdout] 94 | |             body,
[INFO] [stdout] 95 | |         )
[INFO] [stdout]    | |_________^
[INFO] [stdout]    |
[INFO] [stdout]    = note: this error originates in the macro `$crate::sqlx_macros::expand_query` which comes from the expansion of the macro `sqlx::query_as` (in Nightly builds, run with -Z macro-backtrace for more info)
[INFO] [stdout] 
[INFO] [stdout] 
[INFO] [stdout] error: error communicating with database: Connection refused (os error 111)
[INFO] [stdout]    --> src/repository/post_repository.rs:103:24
[INFO] [stdout]     |
[INFO] [stdout] 103 |         let affected = sqlx::query!("DELETE FROM posts WHERE id = $1", id)
[INFO] [stdout]     |                        ^^^^^^^^^^^^^^^^^^^^^^^^^^^^^^^^^^^^^^^^^^^^^^^^^^^
[INFO] [stdout]     |
[INFO] [stdout]     = note: this error originates in the macro `$crate::sqlx_macros::expand_query` which comes from the expansion of the macro `sqlx::query` (in Nightly builds, run with -Z macro-backtrace for more info)
[INFO] [stdout] 
[INFO] [stdout] 
[INFO] [stdout] error: error communicating with database: Connection refused (os error 111)
[INFO] [stdout]   --> src/repository/tag_repository.rs:17:19
[INFO] [stdout]    |
[INFO] [stdout] 17 |           let row = sqlx::query_as!(
[INFO] [stdout]    |  ___________________^
[INFO] [stdout] 18 | |             Tag,
[INFO] [stdout] 19 | |             "INSERT INTO tags (name) VALUES ($1) RETURNING id, name",
[INFO] [stdout] 20 | |             name
[INFO] [stdout] 21 | |         )
[INFO] [stdout]    | |_________^
[INFO] [stdout]    |
[INFO] [stdout]    = note: this error originates in the macro `$crate::sqlx_macros::expand_query` which comes from the expansion of the macro `sqlx::query_as` (in Nightly builds, run with -Z macro-backtrace for more info)
[INFO] [stdout] 
[INFO] [stdout] 
[INFO] [stdout] error: error communicating with database: Connection refused (os error 111)
[INFO] [stdout]   --> src/repository/tag_repository.rs:31:21
[INFO] [stdout]    |
[INFO] [stdout] 31 |         let total = sqlx::query_scalar!(r#"SELECT count(*) AS "count!" FROM tags"#)
[INFO] [stdout]    |                     ^^^^^^^^^^^^^^^^^^^^^^^^^^^^^^^^^^^^^^^^^^^^^^^^^^^^^^^^^^^^^^^
[INFO] [stdout]    |
[INFO] [stdout]    = note: this error originates in the macro `$crate::sqlx_macros::expand_query` which comes from the expansion of the macro `sqlx::query_scalar` (in Nightly builds, run with -Z macro-backtrace for more info)
[INFO] [stdout] 
[INFO] [stdout] 
[INFO] [stdout] error: error communicating with database: Connection refused (os error 111)
[INFO] [stdout]   --> src/repository/tag_repository.rs:35:21
[INFO] [stdout]    |
[INFO] [stdout] 35 |           let items = sqlx::query_as!(
[INFO] [stdout]    |  _____________________^
[INFO] [stdout] 36 | |             Tag,
[INFO] [stdout] 37 | |             "SELECT id, name FROM tags ORDER BY name LIMIT $1 OFFSET $2",
[INFO] [stdout] 38 | |             limit,
[INFO] [stdout] 39 | |             offset,
[INFO] [stdout] 40 | |         )
[INFO] [stdout]    | |_________^
[INFO] [stdout]    |
[INFO] [stdout]    = note: this error originates in the macro `$crate::sqlx_macros::expand_query` which comes from the expansion of the macro `sqlx::query_as` (in Nightly builds, run with -Z macro-backtrace for more info)
[INFO] [stdout] 
[INFO] [stdout] 
[INFO] [stdout] error: error communicating with database: Connection refused (os error 111)
[INFO] [stdout]   --> src/repository/tag_repository.rs:56:9
[INFO] [stdout]    |
[INFO] [stdout] 56 | /         sqlx::query!(
[INFO] [stdout] 57 | |             r#"
[INFO] [stdout] 58 | |             INSERT INTO post_tags (post_id, tag_id)
[INFO] [stdout] 59 | |             SELECT $1, tag_id FROM unnest($2::BIGINT[]) AS tag_id
[INFO] [stdout] ...  |
[INFO] [stdout] 63 | |             tag_ids,
[INFO] [stdout] 64 | |         )
[INFO] [stdout]    | |_________^
[INFO] [stdout]    |
[INFO] [stdout]    = note: this error originates in the macro `$crate::sqlx_macros::expand_query` which comes from the expansion of the macro `sqlx::query` (in Nightly builds, run with -Z macro-backtrace for more info)
[INFO] [stdout] 
[INFO] [stdout] 
[INFO] [stdout] error: error communicating with database: Connection refused (os error 111)
[INFO] [stdout]   --> src/repository/tag_repository.rs:76:24
[INFO] [stdout]    |
[INFO] [stdout] 76 |           let affected = sqlx::query!(
[INFO] [stdout]    |  ________________________^
[INFO] [stdout] 77 | |             "DELETE FROM post_tags WHERE post_id = $1 AND tag_id = $2",
[INFO] [stdout] 78 | |             post_id,
[INFO] [stdout] 79 | |             tag_id
[INFO] [stdout] 80 | |         )
[INFO] [stdout]    | |_________^
[INFO] [stdout]    |
[INFO] [stdout]    = note: this error originates in the macro `$crate::sqlx_macros::expand_query` which comes from the expansion of the macro `sqlx::query` (in Nightly builds, run with -Z macro-backtrace for more info)
[INFO] [stdout] 
[INFO] [stdout] 
[INFO] [stdout] error: error communicating with database: Connection refused (os error 111)
[INFO] [stdout]    --> src/repository/tag_repository.rs:90:16
[INFO] [stdout]     |
[INFO] [stdout]  90 |       let rows = sqlx::query_as!(
[INFO] [stdout]     |  ________________^
[INFO] [stdout]  91 | |         Tag,
[INFO] [stdout]  92 | |         r#"
[INFO] [stdout]  93 | |         SELECT t.id, t.name
[INFO] [stdout] ...   |
[INFO] [stdout]  99 | |         post_id
[INFO] [stdout] 100 | |     )
[INFO] [stdout]     | |_____^
[INFO] [stdout]     |
[INFO] [stdout]     = note: this error originates in the macro `$crate::sqlx_macros::expand_query` which comes from the expansion of the macro `sqlx::query_as` (in Nightly builds, run with -Z macro-backtrace for more info)
[INFO] [stdout] 
[INFO] [stdout] 
[INFO] [stdout] error: error communicating with database: Connection refused (os error 111)
[INFO] [stdout]   --> src/repository/user_repository.rs:22:19
[INFO] [stdout]    |
[INFO] [stdout] 22 |           let row = sqlx::query_as!(
[INFO] [stdout]    |  ___________________^
[INFO] [stdout] 23 | |             User,
[INFO] [stdout] 24 | |             r#"
[INFO] [stdout] 25 | |             INSERT INTO users (username, email, full_name)
[INFO] [stdout] ...  |
[INFO] [stdout] 31 | |             full_name,
[INFO] [stdout] 32 | |         )
[INFO] [stdout]    | |_________^
[INFO] [stdout]    |
[INFO] [stdout]    = note: this error originates in the macro `$crate::sqlx_macros::expand_query` which comes from the expansion of the macro `sqlx::query_as` (in Nightly builds, run with -Z macro-backtrace for more info)
[INFO] [stdout] 
[INFO] [stdout] 
[INFO] [stdout] error: error communicating with database: Connection refused (os error 111)
[INFO] [stdout]   --> src/repository/user_repository.rs:40:19
[INFO] [stdout]    |
[INFO] [stdout] 40 |           let row = sqlx::query_as!(
[INFO] [stdout]    |  ___________________^
[INFO] [stdout] 41 | |             User,
[INFO] [stdout] 42 | |             "SELECT id, username, email, full_name FROM users WHERE id = $1",
[INFO] [stdout] 43 | |             id
[INFO] [stdout] 44 | |         )
[INFO] [stdout]    | |_________^
[INFO] [stdout]    |
[INFO] [stdout]    = note: this error originates in the macro `$crate::sqlx_macros::expand_query` which comes from the expansion of the macro `sqlx::query_as` (in Nightly builds, run with -Z macro-backtrace for more info)
[INFO] [stdout] 
[INFO] [stdout] 
[INFO] [stdout] error: error communicating with database: Connection refused (os error 111)
[INFO] [stdout]   --> src/repository/user_repository.rs:58:19
[INFO] [stdout]    |
[INFO] [stdout] 58 |           let row = sqlx::query_as!(
[INFO] [stdout]    |  ___________________^
[INFO] [stdout] 59 | |             User,
[INFO] [stdout] 60 | |             r#"
[INFO] [stdout] 61 | |             UPDATE users
[INFO] [stdout] ...  |
[INFO] [stdout] 69 | |             full_name,
[INFO] [stdout] 70 | |         )
[INFO] [stdout]    | |_________^
[INFO] [stdout]    |
[INFO] [stdout]    = note: this error originates in the macro `$crate::sqlx_macros::expand_query` which comes from the expansion of the macro `sqlx::query_as` (in Nightly builds, run with -Z macro-backtrace for more info)
[INFO] [stdout] 
[INFO] [stdout] 
[INFO] [stdout] error: error communicating with database: Connection refused (os error 111)
[INFO] [stdout]   --> src/repository/user_repository.rs:78:24
[INFO] [stdout]    |
[INFO] [stdout] 78 |         let affected = sqlx::query!("DELETE FROM users WHERE id = $1", id)
[INFO] [stdout]    |                        ^^^^^^^^^^^^^^^^^^^^^^^^^^^^^^^^^^^^^^^^^^^^^^^^^^^
[INFO] [stdout]    |
[INFO] [stdout]    = note: this error originates in the macro `$crate::sqlx_macros::expand_query` which comes from the expansion of the macro `sqlx::query` (in Nightly builds, run with -Z macro-backtrace for more info)
[INFO] [stdout] 
[INFO] [stdout] 
[INFO] [stdout] warning: method call on a diverging inference variable
[INFO] [stdout]   --> src/repository/comment_repository.rs:78:10
[INFO] [stdout]    |
[INFO] [stdout] 78 |         .rows_affected();
[INFO] [stdout]    |          ^^^^^^^^^^^^^
[INFO] [stdout]    |
[INFO] [stdout]    = help: consider providing a type annotation
[INFO] [stdout]    = warning: this was previously accepted by the compiler but is being phased out; it will become a hard error in a future release!
[INFO] [stdout]    = note: for more information, see issue #156047 <https://github.com/rust-lang/rust/issues/156047>
[INFO] [stdout]    = note: `#[warn(method_call_on_diverging_infer_var)]` (part of `#[warn(future_incompatible)]`) on by default
[INFO] [stdout] 
[INFO] [stdout] 
[INFO] [stdout] error[E0599]: no method named `rows_affected` found for type `!` in the current scope
[INFO] [stdout]   --> src/repository/comment_repository.rs:78:10
[INFO] [stdout]    |
[INFO] [stdout] 71 |         let affected = sqlx::query!(
[INFO] [stdout] 72 |             "DELETE FROM comments WHERE id = $1 AND post_id = $2",
[INFO] [stdout] 73 |             comment_id,
[INFO] [stdout] 74 |             post_id
[INFO] [stdout] 75 |         )
[INFO] [stdout] 76 |         .execute(&self.pool)
[INFO] [stdout] 77 |         .await?
[INFO] [stdout] 78 |         .rows_affected();
[INFO] [stdout]    |          ^^^^^^^^^^^^^ method not found in `!`
[INFO] [stdout] 
[INFO] [stdout] 
[INFO] [stdout] warning: method call on a diverging inference variable
[INFO] [stdout]    --> src/repository/post_repository.rs:106:14
[INFO] [stdout]     |
[INFO] [stdout] 106 |             .rows_affected();
[INFO] [stdout]     |              ^^^^^^^^^^^^^
[INFO] [stdout]     |
[INFO] [stdout]     = help: consider providing a type annotation
[INFO] [stdout]     = warning: this was previously accepted by the compiler but is being phased out; it will become a hard error in a future release!
[INFO] [stdout]     = note: for more information, see issue #156047 <https://github.com/rust-lang/rust/issues/156047>
[INFO] [stdout] 
[INFO] [stdout] 
[INFO] [stdout] warning: method call on a diverging inference variable
[INFO] [stdout]   --> src/repository/comment_repository.rs:78:10
[INFO] [stdout]    |
[INFO] [stdout] 78 |         .rows_affected();
[INFO] [stdout]    |          ^^^^^^^^^^^^^
[INFO] [stdout]    |
[INFO] [stdout]    = help: consider providing a type annotation
[INFO] [stdout]    = warning: this was previously accepted by the compiler but is being phased out; it will become a hard error in a future release!
[INFO] [stdout]    = note: for more information, see issue #156047 <https://github.com/rust-lang/rust/issues/156047>
[INFO] [stdout]    = note: `#[warn(method_call_on_diverging_infer_var)]` (part of `#[warn(future_incompatible)]`) on by default
[INFO] [stdout] 
[INFO] [stdout] 
[INFO] [stdout] error[E0599]: no method named `rows_affected` found for type `!` in the current scope
[INFO] [stdout]    --> src/repository/post_repository.rs:106:14
[INFO] [stdout]     |
[INFO] [stdout] 103 |         let affected = sqlx::query!("DELETE FROM posts WHERE id = $1", id)
[INFO] [stdout] 104 |             .execute(&self.pool)
[INFO] [stdout] 105 |             .await?
[INFO] [stdout] 106 |             .rows_affected();
[INFO] [stdout]     |              ^^^^^^^^^^^^^ method not found in `!`
[INFO] [stdout] 
[INFO] [stdout] 
[INFO] [stdout] warning: method call on a diverging inference variable
[INFO] [stdout]   --> src/repository/tag_repository.rs:83:10
[INFO] [stdout]    |
[INFO] [stdout] 83 |         .rows_affected();
[INFO] [stdout]    |          ^^^^^^^^^^^^^
[INFO] [stdout]    |
[INFO] [stdout]    = help: consider providing a type annotation
[INFO] [stdout]    = warning: this was previously accepted by the compiler but is being phased out; it will become a hard error in a future release!
[INFO] [stdout]    = note: for more information, see issue #156047 <https://github.com/rust-lang/rust/issues/156047>
[INFO] [stdout] 
[INFO] [stdout] 
[INFO] [stdout] error[E0599]: no method named `rows_affected` found for type `!` in the current scope
[INFO] [stdout]   --> src/repository/tag_repository.rs:83:10
[INFO] [stdout]    |
[INFO] [stdout] 76 |         let affected = sqlx::query!(
[INFO] [stdout] 77 |             "DELETE FROM post_tags WHERE post_id = $1 AND tag_id = $2",
[INFO] [stdout] 78 |             post_id,
[INFO] [stdout] 79 |             tag_id
[INFO] [stdout] 80 |         )
[INFO] [stdout] 81 |         .execute(&self.pool)
[INFO] [stdout] 82 |         .await?
[INFO] [stdout] 83 |         .rows_affected();
[INFO] [stdout]    |          ^^^^^^^^^^^^^ method not found in `!`
[INFO] [stdout] 
[INFO] [stdout] 
[INFO] [stdout] warning: method call on a diverging inference variable
[INFO] [stdout]   --> src/repository/user_repository.rs:81:14
[INFO] [stdout]    |
[INFO] [stdout] 81 |             .rows_affected();
[INFO] [stdout]    |              ^^^^^^^^^^^^^
[INFO] [stdout]    |
[INFO] [stdout]    = help: consider providing a type annotation
[INFO] [stdout]    = warning: this was previously accepted by the compiler but is being phased out; it will become a hard error in a future release!
[INFO] [stdout]    = note: for more information, see issue #156047 <https://github.com/rust-lang/rust/issues/156047>
[INFO] [stdout] 
[INFO] [stdout] 
[INFO] [stdout] error[E0599]: no method named `rows_affected` found for type `!` in the current scope
[INFO] [stdout]   --> src/repository/comment_repository.rs:78:10
[INFO] [stdout]    |
[INFO] [stdout] 71 |         let affected = sqlx::query!(
[INFO] [stdout] 72 |             "DELETE FROM comments WHERE id = $1 AND post_id = $2",
[INFO] [stdout] 73 |             comment_id,
[INFO] [stdout] 74 |             post_id
[INFO] [stdout] 75 |         )
[INFO] [stdout] 76 |         .execute(&self.pool)
[INFO] [stdout] 77 |         .await?
[INFO] [stdout] 78 |         .rows_affected();
[INFO] [stdout]    |          ^^^^^^^^^^^^^ method not found in `!`
[INFO] [stdout] 
[INFO] [stdout] 
[INFO] [stdout] error[E0599]: no method named `rows_affected` found for type `!` in the current scope
[INFO] [stdout]   --> src/repository/user_repository.rs:81:14
[INFO] [stdout]    |
[INFO] [stdout] 78 |         let affected = sqlx::query!("DELETE FROM users WHERE id = $1", id)
[INFO] [stdout] 79 |             .execute(&self.pool)
[INFO] [stdout] 80 |             .await?
[INFO] [stdout] 81 |             .rows_affected();
[INFO] [stdout]    |              ^^^^^^^^^^^^^ method not found in `!`
[INFO] [stdout] 
[INFO] [stdout] 
[INFO] [stdout] warning: method call on a diverging inference variable
[INFO] [stdout]    --> src/repository/post_repository.rs:106:14
[INFO] [stdout]     |
[INFO] [stdout] 106 |             .rows_affected();
[INFO] [stdout]     |              ^^^^^^^^^^^^^
[INFO] [stdout]     |
[INFO] [stdout]     = help: consider providing a type annotation
[INFO] [stdout]     = warning: this was previously accepted by the compiler but is being phased out; it will become a hard error in a future release!
[INFO] [stdout]     = note: for more information, see issue #156047 <https://github.com/rust-lang/rust/issues/156047>
[INFO] [stdout] 
[INFO] [stdout] 
[INFO] [stdout] error[E0599]: no method named `rows_affected` found for type `!` in the current scope
[INFO] [stdout]    --> src/repository/post_repository.rs:106:14
[INFO] [stdout]     |
[INFO] [stdout] 103 |         let affected = sqlx::query!("DELETE FROM posts WHERE id = $1", id)
[INFO] [stdout] 104 |             .execute(&self.pool)
[INFO] [stdout] 105 |             .await?
[INFO] [stdout] 106 |             .rows_affected();
[INFO] [stdout]     |              ^^^^^^^^^^^^^ method not found in `!`
[INFO] [stdout] 
[INFO] [stdout] 
[INFO] [stdout] warning: method call on a diverging inference variable
[INFO] [stdout]   --> src/repository/tag_repository.rs:83:10
[INFO] [stdout]    |
[INFO] [stdout] 83 |         .rows_affected();
[INFO] [stdout]    |          ^^^^^^^^^^^^^
[INFO] [stdout]    |
[INFO] [stdout]    = help: consider providing a type annotation
[INFO] [stdout]    = warning: this was previously accepted by the compiler but is being phased out; it will become a hard error in a future release!
[INFO] [stdout]    = note: for more information, see issue #156047 <https://github.com/rust-lang/rust/issues/156047>
[INFO] [stdout] 
[INFO] [stdout] 
[INFO] [stdout] error[E0599]: no method named `rows_affected` found for type `!` in the current scope
[INFO] [stdout]   --> src/repository/tag_repository.rs:83:10
[INFO] [stdout]    |
[INFO] [stdout] 76 |         let affected = sqlx::query!(
[INFO] [stdout] 77 |             "DELETE FROM post_tags WHERE post_id = $1 AND tag_id = $2",
[INFO] [stdout] 78 |             post_id,
[INFO] [stdout] 79 |             tag_id
[INFO] [stdout] 80 |         )
[INFO] [stdout] 81 |         .execute(&self.pool)
[INFO] [stdout] 82 |         .await?
[INFO] [stdout] 83 |         .rows_affected();
[INFO] [stdout]    |          ^^^^^^^^^^^^^ method not found in `!`
[INFO] [stdout] 
[INFO] [stdout] 
[INFO] [stdout] warning: method call on a diverging inference variable
[INFO] [stdout]   --> src/repository/user_repository.rs:81:14
[INFO] [stdout]    |
[INFO] [stdout] 81 |             .rows_affected();
[INFO] [stdout]    |              ^^^^^^^^^^^^^
[INFO] [stdout]    |
[INFO] [stdout]    = help: consider providing a type annotation
[INFO] [stdout]    = warning: this was previously accepted by the compiler but is being phased out; it will become a hard error in a future release!
[INFO] [stdout]    = note: for more information, see issue #156047 <https://github.com/rust-lang/rust/issues/156047>
[INFO] [stdout] 
[INFO] [stdout] 
[INFO] [stdout] error[E0599]: no method named `rows_affected` found for type `!` in the current scope
[INFO] [stdout]   --> src/repository/user_repository.rs:81:14
[INFO] [stdout]    |
[INFO] [stdout] 78 |         let affected = sqlx::query!("DELETE FROM users WHERE id = $1", id)
[INFO] [stdout] 79 |             .execute(&self.pool)
[INFO] [stdout] 80 |             .await?
[INFO] [stdout] 81 |             .rows_affected();
[INFO] [stdout]    |              ^^^^^^^^^^^^^ method not found in `!`
[INFO] [stdout] 
[INFO] [stdout] 
[INFO] [stdout] For more information about this error, try `rustc --explain E0599`.
[INFO] [stdout] 
[INFO] [stderr] error: could not compile `polygraf-task` (bin "polygraf-task") due to 25 previous errors; 8 warnings emitted
[INFO] [stderr] warning: build failed, waiting for other jobs to finish...
[INFO] [stdout] For more information about this error, try `rustc --explain E0599`.
[INFO] [stdout] 
[INFO] [stderr] error: could not compile `polygraf-task` (bin "polygraf-task" test) due to 25 previous errors; 8 warnings emitted
[INFO] running `Command { std: "docker" "inspect" "41373e23e0422f127e180d2cb0fbbadc357263595519effbc3262673c729218d", kill_on_drop: false }`
[INFO] running `Command { std: "docker" "rm" "-f" "41373e23e0422f127e180d2cb0fbbadc357263595519effbc3262673c729218d", kill_on_drop: false }`
[INFO] [stdout] 41373e23e0422f127e180d2cb0fbbadc357263595519effbc3262673c729218d
