[INFO] cloning repository https://github.com/alamb/RobustIndexingDagstuhl
[INFO] running `Command { std: "git" "-c" "credential.helper=" "-c" "credential.helper=/workspace/cargo-home/bin/git-credential-null" "clone" "--bare" "https://github.com/alamb/RobustIndexingDagstuhl" "/workspace/cache/git-repos/https%3A%2F%2Fgithub.com%2Falamb%2FRobustIndexingDagstuhl", kill_on_drop: false }`
[INFO] [stderr] Cloning into bare repository '/workspace/cache/git-repos/https%3A%2F%2Fgithub.com%2Falamb%2FRobustIndexingDagstuhl'...
[INFO] running `Command { std: "git" "rev-parse" "HEAD", kill_on_drop: false }`
[INFO] [stdout] 1587aad87a5559c6be19755eee5aa3cbb1516c68
[INFO] checking alamb/RobustIndexingDagstuhl against 3154cc1a3e6424e44f438a95007d043ed5ceaaf6 for pr-133502-30
[INFO] running `Command { std: "git" "clone" "/workspace/cache/git-repos/https%3A%2F%2Fgithub.com%2Falamb%2FRobustIndexingDagstuhl" "/workspace/builds/worker-1-tc2/source", kill_on_drop: false }`
[INFO] [stderr] Cloning into '/workspace/builds/worker-1-tc2/source'...
[INFO] [stderr] done.
[INFO] started tweaking git repo https://github.com/alamb/RobustIndexingDagstuhl
[INFO] finished tweaking git repo https://github.com/alamb/RobustIndexingDagstuhl
[INFO] tweaked toml for git repo https://github.com/alamb/RobustIndexingDagstuhl written to /workspace/builds/worker-1-tc2/source/Cargo.toml
[INFO] validating manifest of git repo https://github.com/alamb/RobustIndexingDagstuhl on toolchain 3154cc1a3e6424e44f438a95007d043ed5ceaaf6
[INFO] running `Command { std: CARGO_HOME="/workspace/cargo-home" RUSTUP_HOME="/workspace/rustup-home" "/workspace/cargo-home/bin/cargo" "+3154cc1a3e6424e44f438a95007d043ed5ceaaf6" "metadata" "--manifest-path" "Cargo.toml" "--no-deps", kill_on_drop: false }`
[INFO] crate git repo https://github.com/alamb/RobustIndexingDagstuhl already has a lockfile, it will not be regenerated
[INFO] running `Command { std: CARGO_HOME="/workspace/cargo-home" RUSTUP_HOME="/workspace/rustup-home" "/workspace/cargo-home/bin/cargo" "+3154cc1a3e6424e44f438a95007d043ed5ceaaf6" "fetch" "--manifest-path" "Cargo.toml", kill_on_drop: false }`
[INFO] running `Command { std: "docker" "create" "-v" "/var/lib/crater-agent-workspace/builds/worker-1-tc2/source:/opt/rustwide/workdir:ro,Z" "-v" "/var/lib/crater-agent-workspace/builds/worker-1-tc2/target:/opt/rustwide/target:rw,Z" "-v" "/var/lib/crater-agent-workspace/cargo-home:/opt/rustwide/cargo-home:ro,Z" "-v" "/var/lib/crater-agent-workspace/rustup-home:/opt/rustwide/rustup-home:ro,Z" "-m" "1610612736" "--network" "none" "ghcr.io/rust-lang/crates-build-env/linux@sha256:77db811e55d90add9212f6832c23229e3de5f1c1f9905e8cb07319ea15df73ac" "sleep" "infinity", kill_on_drop: false }`
[INFO] [stdout] 87f7cd1d5454d36b96ae2df39e4846aa2dd34a243714e25312582f7d9d4a1046
[INFO] running `Command { std: "docker" "start" "87f7cd1d5454d36b96ae2df39e4846aa2dd34a243714e25312582f7d9d4a1046", kill_on_drop: false }`
[INFO] running `Command { std: "docker" "inspect" "87f7cd1d5454d36b96ae2df39e4846aa2dd34a243714e25312582f7d9d4a1046", kill_on_drop: false }`
[INFO] running `Command { std: "docker" "exec" "-e" "SOURCE_DIR=/opt/rustwide/workdir" "-e" "CARGO_HOME=/opt/rustwide/cargo-home" "-e" "RUSTUP_HOME=/opt/rustwide/rustup-home" "-e" "CARGO_TARGET_DIR=/opt/rustwide/target" "-w" "/opt/rustwide/workdir" "--user" "0:0" "87f7cd1d5454d36b96ae2df39e4846aa2dd34a243714e25312582f7d9d4a1046" "/opt/rustwide/cargo-home/bin/cargo" "+3154cc1a3e6424e44f438a95007d043ed5ceaaf6" "metadata" "--no-deps" "--format-version=1", kill_on_drop: false }`
[INFO] running `Command { std: "docker" "inspect" "87f7cd1d5454d36b96ae2df39e4846aa2dd34a243714e25312582f7d9d4a1046", kill_on_drop: false }`
[INFO] running `Command { std: "docker" "exec" "-e" "SOURCE_DIR=/opt/rustwide/workdir" "-e" "CARGO_HOME=/opt/rustwide/cargo-home" "-e" "RUSTUP_HOME=/opt/rustwide/rustup-home" "-e" "CARGO_TARGET_DIR=/opt/rustwide/target" "-e" "CARGO_INCREMENTAL=0" "-e" "RUST_BACKTRACE=full" "-e" "RUSTFLAGS=--cap-lints=forbid" "-e" "RUSTDOCFLAGS=--cap-lints=forbid" "-w" "/opt/rustwide/workdir" "--user" "0:0" "87f7cd1d5454d36b96ae2df39e4846aa2dd34a243714e25312582f7d9d4a1046" "/opt/rustwide/cargo-home/bin/cargo" "+3154cc1a3e6424e44f438a95007d043ed5ceaaf6" "check" "--frozen" "--all" "--all-targets" "--message-format=json", kill_on_drop: false }`
[INFO] [stderr]    Compiling serde_core v1.0.229
[INFO] [stderr]    Compiling libc v0.2.189
[INFO] [stderr]    Compiling libm v0.2.16
[INFO] [stderr]    Compiling num-traits v0.2.19
[INFO] [stderr]     Checking futures-sink v0.3.33
[INFO] [stderr]     Checking foldhash v0.2.0
[INFO] [stderr]     Checking parking_lot_core v0.9.12
[INFO] [stderr]     Checking errno v0.3.14
[INFO] [stderr]    Compiling serde v1.0.229
[INFO] [stderr]     Checking futures-channel v0.3.33
[INFO] [stderr]     Checking parking_lot v0.12.5
[INFO] [stderr]     Checking signal-hook-registry v1.4.8
[INFO] [stderr]     Checking mio v1.2.2
[INFO] [stderr]    Compiling tokio-macros v2.7.1
[INFO] [stderr]     Checking socket2 v0.6.5
[INFO] [stderr]    Compiling futures-macro v0.3.33
[INFO] [stderr]     Checking futures-io v0.3.33
[INFO] [stderr]     Checking hashbrown v0.17.1
[INFO] [stderr]     Checking http v1.4.2
[INFO] [stderr]     Checking zeroize v1.9.0
[INFO] [stderr]     Checking either v1.17.0
[INFO] [stderr]     Checking tokio v1.53.1
[INFO] [stderr]    Compiling zerocopy v0.8.55
[INFO] [stderr]     Checking futures-util v0.3.33
[INFO] [stderr]     Checking http-body v1.1.0
[INFO] [stderr]     Checking tracing v0.1.44
[INFO] [stderr]    Compiling zerocopy-derive v0.8.55
[INFO] [stderr]     Checking stable_deref_trait v1.2.1
[INFO] [stderr]    Compiling serde_json v1.0.151
[INFO] [stderr]    Compiling getrandom v0.3.4
[INFO] [stderr]     Checking typenum v1.20.1
[INFO] [stderr]    Compiling jobserver v0.1.35
[INFO] [stderr]     Checking http-body-util v0.1.4
[INFO] [stderr]    Compiling cc v1.4.0
[INFO] [stderr]     Checking indexmap v2.14.0
[INFO] [stderr]     Checking num-integer v0.1.46
[INFO] [stderr]    Compiling fs_extra v1.3.0
[INFO] [stderr]    Compiling dunce v1.0.5
[INFO] [stderr]     Checking num-bigint v0.4.8
[INFO] [stderr]     Checking siphasher v1.0.3
[INFO] [stderr]     Checking phf_shared v0.12.1
[INFO] [stderr]    Compiling cmake v0.1.58
[INFO] [stderr]    Compiling ahash v0.8.12
[INFO] [stderr]    Compiling chrono-tz v0.10.4
[INFO] [stderr]     Checking chrono v0.4.45
[INFO] [stderr]     Checking yoke v0.8.3
[INFO] [stderr]     Checking phf v0.12.1
[INFO] [stderr]    Compiling aws-lc-sys v0.43.0
[INFO] [stderr]     Checking arrow-schema v58.4.0
[INFO] [stderr]    Compiling ring v0.17.14
[INFO] [stderr]    Compiling zstd-sys v2.0.16+zstd.1.5.7
[INFO] [stderr]     Checking rand_core v0.10.1
[INFO] [stderr]    Compiling getrandom v0.4.3
[INFO] [stderr]    Compiling aws-lc-rs v1.17.3
[INFO] [stderr]     Checking num-complex v0.4.6
[INFO] [stderr]     Checking bitflags v2.13.1
[INFO] [stderr]     Checking zerovec v0.11.6
[INFO] [stderr]     Checking rustls-pki-types v1.15.1
[INFO] [stderr]     Checking getrandom v0.2.17
[INFO] [stderr]     Checking regex-syntax v0.8.11
[INFO] [stderr]    Compiling zstd-safe v7.2.4
[INFO] [stderr]    Compiling rustls v0.23.42
[INFO] [stderr]     Checking lexical-util v1.0.7
[INFO] [stderr]     Checking tokio-util v0.7.19
[INFO] [stderr]     Checking tinystr v0.8.3
[INFO] [stderr]     Checking sync_wrapper v1.0.2
[INFO] [stderr]     Checking aho-corasick v1.1.4
[INFO] [stderr]     Checking h2 v0.4.15
[INFO] [stderr]     Checking cpufeatures v0.3.0
[INFO] [stderr]     Checking ipnet v2.12.0
[INFO] [stderr]     Checking icu_locale_core v2.2.0
[INFO] [stderr]     Checking rustls-native-certs v0.8.4
[INFO] [stderr]     Checking regex-automata v0.4.16
[INFO] [stderr]     Checking tower v0.5.3
[INFO] [stderr]     Checking half v2.7.1
[INFO] [stderr]     Checking arrow-buffer v58.4.0
[INFO] [stderr]     Checking potential_utf v0.1.5
[INFO] [stderr]     Checking zerotrie v0.2.4
[INFO] [stderr]     Checking arrow-data v58.4.0
[INFO] [stderr]     Checking uuid v1.24.0
[INFO] [stderr]     Checking icu_collections v2.2.0
[INFO] [stderr]     Checking icu_provider v2.2.0
[INFO] [stderr]     Checking hyper v1.11.0
[INFO] [stderr]     Checking lexical-write-integer v1.0.6
[INFO] [stderr]     Checking lexical-parse-integer v1.0.6
[INFO] [stderr]     Checking regex v1.13.1
[INFO] [stderr]     Checking generic-array v0.14.7
[INFO] [stderr]     Checking lexical-write-float v1.0.6
[INFO] [stderr]     Checking lexical-parse-float v1.0.6
[INFO] [stderr]    Compiling object v0.37.3
[INFO] [stderr]     Checking icu_properties v2.2.0
[INFO] [stderr]     Checking icu_normalizer v2.2.0
[INFO] [stderr]     Checking lexical-core v1.0.6
[INFO] [stderr]     Checking comfy-table v7.2.2
[INFO] [stderr]    Compiling flatbuffers v25.12.19
[INFO] [stderr]     Checking atoi v2.0.0
[INFO] [stderr]     Checking byteorder v1.5.0
[INFO] [stderr]     Checking twox-hash v2.1.3
[INFO] [stderr]    Compiling crc32fast v1.5.0
[INFO] [stderr]     Checking lz4_flex v0.13.1
[INFO] [stderr]     Checking hyper-util v0.1.20
[INFO] [stderr]     Checking crypto-common v0.1.7
[INFO] [stderr]     Checking block-buffer v0.10.4
[INFO] [stderr]     Checking csv-core v0.1.13
[INFO] [stderr]     Checking digest v0.10.7
[INFO] [stderr]     Checking csv v1.4.0
[INFO] [stderr]     Checking arrow-array v58.4.0
[INFO] [stderr]     Checking simdutf8 v0.1.5
[INFO] [stderr]     Checking idna_adapter v1.2.2
[INFO] [stderr]     Checking adler2 v2.0.1
[INFO] [stderr]     Checking idna v1.1.0
[INFO] [stderr]     Checking simd-adler32 v0.3.10
[INFO] [stderr]     Checking itertools v0.14.0
[INFO] [stderr]     Checking miniz_oxide v0.8.9
[INFO] [stderr]     Checking url v2.5.8
[INFO] [stderr]    Compiling thiserror v2.0.19
[INFO] [stderr]     Checking zlib-rs v0.6.6
[INFO] [stderr]    Compiling stacker v0.1.24
[INFO] [stderr]    Compiling thiserror-impl v2.0.19
[INFO] [stderr]    Compiling snap v1.1.2
[INFO] [stderr]     Checking alloc-stdlib v0.2.4
[INFO] [stderr]     Checking tower-http v0.6.11
[INFO] [stderr]     Checking chacha20 v0.10.1
[INFO] [stderr]     Checking serde_urlencoded v0.7.1
[INFO] [stderr]     Checking futures-executor v0.3.33
[INFO] [stderr]     Checking flate2 v1.1.9
[INFO] [stderr]     Checking futures v0.3.33
[INFO] [stderr]     Checking rand v0.10.2
[INFO] [stderr]     Checking brotli-decompressor v5.0.3
[INFO] [stderr]     Checking arrow-select v58.4.0
[INFO] [stderr]     Checking arrow-arith v58.4.0
[INFO] [stderr]     Checking arrow-row v58.4.0
[INFO] [stderr]     Checking md-5 v0.10.6
[INFO] [stderr]     Checking quick-xml v0.39.4
[INFO] [stderr]     Checking ordered-float v2.10.1
[INFO] [stderr]    Compiling recursive-proc-macro-impl v0.1.1
[INFO] [stderr]     Checking integer-encoding v3.0.4
[INFO] [stderr]     Checking humantime v2.4.0
[INFO] [stderr]     Checking brotli v8.0.4
[INFO] [stderr]     Checking thrift v0.17.0
[INFO] [stderr]    Compiling ar_archive_writer v0.5.2
[INFO] [stderr]     Checking hybrid-array v0.4.13
[INFO] [stderr]    Compiling sqlparser_derive v0.5.0
[INFO] [stderr]     Checking arrow-ord v58.4.0
[INFO] [stderr]     Checking arrow-cast v58.4.0
[INFO] [stderr]    Compiling psm v0.1.31
[INFO] [stderr]     Checking arrow-string v58.4.0
[INFO] [stderr]    Compiling seq-macro v0.3.6
[INFO] [stderr]     Checking cmov v0.5.4
[INFO] [stderr]     Checking ctutils v0.4.2
[INFO] [stderr]     Checking recursive v0.1.1
[INFO] [stderr]     Checking sqlparser v0.62.0
[INFO] [stderr]     Checking crypto-common v0.2.2
[INFO] [stderr]     Checking block-buffer v0.12.1
[INFO] [stderr]    Compiling pin-project-internal v1.1.13
[INFO] [stderr]     Checking fastrand v2.5.0
[INFO] [stderr]     Checking const-oid v0.10.2
[INFO] [stderr]    Compiling rustix v1.1.4
[INFO] [stderr]     Checking linux-raw-sys v0.12.1
[INFO] [stderr]     Checking digest v0.11.3
[INFO] [stderr]     Checking arrow-json v58.4.0
[INFO] [stderr]     Checking arrow-csv v58.4.0
[INFO] [stderr]     Checking sha2 v0.11.0
[INFO] [stderr]     Checking pin-project v1.1.13
[INFO] [stderr]     Checking datafusion-doc v54.1.0
[INFO] [stderr]     Checking ppv-lite86 v0.2.21
[INFO] [stderr]     Checking deranged v0.5.8
[INFO] [stderr]     Checking rand_core v0.9.5
[INFO] [stderr]     Checking hashbrown v0.15.5
[INFO] [stderr]     Checking fixedbitset v0.5.7
[INFO] [stderr]     Checking rand_chacha v0.9.0
[INFO] [stderr]     Checking rand v0.9.5
[INFO] [stderr]     Checking hashbrown v0.14.5
[INFO] [stderr]    Compiling datafusion-macros v54.1.0
[INFO] [stderr]    Compiling blake3 v1.8.5
[INFO] [stderr]     Checking petgraph v0.8.3
[INFO] [stderr]     Checking dashmap v6.2.1
[INFO] [stderr]     Checking arrayvec v0.7.8
[INFO] [stderr]     Checking tempfile v3.27.0
[INFO] [stderr]     Checking constant_time_eq v0.4.2
[INFO] [stderr]     Checking md-5 v0.11.0
[INFO] [stderr]     Checking blake2 v0.10.6
[INFO] [stderr]     Checking time v0.3.54
[INFO] [stderr]    Compiling liblzma-sys v0.4.7
[INFO] [stderr]     Checking zstd v0.13.3
[INFO] [stderr]     Checking http v0.2.12
[INFO] [stderr]     Checking vsimd v0.8.0
[INFO] [stderr]     Checking outref v0.5.2
[INFO] [stderr]     Checking arrow-ipc v58.4.0
[INFO] [stderr]     Checking base64-simd v0.8.0
[INFO] [stderr]     Checking bytes-utils v0.1.4
[INFO] [stderr]     Checking http-body v0.4.6
[INFO] [stderr]     Checking aws-smithy-async v1.3.0
[INFO] [stderr]    Compiling aws-smithy-runtime-api-macros v1.1.0
[INFO] [stderr]     Checking libbz2-rs-sys v0.2.5
[INFO] [stderr]     Checking datafusion-common-runtime v54.1.0
[INFO] [stderr]     Checking compression-core v0.4.32
[INFO] [stderr]     Checking glob v0.3.4
[INFO] [stderr]    Compiling aws-types v1.5.0
[INFO] [stderr]     Checking hmac v0.13.0
[INFO] [stderr]     Checking arc-swap v1.9.2
[INFO] [stderr]    Compiling bigdecimal v0.4.10
[INFO] [stderr]     Checking bzip2 v0.6.1
[INFO] [stderr]    Compiling crunchy v0.2.4
[INFO] [stderr]    Compiling strum_macros v0.28.0
[INFO] [stderr]     Checking regex-lite v0.1.9
[INFO] [stderr]     Checking xmlparser v0.13.6
[INFO] [stderr]     Checking arrow v58.4.0
[INFO] [stderr]     Checking parquet-variant v58.4.0
[INFO] [stderr]    Compiling darling_core v0.23.0
[INFO] [stderr]     Checking aws-smithy-types v1.6.1
[INFO] [stderr]     Checking parquet-variant-json v58.4.0
[INFO] [stderr]     Checking parquet-variant-compute v58.4.0
[INFO] [stderr]     Checking aws-smithy-runtime-api v1.14.0
[INFO] [stderr]     Checking tokio-stream v0.1.19
[INFO] [stderr]     Checking ownedbytes v0.9.0
[INFO] [stderr]    Compiling prettyplease v0.2.37
[INFO] [stderr]    Compiling typeid v1.0.3
[INFO] [stderr]     Checking urlencoding v2.1.3
[INFO] [stderr]     Checking tantivy-common v0.11.0
[INFO] [stderr]     Checking bitpacking v0.9.3
[INFO] [stderr]     Checking nibble_vec v0.1.0
[INFO] [stderr]     Checking aws-smithy-schema v0.2.0
[INFO] [stderr]     Checking aws-smithy-http v0.64.0
[INFO] [stderr]     Checking aws-credential-types v1.3.0
[INFO] [stderr]     Checking aws-smithy-observability v0.3.0
[INFO] [stderr]    Compiling erased-serde v0.4.10
[INFO] [stderr]     Checking jiff-core v0.1.0
[INFO] [stderr]     Checking aws-sigv4 v1.5.1
[INFO] [stderr]     Checking aws-smithy-json v0.63.0
[INFO] [stderr]     Checking aws-smithy-xml v0.62.0
[INFO] [stderr]     Checking utf8-ranges v1.0.5
[INFO] [stderr]     Checking dirs-sys v0.5.0
[INFO] [stderr]     Checking clap_builder v4.6.2
[INFO] [stderr]     Checking aws-smithy-query v0.62.0
[INFO] [stderr]     Checking sha1 v0.10.7
[INFO] [stderr]     Checking tantivy-fst v0.5.0
[INFO] [stderr]     Checking radix_trie v0.3.0
[INFO] [stderr]     Checking jiff v0.2.35
[INFO] [stderr]     Checking tantivy-bitpacker v0.10.0
[INFO] [stderr]    Compiling darling_macro v0.23.0
[INFO] [stderr]     Checking nix v0.31.3
[INFO] [stderr]    Compiling darling v0.23.0
[INFO] [stderr]    Compiling clap_derive v4.6.4
[INFO] [stderr]     Checking env_filter v2.0.0
[INFO] [stderr]     Checking murmurhash32 v0.3.1
[INFO] [stderr]    Compiling typetag v0.2.23
[INFO] [stderr]    Compiling portable-atomic v1.14.0
[INFO] [stderr]     Checking tantivy-stacker v0.7.0
[INFO] [stderr]    Compiling bon-macros v3.9.3
[INFO] [stderr]     Checking liblzma v0.4.7
[INFO] [stderr]     Checking compression-codecs v0.4.38
[INFO] [stderr]     Checking arrow-avro v58.4.0
[INFO] [stderr]     Checking async-compression v0.4.42
[INFO] [stderr]     Checking rustyline v18.0.1
[INFO] [stderr]     Checking clap v4.6.4
[INFO] [stderr]     Checking tantivy-sstable v0.7.0
[INFO] [stderr]     Checking dirs v6.0.0
[INFO] [stderr]     Checking ordered-float v5.3.0
[INFO] [stderr]     Checking hashbrown v0.16.1
[INFO] [stderr]     Checking env_logger v0.11.11
[INFO] [stderr]    Compiling typetag-impl v0.2.23
[INFO] [stderr]     Checking downcast-rs v2.0.2
[INFO] [stderr]     Checking fastdivide v0.4.2
[INFO] [stderr]     Checking inventory v0.3.24
[INFO] [stderr]     Checking tantivy-columnar v0.7.0
[INFO] [stderr]     Checking tantivy-query-grammar v0.26.0
[INFO] [stderr]     Checking lru v0.16.4
[INFO] [stderr]     Checking rayon v1.12.0
[INFO] [stderr]     Checking fs4 v0.13.1
[INFO] [stderr]     Checking measure_time v0.9.0
[INFO] [stderr]     Checking console v0.16.4
[INFO] [stderr]     Checking tantivy-tokenizer-api v0.7.0
[INFO] [stderr]     Checking sketches-ddsketch v0.4.0
[INFO] [stderr]     Checking rust-stemmers v1.2.0
[INFO] [stderr]     Checking memmap2 v0.9.11
[INFO] [stderr]     Checking census v0.4.2
[INFO] [stderr]     Checking levenshtein_automata v0.2.1
[INFO] [stderr]     Checking rustc-hash v2.1.3
[INFO] [stderr]     Checking datasketches v0.2.0
[INFO] [stderr]     Checking oneshot v0.1.13
[INFO] [stderr]     Checking htmlescape v0.3.1
[INFO] [stderr]     Checking unit-prefix v0.5.2
[INFO] [stderr]     Checking indicatif v0.18.6
[INFO] [stderr]     Checking bon v3.9.3
[INFO] [stderr]     Checking tantivy v0.26.1
[INFO] [stderr]     Checking rustls-webpki v0.103.13
[INFO] [stderr]     Checking tokio-rustls v0.26.4
[INFO] [stderr]     Checking hyper-rustls v0.27.9
[INFO] [stderr]     Checking reqwest v0.12.28
[INFO] [stderr]     Checking aws-smithy-http-client v1.2.0
[INFO] [stderr]     Checking aws-smithy-runtime v1.12.1
[INFO] [stderr]     Checking object_store v0.13.2
[INFO] [stderr]     Checking aws-runtime v1.9.1
[INFO] [stderr]     Checking aws-sdk-sso v1.105.0
[INFO] [stderr]     Checking aws-sdk-ssooidc v1.107.0
[INFO] [stderr]     Checking aws-sdk-sts v1.110.0
[INFO] [stderr]     Checking aws-config v1.10.1
[INFO] [stderr]     Checking parquet v58.4.0
[INFO] [stderr]     Checking datafusion-common v54.1.0
[INFO] [stderr]     Checking datafusion-expr-common v54.1.0
[INFO] [stderr]     Checking datafusion-physical-expr-common v54.1.0
[INFO] [stderr]     Checking datafusion-functions-aggregate-common v54.1.0
[INFO] [stderr]     Checking datafusion-functions-window-common v54.1.0
[INFO] [stderr]     Checking datafusion-expr v54.1.0
[INFO] [stderr]     Checking datafusion-physical-expr v54.1.0
[INFO] [stderr]     Checking datafusion-execution v54.1.0
[INFO] [stderr]     Checking datafusion-functions v54.1.0
[INFO] [stderr]     Checking datafusion-functions-aggregate v54.1.0
[INFO] [stderr]     Checking datafusion-optimizer v54.1.0
[INFO] [stderr]     Checking datafusion-functions-window v54.1.0
[INFO] [stderr]     Checking datafusion-physical-plan v54.1.0
[INFO] [stderr]     Checking datafusion-physical-expr-adapter v54.1.0
[INFO] [stderr]     Checking datafusion-functions-nested v54.1.0
[INFO] [stderr]     Checking datafusion-sql v54.1.0
[INFO] [stderr]     Checking datafusion-session v54.1.0
[INFO] [stderr]     Checking datafusion-datasource v54.1.0
[INFO] [stderr]     Checking datafusion-pruning v54.1.0
[INFO] [stderr]     Checking datafusion-catalog v54.1.0
[INFO] [stderr]     Checking datafusion-datasource-csv v54.1.0
[INFO] [stderr]     Checking datafusion-datasource-json v54.1.0
[INFO] [stderr]     Checking datafusion-datasource-avro v54.1.0
[INFO] [stderr]     Checking datafusion-datasource-arrow v54.1.0
[INFO] [stderr]     Checking datafusion-datasource-parquet v54.1.0
[INFO] [stderr]     Checking datafusion-physical-optimizer v54.1.0
[INFO] [stderr]     Checking datafusion-catalog-listing v54.1.0
[INFO] [stderr]     Checking datafusion-functions-table v54.1.0
[INFO] [stderr]     Checking datafusion v54.1.0
[INFO] [stderr]     Checking datafusion-variant v0.1.0 (https://github.com/datafusion-contrib/datafusion-variant.git?rev=9e1c84698150eaef7b640f50f907dd8e585174f5#9e1c8469)
[INFO] [stderr]     Checking query v0.1.0 (/opt/rustwide/workdir/query)
[INFO] [stdout] error[E0432]: unresolved import `insta`
[INFO] [stdout]    --> query/src/object_storage/instrumented.rs:811:9
[INFO] [stdout]     |
[INFO] [stdout] 811 |     use insta::assert_snapshot;
[INFO] [stdout]     |         ^^^^^ use of unresolved module or unlinked crate `insta`
[INFO] [stdout]     |
[INFO] [stdout]     = help: if you wanted to use a crate named `insta`, use `cargo add insta` to add it to your `Cargo.toml`
[INFO] [stdout] 
[INFO] [stdout] 
[INFO] [stdout] error[E0432]: unresolved import `insta`
[INFO] [stdout]    --> query/src/print_format.rs:281:9
[INFO] [stdout]     |
[INFO] [stdout] 281 |     use insta::{allow_duplicates, assert_snapshot};
[INFO] [stdout]     |         ^^^^^ use of unresolved module or unlinked crate `insta`
[INFO] [stdout]     |
[INFO] [stdout]     = help: if you wanted to use a crate named `insta`, use `cargo add insta` to add it to your `Cargo.toml`
[INFO] [stdout] 
[INFO] [stdout] 
[INFO] [stdout] error[E0432]: unresolved import `insta`
[INFO] [stdout]    --> query/src/repl.rs:460:9
[INFO] [stdout]     |
[INFO] [stdout] 460 |     use insta::assert_snapshot;
[INFO] [stdout]     |         ^^^^^ use of unresolved module or unlinked crate `insta`
[INFO] [stdout]     |
[INFO] [stdout]     = help: if you wanted to use a crate named `insta`, use `cargo add insta` to add it to your `Cargo.toml`
[INFO] [stdout] 
[INFO] [stdout] 
[INFO] [stdout] warning: unused import: `common::test_util::batches_to_string`
[INFO] [stdout]    --> query/src/repl.rs:456:9
[INFO] [stdout]     |
[INFO] [stdout] 456 |         common::test_util::batches_to_string,
[INFO] [stdout]     |         ^^^^^^^^^^^^^^^^^^^^^^^^^^^^^^^^^^^^
[INFO] [stdout]     |
[INFO] [stdout]     = note: `#[warn(unused_imports)]` (part of `#[warn(unused)]`) on by default
[INFO] [stdout] 
[INFO] [stdout] 
[INFO] [stderr]     Checking rid v0.1.0 (/opt/rustwide/workdir)
[INFO] [stdout] For more information about this error, try `rustc --explain E0432`.
[INFO] [stdout] 
[INFO] [stderr] error: could not compile `query` (lib test) due to 3 previous errors; 1 warning emitted
[INFO] [stderr] warning: build failed, waiting for other jobs to finish...
[INFO] running `Command { std: "docker" "inspect" "87f7cd1d5454d36b96ae2df39e4846aa2dd34a243714e25312582f7d9d4a1046", kill_on_drop: false }`
[INFO] running `Command { std: "docker" "rm" "-f" "87f7cd1d5454d36b96ae2df39e4846aa2dd34a243714e25312582f7d9d4a1046", kill_on_drop: false }`
[INFO] [stdout] 87f7cd1d5454d36b96ae2df39e4846aa2dd34a243714e25312582f7d9d4a1046
