[INFO] cloning repository https://github.com/akacanislupus80/pokerflow-engine
[INFO] running `Command { std: "git" "-c" "credential.helper=" "-c" "credential.helper=/workspace/cargo-home/bin/git-credential-null" "clone" "--bare" "https://github.com/akacanislupus80/pokerflow-engine" "/workspace/cache/git-repos/https%3A%2F%2Fgithub.com%2Fakacanislupus80%2Fpokerflow-engine", kill_on_drop: false }`
[INFO] [stderr] Cloning into bare repository '/workspace/cache/git-repos/https%3A%2F%2Fgithub.com%2Fakacanislupus80%2Fpokerflow-engine'...
[INFO] running `Command { std: "git" "rev-parse" "HEAD", kill_on_drop: false }`
[INFO] [stdout] 0f46f448e8f52962055dfb453ccb12baca853288
[INFO] checking akacanislupus80/pokerflow-engine against 3154cc1a3e6424e44f438a95007d043ed5ceaaf6+rustflags=-Znext-solver=coherence for pr-133502-30
[INFO] running `Command { std: "git" "clone" "/workspace/cache/git-repos/https%3A%2F%2Fgithub.com%2Fakacanislupus80%2Fpokerflow-engine" "/workspace/builds/worker-6-tc1/source", kill_on_drop: false }`
[INFO] [stderr] Cloning into '/workspace/builds/worker-6-tc1/source'...
[INFO] [stderr] done.
[INFO] [stderr] Updating files:  71% (520/729)
Updating files:  72% (525/729)
Updating files:  73% (533/729)
Updating files:  74% (540/729)
Updating files:  75% (547/729)
Updating files:  76% (555/729)
Updating files:  77% (562/729)
Updating files:  78% (569/729)
Updating files:  79% (576/729)
Updating files:  80% (584/729)
Updating files:  81% (591/729)
Updating files:  82% (598/729)
Updating files:  83% (606/729)
Updating files:  84% (613/729)
Updating files:  85% (620/729)
Updating files:  86% (627/729)
Updating files:  87% (635/729)
Updating files:  88% (642/729)
Updating files:  89% (649/729)
Updating files:  90% (657/729)
Updating files:  91% (664/729)
Updating files:  92% (671/729)
Updating files:  93% (678/729)
Updating files:  94% (686/729)
Updating files:  95% (693/729)
Updating files:  96% (700/729)
Updating files:  97% (708/729)
Updating files:  98% (715/729)
Updating files:  99% (722/729)
Updating files: 100% (729/729)
Updating files: 100% (729/729), done.
[INFO] started tweaking git repo https://github.com/akacanislupus80/pokerflow-engine
[INFO] finished tweaking git repo https://github.com/akacanislupus80/pokerflow-engine
[INFO] tweaked toml for git repo https://github.com/akacanislupus80/pokerflow-engine written to /workspace/builds/worker-6-tc1/source/Cargo.toml
[INFO] validating manifest of git repo https://github.com/akacanislupus80/pokerflow-engine on toolchain 3154cc1a3e6424e44f438a95007d043ed5ceaaf6
[INFO] running `Command { std: CARGO_HOME="/workspace/cargo-home" RUSTUP_HOME="/workspace/rustup-home" "/workspace/cargo-home/bin/cargo" "+3154cc1a3e6424e44f438a95007d043ed5ceaaf6" "metadata" "--manifest-path" "Cargo.toml" "--no-deps", kill_on_drop: false }`
[INFO] crate git repo https://github.com/akacanislupus80/pokerflow-engine already has a lockfile, it will not be regenerated
[INFO] running `Command { std: CARGO_HOME="/workspace/cargo-home" RUSTUP_HOME="/workspace/rustup-home" "/workspace/cargo-home/bin/cargo" "+3154cc1a3e6424e44f438a95007d043ed5ceaaf6" "fetch" "--manifest-path" "Cargo.toml", kill_on_drop: false }`
[INFO] [stderr]  Downloading crates ...
[INFO] [stderr]   Downloaded bincode v2.0.0-rc.3
[INFO] running `Command { std: "docker" "create" "-v" "/var/lib/crater-agent-workspace/builds/worker-6-tc1/source:/opt/rustwide/workdir:ro,Z" "-v" "/var/lib/crater-agent-workspace/builds/worker-6-tc1/target:/opt/rustwide/target:rw,Z" "-v" "/var/lib/crater-agent-workspace/cargo-home:/opt/rustwide/cargo-home:ro,Z" "-v" "/var/lib/crater-agent-workspace/rustup-home:/opt/rustwide/rustup-home:ro,Z" "-m" "1610612736" "--network" "none" "ghcr.io/rust-lang/crates-build-env/linux@sha256:77db811e55d90add9212f6832c23229e3de5f1c1f9905e8cb07319ea15df73ac" "sleep" "infinity", kill_on_drop: false }`
[INFO] [stdout] a234e5c6d29b94a7421061cb279e1e3df9c4c32243ee912665e6a1936e93faeb
[INFO] running `Command { std: "docker" "start" "a234e5c6d29b94a7421061cb279e1e3df9c4c32243ee912665e6a1936e93faeb", kill_on_drop: false }`
[INFO] running `Command { std: "docker" "inspect" "a234e5c6d29b94a7421061cb279e1e3df9c4c32243ee912665e6a1936e93faeb", kill_on_drop: false }`
[INFO] running `Command { std: "docker" "exec" "-e" "SOURCE_DIR=/opt/rustwide/workdir" "-e" "CARGO_HOME=/opt/rustwide/cargo-home" "-e" "RUSTUP_HOME=/opt/rustwide/rustup-home" "-e" "CARGO_TARGET_DIR=/opt/rustwide/target" "-w" "/opt/rustwide/workdir" "--user" "0:0" "a234e5c6d29b94a7421061cb279e1e3df9c4c32243ee912665e6a1936e93faeb" "/opt/rustwide/cargo-home/bin/cargo" "+3154cc1a3e6424e44f438a95007d043ed5ceaaf6" "metadata" "--no-deps" "--format-version=1", kill_on_drop: false }`
[INFO] running `Command { std: "docker" "inspect" "a234e5c6d29b94a7421061cb279e1e3df9c4c32243ee912665e6a1936e93faeb", kill_on_drop: false }`
[INFO] running `Command { std: "docker" "exec" "-e" "SOURCE_DIR=/opt/rustwide/workdir" "-e" "CARGO_HOME=/opt/rustwide/cargo-home" "-e" "RUSTUP_HOME=/opt/rustwide/rustup-home" "-e" "CARGO_TARGET_DIR=/opt/rustwide/target" "-e" "CARGO_INCREMENTAL=0" "-e" "RUST_BACKTRACE=full" "-e" "RUSTFLAGS=--cap-lints=forbid -Znext-solver=coherence" "-e" "RUSTDOCFLAGS=--cap-lints=forbid" "-w" "/opt/rustwide/workdir" "--user" "0:0" "a234e5c6d29b94a7421061cb279e1e3df9c4c32243ee912665e6a1936e93faeb" "/opt/rustwide/cargo-home/bin/cargo" "+3154cc1a3e6424e44f438a95007d043ed5ceaaf6" "check" "--frozen" "--all" "--all-targets" "--message-format=json", kill_on_drop: false }`
[INFO] [stderr]    Compiling crossbeam-utils v0.8.22
[INFO] [stderr]    Compiling crossbeam-epoch v0.9.20
[INFO] [stderr]    Compiling crossbeam-deque v0.8.7
[INFO] [stderr]     Checking memchr v2.8.3
[INFO] [stderr]    Compiling rayon-core v1.13.0
[INFO] [stderr]    Compiling proc-macro2 v1.0.107
[INFO] [stderr]    Compiling quote v1.0.47
[INFO] [stderr]     Checking either v1.17.0
[INFO] [stderr]    Compiling wasm-bindgen-shared v0.2.126
[INFO] [stderr]    Compiling serde_core v1.0.229
[INFO] [stderr]    Compiling serde v1.0.229
[INFO] [stderr]    Compiling rustversion v1.0.23
[INFO] [stderr]     Checking bincode v2.0.0-rc.3
[INFO] [stderr]    Compiling serde_json v1.0.151
[INFO] [stderr]    Compiling bumpalo v3.20.3
[INFO] [stderr]     Checking aho-corasick v1.1.4
[INFO] [stderr]    Compiling syn v3.0.3
[INFO] [stderr]    Compiling syn v2.0.119
[INFO] [stderr]    Compiling wasm-bindgen v0.2.126
[INFO] [stderr]     Checking regex-automata v0.4.16
[INFO] [stderr]     Checking rayon v1.12.0
[INFO] [stderr]    Compiling serde_derive v1.0.229
[INFO] [stderr]     Checking regex v1.13.1
[INFO] [stderr]     Checking postflop-solver v0.1.0 (/opt/rustwide/workdir/crates/postflop-solver)
[INFO] [stdout] error[E0107]: trait takes 0 generic arguments but 1 generic argument was supplied
[INFO] [stdout]    --> crates/postflop-solver/src/bunching.rs:121:40
[INFO] [stdout]     |
[INFO] [stdout] 121 | #[cfg_attr(feature = "bincode", derive(Decode, Encode))]
[INFO] [stdout]     |                                        ^^^^^^ this derive macro might not support items with generic parameters
[INFO] [stdout]     |
[INFO] [stdout]     = note: this error originates in the derive macro `Decode` (in Nightly builds, run with -Z macro-backtrace for more info)
[INFO] [stdout] 
[INFO] [stdout] 
[INFO] [stdout] error[E0282]: type annotations needed
[INFO] [stdout]    --> crates/postflop-solver/src/file.rs:252:19
[INFO] [stdout]     |
[INFO] [stdout] 252 | impl FileData for BunchingData {
[INFO] [stdout]     |                   ^^^^^^^^^^^^ cannot infer type for type parameter `__Context`
[INFO] [stdout] 
[INFO] [stdout] 
[INFO] [stdout] error[E0107]: trait takes 0 generic arguments but 1 generic argument was supplied
[INFO] [stdout]   --> crates/postflop-solver/src/action_tree.rs:18:40
[INFO] [stdout]    |
[INFO] [stdout] 18 | #[cfg_attr(feature = "bincode", derive(Decode, Encode))]
[INFO] [stdout]    |                                        ^^^^^^ this derive macro might not support items with generic parameters
[INFO] [stdout]    |
[INFO] [stdout]    = note: this error originates in the derive macro `Decode` (in Nightly builds, run with -Z macro-backtrace for more info)
[INFO] [stdout] 
[INFO] [stdout] 
[INFO] [stdout] error[E0107]: trait takes 0 generic arguments but 1 generic argument was supplied
[INFO] [stdout]   --> crates/postflop-solver/src/action_tree.rs:49:40
[INFO] [stdout]    |
[INFO] [stdout] 49 | #[cfg_attr(feature = "bincode", derive(Decode, Encode))]
[INFO] [stdout]    |                                        ^^^^^^ this derive macro might not support items with generic parameters
[INFO] [stdout]    |
[INFO] [stdout]    = note: this error originates in the derive macro `Decode` (in Nightly builds, run with -Z macro-backtrace for more info)
[INFO] [stdout] 
[INFO] [stdout] 
[INFO] [stdout] error[E0107]: trait takes 0 generic arguments but 1 generic argument was supplied
[INFO] [stdout]   --> crates/postflop-solver/src/action_tree.rs:83:40
[INFO] [stdout]    |
[INFO] [stdout] 83 | #[cfg_attr(feature = "bincode", derive(Decode, Encode))]
[INFO] [stdout]    |                                        ^^^^^^ this derive macro might not support items with generic parameters
[INFO] [stdout]    |
[INFO] [stdout]    = note: this error originates in the derive macro `Decode` (in Nightly builds, run with -Z macro-backtrace for more info)
[INFO] [stdout] 
[INFO] [stdout] 
[INFO] [stdout] error[E0107]: trait takes 0 generic arguments but 1 generic argument was supplied
[INFO] [stdout]    --> crates/postflop-solver/src/action_tree.rs:150:40
[INFO] [stdout]     |
[INFO] [stdout] 150 | #[cfg_attr(feature = "bincode", derive(Decode, Encode))]
[INFO] [stdout]     |                                        ^^^^^^ this derive macro might not support items with generic parameters
[INFO] [stdout]     |
[INFO] [stdout]     = note: this error originates in the derive macro `Decode` (in Nightly builds, run with -Z macro-backtrace for more info)
[INFO] [stdout] 
[INFO] [stdout] 
[INFO] [stdout] error[E0107]: trait takes 0 generic arguments but 1 generic argument was supplied
[INFO] [stdout]  --> crates/postflop-solver/src/atomic_float.rs:7:40
[INFO] [stdout]   |
[INFO] [stdout] 7 | #[cfg_attr(feature = "bincode", derive(Decode, Encode))]
[INFO] [stdout]   |                                        ^^^^^^ this derive macro might not support items with generic parameters
[INFO] [stdout]   |
[INFO] [stdout]   = note: this error originates in the derive macro `Decode` (in Nightly builds, run with -Z macro-backtrace for more info)
[INFO] [stdout] 
[INFO] [stdout] 
[INFO] [stdout] error[E0107]: trait takes 0 generic arguments but 1 generic argument was supplied
[INFO] [stdout]   --> crates/postflop-solver/src/atomic_float.rs:10:40
[INFO] [stdout]    |
[INFO] [stdout] 10 | #[cfg_attr(feature = "bincode", derive(Decode, Encode))]
[INFO] [stdout]    |                                        ^^^^^^ this derive macro might not support items with generic parameters
[INFO] [stdout]    |
[INFO] [stdout]    = note: this error originates in the derive macro `Decode` (in Nightly builds, run with -Z macro-backtrace for more info)
[INFO] [stdout] 
[INFO] [stdout] 
[INFO] [stdout] error[E0107]: trait takes 0 generic arguments but 1 generic argument was supplied
[INFO] [stdout]   --> crates/postflop-solver/src/bet_size.rs:41:40
[INFO] [stdout]    |
[INFO] [stdout] 41 | #[cfg_attr(feature = "bincode", derive(Decode, Encode))]
[INFO] [stdout]    |                                        ^^^^^^ this derive macro might not support items with generic parameters
[INFO] [stdout]    |
[INFO] [stdout]    = note: this error originates in the derive macro `Decode` (in Nightly builds, run with -Z macro-backtrace for more info)
[INFO] [stdout] 
[INFO] [stdout] 
[INFO] [stdout] error[E0107]: trait takes 0 generic arguments but 1 generic argument was supplied
[INFO] [stdout]   --> crates/postflop-solver/src/bet_size.rs:54:40
[INFO] [stdout]    |
[INFO] [stdout] 54 | #[cfg_attr(feature = "bincode", derive(Decode, Encode))]
[INFO] [stdout]    |                                        ^^^^^^ this derive macro might not support items with generic parameters
[INFO] [stdout]    |
[INFO] [stdout]    = note: this error originates in the derive macro `Decode` (in Nightly builds, run with -Z macro-backtrace for more info)
[INFO] [stdout] 
[INFO] [stdout] 
[INFO] [stdout] error[E0107]: trait takes 0 generic arguments but 1 generic argument was supplied
[INFO] [stdout]   --> crates/postflop-solver/src/bet_size.rs:61:40
[INFO] [stdout]    |
[INFO] [stdout] 61 | #[cfg_attr(feature = "bincode", derive(Decode, Encode))]
[INFO] [stdout]    |                                        ^^^^^^ this derive macro might not support items with generic parameters
[INFO] [stdout]    |
[INFO] [stdout]    = note: this error originates in the derive macro `Decode` (in Nightly builds, run with -Z macro-backtrace for more info)
[INFO] [stdout] 
[INFO] [stdout] 
[INFO] [stdout] error[E0107]: trait takes 0 generic arguments but 1 generic argument was supplied
[INFO] [stdout]   --> crates/postflop-solver/src/card.rs:36:40
[INFO] [stdout]    |
[INFO] [stdout] 36 | #[cfg_attr(feature = "bincode", derive(Decode, Encode))]
[INFO] [stdout]    |                                        ^^^^^^ this derive macro might not support items with generic parameters
[INFO] [stdout]    |
[INFO] [stdout]    = note: this error originates in the derive macro `Decode` (in Nightly builds, run with -Z macro-backtrace for more info)
[INFO] [stdout] 
[INFO] [stdout] 
[INFO] [stdout] error[E0107]: trait takes 0 generic arguments but 1 generic argument was supplied
[INFO] [stdout]   --> crates/postflop-solver/src/game/mod.rs:22:40
[INFO] [stdout]    |
[INFO] [stdout] 22 | #[cfg_attr(feature = "bincode", derive(Decode, Encode))]
[INFO] [stdout]    |                                        ^^^^^^ this derive macro might not support items with generic parameters
[INFO] [stdout]    |
[INFO] [stdout]    = note: this error originates in the derive macro `Decode` (in Nightly builds, run with -Z macro-backtrace for more info)
[INFO] [stdout] 
[INFO] [stdout] 
[INFO] [stdout] error[E0107]: trait takes 0 generic arguments but 1 generic argument was supplied
[INFO] [stdout]   --> crates/postflop-solver/src/range.rs:41:40
[INFO] [stdout]    |
[INFO] [stdout] 41 | #[cfg_attr(feature = "bincode", derive(Decode, Encode))]
[INFO] [stdout]    |                                        ^^^^^^ this derive macro might not support items with generic parameters
[INFO] [stdout]    |
[INFO] [stdout]    = note: this error originates in the derive macro `Decode` (in Nightly builds, run with -Z macro-backtrace for more info)
[INFO] [stdout] 
[INFO] [stdout] 
[INFO] [stdout] error[E0220]: associated type `Context` not found for `Decoder`
[INFO] [stdout]   --> crates/postflop-solver/src/action_tree.rs:18:40
[INFO] [stdout]    |
[INFO] [stdout] 18 | #[cfg_attr(feature = "bincode", derive(Decode, Encode))]
[INFO] [stdout]    |                                        ^^^^^^ associated type `Context` not found
[INFO] [stdout]    |
[INFO] [stdout]    = note: this error originates in the derive macro `Decode` (in Nightly builds, run with -Z macro-backtrace for more info)
[INFO] [stdout] 
[INFO] [stdout] 
[INFO] [stdout] error[E0207]: the type parameter `__Context` is not constrained by the impl trait, self type, or predicates
[INFO] [stdout]   --> crates/postflop-solver/src/action_tree.rs:18:40
[INFO] [stdout]    |
[INFO] [stdout] 18 | #[cfg_attr(feature = "bincode", derive(Decode, Encode))]
[INFO] [stdout]    |                                        ^^^^^^ unconstrained type parameter
[INFO] [stdout]    |
[INFO] [stdout]    = note: this error originates in the derive macro `Decode` (in Nightly builds, run with -Z macro-backtrace for more info)
[INFO] [stdout] 
[INFO] [stdout] 
[INFO] [stdout] error[E0220]: associated type `Context` not found for `Decoder`
[INFO] [stdout]   --> crates/postflop-solver/src/action_tree.rs:49:40
[INFO] [stdout]    |
[INFO] [stdout] 49 | #[cfg_attr(feature = "bincode", derive(Decode, Encode))]
[INFO] [stdout]    |                                        ^^^^^^ associated type `Context` not found
[INFO] [stdout]    |
[INFO] [stdout]    = note: this error originates in the derive macro `Decode` (in Nightly builds, run with -Z macro-backtrace for more info)
[INFO] [stdout] 
[INFO] [stdout] 
[INFO] [stdout] error[E0207]: the type parameter `__Context` is not constrained by the impl trait, self type, or predicates
[INFO] [stdout]   --> crates/postflop-solver/src/action_tree.rs:49:40
[INFO] [stdout]    |
[INFO] [stdout] 49 | #[cfg_attr(feature = "bincode", derive(Decode, Encode))]
[INFO] [stdout]    |                                        ^^^^^^ unconstrained type parameter
[INFO] [stdout]    |
[INFO] [stdout]    = note: this error originates in the derive macro `Decode` (in Nightly builds, run with -Z macro-backtrace for more info)
[INFO] [stdout] 
[INFO] [stdout] 
[INFO] [stdout] error[E0220]: associated type `Context` not found for `Decoder`
[INFO] [stdout]   --> crates/postflop-solver/src/action_tree.rs:83:40
[INFO] [stdout]    |
[INFO] [stdout] 83 | #[cfg_attr(feature = "bincode", derive(Decode, Encode))]
[INFO] [stdout]    |                                        ^^^^^^ associated type `Context` not found
[INFO] [stdout]    |
[INFO] [stdout]    = note: this error originates in the derive macro `Decode` (in Nightly builds, run with -Z macro-backtrace for more info)
[INFO] [stdout] 
[INFO] [stdout] 
[INFO] [stdout] error[E0207]: the type parameter `__Context` is not constrained by the impl trait, self type, or predicates
[INFO] [stdout]   --> crates/postflop-solver/src/action_tree.rs:83:40
[INFO] [stdout]    |
[INFO] [stdout] 83 | #[cfg_attr(feature = "bincode", derive(Decode, Encode))]
[INFO] [stdout]    |                                        ^^^^^^ unconstrained type parameter
[INFO] [stdout]    |
[INFO] [stdout]    = note: this error originates in the derive macro `Decode` (in Nightly builds, run with -Z macro-backtrace for more info)
[INFO] [stdout] 
[INFO] [stdout] 
[INFO] [stdout] error[E0220]: associated type `Context` not found for `Decoder`
[INFO] [stdout]    --> crates/postflop-solver/src/action_tree.rs:150:40
[INFO] [stdout]     |
[INFO] [stdout] 150 | #[cfg_attr(feature = "bincode", derive(Decode, Encode))]
[INFO] [stdout]     |                                        ^^^^^^ associated type `Context` not found
[INFO] [stdout]     |
[INFO] [stdout]     = note: this error originates in the derive macro `Decode` (in Nightly builds, run with -Z macro-backtrace for more info)
[INFO] [stdout] 
[INFO] [stdout] 
[INFO] [stdout] error[E0207]: the type parameter `__Context` is not constrained by the impl trait, self type, or predicates
[INFO] [stdout]    --> crates/postflop-solver/src/action_tree.rs:150:40
[INFO] [stdout]     |
[INFO] [stdout] 150 | #[cfg_attr(feature = "bincode", derive(Decode, Encode))]
[INFO] [stdout]     |                                        ^^^^^^ unconstrained type parameter
[INFO] [stdout]     |
[INFO] [stdout]     = note: this error originates in the derive macro `Decode` (in Nightly builds, run with -Z macro-backtrace for more info)
[INFO] [stdout] 
[INFO] [stdout] 
[INFO] [stdout] error[E0220]: associated type `Context` not found for `Decoder`
[INFO] [stdout]  --> crates/postflop-solver/src/atomic_float.rs:7:40
[INFO] [stdout]   |
[INFO] [stdout] 7 | #[cfg_attr(feature = "bincode", derive(Decode, Encode))]
[INFO] [stdout]   |                                        ^^^^^^ associated type `Context` not found
[INFO] [stdout]   |
[INFO] [stdout]   = note: this error originates in the derive macro `Decode` (in Nightly builds, run with -Z macro-backtrace for more info)
[INFO] [stdout] 
[INFO] [stdout] 
[INFO] [stdout] error[E0207]: the type parameter `__Context` is not constrained by the impl trait, self type, or predicates
[INFO] [stdout]  --> crates/postflop-solver/src/atomic_float.rs:7:40
[INFO] [stdout]   |
[INFO] [stdout] 7 | #[cfg_attr(feature = "bincode", derive(Decode, Encode))]
[INFO] [stdout]   |                                        ^^^^^^ unconstrained type parameter
[INFO] [stdout]   |
[INFO] [stdout]   = note: this error originates in the derive macro `Decode` (in Nightly builds, run with -Z macro-backtrace for more info)
[INFO] [stdout] 
[INFO] [stdout] 
[INFO] [stdout] error[E0220]: associated type `Context` not found for `Decoder`
[INFO] [stdout]   --> crates/postflop-solver/src/atomic_float.rs:10:40
[INFO] [stdout]    |
[INFO] [stdout] 10 | #[cfg_attr(feature = "bincode", derive(Decode, Encode))]
[INFO] [stdout]    |                                        ^^^^^^ associated type `Context` not found
[INFO] [stdout]    |
[INFO] [stdout]    = note: this error originates in the derive macro `Decode` (in Nightly builds, run with -Z macro-backtrace for more info)
[INFO] [stdout] 
[INFO] [stdout] 
[INFO] [stdout] error[E0207]: the type parameter `__Context` is not constrained by the impl trait, self type, or predicates
[INFO] [stdout]   --> crates/postflop-solver/src/atomic_float.rs:10:40
[INFO] [stdout]    |
[INFO] [stdout] 10 | #[cfg_attr(feature = "bincode", derive(Decode, Encode))]
[INFO] [stdout]    |                                        ^^^^^^ unconstrained type parameter
[INFO] [stdout]    |
[INFO] [stdout]    = note: this error originates in the derive macro `Decode` (in Nightly builds, run with -Z macro-backtrace for more info)
[INFO] [stdout] 
[INFO] [stdout] 
[INFO] [stdout] error[E0220]: associated type `Context` not found for `Decoder`
[INFO] [stdout]   --> crates/postflop-solver/src/bet_size.rs:41:40
[INFO] [stdout]    |
[INFO] [stdout] 41 | #[cfg_attr(feature = "bincode", derive(Decode, Encode))]
[INFO] [stdout]    |                                        ^^^^^^ associated type `Context` not found
[INFO] [stdout]    |
[INFO] [stdout]    = note: this error originates in the derive macro `Decode` (in Nightly builds, run with -Z macro-backtrace for more info)
[INFO] [stdout] 
[INFO] [stdout] 
[INFO] [stdout] error[E0207]: the type parameter `__Context` is not constrained by the impl trait, self type, or predicates
[INFO] [stdout]   --> crates/postflop-solver/src/bet_size.rs:41:40
[INFO] [stdout]    |
[INFO] [stdout] 41 | #[cfg_attr(feature = "bincode", derive(Decode, Encode))]
[INFO] [stdout]    |                                        ^^^^^^ unconstrained type parameter
[INFO] [stdout]    |
[INFO] [stdout]    = note: this error originates in the derive macro `Decode` (in Nightly builds, run with -Z macro-backtrace for more info)
[INFO] [stdout] 
[INFO] [stdout] 
[INFO] [stdout] error[E0220]: associated type `Context` not found for `Decoder`
[INFO] [stdout]   --> crates/postflop-solver/src/bet_size.rs:54:40
[INFO] [stdout]    |
[INFO] [stdout] 54 | #[cfg_attr(feature = "bincode", derive(Decode, Encode))]
[INFO] [stdout]    |                                        ^^^^^^ associated type `Context` not found
[INFO] [stdout]    |
[INFO] [stdout]    = note: this error originates in the derive macro `Decode` (in Nightly builds, run with -Z macro-backtrace for more info)
[INFO] [stdout] 
[INFO] [stdout] 
[INFO] [stdout] error[E0207]: the type parameter `__Context` is not constrained by the impl trait, self type, or predicates
[INFO] [stdout]   --> crates/postflop-solver/src/bet_size.rs:54:40
[INFO] [stdout]    |
[INFO] [stdout] 54 | #[cfg_attr(feature = "bincode", derive(Decode, Encode))]
[INFO] [stdout]    |                                        ^^^^^^ unconstrained type parameter
[INFO] [stdout]    |
[INFO] [stdout]    = note: this error originates in the derive macro `Decode` (in Nightly builds, run with -Z macro-backtrace for more info)
[INFO] [stdout] 
[INFO] [stdout] 
[INFO] [stdout] error[E0220]: associated type `Context` not found for `Decoder`
[INFO] [stdout]   --> crates/postflop-solver/src/bet_size.rs:61:40
[INFO] [stdout]    |
[INFO] [stdout] 61 | #[cfg_attr(feature = "bincode", derive(Decode, Encode))]
[INFO] [stdout]    |                                        ^^^^^^ associated type `Context` not found
[INFO] [stdout]    |
[INFO] [stdout]    = note: this error originates in the derive macro `Decode` (in Nightly builds, run with -Z macro-backtrace for more info)
[INFO] [stdout] 
[INFO] [stdout] 
[INFO] [stdout] error[E0207]: the type parameter `__Context` is not constrained by the impl trait, self type, or predicates
[INFO] [stdout]   --> crates/postflop-solver/src/bet_size.rs:61:40
[INFO] [stdout]    |
[INFO] [stdout] 61 | #[cfg_attr(feature = "bincode", derive(Decode, Encode))]
[INFO] [stdout]    |                                        ^^^^^^ unconstrained type parameter
[INFO] [stdout]    |
[INFO] [stdout]    = note: this error originates in the derive macro `Decode` (in Nightly builds, run with -Z macro-backtrace for more info)
[INFO] [stdout] 
[INFO] [stdout] 
[INFO] [stdout] error[E0220]: associated type `Context` not found for `Decoder`
[INFO] [stdout]    --> crates/postflop-solver/src/bunching.rs:121:40
[INFO] [stdout]     |
[INFO] [stdout] 121 | #[cfg_attr(feature = "bincode", derive(Decode, Encode))]
[INFO] [stdout]     |                                        ^^^^^^ associated type `Context` not found
[INFO] [stdout]     |
[INFO] [stdout]     = note: this error originates in the derive macro `Decode` (in Nightly builds, run with -Z macro-backtrace for more info)
[INFO] [stdout] 
[INFO] [stdout] 
[INFO] [stdout] error[E0207]: the type parameter `__Context` is not constrained by the impl trait, self type, or predicates
[INFO] [stdout]    --> crates/postflop-solver/src/bunching.rs:121:40
[INFO] [stdout]     |
[INFO] [stdout] 121 | #[cfg_attr(feature = "bincode", derive(Decode, Encode))]
[INFO] [stdout]     |                                        ^^^^^^ unconstrained type parameter
[INFO] [stdout]     |
[INFO] [stdout]     = note: this error originates in the derive macro `Decode` (in Nightly builds, run with -Z macro-backtrace for more info)
[INFO] [stdout] 
[INFO] [stdout] 
[INFO] [stdout] error[E0220]: associated type `Context` not found for `Decoder`
[INFO] [stdout]   --> crates/postflop-solver/src/card.rs:36:40
[INFO] [stdout]    |
[INFO] [stdout] 36 | #[cfg_attr(feature = "bincode", derive(Decode, Encode))]
[INFO] [stdout]    |                                        ^^^^^^ associated type `Context` not found
[INFO] [stdout]    |
[INFO] [stdout]    = note: this error originates in the derive macro `Decode` (in Nightly builds, run with -Z macro-backtrace for more info)
[INFO] [stdout] 
[INFO] [stdout] 
[INFO] [stdout] error[E0207]: the type parameter `__Context` is not constrained by the impl trait, self type, or predicates
[INFO] [stdout]   --> crates/postflop-solver/src/card.rs:36:40
[INFO] [stdout]    |
[INFO] [stdout] 36 | #[cfg_attr(feature = "bincode", derive(Decode, Encode))]
[INFO] [stdout]    |                                        ^^^^^^ unconstrained type parameter
[INFO] [stdout]    |
[INFO] [stdout]    = note: this error originates in the derive macro `Decode` (in Nightly builds, run with -Z macro-backtrace for more info)
[INFO] [stdout] 
[INFO] [stdout] 
[INFO] [stdout] error[E0220]: associated type `Context` not found for `Decoder`
[INFO] [stdout]   --> crates/postflop-solver/src/game/mod.rs:22:40
[INFO] [stdout]    |
[INFO] [stdout] 22 | #[cfg_attr(feature = "bincode", derive(Decode, Encode))]
[INFO] [stdout]    |                                        ^^^^^^ associated type `Context` not found
[INFO] [stdout]    |
[INFO] [stdout]    = note: this error originates in the derive macro `Decode` (in Nightly builds, run with -Z macro-backtrace for more info)
[INFO] [stdout] 
[INFO] [stdout] 
[INFO] [stdout] error[E0207]: the type parameter `__Context` is not constrained by the impl trait, self type, or predicates
[INFO] [stdout]   --> crates/postflop-solver/src/game/mod.rs:22:40
[INFO] [stdout]    |
[INFO] [stdout] 22 | #[cfg_attr(feature = "bincode", derive(Decode, Encode))]
[INFO] [stdout]    |                                        ^^^^^^ unconstrained type parameter
[INFO] [stdout]    |
[INFO] [stdout]    = note: this error originates in the derive macro `Decode` (in Nightly builds, run with -Z macro-backtrace for more info)
[INFO] [stdout] 
[INFO] [stdout] 
[INFO] [stdout] error[E0220]: associated type `Context` not found for `Decoder`
[INFO] [stdout]   --> crates/postflop-solver/src/range.rs:41:40
[INFO] [stdout]    |
[INFO] [stdout] 41 | #[cfg_attr(feature = "bincode", derive(Decode, Encode))]
[INFO] [stdout]    |                                        ^^^^^^ associated type `Context` not found
[INFO] [stdout]    |
[INFO] [stdout]    = note: this error originates in the derive macro `Decode` (in Nightly builds, run with -Z macro-backtrace for more info)
[INFO] [stdout] 
[INFO] [stdout] 
[INFO] [stdout] error[E0207]: the type parameter `__Context` is not constrained by the impl trait, self type, or predicates
[INFO] [stdout]   --> crates/postflop-solver/src/range.rs:41:40
[INFO] [stdout]    |
[INFO] [stdout] 41 | #[cfg_attr(feature = "bincode", derive(Decode, Encode))]
[INFO] [stdout]    |                                        ^^^^^^ unconstrained type parameter
[INFO] [stdout]    |
[INFO] [stdout]    = note: this error originates in the derive macro `Decode` (in Nightly builds, run with -Z macro-backtrace for more info)
[INFO] [stdout] 
[INFO] [stdout] 
[INFO] [stdout] error[E0220]: associated type `Context` not found for `BorrowDecoder`
[INFO] [stdout]   --> crates/postflop-solver/src/action_tree.rs:18:40
[INFO] [stdout]    |
[INFO] [stdout] 18 | #[cfg_attr(feature = "bincode", derive(Decode, Encode))]
[INFO] [stdout]    |                                        ^^^^^^ associated type `Context` not found
[INFO] [stdout]    |
[INFO] [stdout]    = note: this error originates in the derive macro `Decode` (in Nightly builds, run with -Z macro-backtrace for more info)
[INFO] [stdout] 
[INFO] [stdout] 
[INFO] [stdout] error[E0220]: associated type `Context` not found for `BorrowDecoder`
[INFO] [stdout]   --> crates/postflop-solver/src/action_tree.rs:49:40
[INFO] [stdout]    |
[INFO] [stdout] 49 | #[cfg_attr(feature = "bincode", derive(Decode, Encode))]
[INFO] [stdout]    |                                        ^^^^^^ associated type `Context` not found
[INFO] [stdout]    |
[INFO] [stdout]    = note: this error originates in the derive macro `Decode` (in Nightly builds, run with -Z macro-backtrace for more info)
[INFO] [stdout] 
[INFO] [stdout] 
[INFO] [stdout] error[E0220]: associated type `Context` not found for `BorrowDecoder`
[INFO] [stdout]   --> crates/postflop-solver/src/action_tree.rs:83:40
[INFO] [stdout]    |
[INFO] [stdout] 83 | #[cfg_attr(feature = "bincode", derive(Decode, Encode))]
[INFO] [stdout]    |                                        ^^^^^^ associated type `Context` not found
[INFO] [stdout]    |
[INFO] [stdout]    = note: this error originates in the derive macro `Decode` (in Nightly builds, run with -Z macro-backtrace for more info)
[INFO] [stdout] 
[INFO] [stdout] 
[INFO] [stdout] error[E0220]: associated type `Context` not found for `BorrowDecoder`
[INFO] [stdout]    --> crates/postflop-solver/src/action_tree.rs:150:40
[INFO] [stdout]     |
[INFO] [stdout] 150 | #[cfg_attr(feature = "bincode", derive(Decode, Encode))]
[INFO] [stdout]     |                                        ^^^^^^ associated type `Context` not found
[INFO] [stdout]     |
[INFO] [stdout]     = note: this error originates in the derive macro `Decode` (in Nightly builds, run with -Z macro-backtrace for more info)
[INFO] [stdout] 
[INFO] [stdout] 
[INFO] [stdout] error[E0220]: associated type `Context` not found for `BorrowDecoder`
[INFO] [stdout]  --> crates/postflop-solver/src/atomic_float.rs:7:40
[INFO] [stdout]   |
[INFO] [stdout] 7 | #[cfg_attr(feature = "bincode", derive(Decode, Encode))]
[INFO] [stdout]   |                                        ^^^^^^ associated type `Context` not found
[INFO] [stdout]   |
[INFO] [stdout]   = note: this error originates in the derive macro `Decode` (in Nightly builds, run with -Z macro-backtrace for more info)
[INFO] [stdout] 
[INFO] [stdout] 
[INFO] [stdout] error[E0220]: associated type `Context` not found for `BorrowDecoder`
[INFO] [stdout]   --> crates/postflop-solver/src/atomic_float.rs:10:40
[INFO] [stdout]    |
[INFO] [stdout] 10 | #[cfg_attr(feature = "bincode", derive(Decode, Encode))]
[INFO] [stdout]    |                                        ^^^^^^ associated type `Context` not found
[INFO] [stdout]    |
[INFO] [stdout]    = note: this error originates in the derive macro `Decode` (in Nightly builds, run with -Z macro-backtrace for more info)
[INFO] [stdout] 
[INFO] [stdout] 
[INFO] [stdout] error[E0220]: associated type `Context` not found for `BorrowDecoder`
[INFO] [stdout]   --> crates/postflop-solver/src/bet_size.rs:41:40
[INFO] [stdout]    |
[INFO] [stdout] 41 | #[cfg_attr(feature = "bincode", derive(Decode, Encode))]
[INFO] [stdout]    |                                        ^^^^^^ associated type `Context` not found
[INFO] [stdout]    |
[INFO] [stdout]    = note: this error originates in the derive macro `Decode` (in Nightly builds, run with -Z macro-backtrace for more info)
[INFO] [stdout] 
[INFO] [stdout] 
[INFO] [stdout] error[E0220]: associated type `Context` not found for `BorrowDecoder`
[INFO] [stdout]   --> crates/postflop-solver/src/bet_size.rs:54:40
[INFO] [stdout]    |
[INFO] [stdout] 54 | #[cfg_attr(feature = "bincode", derive(Decode, Encode))]
[INFO] [stdout]    |                                        ^^^^^^ associated type `Context` not found
[INFO] [stdout]    |
[INFO] [stdout]    = note: this error originates in the derive macro `Decode` (in Nightly builds, run with -Z macro-backtrace for more info)
[INFO] [stdout] 
[INFO] [stdout] 
[INFO] [stdout] error[E0220]: associated type `Context` not found for `BorrowDecoder`
[INFO] [stdout]   --> crates/postflop-solver/src/bet_size.rs:61:40
[INFO] [stdout]    |
[INFO] [stdout] 61 | #[cfg_attr(feature = "bincode", derive(Decode, Encode))]
[INFO] [stdout]    |                                        ^^^^^^ associated type `Context` not found
[INFO] [stdout]    |
[INFO] [stdout]    = note: this error originates in the derive macro `Decode` (in Nightly builds, run with -Z macro-backtrace for more info)
[INFO] [stdout] 
[INFO] [stdout] 
[INFO] [stdout] error[E0220]: associated type `Context` not found for `BorrowDecoder`
[INFO] [stdout]    --> crates/postflop-solver/src/bunching.rs:121:40
[INFO] [stdout]     |
[INFO] [stdout] 121 | #[cfg_attr(feature = "bincode", derive(Decode, Encode))]
[INFO] [stdout]     |                                        ^^^^^^ associated type `Context` not found
[INFO] [stdout]     |
[INFO] [stdout]     = note: this error originates in the derive macro `Decode` (in Nightly builds, run with -Z macro-backtrace for more info)
[INFO] [stdout] 
[INFO] [stdout] 
[INFO] [stdout] error[E0220]: associated type `Context` not found for `BorrowDecoder`
[INFO] [stdout]   --> crates/postflop-solver/src/card.rs:36:40
[INFO] [stdout]    |
[INFO] [stdout] 36 | #[cfg_attr(feature = "bincode", derive(Decode, Encode))]
[INFO] [stdout]    |                                        ^^^^^^ associated type `Context` not found
[INFO] [stdout]    |
[INFO] [stdout]    = note: this error originates in the derive macro `Decode` (in Nightly builds, run with -Z macro-backtrace for more info)
[INFO] [stdout] 
[INFO] [stdout] 
[INFO] [stdout] error[E0220]: associated type `Context` not found for `BorrowDecoder`
[INFO] [stdout]   --> crates/postflop-solver/src/game/mod.rs:22:40
[INFO] [stdout]    |
[INFO] [stdout] 22 | #[cfg_attr(feature = "bincode", derive(Decode, Encode))]
[INFO] [stdout]    |                                        ^^^^^^ associated type `Context` not found
[INFO] [stdout]    |
[INFO] [stdout]    = note: this error originates in the derive macro `Decode` (in Nightly builds, run with -Z macro-backtrace for more info)
[INFO] [stdout] 
[INFO] [stdout] 
[INFO] [stdout] error[E0220]: associated type `Context` not found for `BorrowDecoder`
[INFO] [stdout]   --> crates/postflop-solver/src/range.rs:41:40
[INFO] [stdout]    |
[INFO] [stdout] 41 | #[cfg_attr(feature = "bincode", derive(Decode, Encode))]
[INFO] [stdout]    |                                        ^^^^^^ associated type `Context` not found
[INFO] [stdout]    |
[INFO] [stdout]    = note: this error originates in the derive macro `Decode` (in Nightly builds, run with -Z macro-backtrace for more info)
[INFO] [stdout] 
[INFO] [stdout] 
[INFO] [stderr]    Compiling wasm-bindgen-macro-support v0.2.126
[INFO] [stdout] error[E0107]: trait takes 0 generic arguments but 1 generic argument was supplied
[INFO] [stdout]    --> crates/postflop-solver/src/bunching.rs:121:40
[INFO] [stdout]     |
[INFO] [stdout] 121 | #[cfg_attr(feature = "bincode", derive(Decode, Encode))]
[INFO] [stdout]     |                                        ^^^^^^ this derive macro might not support items with generic parameters
[INFO] [stdout]     |
[INFO] [stdout]     = note: this error originates in the derive macro `Decode` (in Nightly builds, run with -Z macro-backtrace for more info)
[INFO] [stdout] 
[INFO] [stdout] 
[INFO] [stdout] error[E0282]: type annotations needed
[INFO] [stdout]    --> crates/postflop-solver/src/file.rs:252:19
[INFO] [stdout]     |
[INFO] [stdout] 252 | impl FileData for BunchingData {
[INFO] [stdout]     |                   ^^^^^^^^^^^^ cannot infer type for type parameter `__Context`
[INFO] [stdout] 
[INFO] [stdout] 
[INFO] [stdout] error[E0107]: trait takes 0 generic arguments but 1 generic argument was supplied
[INFO] [stdout]   --> crates/postflop-solver/src/action_tree.rs:18:40
[INFO] [stdout]    |
[INFO] [stdout] 18 | #[cfg_attr(feature = "bincode", derive(Decode, Encode))]
[INFO] [stdout]    |                                        ^^^^^^ this derive macro might not support items with generic parameters
[INFO] [stdout]    |
[INFO] [stdout]    = note: this error originates in the derive macro `Decode` (in Nightly builds, run with -Z macro-backtrace for more info)
[INFO] [stdout] 
[INFO] [stdout] 
[INFO] [stdout] error[E0107]: trait takes 0 generic arguments but 1 generic argument was supplied
[INFO] [stdout]   --> crates/postflop-solver/src/action_tree.rs:49:40
[INFO] [stdout]    |
[INFO] [stdout] 49 | #[cfg_attr(feature = "bincode", derive(Decode, Encode))]
[INFO] [stdout]    |                                        ^^^^^^ this derive macro might not support items with generic parameters
[INFO] [stdout]    |
[INFO] [stdout]    = note: this error originates in the derive macro `Decode` (in Nightly builds, run with -Z macro-backtrace for more info)
[INFO] [stdout] 
[INFO] [stdout] 
[INFO] [stdout] error[E0107]: trait takes 0 generic arguments but 1 generic argument was supplied
[INFO] [stdout]   --> crates/postflop-solver/src/action_tree.rs:83:40
[INFO] [stdout]    |
[INFO] [stdout] 83 | #[cfg_attr(feature = "bincode", derive(Decode, Encode))]
[INFO] [stdout]    |                                        ^^^^^^ this derive macro might not support items with generic parameters
[INFO] [stdout]    |
[INFO] [stdout]    = note: this error originates in the derive macro `Decode` (in Nightly builds, run with -Z macro-backtrace for more info)
[INFO] [stdout] 
[INFO] [stdout] 
[INFO] [stdout] error[E0107]: trait takes 0 generic arguments but 1 generic argument was supplied
[INFO] [stdout]    --> crates/postflop-solver/src/action_tree.rs:150:40
[INFO] [stdout]     |
[INFO] [stdout] 150 | #[cfg_attr(feature = "bincode", derive(Decode, Encode))]
[INFO] [stdout]     |                                        ^^^^^^ this derive macro might not support items with generic parameters
[INFO] [stdout]     |
[INFO] [stdout]     = note: this error originates in the derive macro `Decode` (in Nightly builds, run with -Z macro-backtrace for more info)
[INFO] [stdout] 
[INFO] [stdout] 
[INFO] [stdout] error[E0107]: trait takes 0 generic arguments but 1 generic argument was supplied
[INFO] [stdout]  --> crates/postflop-solver/src/atomic_float.rs:7:40
[INFO] [stdout]   |
[INFO] [stdout] 7 | #[cfg_attr(feature = "bincode", derive(Decode, Encode))]
[INFO] [stdout]   |                                        ^^^^^^ this derive macro might not support items with generic parameters
[INFO] [stdout]   |
[INFO] [stdout]   = note: this error originates in the derive macro `Decode` (in Nightly builds, run with -Z macro-backtrace for more info)
[INFO] [stdout] 
[INFO] [stdout] 
[INFO] [stdout] error[E0107]: trait takes 0 generic arguments but 1 generic argument was supplied
[INFO] [stdout]   --> crates/postflop-solver/src/atomic_float.rs:10:40
[INFO] [stdout]    |
[INFO] [stdout] 10 | #[cfg_attr(feature = "bincode", derive(Decode, Encode))]
[INFO] [stdout]    |                                        ^^^^^^ this derive macro might not support items with generic parameters
[INFO] [stdout]    |
[INFO] [stdout]    = note: this error originates in the derive macro `Decode` (in Nightly builds, run with -Z macro-backtrace for more info)
[INFO] [stdout] 
[INFO] [stdout] 
[INFO] [stdout] error[E0107]: trait takes 0 generic arguments but 1 generic argument was supplied
[INFO] [stdout]   --> crates/postflop-solver/src/bet_size.rs:41:40
[INFO] [stdout]    |
[INFO] [stdout] 41 | #[cfg_attr(feature = "bincode", derive(Decode, Encode))]
[INFO] [stdout]    |                                        ^^^^^^ this derive macro might not support items with generic parameters
[INFO] [stdout]    |
[INFO] [stdout]    = note: this error originates in the derive macro `Decode` (in Nightly builds, run with -Z macro-backtrace for more info)
[INFO] [stdout] 
[INFO] [stdout] 
[INFO] [stdout] error[E0107]: trait takes 0 generic arguments but 1 generic argument was supplied
[INFO] [stdout]   --> crates/postflop-solver/src/bet_size.rs:54:40
[INFO] [stdout]    |
[INFO] [stdout] 54 | #[cfg_attr(feature = "bincode", derive(Decode, Encode))]
[INFO] [stdout]    |                                        ^^^^^^ this derive macro might not support items with generic parameters
[INFO] [stdout]    |
[INFO] [stdout]    = note: this error originates in the derive macro `Decode` (in Nightly builds, run with -Z macro-backtrace for more info)
[INFO] [stdout] 
[INFO] [stdout] 
[INFO] [stdout] error[E0107]: trait takes 0 generic arguments but 1 generic argument was supplied
[INFO] [stdout]   --> crates/postflop-solver/src/bet_size.rs:61:40
[INFO] [stdout]    |
[INFO] [stdout] 61 | #[cfg_attr(feature = "bincode", derive(Decode, Encode))]
[INFO] [stdout]    |                                        ^^^^^^ this derive macro might not support items with generic parameters
[INFO] [stdout]    |
[INFO] [stdout]    = note: this error originates in the derive macro `Decode` (in Nightly builds, run with -Z macro-backtrace for more info)
[INFO] [stdout] 
[INFO] [stdout] 
[INFO] [stdout] error[E0107]: trait takes 0 generic arguments but 1 generic argument was supplied
[INFO] [stdout]   --> crates/postflop-solver/src/card.rs:36:40
[INFO] [stdout]    |
[INFO] [stdout] 36 | #[cfg_attr(feature = "bincode", derive(Decode, Encode))]
[INFO] [stdout]    |                                        ^^^^^^ this derive macro might not support items with generic parameters
[INFO] [stdout]    |
[INFO] [stdout]    = note: this error originates in the derive macro `Decode` (in Nightly builds, run with -Z macro-backtrace for more info)
[INFO] [stdout] 
[INFO] [stdout] 
[INFO] [stdout] error[E0107]: trait takes 0 generic arguments but 1 generic argument was supplied
[INFO] [stdout]   --> crates/postflop-solver/src/game/mod.rs:22:40
[INFO] [stdout]    |
[INFO] [stdout] 22 | #[cfg_attr(feature = "bincode", derive(Decode, Encode))]
[INFO] [stdout]    |                                        ^^^^^^ this derive macro might not support items with generic parameters
[INFO] [stdout]    |
[INFO] [stdout]    = note: this error originates in the derive macro `Decode` (in Nightly builds, run with -Z macro-backtrace for more info)
[INFO] [stdout] 
[INFO] [stdout] 
[INFO] [stdout] error[E0107]: trait takes 0 generic arguments but 1 generic argument was supplied
[INFO] [stdout]   --> crates/postflop-solver/src/range.rs:41:40
[INFO] [stdout]    |
[INFO] [stdout] 41 | #[cfg_attr(feature = "bincode", derive(Decode, Encode))]
[INFO] [stdout]    |                                        ^^^^^^ this derive macro might not support items with generic parameters
[INFO] [stdout]    |
[INFO] [stdout]    = note: this error originates in the derive macro `Decode` (in Nightly builds, run with -Z macro-backtrace for more info)
[INFO] [stdout] 
[INFO] [stdout] 
[INFO] [stdout] error[E0220]: associated type `Context` not found for `Decoder`
[INFO] [stdout]   --> crates/postflop-solver/src/action_tree.rs:18:40
[INFO] [stdout]    |
[INFO] [stdout] 18 | #[cfg_attr(feature = "bincode", derive(Decode, Encode))]
[INFO] [stdout]    |                                        ^^^^^^ associated type `Context` not found
[INFO] [stdout]    |
[INFO] [stdout]    = note: this error originates in the derive macro `Decode` (in Nightly builds, run with -Z macro-backtrace for more info)
[INFO] [stdout] 
[INFO] [stdout] 
[INFO] [stdout] error[E0207]: the type parameter `__Context` is not constrained by the impl trait, self type, or predicates
[INFO] [stdout]   --> crates/postflop-solver/src/action_tree.rs:18:40
[INFO] [stdout]    |
[INFO] [stdout] 18 | #[cfg_attr(feature = "bincode", derive(Decode, Encode))]
[INFO] [stdout]    |                                        ^^^^^^ unconstrained type parameter
[INFO] [stdout]    |
[INFO] [stdout]    = note: this error originates in the derive macro `Decode` (in Nightly builds, run with -Z macro-backtrace for more info)
[INFO] [stdout] 
[INFO] [stdout] 
[INFO] [stdout] error[E0220]: associated type `Context` not found for `Decoder`
[INFO] [stdout]   --> crates/postflop-solver/src/action_tree.rs:49:40
[INFO] [stdout]    |
[INFO] [stdout] 49 | #[cfg_attr(feature = "bincode", derive(Decode, Encode))]
[INFO] [stdout]    |                                        ^^^^^^ associated type `Context` not found
[INFO] [stdout]    |
[INFO] [stdout]    = note: this error originates in the derive macro `Decode` (in Nightly builds, run with -Z macro-backtrace for more info)
[INFO] [stdout] 
[INFO] [stdout] 
[INFO] [stdout] error[E0207]: the type parameter `__Context` is not constrained by the impl trait, self type, or predicates
[INFO] [stdout]   --> crates/postflop-solver/src/action_tree.rs:49:40
[INFO] [stdout]    |
[INFO] [stdout] 49 | #[cfg_attr(feature = "bincode", derive(Decode, Encode))]
[INFO] [stdout]    |                                        ^^^^^^ unconstrained type parameter
[INFO] [stdout]    |
[INFO] [stdout]    = note: this error originates in the derive macro `Decode` (in Nightly builds, run with -Z macro-backtrace for more info)
[INFO] [stdout] 
[INFO] [stdout] 
[INFO] [stdout] error[E0220]: associated type `Context` not found for `Decoder`
[INFO] [stdout]   --> crates/postflop-solver/src/action_tree.rs:83:40
[INFO] [stdout]    |
[INFO] [stdout] 83 | #[cfg_attr(feature = "bincode", derive(Decode, Encode))]
[INFO] [stdout]    |                                        ^^^^^^ associated type `Context` not found
[INFO] [stdout]    |
[INFO] [stdout]    = note: this error originates in the derive macro `Decode` (in Nightly builds, run with -Z macro-backtrace for more info)
[INFO] [stdout] 
[INFO] [stdout] 
[INFO] [stdout] error[E0207]: the type parameter `__Context` is not constrained by the impl trait, self type, or predicates
[INFO] [stdout]   --> crates/postflop-solver/src/action_tree.rs:83:40
[INFO] [stdout]    |
[INFO] [stdout] 83 | #[cfg_attr(feature = "bincode", derive(Decode, Encode))]
[INFO] [stdout]    |                                        ^^^^^^ unconstrained type parameter
[INFO] [stdout]    |
[INFO] [stdout]    = note: this error originates in the derive macro `Decode` (in Nightly builds, run with -Z macro-backtrace for more info)
[INFO] [stdout] 
[INFO] [stdout] 
[INFO] [stdout] error[E0220]: associated type `Context` not found for `Decoder`
[INFO] [stdout]    --> crates/postflop-solver/src/action_tree.rs:150:40
[INFO] [stdout]     |
[INFO] [stdout] 150 | #[cfg_attr(feature = "bincode", derive(Decode, Encode))]
[INFO] [stdout]     |                                        ^^^^^^ associated type `Context` not found
[INFO] [stdout]     |
[INFO] [stdout]     = note: this error originates in the derive macro `Decode` (in Nightly builds, run with -Z macro-backtrace for more info)
[INFO] [stdout] 
[INFO] [stdout] 
[INFO] [stdout] error[E0207]: the type parameter `__Context` is not constrained by the impl trait, self type, or predicates
[INFO] [stdout]    --> crates/postflop-solver/src/action_tree.rs:150:40
[INFO] [stdout]     |
[INFO] [stdout] 150 | #[cfg_attr(feature = "bincode", derive(Decode, Encode))]
[INFO] [stdout]     |                                        ^^^^^^ unconstrained type parameter
[INFO] [stdout]     |
[INFO] [stdout]     = note: this error originates in the derive macro `Decode` (in Nightly builds, run with -Z macro-backtrace for more info)
[INFO] [stdout] 
[INFO] [stdout] 
[INFO] [stdout] error[E0220]: associated type `Context` not found for `Decoder`
[INFO] [stdout]  --> crates/postflop-solver/src/atomic_float.rs:7:40
[INFO] [stdout]   |
[INFO] [stdout] 7 | #[cfg_attr(feature = "bincode", derive(Decode, Encode))]
[INFO] [stdout]   |                                        ^^^^^^ associated type `Context` not found
[INFO] [stdout]   |
[INFO] [stdout]   = note: this error originates in the derive macro `Decode` (in Nightly builds, run with -Z macro-backtrace for more info)
[INFO] [stdout] 
[INFO] [stdout] 
[INFO] [stdout] error[E0207]: the type parameter `__Context` is not constrained by the impl trait, self type, or predicates
[INFO] [stdout]  --> crates/postflop-solver/src/atomic_float.rs:7:40
[INFO] [stdout]   |
[INFO] [stdout] 7 | #[cfg_attr(feature = "bincode", derive(Decode, Encode))]
[INFO] [stdout]   |                                        ^^^^^^ unconstrained type parameter
[INFO] [stdout]   |
[INFO] [stdout]   = note: this error originates in the derive macro `Decode` (in Nightly builds, run with -Z macro-backtrace for more info)
[INFO] [stdout] 
[INFO] [stdout] 
[INFO] [stdout] error[E0220]: associated type `Context` not found for `Decoder`
[INFO] [stdout]   --> crates/postflop-solver/src/atomic_float.rs:10:40
[INFO] [stdout]    |
[INFO] [stdout] 10 | #[cfg_attr(feature = "bincode", derive(Decode, Encode))]
[INFO] [stdout]    |                                        ^^^^^^ associated type `Context` not found
[INFO] [stdout]    |
[INFO] [stdout]    = note: this error originates in the derive macro `Decode` (in Nightly builds, run with -Z macro-backtrace for more info)
[INFO] [stdout] 
[INFO] [stdout] 
[INFO] [stdout] error[E0207]: the type parameter `__Context` is not constrained by the impl trait, self type, or predicates
[INFO] [stdout]   --> crates/postflop-solver/src/atomic_float.rs:10:40
[INFO] [stdout]    |
[INFO] [stdout] 10 | #[cfg_attr(feature = "bincode", derive(Decode, Encode))]
[INFO] [stdout]    |                                        ^^^^^^ unconstrained type parameter
[INFO] [stdout]    |
[INFO] [stdout]    = note: this error originates in the derive macro `Decode` (in Nightly builds, run with -Z macro-backtrace for more info)
[INFO] [stdout] 
[INFO] [stdout] 
[INFO] [stdout] error[E0220]: associated type `Context` not found for `Decoder`
[INFO] [stdout]   --> crates/postflop-solver/src/bet_size.rs:41:40
[INFO] [stdout]    |
[INFO] [stdout] 41 | #[cfg_attr(feature = "bincode", derive(Decode, Encode))]
[INFO] [stdout]    |                                        ^^^^^^ associated type `Context` not found
[INFO] [stdout]    |
[INFO] [stdout]    = note: this error originates in the derive macro `Decode` (in Nightly builds, run with -Z macro-backtrace for more info)
[INFO] [stdout] 
[INFO] [stdout] 
[INFO] [stdout] error[E0207]: the type parameter `__Context` is not constrained by the impl trait, self type, or predicates
[INFO] [stdout]   --> crates/postflop-solver/src/bet_size.rs:41:40
[INFO] [stdout]    |
[INFO] [stdout] 41 | #[cfg_attr(feature = "bincode", derive(Decode, Encode))]
[INFO] [stdout]    |                                        ^^^^^^ unconstrained type parameter
[INFO] [stdout]    |
[INFO] [stdout]    = note: this error originates in the derive macro `Decode` (in Nightly builds, run with -Z macro-backtrace for more info)
[INFO] [stdout] 
[INFO] [stdout] 
[INFO] [stdout] error[E0220]: associated type `Context` not found for `Decoder`
[INFO] [stdout]   --> crates/postflop-solver/src/bet_size.rs:54:40
[INFO] [stdout]    |
[INFO] [stdout] 54 | #[cfg_attr(feature = "bincode", derive(Decode, Encode))]
[INFO] [stdout]    |                                        ^^^^^^ associated type `Context` not found
[INFO] [stdout]    |
[INFO] [stdout]    = note: this error originates in the derive macro `Decode` (in Nightly builds, run with -Z macro-backtrace for more info)
[INFO] [stdout] 
[INFO] [stdout] 
[INFO] [stdout] error[E0207]: the type parameter `__Context` is not constrained by the impl trait, self type, or predicates
[INFO] [stdout]   --> crates/postflop-solver/src/bet_size.rs:54:40
[INFO] [stdout]    |
[INFO] [stdout] 54 | #[cfg_attr(feature = "bincode", derive(Decode, Encode))]
[INFO] [stdout]    |                                        ^^^^^^ unconstrained type parameter
[INFO] [stdout]    |
[INFO] [stdout]    = note: this error originates in the derive macro `Decode` (in Nightly builds, run with -Z macro-backtrace for more info)
[INFO] [stdout] 
[INFO] [stdout] 
[INFO] [stdout] error[E0220]: associated type `Context` not found for `Decoder`
[INFO] [stdout]   --> crates/postflop-solver/src/bet_size.rs:61:40
[INFO] [stdout]    |
[INFO] [stdout] 61 | #[cfg_attr(feature = "bincode", derive(Decode, Encode))]
[INFO] [stdout]    |                                        ^^^^^^ associated type `Context` not found
[INFO] [stdout]    |
[INFO] [stdout]    = note: this error originates in the derive macro `Decode` (in Nightly builds, run with -Z macro-backtrace for more info)
[INFO] [stdout] 
[INFO] [stdout] 
[INFO] [stdout] error[E0207]: the type parameter `__Context` is not constrained by the impl trait, self type, or predicates
[INFO] [stdout]   --> crates/postflop-solver/src/bet_size.rs:61:40
[INFO] [stdout]    |
[INFO] [stdout] 61 | #[cfg_attr(feature = "bincode", derive(Decode, Encode))]
[INFO] [stdout]    |                                        ^^^^^^ unconstrained type parameter
[INFO] [stdout]    |
[INFO] [stdout]    = note: this error originates in the derive macro `Decode` (in Nightly builds, run with -Z macro-backtrace for more info)
[INFO] [stdout] 
[INFO] [stdout] 
[INFO] [stdout] error[E0220]: associated type `Context` not found for `Decoder`
[INFO] [stdout]    --> crates/postflop-solver/src/bunching.rs:121:40
[INFO] [stdout]     |
[INFO] [stdout] 121 | #[cfg_attr(feature = "bincode", derive(Decode, Encode))]
[INFO] [stdout]     |                                        ^^^^^^ associated type `Context` not found
[INFO] [stdout]     |
[INFO] [stdout]     = note: this error originates in the derive macro `Decode` (in Nightly builds, run with -Z macro-backtrace for more info)
[INFO] [stdout] 
[INFO] [stdout] 
[INFO] [stdout] error[E0207]: the type parameter `__Context` is not constrained by the impl trait, self type, or predicates
[INFO] [stdout]    --> crates/postflop-solver/src/bunching.rs:121:40
[INFO] [stdout]     |
[INFO] [stdout] 121 | #[cfg_attr(feature = "bincode", derive(Decode, Encode))]
[INFO] [stdout]     |                                        ^^^^^^ unconstrained type parameter
[INFO] [stdout]     |
[INFO] [stdout]     = note: this error originates in the derive macro `Decode` (in Nightly builds, run with -Z macro-backtrace for more info)
[INFO] [stdout] 
[INFO] [stdout] 
[INFO] [stdout] error[E0220]: associated type `Context` not found for `Decoder`
[INFO] [stdout]   --> crates/postflop-solver/src/card.rs:36:40
[INFO] [stdout]    |
[INFO] [stdout] 36 | #[cfg_attr(feature = "bincode", derive(Decode, Encode))]
[INFO] [stdout]    |                                        ^^^^^^ associated type `Context` not found
[INFO] [stdout]    |
[INFO] [stdout]    = note: this error originates in the derive macro `Decode` (in Nightly builds, run with -Z macro-backtrace for more info)
[INFO] [stdout] 
[INFO] [stdout] 
[INFO] [stdout] error[E0207]: the type parameter `__Context` is not constrained by the impl trait, self type, or predicates
[INFO] [stdout]   --> crates/postflop-solver/src/card.rs:36:40
[INFO] [stdout]    |
[INFO] [stdout] 36 | #[cfg_attr(feature = "bincode", derive(Decode, Encode))]
[INFO] [stdout]    |                                        ^^^^^^ unconstrained type parameter
[INFO] [stdout]    |
[INFO] [stdout]    = note: this error originates in the derive macro `Decode` (in Nightly builds, run with -Z macro-backtrace for more info)
[INFO] [stdout] 
[INFO] [stdout] 
[INFO] [stdout] error[E0220]: associated type `Context` not found for `Decoder`
[INFO] [stdout]   --> crates/postflop-solver/src/game/mod.rs:22:40
[INFO] [stdout]    |
[INFO] [stdout] 22 | #[cfg_attr(feature = "bincode", derive(Decode, Encode))]
[INFO] [stdout]    |                                        ^^^^^^ associated type `Context` not found
[INFO] [stdout]    |
[INFO] [stdout]    = note: this error originates in the derive macro `Decode` (in Nightly builds, run with -Z macro-backtrace for more info)
[INFO] [stdout] 
[INFO] [stdout] 
[INFO] [stdout] error[E0207]: the type parameter `__Context` is not constrained by the impl trait, self type, or predicates
[INFO] [stdout]   --> crates/postflop-solver/src/game/mod.rs:22:40
[INFO] [stdout]    |
[INFO] [stdout] 22 | #[cfg_attr(feature = "bincode", derive(Decode, Encode))]
[INFO] [stdout]    |                                        ^^^^^^ unconstrained type parameter
[INFO] [stdout]    |
[INFO] [stdout]    = note: this error originates in the derive macro `Decode` (in Nightly builds, run with -Z macro-backtrace for more info)
[INFO] [stdout] 
[INFO] [stdout] 
[INFO] [stdout] error[E0220]: associated type `Context` not found for `Decoder`
[INFO] [stdout]   --> crates/postflop-solver/src/range.rs:41:40
[INFO] [stdout]    |
[INFO] [stdout] 41 | #[cfg_attr(feature = "bincode", derive(Decode, Encode))]
[INFO] [stdout]    |                                        ^^^^^^ associated type `Context` not found
[INFO] [stdout]    |
[INFO] [stdout]    = note: this error originates in the derive macro `Decode` (in Nightly builds, run with -Z macro-backtrace for more info)
[INFO] [stdout] 
[INFO] [stdout] 
[INFO] [stdout] error[E0207]: the type parameter `__Context` is not constrained by the impl trait, self type, or predicates
[INFO] [stdout]   --> crates/postflop-solver/src/range.rs:41:40
[INFO] [stdout]    |
[INFO] [stdout] 41 | #[cfg_attr(feature = "bincode", derive(Decode, Encode))]
[INFO] [stdout]    |                                        ^^^^^^ unconstrained type parameter
[INFO] [stdout]    |
[INFO] [stdout]    = note: this error originates in the derive macro `Decode` (in Nightly builds, run with -Z macro-backtrace for more info)
[INFO] [stdout] 
[INFO] [stdout] 
[INFO] [stdout] error[E0220]: associated type `Context` not found for `BorrowDecoder`
[INFO] [stdout]   --> crates/postflop-solver/src/action_tree.rs:18:40
[INFO] [stdout]    |
[INFO] [stdout] 18 | #[cfg_attr(feature = "bincode", derive(Decode, Encode))]
[INFO] [stdout]    |                                        ^^^^^^ associated type `Context` not found
[INFO] [stdout]    |
[INFO] [stdout]    = note: this error originates in the derive macro `Decode` (in Nightly builds, run with -Z macro-backtrace for more info)
[INFO] [stdout] 
[INFO] [stdout] 
[INFO] [stdout] error[E0220]: associated type `Context` not found for `BorrowDecoder`
[INFO] [stdout]   --> crates/postflop-solver/src/action_tree.rs:49:40
[INFO] [stdout]    |
[INFO] [stdout] 49 | #[cfg_attr(feature = "bincode", derive(Decode, Encode))]
[INFO] [stdout]    |                                        ^^^^^^ associated type `Context` not found
[INFO] [stdout]    |
[INFO] [stdout]    = note: this error originates in the derive macro `Decode` (in Nightly builds, run with -Z macro-backtrace for more info)
[INFO] [stdout] 
[INFO] [stdout] 
[INFO] [stdout] error[E0220]: associated type `Context` not found for `BorrowDecoder`
[INFO] [stdout]   --> crates/postflop-solver/src/action_tree.rs:83:40
[INFO] [stdout]    |
[INFO] [stdout] 83 | #[cfg_attr(feature = "bincode", derive(Decode, Encode))]
[INFO] [stdout]    |                                        ^^^^^^ associated type `Context` not found
[INFO] [stdout]    |
[INFO] [stdout]    = note: this error originates in the derive macro `Decode` (in Nightly builds, run with -Z macro-backtrace for more info)
[INFO] [stdout] 
[INFO] [stdout] 
[INFO] [stdout] error[E0220]: associated type `Context` not found for `BorrowDecoder`
[INFO] [stdout]    --> crates/postflop-solver/src/action_tree.rs:150:40
[INFO] [stdout]     |
[INFO] [stdout] 150 | #[cfg_attr(feature = "bincode", derive(Decode, Encode))]
[INFO] [stdout]     |                                        ^^^^^^ associated type `Context` not found
[INFO] [stdout]     |
[INFO] [stdout]     = note: this error originates in the derive macro `Decode` (in Nightly builds, run with -Z macro-backtrace for more info)
[INFO] [stdout] 
[INFO] [stdout] 
[INFO] [stdout] error[E0220]: associated type `Context` not found for `BorrowDecoder`
[INFO] [stdout]  --> crates/postflop-solver/src/atomic_float.rs:7:40
[INFO] [stdout]   |
[INFO] [stdout] 7 | #[cfg_attr(feature = "bincode", derive(Decode, Encode))]
[INFO] [stdout]   |                                        ^^^^^^ associated type `Context` not found
[INFO] [stdout]   |
[INFO] [stdout]   = note: this error originates in the derive macro `Decode` (in Nightly builds, run with -Z macro-backtrace for more info)
[INFO] [stdout] 
[INFO] [stdout] 
[INFO] [stdout] error[E0220]: associated type `Context` not found for `BorrowDecoder`
[INFO] [stdout]   --> crates/postflop-solver/src/atomic_float.rs:10:40
[INFO] [stdout]    |
[INFO] [stdout] 10 | #[cfg_attr(feature = "bincode", derive(Decode, Encode))]
[INFO] [stdout]    |                                        ^^^^^^ associated type `Context` not found
[INFO] [stdout]    |
[INFO] [stdout]    = note: this error originates in the derive macro `Decode` (in Nightly builds, run with -Z macro-backtrace for more info)
[INFO] [stdout] 
[INFO] [stdout] 
[INFO] [stdout] error[E0220]: associated type `Context` not found for `BorrowDecoder`
[INFO] [stdout]   --> crates/postflop-solver/src/bet_size.rs:41:40
[INFO] [stdout]    |
[INFO] [stdout] 41 | #[cfg_attr(feature = "bincode", derive(Decode, Encode))]
[INFO] [stdout]    |                                        ^^^^^^ associated type `Context` not found
[INFO] [stdout]    |
[INFO] [stdout]    = note: this error originates in the derive macro `Decode` (in Nightly builds, run with -Z macro-backtrace for more info)
[INFO] [stdout] 
[INFO] [stdout] 
[INFO] [stdout] error[E0220]: associated type `Context` not found for `BorrowDecoder`
[INFO] [stdout]   --> crates/postflop-solver/src/bet_size.rs:54:40
[INFO] [stdout]    |
[INFO] [stdout] 54 | #[cfg_attr(feature = "bincode", derive(Decode, Encode))]
[INFO] [stdout]    |                                        ^^^^^^ associated type `Context` not found
[INFO] [stdout]    |
[INFO] [stdout]    = note: this error originates in the derive macro `Decode` (in Nightly builds, run with -Z macro-backtrace for more info)
[INFO] [stdout] 
[INFO] [stdout] 
[INFO] [stdout] error[E0220]: associated type `Context` not found for `BorrowDecoder`
[INFO] [stdout]   --> crates/postflop-solver/src/bet_size.rs:61:40
[INFO] [stdout]    |
[INFO] [stdout] 61 | #[cfg_attr(feature = "bincode", derive(Decode, Encode))]
[INFO] [stdout]    |                                        ^^^^^^ associated type `Context` not found
[INFO] [stdout]    |
[INFO] [stdout]    = note: this error originates in the derive macro `Decode` (in Nightly builds, run with -Z macro-backtrace for more info)
[INFO] [stdout] 
[INFO] [stdout] 
[INFO] [stdout] error[E0220]: associated type `Context` not found for `BorrowDecoder`
[INFO] [stdout]    --> crates/postflop-solver/src/bunching.rs:121:40
[INFO] [stdout]     |
[INFO] [stdout] 121 | #[cfg_attr(feature = "bincode", derive(Decode, Encode))]
[INFO] [stdout]     |                                        ^^^^^^ associated type `Context` not found
[INFO] [stdout]     |
[INFO] [stdout]     = note: this error originates in the derive macro `Decode` (in Nightly builds, run with -Z macro-backtrace for more info)
[INFO] [stdout] 
[INFO] [stdout] 
[INFO] [stdout] error[E0220]: associated type `Context` not found for `BorrowDecoder`
[INFO] [stdout]   --> crates/postflop-solver/src/card.rs:36:40
[INFO] [stdout]    |
[INFO] [stdout] 36 | #[cfg_attr(feature = "bincode", derive(Decode, Encode))]
[INFO] [stdout]    |                                        ^^^^^^ associated type `Context` not found
[INFO] [stdout]    |
[INFO] [stdout]    = note: this error originates in the derive macro `Decode` (in Nightly builds, run with -Z macro-backtrace for more info)
[INFO] [stdout] 
[INFO] [stdout] 
[INFO] [stdout] error[E0220]: associated type `Context` not found for `BorrowDecoder`
[INFO] [stdout]   --> crates/postflop-solver/src/game/mod.rs:22:40
[INFO] [stdout]    |
[INFO] [stdout] 22 | #[cfg_attr(feature = "bincode", derive(Decode, Encode))]
[INFO] [stdout]    |                                        ^^^^^^ associated type `Context` not found
[INFO] [stdout]    |
[INFO] [stdout]    = note: this error originates in the derive macro `Decode` (in Nightly builds, run with -Z macro-backtrace for more info)
[INFO] [stdout] 
[INFO] [stdout] 
[INFO] [stdout] error[E0220]: associated type `Context` not found for `BorrowDecoder`
[INFO] [stdout]   --> crates/postflop-solver/src/range.rs:41:40
[INFO] [stdout]    |
[INFO] [stdout] 41 | #[cfg_attr(feature = "bincode", derive(Decode, Encode))]
[INFO] [stdout]    |                                        ^^^^^^ associated type `Context` not found
[INFO] [stdout]    |
[INFO] [stdout]    = note: this error originates in the derive macro `Decode` (in Nightly builds, run with -Z macro-backtrace for more info)
[INFO] [stdout] 
[INFO] [stdout] 
[INFO] [stdout] error[E0282]: type annotations needed
[INFO] [stdout]   --> crates/postflop-solver/src/action_tree.rs:83:40
[INFO] [stdout]    |
[INFO] [stdout] 83 | #[cfg_attr(feature = "bincode", derive(Decode, Encode))]
[INFO] [stdout]    |                                        ^^^^^^ cannot infer type
[INFO] [stdout]    |
[INFO] [stdout]    = note: this error originates in the derive macro `Decode` (in Nightly builds, run with -Z macro-backtrace for more info)
[INFO] [stdout] 
[INFO] [stdout] 
[INFO] [stdout] error[E0282]: type annotations needed
[INFO] [stdout]   --> crates/postflop-solver/src/action_tree.rs:83:40
[INFO] [stdout]    |
[INFO] [stdout] 83 | #[cfg_attr(feature = "bincode", derive(Decode, Encode))]
[INFO] [stdout]    |                                        ^^^^^^ cannot infer type
[INFO] [stdout]    |
[INFO] [stdout]    = note: this error originates in the derive macro `Decode` (in Nightly builds, run with -Z macro-backtrace for more info)
[INFO] [stdout] 
[INFO] [stdout] 
[INFO] [stdout] error[E0282]: type annotations needed
[INFO] [stdout]    --> crates/postflop-solver/src/action_tree.rs:150:40
[INFO] [stdout]     |
[INFO] [stdout] 150 | #[cfg_attr(feature = "bincode", derive(Decode, Encode))]
[INFO] [stdout]     |                                        ^^^^^^ cannot infer type
[INFO] [stdout]     |
[INFO] [stdout]     = note: this error originates in the derive macro `Decode` (in Nightly builds, run with -Z macro-backtrace for more info)
[INFO] [stdout] 
[INFO] [stdout] 
[INFO] [stdout] error[E0282]: type annotations needed
[INFO] [stdout]    --> crates/postflop-solver/src/action_tree.rs:150:40
[INFO] [stdout]     |
[INFO] [stdout] 150 | #[cfg_attr(feature = "bincode", derive(Decode, Encode))]
[INFO] [stdout]     |                                        ^^^^^^ cannot infer type
[INFO] [stdout]     |
[INFO] [stdout]     = note: this error originates in the derive macro `Decode` (in Nightly builds, run with -Z macro-backtrace for more info)
[INFO] [stdout] 
[INFO] [stdout] 
[INFO] [stdout] warning: use of deprecated method `std::sync::atomic::Atomic::<u64>::fetch_update`: renamed to `try_update` for consistency
[INFO] [stdout]   --> crates/postflop-solver/src/atomic_float.rs:41:24
[INFO] [stdout]    |
[INFO] [stdout] 41 |         let _ = self.0.fetch_update(Relaxed, Relaxed, |u| {
[INFO] [stdout]    |                        ^^^^^^^^^^^^
[INFO] [stdout]    |
[INFO] [stdout]    = note: `#[warn(deprecated)]` on by default
[INFO] [stdout] help: replace the use of the deprecated method
[INFO] [stdout]    |
[INFO] [stdout] 41 -         let _ = self.0.fetch_update(Relaxed, Relaxed, |u| {
[INFO] [stdout] 41 +         let _ = self.0.try_update(Relaxed, Relaxed, |u| {
[INFO] [stdout]    |
[INFO] [stdout] 
[INFO] [stdout] 
[INFO] [stdout] error[E0282]: type annotations needed
[INFO] [stdout]   --> crates/postflop-solver/src/bet_size.rs:41:40
[INFO] [stdout]    |
[INFO] [stdout] 41 | #[cfg_attr(feature = "bincode", derive(Decode, Encode))]
[INFO] [stdout]    |                                        ^^^^^^ cannot infer type
[INFO] [stdout]    |
[INFO] [stdout]    = note: this error originates in the derive macro `Decode` (in Nightly builds, run with -Z macro-backtrace for more info)
[INFO] [stdout] 
[INFO] [stdout] 
[INFO] [stdout] error[E0282]: type annotations needed
[INFO] [stdout]   --> crates/postflop-solver/src/bet_size.rs:54:40
[INFO] [stdout]    |
[INFO] [stdout] 54 | #[cfg_attr(feature = "bincode", derive(Decode, Encode))]
[INFO] [stdout]    |                                        ^^^^^^ cannot infer type
[INFO] [stdout]    |
[INFO] [stdout]    = note: this error originates in the derive macro `Decode` (in Nightly builds, run with -Z macro-backtrace for more info)
[INFO] [stdout] 
[INFO] [stdout] 
[INFO] [stdout] error[E0282]: type annotations needed
[INFO] [stdout]    --> crates/postflop-solver/src/bunching.rs:121:40
[INFO] [stdout]     |
[INFO] [stdout] 121 | #[cfg_attr(feature = "bincode", derive(Decode, Encode))]
[INFO] [stdout]     |                                        ^^^^^^ cannot infer type
[INFO] [stdout]     |
[INFO] [stdout]     = note: this error originates in the derive macro `Decode` (in Nightly builds, run with -Z macro-backtrace for more info)
[INFO] [stdout] 
[INFO] [stdout] 
[INFO] [stdout] warning: use of deprecated method `std::sync::atomic::Atomic::<u64>::fetch_update`: renamed to `try_update` for consistency
[INFO] [stdout]   --> crates/postflop-solver/src/atomic_float.rs:41:24
[INFO] [stdout]    |
[INFO] [stdout] 41 |         let _ = self.0.fetch_update(Relaxed, Relaxed, |u| {
[INFO] [stdout]    |                        ^^^^^^^^^^^^
[INFO] [stdout]    |
[INFO] [stdout]    = note: `#[warn(deprecated)]` on by default
[INFO] [stdout] help: replace the use of the deprecated method
[INFO] [stdout]    |
[INFO] [stdout] 41 -         let _ = self.0.fetch_update(Relaxed, Relaxed, |u| {
[INFO] [stdout] 41 +         let _ = self.0.try_update(Relaxed, Relaxed, |u| {
[INFO] [stdout]    |
[INFO] [stdout] 
[INFO] [stdout] 
[INFO] [stdout] error[E0282]: type annotations needed
[INFO] [stdout]   --> crates/postflop-solver/src/bet_size.rs:41:40
[INFO] [stdout]    |
[INFO] [stdout] 41 | #[cfg_attr(feature = "bincode", derive(Decode, Encode))]
[INFO] [stdout]    |                                        ^^^^^^ cannot infer type
[INFO] [stdout]    |
[INFO] [stdout]    = note: this error originates in the derive macro `Decode` (in Nightly builds, run with -Z macro-backtrace for more info)
[INFO] [stdout] 
[INFO] [stdout] 
[INFO] [stdout] error[E0282]: type annotations needed
[INFO] [stdout]   --> crates/postflop-solver/src/bet_size.rs:54:40
[INFO] [stdout]    |
[INFO] [stdout] 54 | #[cfg_attr(feature = "bincode", derive(Decode, Encode))]
[INFO] [stdout]    |                                        ^^^^^^ cannot infer type
[INFO] [stdout]    |
[INFO] [stdout]    = note: this error originates in the derive macro `Decode` (in Nightly builds, run with -Z macro-backtrace for more info)
[INFO] [stdout] 
[INFO] [stdout] 
[INFO] [stdout] error[E0282]: type annotations needed
[INFO] [stdout]    --> crates/postflop-solver/src/bunching.rs:121:40
[INFO] [stdout]     |
[INFO] [stdout] 121 | #[cfg_attr(feature = "bincode", derive(Decode, Encode))]
[INFO] [stdout]     |                                        ^^^^^^ cannot infer type
[INFO] [stdout]     |
[INFO] [stdout]     = note: this error originates in the derive macro `Decode` (in Nightly builds, run with -Z macro-backtrace for more info)
[INFO] [stdout] 
[INFO] [stdout] 
[INFO] [stdout] error[E0282]: type annotations needed
[INFO] [stdout]   --> crates/postflop-solver/src/card.rs:36:40
[INFO] [stdout]    |
[INFO] [stdout] 36 | #[cfg_attr(feature = "bincode", derive(Decode, Encode))]
[INFO] [stdout]    |                                        ^^^^^^ cannot infer type
[INFO] [stdout]    |
[INFO] [stdout]    = note: this error originates in the derive macro `Decode` (in Nightly builds, run with -Z macro-backtrace for more info)
[INFO] [stdout] 
[INFO] [stdout] 
[INFO] [stdout] error[E0282]: type annotations needed
[INFO] [stdout]   --> crates/postflop-solver/src/card.rs:36:40
[INFO] [stdout]    |
[INFO] [stdout] 36 | #[cfg_attr(feature = "bincode", derive(Decode, Encode))]
[INFO] [stdout]    |                                        ^^^^^^ cannot infer type
[INFO] [stdout]    |
[INFO] [stdout]    = note: this error originates in the derive macro `Decode` (in Nightly builds, run with -Z macro-backtrace for more info)
[INFO] [stdout] 
[INFO] [stdout] 
[INFO] [stdout] error[E0282]: type annotations needed
[INFO] [stdout]    --> crates/postflop-solver/src/game/serialization.rs:189:20
[INFO] [stdout]     |
[INFO] [stdout] 189 |             state: Decode::decode(decoder)?,
[INFO] [stdout]     |                    ^^^^^^^^^^^^^^^^^^^^^^^ cannot infer type for type parameter `__Context`
[INFO] [stdout] 
[INFO] [stdout] 
[INFO] [stdout] error[E0282]: type annotations needed
[INFO] [stdout]    --> crates/postflop-solver/src/game/serialization.rs:299:26
[INFO] [stdout]     |
[INFO] [stdout] 299 |             prev_action: Decode::decode(decoder)?,
[INFO] [stdout]     |                          ^^^^^^^^^^^^^^^^^^^^^^^ cannot infer type for type parameter `__Context`
[INFO] [stdout] 
[INFO] [stdout] 
[INFO] [stdout] error[E0282]: type annotations needed
[INFO] [stdout]    --> crates/postflop-solver/src/game/serialization.rs:189:20
[INFO] [stdout]     |
[INFO] [stdout] 189 |             state: Decode::decode(decoder)?,
[INFO] [stdout]     |                    ^^^^^^^^^^^^^^^^^^^^^^^ cannot infer type for type parameter `__Context`
[INFO] [stdout] 
[INFO] [stdout] 
[INFO] [stdout] error[E0282]: type annotations needed
[INFO] [stdout]    --> crates/postflop-solver/src/game/serialization.rs:299:26
[INFO] [stdout]     |
[INFO] [stdout] 299 |             prev_action: Decode::decode(decoder)?,
[INFO] [stdout]     |                          ^^^^^^^^^^^^^^^^^^^^^^^ cannot infer type for type parameter `__Context`
[INFO] [stdout] 
[INFO] [stdout] 
[INFO] [stdout] Some errors have detailed explanations: E0107, E0207, E0220, E0282.
[INFO] [stdout] 
[INFO] [stdout] For more information about an error, try `rustc --explain E0107`.
[INFO] [stdout] 
[INFO] [stdout] Some errors have detailed explanations: E0107, E0207, E0220, E0282.
[INFO] [stdout] 
[INFO] [stdout] For more information about an error, try `rustc --explain E0107`.
[INFO] [stdout] 
[INFO] [stderr] error: could not compile `postflop-solver` (lib test) due to 61 previous errors; 1 warning emitted
[INFO] [stderr] warning: build failed, waiting for other jobs to finish...
[INFO] [stderr] error: could not compile `postflop-solver` (lib) due to 61 previous errors; 1 warning emitted
[INFO] running `Command { std: "docker" "inspect" "a234e5c6d29b94a7421061cb279e1e3df9c4c32243ee912665e6a1936e93faeb", kill_on_drop: false }`
[INFO] running `Command { std: "docker" "rm" "-f" "a234e5c6d29b94a7421061cb279e1e3df9c4c32243ee912665e6a1936e93faeb", kill_on_drop: false }`
[INFO] [stdout] a234e5c6d29b94a7421061cb279e1e3df9c4c32243ee912665e6a1936e93faeb
