[INFO] cloning repository https://github.com/ajithberlin/bixel-native
[INFO] running `Command { std: "git" "-c" "credential.helper=" "-c" "credential.helper=/workspace/cargo-home/bin/git-credential-null" "clone" "--bare" "https://github.com/ajithberlin/bixel-native" "/workspace/cache/git-repos/https%3A%2F%2Fgithub.com%2Fajithberlin%2Fbixel-native", kill_on_drop: false }`
[INFO] [stderr] Cloning into bare repository '/workspace/cache/git-repos/https%3A%2F%2Fgithub.com%2Fajithberlin%2Fbixel-native'...
[INFO] running `Command { std: "git" "rev-parse" "HEAD", kill_on_drop: false }`
[INFO] [stdout] 29951cddccc7ea83a5316ee0b0ee3a4788601649
[INFO] checking ajithberlin/bixel-native against 3154cc1a3e6424e44f438a95007d043ed5ceaaf6+rustflags=-Znext-solver=coherence for pr-133502-30
[INFO] running `Command { std: "git" "clone" "/workspace/cache/git-repos/https%3A%2F%2Fgithub.com%2Fajithberlin%2Fbixel-native" "/workspace/builds/worker-4-tc1/source", kill_on_drop: false }`
[INFO] [stderr] Cloning into '/workspace/builds/worker-4-tc1/source'...
[INFO] [stderr] done.
[INFO] started tweaking git repo https://github.com/ajithberlin/bixel-native
[INFO] finished tweaking git repo https://github.com/ajithberlin/bixel-native
[INFO] tweaked toml for git repo https://github.com/ajithberlin/bixel-native written to /workspace/builds/worker-4-tc1/source/Cargo.toml
[INFO] validating manifest of git repo https://github.com/ajithberlin/bixel-native on toolchain 3154cc1a3e6424e44f438a95007d043ed5ceaaf6
[INFO] running `Command { std: CARGO_HOME="/workspace/cargo-home" RUSTUP_HOME="/workspace/rustup-home" "/workspace/cargo-home/bin/cargo" "+3154cc1a3e6424e44f438a95007d043ed5ceaaf6" "metadata" "--manifest-path" "Cargo.toml" "--no-deps", kill_on_drop: false }`
[INFO] crate git repo https://github.com/ajithberlin/bixel-native already has a lockfile, it will not be regenerated
[INFO] running `Command { std: CARGO_HOME="/workspace/cargo-home" RUSTUP_HOME="/workspace/rustup-home" "/workspace/cargo-home/bin/cargo" "+3154cc1a3e6424e44f438a95007d043ed5ceaaf6" "fetch" "--manifest-path" "Cargo.toml", kill_on_drop: false }`
[INFO] [stderr]     Updating git repository `https://github.com/aaif-goose/goose`
[INFO] [stderr]     Updating crates.io index
[INFO] [stderr]     Blocking waiting for file lock on package cache
[INFO] [stderr]  Downloading crates ...
[INFO] [stderr]   Downloaded v_htmlescape v0.17.0
[INFO] [stderr]   Downloaded multiversion v0.8.0
[INFO] [stderr]   Downloaded rmcp-macros v3.2.0
[INFO] [stderr]   Downloaded multiversion-macros v0.8.0
[INFO] [stderr]   Downloaded v_escape-base v0.1.0
[INFO] [stderr]   Downloaded compression-codecs v0.4.40
[INFO] [stderr]   Downloaded target-features v0.1.6
[INFO] [stderr]   Downloaded croner v3.0.1
[INFO] [stderr]   Downloaded tokio-cron-scheduler v0.15.1
[INFO] [stderr]   Downloaded smithy-transport-reqwest v0.1.0
[INFO] [stderr]   Downloaded nanoid v0.5.0
[INFO] [stderr]   Downloaded async-compression v0.4.45
[INFO] [stderr]   Downloaded lru v0.18.4
[INFO] [stderr]   Downloaded aws-smithy-runtime-api v1.16.0
[INFO] [stderr]   Downloaded memo-map v0.3.4
[INFO] [stderr]   Downloaded aws-smithy-types v1.6.3
[INFO] [stderr]   Downloaded tree-sitter-java v0.23.5
[INFO] [stderr]   Downloaded jsonschema-value v0.52.1
[INFO] [stderr]   Downloaded jsonschema-regex v0.52.1
[INFO] [stderr]   Downloaded process-wrap v9.1.0
[INFO] [stderr]   Downloaded tree-sitter v0.26.13
[INFO] [stderr]   Downloaded referencing v0.52.1
[INFO] [stderr]   Downloaded rmcp v3.2.0
[INFO] [stderr]   Downloaded tree-sitter-ruby v0.23.1
[INFO] [stderr]   Downloaded encoding_rs v0.8.40
[INFO] [stderr]   Downloaded agent-client-protocol-schema v1.5.0
[INFO] [stderr]   Downloaded agent-client-protocol v2.0.0
[INFO] [stderr]   Downloaded jsonschema v0.52.1
[INFO] [stderr]   Downloaded fs-err v3.3.1
[INFO] [stderr]   Downloaded tree-sitter-swift v0.7.3
[INFO] [stderr]   Downloaded tree-sitter-kotlin-ng v1.1.0
[INFO] [stderr]   Downloaded tiktoken-rs v0.12.0
[INFO] [stderr]   Downloaded agent-client-protocol-http v2.0.0
[INFO] running `Command { std: "docker" "create" "-v" "/var/lib/crater-agent-workspace/builds/worker-4-tc1/source:/opt/rustwide/workdir:ro,Z" "-v" "/var/lib/crater-agent-workspace/builds/worker-4-tc1/target:/opt/rustwide/target:rw,Z" "-v" "/var/lib/crater-agent-workspace/cargo-home:/opt/rustwide/cargo-home:ro,Z" "-v" "/var/lib/crater-agent-workspace/rustup-home:/opt/rustwide/rustup-home:ro,Z" "-m" "1610612736" "--network" "none" "ghcr.io/rust-lang/crates-build-env/linux@sha256:77db811e55d90add9212f6832c23229e3de5f1c1f9905e8cb07319ea15df73ac" "sleep" "infinity", kill_on_drop: false }`
[INFO] [stdout] e99eb5048f8035bd0dab41b430406312f5c271136dfb90bb0069eb00df4a42a8
[INFO] running `Command { std: "docker" "start" "e99eb5048f8035bd0dab41b430406312f5c271136dfb90bb0069eb00df4a42a8", kill_on_drop: false }`
[INFO] running `Command { std: "docker" "inspect" "e99eb5048f8035bd0dab41b430406312f5c271136dfb90bb0069eb00df4a42a8", kill_on_drop: false }`
[INFO] running `Command { std: "docker" "exec" "-e" "SOURCE_DIR=/opt/rustwide/workdir" "-e" "CARGO_HOME=/opt/rustwide/cargo-home" "-e" "RUSTUP_HOME=/opt/rustwide/rustup-home" "-e" "CARGO_TARGET_DIR=/opt/rustwide/target" "-w" "/opt/rustwide/workdir" "--user" "0:0" "e99eb5048f8035bd0dab41b430406312f5c271136dfb90bb0069eb00df4a42a8" "/opt/rustwide/cargo-home/bin/cargo" "+3154cc1a3e6424e44f438a95007d043ed5ceaaf6" "metadata" "--no-deps" "--format-version=1", kill_on_drop: false }`
[INFO] running `Command { std: "docker" "inspect" "e99eb5048f8035bd0dab41b430406312f5c271136dfb90bb0069eb00df4a42a8", kill_on_drop: false }`
[INFO] running `Command { std: "docker" "exec" "-e" "SOURCE_DIR=/opt/rustwide/workdir" "-e" "CARGO_HOME=/opt/rustwide/cargo-home" "-e" "RUSTUP_HOME=/opt/rustwide/rustup-home" "-e" "CARGO_TARGET_DIR=/opt/rustwide/target" "-e" "CARGO_INCREMENTAL=0" "-e" "RUST_BACKTRACE=full" "-e" "RUSTFLAGS=--cap-lints=forbid -Znext-solver=coherence" "-e" "RUSTDOCFLAGS=--cap-lints=forbid" "-w" "/opt/rustwide/workdir" "--user" "0:0" "e99eb5048f8035bd0dab41b430406312f5c271136dfb90bb0069eb00df4a42a8" "/opt/rustwide/cargo-home/bin/cargo" "+3154cc1a3e6424e44f438a95007d043ed5ceaaf6" "check" "--frozen" "--all" "--all-targets" "--message-format=json", kill_on_drop: false }`
[INFO] [stderr]    Compiling serde_json v1.0.151
[INFO] [stderr]     Checking hashbrown v0.17.1
[INFO] [stderr]     Checking smallvec v1.16.0
[INFO] [stderr]     Checking aho-corasick v1.1.5
[INFO] [stderr]    Compiling syn v3.0.5
[INFO] [stderr]    Compiling cc v1.4.5
[INFO] [stderr]     Checking futures-task v0.3.34
[INFO] [stderr]     Checking writeable v0.6.4
[INFO] [stderr]     Checking tracing v0.1.44
[INFO] [stderr]    Compiling zeroize_derive v1.5.0
[INFO] [stderr]     Checking litemap v0.8.3
[INFO] [stderr]     Checking zerofrom v0.1.8
[INFO] [stderr]    Compiling aws-lc-rs v1.18.1
[INFO] [stderr]    Compiling tree-sitter-language v0.1.8
[INFO] [stderr]     Checking yoke v0.8.3
[INFO] [stderr]    Compiling crc32fast v1.5.1
[INFO] [stderr]    Compiling rustls v0.23.44
[INFO] [stderr]     Checking miniz_oxide v0.9.1
[INFO] [stderr]     Checking subtle v2.6.1
[INFO] [stderr]     Checking time v0.3.55
[INFO] [stderr]     Checking digest v0.10.7
[INFO] [stderr]     Checking ppv-lite86 v0.2.21
[INFO] [stderr]    Compiling zstd-safe v8.0.0
[INFO] [stderr]    Compiling rustix v1.1.4
[INFO] [stderr]    Compiling target-features v0.1.6
[INFO] [stderr]     Checking getrandom v0.3.4
[INFO] [stderr]     Checking compression-core v0.4.33
[INFO] [stderr]     Checking zeroize v1.9.0
[INFO] [stderr]     Checking getrandom v0.4.3
[INFO] [stderr]    Compiling strum_macros v0.28.0
[INFO] [stderr]     Checking rustls-pki-types v1.15.1
[INFO] [stderr]    Compiling cookie v0.18.2
[INFO] [stderr]    Compiling mime_guess v2.0.5
[INFO] [stderr]     Checking flate2 v1.1.10
[INFO] [stderr]     Checking uuid v1.26.0
[INFO] [stderr]     Checking indexmap v2.14.2
[INFO] [stderr]     Checking sha2 v0.10.9
[INFO] [stderr]    Compiling encoding_rs v0.8.40
[INFO] [stderr]     Checking regex-automata v0.4.18
[INFO] [stderr]     Checking webpki-roots v1.0.9
[INFO] [stderr]     Checking num-integer v0.1.47
[INFO] [stderr]     Checking psl-types v2.0.11
[INFO] [stderr]     Checking rustls-native-certs v0.8.4
[INFO] [stderr]    Compiling nix v0.31.3
[INFO] [stderr]     Checking futures-lite v2.6.1
[INFO] [stderr]    Compiling getrandom v0.2.17
[INFO] [stderr]     Checking parking_lot_core v0.9.12
[INFO] [stderr]     Checking concurrent-queue v2.5.0
[INFO] [stderr]    Compiling darling_core v0.20.11
[INFO] [stderr]     Checking num-bigint v0.4.8
[INFO] [stderr]     Checking rand_chacha v0.3.1
[INFO] [stderr]     Checking parking_lot v0.12.5
[INFO] [stderr]    Compiling cmake v0.1.58
[INFO] [stderr]    Compiling multiversion-macros v0.8.0
[INFO] [stderr]     Checking rand_core v0.9.5
[INFO] [stderr]     Checking event-listener-strategy v0.5.4
[INFO] [stderr]    Compiling pin-project-internal v1.1.13
[INFO] [stderr]    Compiling async-io v2.6.0
[INFO] [stderr]     Checking rand_chacha v0.9.0
[INFO] [stderr]     Checking rand v0.8.8
[INFO] [stderr]    Compiling ring v0.17.14
[INFO] [stderr]    Compiling aws-lc-sys v0.45.0
[INFO] [stderr]    Compiling zstd-sys v2.1.0+zstd.1.5.7
[INFO] [stderr]    Compiling blake3 v1.8.7
[INFO] [stderr]    Compiling libsqlite3-sys v0.37.0
[INFO] [stderr]    Compiling rmcp v3.2.0
[INFO] [stderr]    Compiling crossbeam-epoch v0.9.21
[INFO] [stderr]     Checking multiversion v0.8.0
[INFO] [stderr]    Compiling derive_more-impl v2.1.1
[INFO] [stderr]     Checking tinyvec v1.13.2
[INFO] [stderr]     Checking pin-project v1.1.13
[INFO] [stderr]    Compiling futures-intrusive v0.5.0
[INFO] [stderr]     Checking rand v0.9.5
[INFO] [stderr]     Checking async-channel v2.5.0
[INFO] [stderr]    Compiling ahash v0.8.12
[INFO] [stderr]     Checking bit-vec v0.8.0
[INFO] [stderr]    Compiling crossbeam-deque v0.8.8
[INFO] [stderr]     Checking bit-set v0.8.0
[INFO] [stderr]     Checking rand v0.10.2
[INFO] [stderr]    Compiling flume v0.12.0
[INFO] [stderr]     Checking unicode-normalization v0.1.25
[INFO] [stderr]     Checking strum v0.28.0
[INFO] [stderr]    Compiling darling_macro v0.20.11
[INFO] [stderr]     Checking num-rational v0.4.2
[INFO] [stderr]     Checking async-lock v3.4.2
[INFO] [stderr]     Checking num-iter v0.1.46
[INFO] [stderr]    Compiling darling v0.20.11
[INFO] [stderr]     Checking sha1 v0.10.7
[INFO] [stderr]     Checking num-complex v0.4.6
[INFO] [stderr]    Compiling derive_builder_core v0.20.2
[INFO] [stderr]     Checking rustc-hash v2.1.3
[INFO] [stderr]     Checking phf_shared v0.12.1
[INFO] [stderr]     Checking futures-concurrency v7.7.1
[INFO] [stderr]     Checking hashlink v0.11.1
[INFO] [stderr]     Checking blocking v1.7.0
[INFO] [stderr]    Compiling strum_macros v0.27.2
[INFO] [stderr]    Compiling include_dir_macros v0.7.4
[INFO] [stderr]    Compiling fs-err v3.3.1
[INFO] [stderr]     Checking num v0.4.3
[INFO] [stderr]    Compiling chrono-tz v0.10.4
[INFO] [stderr]     Checking shell-words v1.1.1
[INFO] [stderr]     Checking derive_more v2.1.1
[INFO] [stderr]     Checking borrow-or-share v0.2.4
[INFO] [stderr]    Compiling derive_builder_macro v0.20.2
[INFO] [stderr]    Compiling unicode-general-category v1.1.0
[INFO] [stderr]     Checking include_dir v0.7.4
[INFO] [stderr]     Checking fraction v0.17.0
[INFO] [stderr]     Checking dirs-sys v0.5.0
[INFO] [stderr]     Checking regex v1.13.1
[INFO] [stderr]    Compiling darling_core v0.24.1
[INFO] [stderr]    Compiling serde_derive_internals v0.30.0
[INFO] [stderr]     Checking bstr v1.13.1
[INFO] [stderr]     Checking derive_builder v0.20.2
[INFO] [stderr]     Checking matchers v0.2.0
[INFO] [stderr]     Checking core_maths v0.1.1
[INFO] [stderr]     Checking phf v0.12.1
[INFO] [stderr]    Compiling tree-sitter v0.26.13
[INFO] [stderr]    Compiling tree-sitter-go v0.25.0
[INFO] [stderr]     Checking polling v3.11.0
[INFO] [stderr]     Checking gethostname v1.1.0
[INFO] [stderr]    Compiling tree-sitter-java v0.23.5
[INFO] [stderr]    Compiling tree-sitter-javascript v0.25.0
[INFO] [stderr]    Compiling tree-sitter-kotlin-ng v1.1.0
[INFO] [stderr]    Compiling tree-sitter-python v0.25.0
[INFO] [stderr]    Compiling sys-info v0.9.1
[INFO] [stderr]    Compiling tree-sitter-ruby v0.23.1
[INFO] [stderr]    Compiling tree-sitter-rust v0.24.2
[INFO] [stderr]    Compiling tree-sitter-swift v0.7.3
[INFO] [stderr]    Compiling tree-sitter-typescript v0.23.2
[INFO] [stderr]     Checking axum-core v0.5.6
[INFO] [stderr]     Checking atoi v2.0.0
[INFO] [stderr]    Compiling axum-macros v0.5.1
[INFO] [stderr]     Checking bytecount v0.6.9
[INFO] [stderr]    Compiling tokio-cron-scheduler v0.15.1
[INFO] [stderr]     Checking micromap v0.3.0
[INFO] [stderr]     Checking num-cmp v0.1.0
[INFO] [stderr]     Checking bytemuck v1.25.2
[INFO] [stderr]     Checking async-signal v0.2.14
[INFO] [stderr]     Checking x11rb-protocol v0.13.2
[INFO] [stderr]     Checking memo-map v0.3.4
[INFO] [stderr]     Checking async-process v2.5.0
[INFO] [stderr]     Checking gif v0.13.3
[INFO] [stderr]     Checking uuid-simd v0.8.0
[INFO] [stderr]     Checking png v0.17.16
[INFO] [stderr]     Checking strum v0.27.2
[INFO] [stderr]    Compiling serde_derive v1.0.229
[INFO] [stderr]    Compiling zerovec-derive v0.11.6
[INFO] [stderr] warning: libsqlite3-sys@0.37.0: cc: fatal error: Killed signal terminated program cc1
[INFO] [stderr] warning: libsqlite3-sys@0.37.0: compilation terminated.
[INFO] [stderr] error: failed to run custom build command for `libsqlite3-sys v0.37.0`
[INFO] [stderr] note: To improve backtraces for build dependencies, set the CARGO_PROFILE_DEV_BUILD_OVERRIDE_DEBUG=true environment variable to enable debug information generation.
[INFO] [stderr] 
[INFO] [stderr] Caused by:
[INFO] [stderr]   process didn't exit successfully: `/opt/rustwide/target/debug/build/libsqlite3-sys/6481f913bae6bdfe/out/build_script_build` (exit status: 1)
[INFO] [stderr]   --- stdout
[INFO] [stderr]   cargo:rerun-if-env-changed=LIBSQLITE3_SYS_USE_PKG_CONFIG
[INFO] [stderr]   cargo:include=/opt/rustwide/cargo-home/registry/src/index.crates.io-1949cf8c6b5b557f/libsqlite3-sys-0.37.0/sqlite3
[INFO] [stderr]   cargo:rerun-if-changed=sqlite3/sqlite3.c
[INFO] [stderr]   cargo:rerun-if-changed=sqlite3/wasm32-wasi-vfs.c
[INFO] [stderr]   cargo:rerun-if-env-changed=SQLITE_MAX_VARIABLE_NUMBER
[INFO] [stderr]   cargo:rerun-if-env-changed=SQLITE_MAX_EXPR_DEPTH
[INFO] [stderr]   cargo:rerun-if-env-changed=SQLITE_MAX_COLUMN
[INFO] [stderr]   cargo:rerun-if-env-changed=LIBSQLITE3_FLAGS
[INFO] [stderr]   cargo:rerun-if-env-changed=CC_FORCE_DISABLE
[INFO] [stderr]   CC_FORCE_DISABLE = None
[INFO] [stderr]   cargo:rerun-if-env-changed=CC_x86_64-unknown-linux-gnu
[INFO] [stderr]   CC_x86_64-unknown-linux-gnu = None
[INFO] [stderr]   cargo:rerun-if-env-changed=CC_x86_64_unknown_linux_gnu
[INFO] [stderr]   CC_x86_64_unknown_linux_gnu = None
[INFO] [stderr]   cargo:rerun-if-env-changed=HOST_CC
[INFO] [stderr]   HOST_CC = None
[INFO] [stderr]   cargo:rerun-if-env-changed=CC
[INFO] [stderr]   CC = None
[INFO] [stderr]   cargo:rerun-if-env-changed=CC_ENABLE_DEBUG_OUTPUT
[INFO] [stderr]   cargo:rerun-if-env-changed=CRATE_CC_NO_DEFAULTS
[INFO] [stderr]   CRATE_CC_NO_DEFAULTS = None
[INFO] [stderr]   cargo:rerun-if-env-changed=CRATE_CC_NO_DEFAULTS
[INFO] [stderr]   CRATE_CC_NO_DEFAULTS = None
[INFO] [stderr]   cargo:rerun-if-env-changed=CFLAGS
[INFO] [stderr]   CFLAGS = None
[INFO] [stderr]   cargo:rerun-if-env-changed=HOST_CFLAGS
[INFO] [stderr]   HOST_CFLAGS = None
[INFO] [stderr]   cargo:rerun-if-env-changed=CFLAGS_x86_64_unknown_linux_gnu
[INFO] [stderr]   CFLAGS_x86_64_unknown_linux_gnu = None
[INFO] [stderr]   cargo:rerun-if-env-changed=CFLAGS_x86_64-unknown-linux-gnu
[INFO] [stderr]   CFLAGS_x86_64-unknown-linux-gnu = None
[INFO] [stderr]   cargo:rerun-if-env-changed=CFLAGS
[INFO] [stderr]   CFLAGS = None
[INFO] [stderr]   cargo:rerun-if-env-changed=HOST_CFLAGS
[INFO] [stderr]   HOST_CFLAGS = None
[INFO] [stderr]   cargo:rerun-if-env-changed=CFLAGS_x86_64_unknown_linux_gnu
[INFO] [stderr]   CFLAGS_x86_64_unknown_linux_gnu = None
[INFO] [stderr]   cargo:rerun-if-env-changed=CFLAGS_x86_64-unknown-linux-gnu
[INFO] [stderr]   CFLAGS_x86_64-unknown-linux-gnu = None
[INFO] [stderr]   cargo:warning=cc: fatal error: Killed signal terminated program cc1
[INFO] [stderr]   cargo:warning=compilation terminated.
[INFO] [stderr] 
[INFO] [stderr]   --- stderr
[INFO] [stderr] 
[INFO] [stderr] 
[INFO] [stderr]   error occurred in cc-rs: command did not execute successfully (status code exit status: 1): LC_ALL="C" "cc" "-O0" "-ffunction-sections" "-fdata-sections" "-fPIC" "-g" "-gdwarf-4" "-fno-omit-frame-pointer" "-mno-omit-leaf-frame-pointer" "-m64" "-w" "-DSQLITE_CORE" "-DSQLITE_DEFAULT_FOREIGN_KEYS=1" "-DSQLITE_ENABLE_API_ARMOR" "-DSQLITE_ENABLE_COLUMN_METADATA" "-DSQLITE_ENABLE_DBSTAT_VTAB" "-DSQLITE_ENABLE_FTS3" "-DSQLITE_ENABLE_FTS3_PARENTHESIS" "-DSQLITE_ENABLE_FTS5" "-DSQLITE_ENABLE_JSON1" "-DSQLITE_ENABLE_LOAD_EXTENSION=1" "-DSQLITE_ENABLE_MEMORY_MANAGEMENT" "-DSQLITE_ENABLE_RTREE" "-DSQLITE_ENABLE_STAT4" "-DSQLITE_SOUNDEX" "-DSQLITE_THREADSAFE=1" "-DSQLITE_USE_URI" "-DHAVE_USLEEP=1" "-DHAVE_ISNAN" "-D_POSIX_THREAD_SAFE_FUNCTIONS" "-DHAVE_LOCALTIME_R" "-DSQLITE_ENABLE_UNLOCK_NOTIFY" "-o" "/opt/rustwide/target/debug/build/libsqlite3-sys/814a25e855e22b52/out/c877a2978823c39d-sqlite3.o" "-c" "sqlite3/sqlite3.c"
[INFO] [stderr] 
[INFO] [stderr] 
[INFO] [stderr] warning: build failed, waiting for other jobs to finish...
[INFO] [stderr] warning: libsqlite3-sys@0.37.0: cc: fatal error: Killed signal terminated program cc1
[INFO] [stderr] warning: libsqlite3-sys@0.37.0: compilation terminated.
[INFO] [stderr] error: failed to run custom build command for `libsqlite3-sys v0.37.0`
[INFO] [stderr] note: To improve backtraces for build dependencies, set the CARGO_PROFILE_DEV_BUILD_OVERRIDE_DEBUG=true environment variable to enable debug information generation.
[INFO] [stderr] 
[INFO] [stderr] Caused by:
[INFO] [stderr]   process didn't exit successfully: `/opt/rustwide/target/debug/build/libsqlite3-sys/f234045abc3f1213/out/build_script_build` (exit status: 1)
[INFO] [stderr]   --- stdout
[INFO] [stderr]   cargo:rerun-if-env-changed=LIBSQLITE3_SYS_USE_PKG_CONFIG
[INFO] [stderr]   cargo:include=/opt/rustwide/cargo-home/registry/src/index.crates.io-1949cf8c6b5b557f/libsqlite3-sys-0.37.0/sqlite3
[INFO] [stderr]   cargo:rerun-if-changed=sqlite3/sqlite3.c
[INFO] [stderr]   cargo:rerun-if-changed=sqlite3/wasm32-wasi-vfs.c
[INFO] [stderr]   cargo:rerun-if-env-changed=SQLITE_MAX_VARIABLE_NUMBER
[INFO] [stderr]   cargo:rerun-if-env-changed=SQLITE_MAX_EXPR_DEPTH
[INFO] [stderr]   cargo:rerun-if-env-changed=SQLITE_MAX_COLUMN
[INFO] [stderr]   cargo:rerun-if-env-changed=LIBSQLITE3_FLAGS
[INFO] [stderr]   cargo:rerun-if-env-changed=CC_FORCE_DISABLE
[INFO] [stderr]   CC_FORCE_DISABLE = None
[INFO] [stderr]   cargo:rerun-if-env-changed=CC_x86_64-unknown-linux-gnu
[INFO] [stderr]   CC_x86_64-unknown-linux-gnu = None
[INFO] [stderr]   cargo:rerun-if-env-changed=CC_x86_64_unknown_linux_gnu
[INFO] [stderr]   CC_x86_64_unknown_linux_gnu = None
[INFO] [stderr]   cargo:rerun-if-env-changed=HOST_CC
[INFO] [stderr]   HOST_CC = None
[INFO] [stderr]   cargo:rerun-if-env-changed=CC
[INFO] [stderr]   CC = None
[INFO] [stderr]   cargo:rerun-if-env-changed=CC_ENABLE_DEBUG_OUTPUT
[INFO] [stderr]   cargo:rerun-if-env-changed=CRATE_CC_NO_DEFAULTS
[INFO] [stderr]   CRATE_CC_NO_DEFAULTS = None
[INFO] [stderr]   cargo:rerun-if-env-changed=CFLAGS
[INFO] [stderr]   CFLAGS = None
[INFO] [stderr]   cargo:rerun-if-env-changed=HOST_CFLAGS
[INFO] [stderr]   HOST_CFLAGS = None
[INFO] [stderr]   cargo:rerun-if-env-changed=CFLAGS_x86_64_unknown_linux_gnu
[INFO] [stderr]   CFLAGS_x86_64_unknown_linux_gnu = None
[INFO] [stderr]   cargo:rerun-if-env-changed=CFLAGS_x86_64-unknown-linux-gnu
[INFO] [stderr]   CFLAGS_x86_64-unknown-linux-gnu = None
[INFO] [stderr]   cargo:warning=cc: fatal error: Killed signal terminated program cc1
[INFO] [stderr]   cargo:warning=compilation terminated.
[INFO] [stderr] 
[INFO] [stderr]   --- stderr
[INFO] [stderr] 
[INFO] [stderr] 
[INFO] [stderr]   error occurred in cc-rs: command did not execute successfully (status code exit status: 1): LC_ALL="C" "cc" "-O0" "-ffunction-sections" "-fdata-sections" "-fPIC" "-m64" "-w" "-DSQLITE_CORE" "-DSQLITE_DEFAULT_FOREIGN_KEYS=1" "-DSQLITE_ENABLE_API_ARMOR" "-DSQLITE_ENABLE_COLUMN_METADATA" "-DSQLITE_ENABLE_DBSTAT_VTAB" "-DSQLITE_ENABLE_FTS3" "-DSQLITE_ENABLE_FTS3_PARENTHESIS" "-DSQLITE_ENABLE_FTS5" "-DSQLITE_ENABLE_JSON1" "-DSQLITE_ENABLE_LOAD_EXTENSION=1" "-DSQLITE_ENABLE_MEMORY_MANAGEMENT" "-DSQLITE_ENABLE_RTREE" "-DSQLITE_ENABLE_STAT4" "-DSQLITE_SOUNDEX" "-DSQLITE_THREADSAFE=1" "-DSQLITE_USE_URI" "-DHAVE_USLEEP=1" "-DHAVE_ISNAN" "-D_POSIX_THREAD_SAFE_FUNCTIONS" "-DHAVE_LOCALTIME_R" "-o" "/opt/rustwide/target/debug/build/libsqlite3-sys/b02b54ae9576af8a/out/c877a2978823c39d-sqlite3.o" "-c" "sqlite3/sqlite3.c"
[INFO] [stderr] 
[INFO] [stderr] 
[INFO] running `Command { std: "docker" "inspect" "e99eb5048f8035bd0dab41b430406312f5c271136dfb90bb0069eb00df4a42a8", kill_on_drop: false }`
[INFO] running `Command { std: "docker" "rm" "-f" "e99eb5048f8035bd0dab41b430406312f5c271136dfb90bb0069eb00df4a42a8", kill_on_drop: false }`
[INFO] [stdout] e99eb5048f8035bd0dab41b430406312f5c271136dfb90bb0069eb00df4a42a8
