[INFO] cloning repository https://github.com/ajaykumarchowdary/Rust_Full_Stack_Code_New
[INFO] running `Command { std: "git" "-c" "credential.helper=" "-c" "credential.helper=/workspace/cargo-home/bin/git-credential-null" "clone" "--bare" "https://github.com/ajaykumarchowdary/Rust_Full_Stack_Code_New" "/workspace/cache/git-repos/https%3A%2F%2Fgithub.com%2Fajaykumarchowdary%2FRust_Full_Stack_Code_New", kill_on_drop: false }`
[INFO] [stderr] Cloning into bare repository '/workspace/cache/git-repos/https%3A%2F%2Fgithub.com%2Fajaykumarchowdary%2FRust_Full_Stack_Code_New'...
[INFO] running `Command { std: "git" "rev-parse" "HEAD", kill_on_drop: false }`
[INFO] [stdout] d09593b75f2c99f32da6213645ccf66d869bfa25
[INFO] checking ajaykumarchowdary/Rust_Full_Stack_Code_New against 3154cc1a3e6424e44f438a95007d043ed5ceaaf6+rustflags=-Znext-solver=coherence for pr-133502-30
[INFO] running `Command { std: "git" "clone" "/workspace/cache/git-repos/https%3A%2F%2Fgithub.com%2Fajaykumarchowdary%2FRust_Full_Stack_Code_New" "/workspace/builds/worker-1-tc1/source", kill_on_drop: false }`
[INFO] [stderr] Cloning into '/workspace/builds/worker-1-tc1/source'...
[INFO] [stderr] done.
[INFO] [stderr] Updating files:  39% (2534/6398)
Updating files:  40% (2560/6398)
Updating files:  41% (2624/6398)
Updating files:  42% (2688/6398)
Updating files:  43% (2752/6398)
Updating files:  44% (2816/6398)
Updating files:  45% (2880/6398)
Updating files:  45% (2910/6398)
Updating files:  46% (2944/6398)
Updating files:  47% (3008/6398)
Updating files:  47% (3070/6398)
Updating files:  48% (3072/6398)
Updating files:  49% (3136/6398)
Updating files:  49% (3165/6398)
Updating files:  50% (3199/6398)
Updating files:  51% (3263/6398)
Updating files:  51% (3276/6398)
Updating files:  52% (3327/6398)
Updating files:  53% (3391/6398)
Updating files:  53% (3397/6398)
Updating files:  54% (3455/6398)
Updating files:  54% (3502/6398)
Updating files:  55% (3519/6398)
Updating files:  56% (3583/6398)
Updating files:  57% (3647/6398)
Updating files:  57% (3694/6398)
Updating files:  58% (3711/6398)
Updating files:  59% (3775/6398)
Updating files:  60% (3839/6398)
Updating files:  61% (3903/6398)
Updating files:  62% (3967/6398)
Updating files:  63% (4031/6398)
Updating files:  63% (4078/6398)
Updating files:  64% (4095/6398)
Updating files:  65% (4159/6398)
Updating files:  66% (4223/6398)
Updating files:  67% (4287/6398)
Updating files:  68% (4351/6398)
Updating files:  69% (4415/6398)
Updating files:  70% (4479/6398)
Updating files:  71% (4543/6398)
Updating files:  72% (4607/6398)
Updating files:  73% (4671/6398)
Updating files:  74% (4735/6398)
Updating files:  74% (4784/6398)
Updating files:  75% (4799/6398)
Updating files:  76% (4863/6398)
Updating files:  77% (4927/6398)
Updating files:  78% (4991/6398)
Updating files:  79% (5055/6398)
Updating files:  80% (5119/6398)
Updating files:  81% (5183/6398)
Updating files:  82% (5247/6398)
Updating files:  83% (5311/6398)
Updating files:  84% (5375/6398)
Updating files:  85% (5439/6398)
Updating files:  86% (5503/6398)
Updating files:  87% (5567/6398)
Updating files:  87% (5576/6398)
Updating files:  88% (5631/6398)
Updating files:  89% (5695/6398)
Updating files:  90% (5759/6398)
Updating files:  91% (5823/6398)
Updating files:  92% (5887/6398)
Updating files:  93% (5951/6398)
Updating files:  94% (6015/6398)
Updating files:  95% (6079/6398)
Updating files:  96% (6143/6398)
Updating files:  97% (6207/6398)
Updating files:  98% (6271/6398)
Updating files:  99% (6335/6398)
Updating files:  99% (6374/6398)
Updating files: 100% (6398/6398)
Updating files: 100% (6398/6398), done.
[INFO] started tweaking git repo https://github.com/ajaykumarchowdary/Rust_Full_Stack_Code_New
[INFO] finished tweaking git repo https://github.com/ajaykumarchowdary/Rust_Full_Stack_Code_New
[INFO] tweaked toml for git repo https://github.com/ajaykumarchowdary/Rust_Full_Stack_Code_New written to /workspace/builds/worker-1-tc1/source/Cargo.toml
[INFO] validating manifest of git repo https://github.com/ajaykumarchowdary/Rust_Full_Stack_Code_New on toolchain 3154cc1a3e6424e44f438a95007d043ed5ceaaf6
[INFO] running `Command { std: CARGO_HOME="/workspace/cargo-home" RUSTUP_HOME="/workspace/rustup-home" "/workspace/cargo-home/bin/cargo" "+3154cc1a3e6424e44f438a95007d043ed5ceaaf6" "metadata" "--manifest-path" "Cargo.toml" "--no-deps", kill_on_drop: false }`
[INFO] crate git repo https://github.com/ajaykumarchowdary/Rust_Full_Stack_Code_New already has a lockfile, it will not be regenerated
[INFO] running `Command { std: CARGO_HOME="/workspace/cargo-home" RUSTUP_HOME="/workspace/rustup-home" "/workspace/cargo-home/bin/cargo" "+3154cc1a3e6424e44f438a95007d043ed5ceaaf6" "fetch" "--manifest-path" "Cargo.toml", kill_on_drop: false }`
[INFO] [stderr]     Updating crates.io index
[INFO] [stderr]  Downloading crates ...
[INFO] [stderr]   Downloaded whoami v2.1.2
[INFO] [stderr]   Downloaded rust_decimal v1.43.0
[INFO] [stderr]   Downloaded toml_edit v0.25.15+spec-1.1.0
[INFO] [stderr]   Downloaded dns-lookup v3.0.1
[INFO] [stderr]   Downloaded unidecode v0.3.0
[INFO] [stderr]   Downloaded ureq v3.1.4
[INFO] [stderr]   Downloaded slugify v0.1.0
[INFO] [stderr]   Downloaded questdb-confstr v0.1.1
[INFO] [stderr]   Downloaded questdb-rs v6.1.0
[INFO] [stderr]   Downloaded postgres v0.19.14
[INFO] [stderr]   Downloaded kiteticker-async-manager v0.4.1
[INFO] [stderr]   Downloaded dotenvy v0.15.7
[INFO] running `Command { std: "docker" "create" "-v" "/var/lib/crater-agent-workspace/builds/worker-1-tc1/source:/opt/rustwide/workdir:ro,Z" "-v" "/var/lib/crater-agent-workspace/builds/worker-1-tc1/target:/opt/rustwide/target:rw,Z" "-v" "/var/lib/crater-agent-workspace/cargo-home:/opt/rustwide/cargo-home:ro,Z" "-v" "/var/lib/crater-agent-workspace/rustup-home:/opt/rustwide/rustup-home:ro,Z" "-m" "1610612736" "--network" "none" "ghcr.io/rust-lang/crates-build-env/linux@sha256:77db811e55d90add9212f6832c23229e3de5f1c1f9905e8cb07319ea15df73ac" "sleep" "infinity", kill_on_drop: false }`
[INFO] [stdout] 9ee81e47fbb54478b64336d6e32b9b185c315e6bdc7ddb540de29fb289c41b10
[INFO] running `Command { std: "docker" "start" "9ee81e47fbb54478b64336d6e32b9b185c315e6bdc7ddb540de29fb289c41b10", kill_on_drop: false }`
[INFO] running `Command { std: "docker" "inspect" "9ee81e47fbb54478b64336d6e32b9b185c315e6bdc7ddb540de29fb289c41b10", kill_on_drop: false }`
[INFO] running `Command { std: "docker" "exec" "-e" "SOURCE_DIR=/opt/rustwide/workdir" "-e" "CARGO_HOME=/opt/rustwide/cargo-home" "-e" "RUSTUP_HOME=/opt/rustwide/rustup-home" "-e" "CARGO_TARGET_DIR=/opt/rustwide/target" "-w" "/opt/rustwide/workdir" "--user" "0:0" "9ee81e47fbb54478b64336d6e32b9b185c315e6bdc7ddb540de29fb289c41b10" "/opt/rustwide/cargo-home/bin/cargo" "+3154cc1a3e6424e44f438a95007d043ed5ceaaf6" "metadata" "--no-deps" "--format-version=1", kill_on_drop: false }`
[INFO] running `Command { std: "docker" "inspect" "9ee81e47fbb54478b64336d6e32b9b185c315e6bdc7ddb540de29fb289c41b10", kill_on_drop: false }`
[INFO] running `Command { std: "docker" "exec" "-e" "SOURCE_DIR=/opt/rustwide/workdir" "-e" "CARGO_HOME=/opt/rustwide/cargo-home" "-e" "RUSTUP_HOME=/opt/rustwide/rustup-home" "-e" "CARGO_TARGET_DIR=/opt/rustwide/target" "-e" "CARGO_INCREMENTAL=0" "-e" "RUST_BACKTRACE=full" "-e" "RUSTFLAGS=--cap-lints=forbid -Znext-solver=coherence" "-e" "RUSTDOCFLAGS=--cap-lints=forbid" "-w" "/opt/rustwide/workdir" "--user" "0:0" "9ee81e47fbb54478b64336d6e32b9b185c315e6bdc7ddb540de29fb289c41b10" "/opt/rustwide/cargo-home/bin/cargo" "+3154cc1a3e6424e44f438a95007d043ed5ceaaf6" "check" "--frozen" "--all" "--all-targets" "--message-format=json", kill_on_drop: false }`
[INFO] [stderr]    Compiling proc-macro2 v1.0.107
[INFO] [stderr]     Checking smallvec v1.15.2
[INFO] [stderr]     Checking log v0.4.33
[INFO] [stderr]     Checking typenum v1.20.1
[INFO] [stderr]     Checking futures-core v0.3.33
[INFO] [stderr]    Compiling cc v1.4.0
[INFO] [stderr]     Checking futures-sink v0.3.33
[INFO] [stderr]    Compiling serde v1.0.229
[INFO] [stderr]    Compiling serde_core v1.0.229
[INFO] [stderr]    Compiling httparse v1.10.1
[INFO] [stderr]    Compiling vcpkg v0.2.15
[INFO] [stderr]     Checking futures-task v0.3.33
[INFO] [stderr]     Checking socket2 v0.6.5
[INFO] [stderr]     Checking errno v0.3.14
[INFO] [stderr]     Checking mio v1.2.2
[INFO] [stderr]     Checking litemap v0.8.2
[INFO] [stderr]     Checking writeable v0.6.3
[INFO] [stderr]    Compiling num-traits v0.2.19
[INFO] [stderr]     Checking tracing-core v0.1.36
[INFO] [stderr]    Compiling icu_properties_data v2.2.0
[INFO] [stderr]     Checking signal-hook-registry v1.4.8
[INFO] [stderr]     Checking cmov v0.5.4
[INFO] [stderr]    Compiling getrandom v0.3.4
[INFO] [stderr]    Compiling zerocopy v0.8.55
[INFO] [stderr]     Checking parking_lot_core v0.9.12
[INFO] [stderr]     Checking bitflags v2.13.1
[INFO] [stderr]     Checking foreign-types-shared v0.1.1
[INFO] [stderr]    Compiling icu_normalizer_data v2.2.0
[INFO] [stderr]    Compiling openssl v0.10.81
[INFO] [stderr]     Checking foreign-types v0.3.2
[INFO] [stderr]    Compiling native-tls v0.2.18
[INFO] [stderr]     Checking const-oid v0.10.2
[INFO] [stderr]     Checking parking_lot v0.12.5
[INFO] [stderr]    Compiling serde_json v1.0.151
[INFO] [stderr]     Checking ctutils v0.4.2
[INFO] [stderr]     Checking futures-channel v0.3.33
[INFO] [stderr]     Checking http-body v1.1.0
[INFO] [stderr]     Checking cpufeatures v0.3.0
[INFO] [stderr]     Checking rand_core v0.10.1
[INFO] [stderr]     Checking openssl-probe v0.2.1
[INFO] [stderr]    Compiling getrandom v0.4.3
[INFO] [stderr]    Compiling crossbeam-utils v0.8.22
[INFO] [stderr]     Checking iana-time-zone v0.1.65
[INFO] [stderr]     Checking try-lock v0.2.5
[INFO] [stderr]     Checking rand_core v0.9.5
[INFO] [stderr]     Checking tower-service v0.3.3
[INFO] [stderr]     Checking unicode-normalization v0.1.25
[INFO] [stderr]     Checking chacha20 v0.10.1
[INFO] [stderr]     Checking form_urlencoded v1.2.2
[INFO] [stderr]     Checking want v0.3.1
[INFO] [stderr]     Checking unicode-bidi v0.3.18
[INFO] [stderr]    Compiling thiserror v2.0.19
[INFO] [stderr]     Checking utf-8 v0.7.6
[INFO] [stderr]     Checking regex-syntax v0.8.11
[INFO] [stderr]     Checking unicode-properties v0.1.4
[INFO] [stderr]    Compiling crossbeam-epoch v0.9.20
[INFO] [stderr]    Compiling unidecode v0.3.0
[INFO] [stderr]     Checking fallible-iterator v0.2.0
[INFO] [stderr]    Compiling quote v1.0.47
[INFO] [stderr]    Compiling crossbeam-deque v0.8.7
[INFO] [stderr]     Checking rand v0.10.2
[INFO] [stderr]    Compiling memchr v2.8.3
[INFO] [stderr]     Checking ipnet v2.12.1
[INFO] [stderr]     Checking anstyle-parse v1.0.0
[INFO] [stderr]     Checking sync_wrapper v1.0.2
[INFO] [stderr]     Checking tower-layer v0.3.3
[INFO] [stderr]    Compiling syn v2.0.119
[INFO] [stderr]    Compiling syn v3.0.3
[INFO] [stderr]     Checking stringprep v0.1.5
[INFO] [stderr]     Checking anstyle v1.0.14
[INFO] [stderr]     Checking data-encoding v2.11.0
[INFO] [stderr]     Checking colorchoice v1.0.5
[INFO] [stderr]     Checking hybrid-array v0.4.14
[INFO] [stderr]     Checking generic-array v0.14.7
[INFO] [stderr]    Compiling rayon-core v1.13.0
[INFO] [stderr]     Checking jiff-core v0.1.0
[INFO] [stderr]    Compiling slugify v0.1.0
[INFO] [stderr]     Checking anstream v1.0.0
[INFO] [stderr]     Checking phf v0.13.1
[INFO] [stderr]     Checking http-body-util v0.1.4
[INFO] [stderr]     Checking phf_shared v0.12.1
[INFO] [stderr]     Checking ureq-proto v0.5.3
[INFO] [stderr]     Checking whoami v2.1.2
[INFO] [stderr]    Compiling rust_decimal v1.43.0
[INFO] [stderr]    Compiling chrono-tz v0.10.4
[INFO] [stderr]     Checking crypto-common v0.1.7
[INFO] [stderr]     Checking block-buffer v0.10.4
[INFO] [stderr]     Checking sharded-slab v0.1.7
[INFO] [stderr]     Checking crypto-common v0.2.2
[INFO] [stderr]     Checking block-buffer v0.12.1
[INFO] [stderr]     Checking ureq v3.1.4
[INFO] [stderr]     Checking phf v0.12.1
[INFO] [stderr]     Checking tracing-log v0.2.0
[INFO] [stderr]     Checking digest v0.10.7
[INFO] [stderr]     Checking dns-lookup v3.0.1
[INFO] [stderr]     Checking csv-core v0.1.13
[INFO] [stderr]     Checking thread_local v1.1.10
[INFO] [stderr]     Checking base64ct v1.8.3
[INFO] [stderr]     Checking either v1.17.0
[INFO] [stderr]     Checking sha1 v0.10.7
[INFO] [stderr]     Checking questdb-confstr v0.1.1
[INFO] [stderr]     Checking nu-ansi-term v0.50.3
[INFO] [stderr]     Checking arrayvec v0.7.8
[INFO] [stderr]     Checking csv v1.4.0
[INFO] [stderr]     Checking dotenvy v0.15.7
[INFO] [stderr]     Checking rayon v1.12.0
[INFO] [stderr]     Checking regex-automata v0.4.18
[INFO] [stderr]     Checking tracing-subscriber v0.3.23
[INFO] [stderr]    Compiling openssl-sys v0.9.117
[INFO] [stderr]    Compiling ring v0.17.14
[INFO] [stderr]     Checking digest v0.11.3
[INFO] [stderr]     Checking sha2 v0.11.0
[INFO] [stderr]     Checking hmac v0.13.0
[INFO] [stderr]     Checking md-5 v0.11.0
[INFO] [stderr]     Checking jiff v0.2.35
[INFO] [stderr]    Compiling synstructure v0.13.2
[INFO] [stderr]    Compiling darling_core v0.23.0
[INFO] [stderr]     Checking postgres-protocol v0.6.12
[INFO] [stderr]    Compiling zerofrom-derive v0.1.7
[INFO] [stderr]    Compiling yoke-derive v0.8.2
[INFO] [stderr]    Compiling zerovec-derive v0.11.3
[INFO] [stderr]    Compiling futures-macro v0.3.33
[INFO] [stderr]    Compiling zerocopy-derive v0.8.55
[INFO] [stderr]    Compiling openssl-macros v0.1.1
[INFO] [stderr]    Compiling tracing-attributes v0.1.31
[INFO] [stderr]    Compiling bytemuck_derive v1.11.0
[INFO] [stderr]     Checking regex v1.13.1
[INFO] [stderr]     Checking futures-util v0.3.33
[INFO] [stderr]     Checking env_filter v2.0.0
[INFO] [stderr]     Checking bytemuck v1.25.2
[INFO] [stderr]     Checking tracing v0.1.44
[INFO] [stderr]     Checking zerofrom v0.1.8
[INFO] [stderr]     Checking yoke v0.8.3
[INFO] [stderr]     Checking zerovec v0.11.6
[INFO] [stderr]    Compiling tokio-macros v2.7.2
[INFO] [stderr]    Compiling serde_derive v1.0.229
[INFO] [stderr]    Compiling displaydoc v0.2.7
[INFO] [stderr]    Compiling thiserror-impl v2.0.19
[INFO] [stderr]    Compiling async-trait v0.1.91
[INFO] [stderr]    Compiling serde_repr v0.1.21
[INFO] [stderr]    Compiling darling_macro v0.23.0
[INFO] [stderr]    Compiling rustls v0.23.43
[INFO] [stderr]    Compiling darling v0.23.0
[INFO] [stderr]    Compiling serde_with_macros v3.21.0
[INFO] [stderr]     Checking tokio v1.53.1
[INFO] [stderr]     Checking env_logger v0.11.11
[INFO] [stderr]     Checking zerotrie v0.2.4
[INFO] [stderr]     Checking tinystr v0.8.3
[INFO] [stderr]     Checking potential_utf v0.1.5
[INFO] [stderr]     Checking icu_collections v2.2.0
[INFO] [stderr]     Checking icu_locale_core v2.2.0
[INFO] [stderr]     Checking serde_with v3.21.0
[INFO] [stderr]     Checking icu_provider v2.2.0
[INFO] [stderr]     Checking rustls-webpki v0.103.13
[INFO] [stderr]     Checking icu_properties v2.2.0
[INFO] [stderr]     Checking icu_normalizer v2.2.0
[INFO] [stderr]     Checking chrono v0.4.45
[INFO] [stderr]     Checking serde_urlencoded v0.7.1
[INFO] [stderr]    Compiling questdb-rs v6.1.0
[INFO] [stderr]     Checking idna_adapter v1.2.2
[INFO] [stderr]     Checking idna v1.1.0
[INFO] [stderr]     Checking url v2.5.8
[INFO] [stderr]     Checking postgres-types v0.2.14
[INFO] [stderr]     Checking ppv-lite86 v0.2.21
[INFO] [stderr]     Checking tokio-util v0.7.19
[INFO] [stderr]     Checking tokio-native-tls v0.3.1
[INFO] [stderr]     Checking tower v0.5.3
[INFO] [stderr]     Checking rand_chacha v0.9.0
[INFO] [stderr]     Checking rand v0.9.5
[INFO] [stderr]     Checking tokio-rustls v0.26.4
[INFO] [stderr]     Checking h2 v0.4.15
[INFO] [stderr]     Checking tokio-postgres v0.7.18
[INFO] [stderr]     Checking tokio-stream v0.1.19
[INFO] [stderr]     Checking tower-http v0.6.11
[INFO] [stderr]     Checking tungstenite v0.27.0
[INFO] [stderr]     Checking tokio-tungstenite v0.27.0
[INFO] [stderr]     Checking kiteticker-async-manager v0.4.1
[INFO] [stderr]     Checking hyper v1.11.0
[INFO] [stderr]     Checking postgres v0.19.14
[INFO] [stderr]     Checking hyper-util v0.1.20
[INFO] [stderr]     Checking hyper-rustls v0.27.9
[INFO] [stderr]     Checking hyper-tls v0.6.0
[INFO] [stderr]     Checking reqwest v0.12.28
[INFO] [stderr]     Checking depth_engine v0.1.0 (/opt/rustwide/workdir)
[INFO] [stdout] warning: unused import: `std::time::Duration`
[INFO] [stdout]  --> src/db.rs:2:5
[INFO] [stdout]   |
[INFO] [stdout] 2 | use std::time::Duration;
[INFO] [stdout]   |     ^^^^^^^^^^^^^^^^^^^
[INFO] [stdout]   |
[INFO] [stdout]   = note: `#[warn(unused_imports)]` (part of `#[warn(unused)]`) on by default
[INFO] [stdout] 
[INFO] [stdout] 
[INFO] [stdout] warning: unused import: `std::time::Duration`
[INFO] [stdout]  --> src/db.rs:2:5
[INFO] [stdout]   |
[INFO] [stdout] 2 | use std::time::Duration;
[INFO] [stdout]   |     ^^^^^^^^^^^^^^^^^^^
[INFO] [stdout]   |
[INFO] [stdout]   = note: `#[warn(unused_imports)]` (part of `#[warn(unused)]`) on by default
[INFO] [stdout] 
[INFO] [stdout] 
[INFO] [stdout] warning: unused import: `std::time::Duration`
[INFO] [stdout]  --> src/db.rs:2:5
[INFO] [stdout]   |
[INFO] [stdout] 2 | use std::time::Duration;
[INFO] [stdout]   |     ^^^^^^^^^^^^^^^^^^^
[INFO] [stdout]   |
[INFO] [stdout]   = note: `#[warn(unused_imports)]` (part of `#[warn(unused)]`) on by default
[INFO] [stdout] 
[INFO] [stdout] 
[INFO] [stdout] warning: field `timestamp` is never read
[INFO] [stdout]   --> src/signals.rs:67:5
[INFO] [stdout]    |
[INFO] [stdout] 62 | struct Indicator {
[INFO] [stdout]    |        --------- field in this struct
[INFO] [stdout] ...
[INFO] [stdout] 67 |     timestamp: NaiveDateTime,
[INFO] [stdout]    |     ^^^^^^^^^
[INFO] [stdout]    |
[INFO] [stdout]    = note: `Indicator` has derived impls for the traits `Clone` and `Debug`, but these are intentionally ignored during dead code analysis
[INFO] [stdout]    = note: `#[warn(dead_code)]` (part of `#[warn(unused)]`) on by default
[INFO] [stdout] 
[INFO] [stdout] 
[INFO] [stdout] warning: field `volume` is never read
[INFO] [stdout]   --> src/signals.rs:76:5
[INFO] [stdout]    |
[INFO] [stdout] 71 | struct DepthLevel {
[INFO] [stdout]    |        ---------- field in this struct
[INFO] [stdout] ...
[INFO] [stdout] 76 |     volume: i64,
[INFO] [stdout]    |     ^^^^^^
[INFO] [stdout]    |
[INFO] [stdout]    = note: `DepthLevel` has derived impls for the traits `Clone` and `Debug`, but these are intentionally ignored during dead code analysis
[INFO] [stdout] 
[INFO] [stdout] 
[INFO] [stdout] warning: unused import: `std::time::Duration`
[INFO] [stdout]  --> src/db.rs:2:5
[INFO] [stdout]   |
[INFO] [stdout] 2 | use std::time::Duration;
[INFO] [stdout]   |     ^^^^^^^^^^^^^^^^^^^
[INFO] [stdout]   |
[INFO] [stdout]   = note: `#[warn(unused_imports)]` (part of `#[warn(unused)]`) on by default
[INFO] [stdout] 
[INFO] [stdout] 
[INFO] [stdout] error[E0432]: unresolved import `live_trading_analysis`
[INFO] [stdout]  --> tests/config_test.rs:2:5
[INFO] [stdout]   |
[INFO] [stdout] 2 | use live_trading_analysis::AppConfig;
[INFO] [stdout]   |     ^^^^^^^^^^^^^^^^^^^^^ use of unresolved module or unlinked crate `live_trading_analysis`
[INFO] [stdout]   |
[INFO] [stdout]   = help: if you wanted to use a crate named `live_trading_analysis`, use `cargo add live_trading_analysis` to add it to your `Cargo.toml`
[INFO] [stdout] 
[INFO] [stdout] 
[INFO] [stdout] error[E0432]: unresolved import `tracing_test`
[INFO] [stdout]  --> tests/config_test.rs:5:5
[INFO] [stdout]   |
[INFO] [stdout] 5 | use tracing_test::traced_test; // 1. Import the attribute
[INFO] [stdout]   |     ^^^^^^^^^^^^ use of unresolved module or unlinked crate `tracing_test`
[INFO] [stdout]   |
[INFO] [stdout]   = help: if you wanted to use a crate named `tracing_test`, use `cargo add tracing_test` to add it to your `Cargo.toml`
[INFO] [stdout] 
[INFO] [stdout] 
[INFO] [stdout] error[E0432]: unresolved import `criterion`
[INFO] [stdout]  --> benches/config_benchmark.rs:1:5
[INFO] [stdout]   |
[INFO] [stdout] 1 | use criterion::{black_box, criterion_group, criterion_main, Criterion};
[INFO] [stdout]   |     ^^^^^^^^^ use of unresolved module or unlinked crate `criterion`
[INFO] [stdout]   |
[INFO] [stdout]   = help: if you wanted to use a crate named `criterion`, use `cargo add criterion` to add it to your `Cargo.toml`
[INFO] [stdout] 
[INFO] [stdout] 
[INFO] [stdout] error[E0432]: unresolved import `live_trading_analysis`
[INFO] [stdout]  --> benches/config_benchmark.rs:2:5
[INFO] [stdout]   |
[INFO] [stdout] 2 | use live_trading_analysis::AppConfig;
[INFO] [stdout]   |     ^^^^^^^^^^^^^^^^^^^^^ use of unresolved module or unlinked crate `live_trading_analysis`
[INFO] [stdout]   |
[INFO] [stdout]   = help: if you wanted to use a crate named `live_trading_analysis`, use `cargo add live_trading_analysis` to add it to your `Cargo.toml`
[INFO] [stdout] 
[INFO] [stdout] 
[INFO] [stdout] For more information about this error, try `rustc --explain E0432`.
[INFO] [stdout] 
[INFO] [stderr] error: could not compile `depth_engine` (bench "config_benchmark") due to 2 previous errors
[INFO] [stderr] warning: build failed, waiting for other jobs to finish...
[INFO] [stdout] For more information about this error, try `rustc --explain E0432`.
[INFO] [stdout] 
[INFO] [stderr] error: could not compile `depth_engine` (test "config_test") due to 2 previous errors
[INFO] [stdout] warning: field `first_seen` is never read
[INFO] [stdout]    --> src/bin/live_signals.rs:109:5
[INFO] [stdout]     |
[INFO] [stdout] 101 | struct WallHistory {
[INFO] [stdout]     |        ----------- field in this struct
[INFO] [stdout] ...
[INFO] [stdout] 109 |     first_seen: NaiveDateTime,
[INFO] [stdout]     |     ^^^^^^^^^^
[INFO] [stdout]     |
[INFO] [stdout]     = note: `WallHistory` has derived impls for the traits `Debug` and `Clone`, but these are intentionally ignored during dead code analysis
[INFO] [stdout]     = note: `#[warn(dead_code)]` (part of `#[warn(unused)]`) on by default
[INFO] [stdout] 
[INFO] [stdout] 
[INFO] [stdout] warning: fields `symbol` and `timestamp` are never read
[INFO] [stdout]    --> src/bin/live_signals.rs:132:5
[INFO] [stdout]     |
[INFO] [stdout] 131 | struct CurrentLevel {
[INFO] [stdout]     |        ------------ fields in this struct
[INFO] [stdout] 132 |     symbol: String,
[INFO] [stdout]     |     ^^^^^^
[INFO] [stdout] ...
[INFO] [stdout] 140 |     timestamp: NaiveDateTime,
[INFO] [stdout]     |     ^^^^^^^^^
[INFO] [stdout]     |
[INFO] [stdout]     = note: `CurrentLevel` has derived impls for the traits `Debug` and `Clone`, but these are intentionally ignored during dead code analysis
[INFO] [stdout] 
[INFO] [stdout] 
[INFO] [stdout] warning: field `close` is never read
[INFO] [stdout]    --> src/bin/live_signals.rs:161:5
[INFO] [stdout]     |
[INFO] [stdout] 158 | struct Indicator {
[INFO] [stdout]     |        --------- field in this struct
[INFO] [stdout] ...
[INFO] [stdout] 161 |     close: f64,
[INFO] [stdout]     |     ^^^^^
[INFO] [stdout]     |
[INFO] [stdout]     = note: `Indicator` has derived impls for the traits `Debug` and `Clone`, but these are intentionally ignored during dead code analysis
[INFO] [stdout] 
[INFO] [stdout] 
[INFO] [stdout] warning: field `max_historical_quantity` is never read
[INFO] [stdout]    --> src/bin/live_signals.rs:307:5
[INFO] [stdout]     |
[INFO] [stdout] 299 | struct Wall {
[INFO] [stdout]     |        ---- field in this struct
[INFO] [stdout] ...
[INFO] [stdout] 307 |     max_historical_quantity: i64,
[INFO] [stdout]     |     ^^^^^^^^^^^^^^^^^^^^^^^
[INFO] [stdout]     |
[INFO] [stdout]     = note: `Wall` has derived impls for the traits `Debug` and `Clone`, but these are intentionally ignored during dead code analysis
[INFO] [stdout] 
[INFO] [stdout] 
[INFO] [stdout] warning: field `trade_date` is never read
[INFO] [stdout]   --> src/each_stock_high_low.rs:67:5
[INFO] [stdout]    |
[INFO] [stdout] 65 | struct InputRow {
[INFO] [stdout]    |        -------- field in this struct
[INFO] [stdout] 66 |     symbol: String,
[INFO] [stdout] 67 |     trade_date: String,
[INFO] [stdout]    |     ^^^^^^^^^^
[INFO] [stdout]    |
[INFO] [stdout]    = note: `InputRow` has derived impls for the traits `Clone` and `Debug`, but these are intentionally ignored during dead code analysis
[INFO] [stdout]    = note: `#[warn(dead_code)]` (part of `#[warn(unused)]`) on by default
[INFO] [stdout] 
[INFO] [stdout] 
[INFO] [stdout] warning: field `symbol` is never read
[INFO] [stdout]   --> src/each_stock_high_low.rs:80:5
[INFO] [stdout]    |
[INFO] [stdout] 79 | struct DepthRecord {
[INFO] [stdout]    |        ----------- field in this struct
[INFO] [stdout] 80 |     symbol: String,
[INFO] [stdout]    |     ^^^^^^
[INFO] [stdout]    |
[INFO] [stdout]    = note: `DepthRecord` has derived impls for the traits `Clone` and `Debug`, but these are intentionally ignored during dead code analysis
[INFO] [stdout] 
[INFO] [stdout] 
[INFO] [stdout] warning: field `wall_removed_before_touch` is never read
[INFO] [stdout]    --> src/each_stock_high_low.rs:138:5
[INFO] [stdout]     |
[INFO] [stdout] 126 | struct WallEvent {
[INFO] [stdout]     |        --------- field in this struct
[INFO] [stdout] ...
[INFO] [stdout] 138 |     wall_removed_before_touch: bool,
[INFO] [stdout]     |     ^^^^^^^^^^^^^^^^^^^^^^^^^
[INFO] [stdout]     |
[INFO] [stdout]     = note: `WallEvent` has derived impls for the traits `Clone` and `Debug`, but these are intentionally ignored during dead code analysis
[INFO] [stdout] 
[INFO] [stdout] 
[INFO] [stdout] warning: field `timestamp` is never read
[INFO] [stdout]   --> src/signals.rs:67:5
[INFO] [stdout]    |
[INFO] [stdout] 62 | struct Indicator {
[INFO] [stdout]    |        --------- field in this struct
[INFO] [stdout] ...
[INFO] [stdout] 67 |     timestamp: NaiveDateTime,
[INFO] [stdout]    |     ^^^^^^^^^
[INFO] [stdout]    |
[INFO] [stdout]    = note: `Indicator` has derived impls for the traits `Clone` and `Debug`, but these are intentionally ignored during dead code analysis
[INFO] [stdout]    = note: `#[warn(dead_code)]` (part of `#[warn(unused)]`) on by default
[INFO] [stdout] 
[INFO] [stdout] 
[INFO] [stdout] warning: field `volume` is never read
[INFO] [stdout]   --> src/signals.rs:76:5
[INFO] [stdout]    |
[INFO] [stdout] 71 | struct DepthLevel {
[INFO] [stdout]    |        ---------- field in this struct
[INFO] [stdout] ...
[INFO] [stdout] 76 |     volume: i64,
[INFO] [stdout]    |     ^^^^^^
[INFO] [stdout]    |
[INFO] [stdout]    = note: `DepthLevel` has derived impls for the traits `Clone` and `Debug`, but these are intentionally ignored during dead code analysis
[INFO] [stdout] 
[INFO] [stdout] 
[INFO] [stdout] warning: field `first_seen` is never read
[INFO] [stdout]    --> src/bin/live_signals.rs:109:5
[INFO] [stdout]     |
[INFO] [stdout] 101 | struct WallHistory {
[INFO] [stdout]     |        ----------- field in this struct
[INFO] [stdout] ...
[INFO] [stdout] 109 |     first_seen: NaiveDateTime,
[INFO] [stdout]     |     ^^^^^^^^^^
[INFO] [stdout]     |
[INFO] [stdout]     = note: `WallHistory` has derived impls for the traits `Debug` and `Clone`, but these are intentionally ignored during dead code analysis
[INFO] [stdout]     = note: `#[warn(dead_code)]` (part of `#[warn(unused)]`) on by default
[INFO] [stdout] 
[INFO] [stdout] 
[INFO] [stdout] warning: fields `symbol` and `timestamp` are never read
[INFO] [stdout]    --> src/bin/live_signals.rs:132:5
[INFO] [stdout]     |
[INFO] [stdout] 131 | struct CurrentLevel {
[INFO] [stdout]     |        ------------ fields in this struct
[INFO] [stdout] 132 |     symbol: String,
[INFO] [stdout]     |     ^^^^^^
[INFO] [stdout] ...
[INFO] [stdout] 140 |     timestamp: NaiveDateTime,
[INFO] [stdout]     |     ^^^^^^^^^
[INFO] [stdout]     |
[INFO] [stdout]     = note: `CurrentLevel` has derived impls for the traits `Debug` and `Clone`, but these are intentionally ignored during dead code analysis
[INFO] [stdout] 
[INFO] [stdout] 
[INFO] [stdout] warning: field `close` is never read
[INFO] [stdout]    --> src/bin/live_signals.rs:161:5
[INFO] [stdout]     |
[INFO] [stdout] 158 | struct Indicator {
[INFO] [stdout]     |        --------- field in this struct
[INFO] [stdout] ...
[INFO] [stdout] 161 |     close: f64,
[INFO] [stdout]     |     ^^^^^
[INFO] [stdout]     |
[INFO] [stdout]     = note: `Indicator` has derived impls for the traits `Debug` and `Clone`, but these are intentionally ignored during dead code analysis
[INFO] [stdout] 
[INFO] [stdout] 
[INFO] [stdout] warning: field `max_historical_quantity` is never read
[INFO] [stdout]    --> src/bin/live_signals.rs:307:5
[INFO] [stdout]     |
[INFO] [stdout] 299 | struct Wall {
[INFO] [stdout]     |        ---- field in this struct
[INFO] [stdout] ...
[INFO] [stdout] 307 |     max_historical_quantity: i64,
[INFO] [stdout]     |     ^^^^^^^^^^^^^^^^^^^^^^^
[INFO] [stdout]     |
[INFO] [stdout]     = note: `Wall` has derived impls for the traits `Debug` and `Clone`, but these are intentionally ignored during dead code analysis
[INFO] [stdout] 
[INFO] [stdout] 
[INFO] [stdout] warning: field `symbol` is never read
[INFO] [stdout]    --> src/get_why_high_low.rs:217:5
[INFO] [stdout]     |
[INFO] [stdout] 216 | struct DepthRecord {
[INFO] [stdout]     |        ----------- field in this struct
[INFO] [stdout] 217 |     symbol: String,
[INFO] [stdout]     |     ^^^^^^
[INFO] [stdout]     |
[INFO] [stdout]     = note: `DepthRecord` has derived impls for the traits `Clone` and `Debug`, but these are intentionally ignored during dead code analysis
[INFO] [stdout]     = note: `#[warn(dead_code)]` (part of `#[warn(unused)]`) on by default
[INFO] [stdout] 
[INFO] [stdout] 
[INFO] [stdout] warning: fields `observations_after_event`, `first_event_seen`, and `last_event_seen` are never read
[INFO] [stdout]    --> src/get_why_high_low.rs:257:5
[INFO] [stdout]     |
[INFO] [stdout] 235 | struct PriceLevelStat {
[INFO] [stdout]     |        -------------- fields in this struct
[INFO] [stdout] ...
[INFO] [stdout] 257 |     observations_after_event: usize,
[INFO] [stdout]     |     ^^^^^^^^^^^^^^^^^^^^^^^^
[INFO] [stdout] ...
[INFO] [stdout] 270 |     first_event_seen: Option<NaiveDateTime>,
[INFO] [stdout]     |     ^^^^^^^^^^^^^^^^
[INFO] [stdout] 271 |     last_event_seen: Option<NaiveDateTime>,
[INFO] [stdout]     |     ^^^^^^^^^^^^^^^
[INFO] [stdout]     |
[INFO] [stdout]     = note: `PriceLevelStat` has derived impls for the traits `Clone` and `Debug`, but these are intentionally ignored during dead code analysis
[INFO] [stdout] 
[INFO] [stdout] 
[INFO] [stdout] warning: field `symbol` is never read
[INFO] [stdout]    --> src/get_why_high_low.rs:217:5
[INFO] [stdout]     |
[INFO] [stdout] 216 | struct DepthRecord {
[INFO] [stdout]     |        ----------- field in this struct
[INFO] [stdout] 217 |     symbol: String,
[INFO] [stdout]     |     ^^^^^^
[INFO] [stdout]     |
[INFO] [stdout]     = note: `DepthRecord` has derived impls for the traits `Clone` and `Debug`, but these are intentionally ignored during dead code analysis
[INFO] [stdout]     = note: `#[warn(dead_code)]` (part of `#[warn(unused)]`) on by default
[INFO] [stdout] 
[INFO] [stdout] 
[INFO] [stdout] warning: fields `observations_after_event`, `first_event_seen`, and `last_event_seen` are never read
[INFO] [stdout]    --> src/get_why_high_low.rs:257:5
[INFO] [stdout]     |
[INFO] [stdout] 235 | struct PriceLevelStat {
[INFO] [stdout]     |        -------------- fields in this struct
[INFO] [stdout] ...
[INFO] [stdout] 257 |     observations_after_event: usize,
[INFO] [stdout]     |     ^^^^^^^^^^^^^^^^^^^^^^^^
[INFO] [stdout] ...
[INFO] [stdout] 270 |     first_event_seen: Option<NaiveDateTime>,
[INFO] [stdout]     |     ^^^^^^^^^^^^^^^^
[INFO] [stdout] 271 |     last_event_seen: Option<NaiveDateTime>,
[INFO] [stdout]     |     ^^^^^^^^^^^^^^^
[INFO] [stdout]     |
[INFO] [stdout]     = note: `PriceLevelStat` has derived impls for the traits `Clone` and `Debug`, but these are intentionally ignored during dead code analysis
[INFO] [stdout] 
[INFO] [stdout] 
[INFO] [stdout] warning: field `category` is never read
[INFO] [stdout]   --> src/models.rs:13:9
[INFO] [stdout]    |
[INFO] [stdout]  5 | pub struct CsvRecord {
[INFO] [stdout]    |            --------- field in this struct
[INFO] [stdout] ...
[INFO] [stdout] 13 |     pub category:String,
[INFO] [stdout]    |         ^^^^^^^^
[INFO] [stdout]    |
[INFO] [stdout]    = note: `CsvRecord` has a derived impl for the trait `Debug`, but this is intentionally ignored during dead code analysis
[INFO] [stdout]    = note: `#[warn(dead_code)]` (part of `#[warn(unused)]`) on by default
[INFO] [stdout] 
[INFO] [stdout] 
[INFO] [stdout] warning: field `trade_date` is never read
[INFO] [stdout]   --> src/each_stock_high_low.rs:67:5
[INFO] [stdout]    |
[INFO] [stdout] 65 | struct InputRow {
[INFO] [stdout]    |        -------- field in this struct
[INFO] [stdout] 66 |     symbol: String,
[INFO] [stdout] 67 |     trade_date: String,
[INFO] [stdout]    |     ^^^^^^^^^^
[INFO] [stdout]    |
[INFO] [stdout]    = note: `InputRow` has derived impls for the traits `Clone` and `Debug`, but these are intentionally ignored during dead code analysis
[INFO] [stdout]    = note: `#[warn(dead_code)]` (part of `#[warn(unused)]`) on by default
[INFO] [stdout] 
[INFO] [stdout] 
[INFO] [stdout] warning: field `symbol` is never read
[INFO] [stdout]   --> src/each_stock_high_low.rs:80:5
[INFO] [stdout]    |
[INFO] [stdout] 79 | struct DepthRecord {
[INFO] [stdout]    |        ----------- field in this struct
[INFO] [stdout] 80 |     symbol: String,
[INFO] [stdout]    |     ^^^^^^
[INFO] [stdout]    |
[INFO] [stdout]    = note: `DepthRecord` has derived impls for the traits `Clone` and `Debug`, but these are intentionally ignored during dead code analysis
[INFO] [stdout] 
[INFO] [stdout] 
[INFO] [stdout] warning: field `wall_removed_before_touch` is never read
[INFO] [stdout]    --> src/each_stock_high_low.rs:138:5
[INFO] [stdout]     |
[INFO] [stdout] 126 | struct WallEvent {
[INFO] [stdout]     |        --------- field in this struct
[INFO] [stdout] ...
[INFO] [stdout] 138 |     wall_removed_before_touch: bool,
[INFO] [stdout]     |     ^^^^^^^^^^^^^^^^^^^^^^^^^
[INFO] [stdout]     |
[INFO] [stdout]     = note: `WallEvent` has derived impls for the traits `Clone` and `Debug`, but these are intentionally ignored during dead code analysis
[INFO] [stdout] 
[INFO] [stdout] 
[INFO] [stdout] warning: field `category` is never read
[INFO] [stdout]   --> src/models.rs:13:9
[INFO] [stdout]    |
[INFO] [stdout]  5 | pub struct CsvRecord {
[INFO] [stdout]    |            --------- field in this struct
[INFO] [stdout] ...
[INFO] [stdout] 13 |     pub category:String,
[INFO] [stdout]    |         ^^^^^^^^
[INFO] [stdout]    |
[INFO] [stdout]    = note: `CsvRecord` has a derived impl for the trait `Debug`, but this is intentionally ignored during dead code analysis
[INFO] [stdout]    = note: `#[warn(dead_code)]` (part of `#[warn(unused)]`) on by default
[INFO] [stdout] 
[INFO] [stdout] 
[INFO] [stderr] warning: unused dependency `chrono-tz`
[INFO] [stderr]   --> Cargo.toml:23:1
[INFO] [stderr]    |
[INFO] [stderr] 23 | chrono-tz = "0.10"
[INFO] [stderr]    | ^^^^^^^^^^^^^^^^^^
[INFO] [stderr]    |
[INFO] [stderr]    = note: `cargo::unused_dependencies` is set to `warn` by default
[INFO] [stderr] help: consider removing the dependency on `chrono-tz`
[INFO] [stderr] warning: unused dependency `postgres`
[INFO] [stderr]   --> Cargo.toml:39:15
[INFO] [stderr]    |
[INFO] [stderr] 39 | [dependencies.postgres]
[INFO] [stderr]    |               ^^^^^^^^^
[INFO] [stderr]    |
[INFO] [stderr] help: consider removing the dependency on `postgres`
[INFO] [stderr] warning: unused dependency `questdb-rs`
[INFO] [stderr]   --> Cargo.toml:28:1
[INFO] [stderr]    |
[INFO] [stderr] 28 | questdb-rs = "6.1.0"
[INFO] [stderr]    | ^^^^^^^^^^^^^^^^^^^^
[INFO] [stderr]    |
[INFO] [stderr] help: consider removing the dependency on `questdb-rs`
[INFO] [stderr] warning: unused dependency `reqwest`
[INFO] [stderr]   --> Cargo.toml:43:15
[INFO] [stderr]    |
[INFO] [stderr] 43 | [dependencies.reqwest]
[INFO] [stderr]    |               ^^^^^^^^
[INFO] [stderr]    |
[INFO] [stderr] help: consider removing the dependency on `reqwest`
[INFO] [stderr] warning: unused dependency `tracing-subscriber`
[INFO] [stderr]   --> Cargo.toml:33:1
[INFO] [stderr]    |
[INFO] [stderr] 33 | tracing-subscriber = "0.3"
[INFO] [stderr]    | ^^^^^^^^^^^^^^^^^^^^^^^^^^
[INFO] [stderr]    |
[INFO] [stderr] help: consider removing the dependency on `tracing-subscriber`
[INFO] [stderr] warning: `depth_engine` (manifest) generated 5 warnings
[INFO] running `Command { std: "docker" "inspect" "9ee81e47fbb54478b64336d6e32b9b185c315e6bdc7ddb540de29fb289c41b10", kill_on_drop: false }`
[INFO] running `Command { std: "docker" "rm" "-f" "9ee81e47fbb54478b64336d6e32b9b185c315e6bdc7ddb540de29fb289c41b10", kill_on_drop: false }`
[INFO] [stdout] 9ee81e47fbb54478b64336d6e32b9b185c315e6bdc7ddb540de29fb289c41b10
