[INFO] cloning repository https://github.com/aidanarz/kalimantan-healthcare-gis
[INFO] running `Command { std: "git" "-c" "credential.helper=" "-c" "credential.helper=/workspace/cargo-home/bin/git-credential-null" "clone" "--bare" "https://github.com/aidanarz/kalimantan-healthcare-gis" "/workspace/cache/git-repos/https%3A%2F%2Fgithub.com%2Faidanarz%2Fkalimantan-healthcare-gis", kill_on_drop: false }`
[INFO] [stderr] Cloning into bare repository '/workspace/cache/git-repos/https%3A%2F%2Fgithub.com%2Faidanarz%2Fkalimantan-healthcare-gis'...
[INFO] running `Command { std: "git" "rev-parse" "HEAD", kill_on_drop: false }`
[INFO] [stdout] 9473b740fa6221090d5956a9c857573bf12f0374
[INFO] checking aidanarz/kalimantan-healthcare-gis against 3154cc1a3e6424e44f438a95007d043ed5ceaaf6+rustflags=-Znext-solver=coherence for pr-133502-30
[INFO] running `Command { std: "git" "clone" "/workspace/cache/git-repos/https%3A%2F%2Fgithub.com%2Faidanarz%2Fkalimantan-healthcare-gis" "/workspace/builds/worker-2-tc1/source", kill_on_drop: false }`
[INFO] [stderr] Cloning into '/workspace/builds/worker-2-tc1/source'...
[INFO] [stderr] done.
[INFO] started tweaking git repo https://github.com/aidanarz/kalimantan-healthcare-gis
[INFO] finished tweaking git repo https://github.com/aidanarz/kalimantan-healthcare-gis
[INFO] tweaked toml for git repo https://github.com/aidanarz/kalimantan-healthcare-gis written to /workspace/builds/worker-2-tc1/source/Cargo.toml
[INFO] validating manifest of git repo https://github.com/aidanarz/kalimantan-healthcare-gis on toolchain 3154cc1a3e6424e44f438a95007d043ed5ceaaf6
[INFO] running `Command { std: CARGO_HOME="/workspace/cargo-home" RUSTUP_HOME="/workspace/rustup-home" "/workspace/cargo-home/bin/cargo" "+3154cc1a3e6424e44f438a95007d043ed5ceaaf6" "metadata" "--manifest-path" "Cargo.toml" "--no-deps", kill_on_drop: false }`
[INFO] crate git repo https://github.com/aidanarz/kalimantan-healthcare-gis already has a lockfile, it will not be regenerated
[INFO] running `Command { std: CARGO_HOME="/workspace/cargo-home" RUSTUP_HOME="/workspace/rustup-home" "/workspace/cargo-home/bin/cargo" "+3154cc1a3e6424e44f438a95007d043ed5ceaaf6" "fetch" "--manifest-path" "Cargo.toml", kill_on_drop: false }`
[INFO] [stderr]     Updating crates.io index
[INFO] [stderr]  Downloading crates ...
[INFO] [stderr]   Downloaded zip v2.4.2
[INFO] [stderr]   Downloaded kml v0.8.7
[INFO] running `Command { std: "docker" "create" "-v" "/var/lib/crater-agent-workspace/builds/worker-2-tc1/source:/opt/rustwide/workdir:ro,Z" "-v" "/var/lib/crater-agent-workspace/builds/worker-2-tc1/target:/opt/rustwide/target:rw,Z" "-v" "/var/lib/crater-agent-workspace/cargo-home:/opt/rustwide/cargo-home:ro,Z" "-v" "/var/lib/crater-agent-workspace/rustup-home:/opt/rustwide/rustup-home:ro,Z" "-m" "1610612736" "--network" "none" "ghcr.io/rust-lang/crates-build-env/linux@sha256:77db811e55d90add9212f6832c23229e3de5f1c1f9905e8cb07319ea15df73ac" "sleep" "infinity", kill_on_drop: false }`
[INFO] [stdout] 00bd5646aa0ef1ad9e65298cff6d2ab0ea721890cfa0a5ad03fc808e4d3b9654
[INFO] running `Command { std: "docker" "start" "00bd5646aa0ef1ad9e65298cff6d2ab0ea721890cfa0a5ad03fc808e4d3b9654", kill_on_drop: false }`
[INFO] running `Command { std: "docker" "inspect" "00bd5646aa0ef1ad9e65298cff6d2ab0ea721890cfa0a5ad03fc808e4d3b9654", kill_on_drop: false }`
[INFO] running `Command { std: "docker" "exec" "-e" "SOURCE_DIR=/opt/rustwide/workdir" "-e" "CARGO_HOME=/opt/rustwide/cargo-home" "-e" "RUSTUP_HOME=/opt/rustwide/rustup-home" "-e" "CARGO_TARGET_DIR=/opt/rustwide/target" "-w" "/opt/rustwide/workdir" "--user" "0:0" "00bd5646aa0ef1ad9e65298cff6d2ab0ea721890cfa0a5ad03fc808e4d3b9654" "/opt/rustwide/cargo-home/bin/cargo" "+3154cc1a3e6424e44f438a95007d043ed5ceaaf6" "metadata" "--no-deps" "--format-version=1", kill_on_drop: false }`
[INFO] running `Command { std: "docker" "inspect" "00bd5646aa0ef1ad9e65298cff6d2ab0ea721890cfa0a5ad03fc808e4d3b9654", kill_on_drop: false }`
[INFO] running `Command { std: "docker" "exec" "-e" "SOURCE_DIR=/opt/rustwide/workdir" "-e" "CARGO_HOME=/opt/rustwide/cargo-home" "-e" "RUSTUP_HOME=/opt/rustwide/rustup-home" "-e" "CARGO_TARGET_DIR=/opt/rustwide/target" "-e" "CARGO_INCREMENTAL=0" "-e" "RUST_BACKTRACE=full" "-e" "RUSTFLAGS=--cap-lints=forbid -Znext-solver=coherence" "-e" "RUSTDOCFLAGS=--cap-lints=forbid" "-w" "/opt/rustwide/workdir" "--user" "0:0" "00bd5646aa0ef1ad9e65298cff6d2ab0ea721890cfa0a5ad03fc808e4d3b9654" "/opt/rustwide/cargo-home/bin/cargo" "+3154cc1a3e6424e44f438a95007d043ed5ceaaf6" "check" "--frozen" "--all" "--all-targets" "--message-format=json", kill_on_drop: false }`
[INFO] [stderr]    Compiling serde_core v1.0.229
[INFO] [stderr]    Compiling serde v1.0.229
[INFO] [stderr]    Compiling syn v3.0.3
[INFO] [stderr]    Compiling stable_deref_trait v1.2.1
[INFO] [stderr]    Compiling cc v1.4.3
[INFO] [stderr]    Compiling zerofrom v0.1.8
[INFO] [stderr]     Checking log v0.4.33
[INFO] [stderr]    Compiling generic-array v0.14.7
[INFO] [stderr]    Compiling litemap v0.8.3
[INFO] [stderr]    Compiling serde_json v1.0.151
[INFO] [stderr]    Compiling yoke v0.8.3
[INFO] [stderr]    Compiling writeable v0.6.4
[INFO] [stderr]    Compiling crossbeam-utils v0.8.22
[INFO] [stderr]    Compiling getrandom v0.2.17
[INFO] [stderr]    Compiling subtle v2.6.1
[INFO] [stderr]    Compiling utf8_iter v1.0.4
[INFO] [stderr]    Compiling num-traits v0.2.19
[INFO] [stderr]    Compiling pin-project-lite v0.2.17
[INFO] [stderr]    Compiling rustls v0.23.43
[INFO] [stderr]    Compiling rustls-pki-types v1.15.1
[INFO] [stderr]    Compiling icu_normalizer_data v2.3.0
[INFO] [stderr]    Compiling icu_properties_data v2.3.0
[INFO] [stderr]    Compiling crypto-common v0.1.7
[INFO] [stderr]    Compiling block-buffer v0.10.4
[INFO] [stderr]    Compiling digest v0.10.7
[INFO] [stderr]    Compiling futures-core v0.3.34
[INFO] [stderr]     Checking futures-util v0.3.34
[INFO] [stderr]     Checking tracing v0.1.44
[INFO] [stderr]    Compiling zerocopy v0.8.56
[INFO] [stderr]    Compiling mio v1.2.2
[INFO] [stderr]    Compiling socket2 v0.6.5
[INFO] [stderr]    Compiling ring v0.17.14
[INFO] [stderr]    Compiling zstd-sys v2.0.16+zstd.1.5.7
[INFO] [stderr]    Compiling futures-sink v0.3.34
[INFO] [stderr]    Compiling hashbrown v0.15.5
[INFO] [stderr]    Compiling tinyvec v1.12.0
[INFO] [stderr]    Compiling tokio v1.53.1
[INFO] [stderr]    Compiling form_urlencoded v1.2.2
[INFO] [stderr]    Compiling tracing-core v0.1.36
[INFO] [stderr]    Compiling webpki-roots v1.0.9
[INFO] [stderr]    Compiling rand_core v0.6.4
[INFO] [stderr]    Compiling zmij v1.0.23
[INFO] [stderr]    Compiling futures-io v0.3.34
[INFO] [stderr]    Compiling slab v0.4.12
[INFO] [stderr]    Compiling iana-time-zone v0.1.65
[INFO] [stderr]    Compiling parking v2.2.1
[INFO] [stderr]    Compiling futures-task v0.3.34
[INFO] [stderr]    Compiling crc-catalog v2.5.0
[INFO] [stderr]    Compiling crc v3.4.0
[INFO] [stderr]    Compiling event-listener v5.4.2
[INFO] [stderr]    Compiling chrono v0.4.45
[INFO] [stderr]    Compiling getrandom v0.4.3
[INFO] [stderr]    Compiling crossbeam-queue v0.3.13
[INFO] [stderr]    Compiling serde_derive v1.0.229
[INFO] [stderr]    Compiling zerovec-derive v0.11.6
[INFO] [stderr]    Compiling displaydoc v0.2.7
[INFO] [stderr]    Compiling thiserror-impl v2.0.20
[INFO] [stderr]    Compiling zerovec v0.11.8
[INFO] [stderr]    Compiling zerotrie v0.2.5
[INFO] [stderr]    Compiling tokio-macros v2.7.2
[INFO] [stderr]     Checking tinystr v0.8.4
[INFO] [stderr]     Checking potential_utf v0.1.6
[INFO] [stderr]     Checking icu_locale_core v2.3.0
[INFO] [stderr]    Compiling icu_collections v2.3.0
[INFO] [stderr]     Checking thiserror v2.0.20
[INFO] [stderr]    Compiling rustls-webpki v0.103.14
[INFO] [stderr]    Compiling ppv-lite86 v0.2.21
[INFO] [stderr]    Compiling tokio-stream v0.1.19
[INFO] [stderr]    Compiling sha2 v0.10.9
[INFO] [stderr]     Checking icu_provider v2.3.1
[INFO] [stderr]    Compiling rand_chacha v0.3.1
[INFO] [stderr]     Checking icu_properties v2.3.0
[INFO] [stderr]    Compiling webpki-roots v0.26.11
[INFO] [stderr]    Compiling hashlink v0.10.0
[INFO] [stderr]    Compiling unicode-normalization v0.1.25
[INFO] [stderr]    Compiling bzip2-sys v0.1.13+1.0.8
[INFO] [stderr]    Compiling hmac v0.12.1
[INFO] [stderr]     Checking simd-adler32 v0.3.10
[INFO] [stderr]    Compiling unicode-bidi v0.3.18
[INFO] [stderr]     Checking smallvec v1.15.2
[INFO] [stderr]    Compiling base64 v0.22.1
[INFO] [stderr]    Compiling unicode-properties v0.1.4
[INFO] [stderr]     Checking parking_lot_core v0.9.12
[INFO] [stderr]     Checking icu_normalizer v2.3.0
[INFO] [stderr]    Compiling either v1.18.0
[INFO] [stderr]     Checking parking_lot v0.12.5
[INFO] [stderr]    Compiling uuid v1.24.1
[INFO] [stderr]     Checking idna_adapter v1.2.2
[INFO] [stderr]     Checking idna v1.1.0
[INFO] [stderr]    Compiling stringprep v0.1.5
[INFO] [stderr]    Compiling hkdf v0.12.4
[INFO] [stderr]    Compiling rand v0.8.7
[INFO] [stderr]    Compiling futures-intrusive v0.5.0
[INFO] [stderr]    Compiling futures-channel v0.3.34
[INFO] [stderr]    Compiling url v2.5.8
[INFO] [stderr]    Compiling atoi v2.0.0
[INFO] [stderr]    Compiling md-5 v0.10.6
[INFO] [stderr]    Compiling home v0.5.12
[INFO] [stderr]    Compiling bitflags v2.13.1
[INFO] [stderr]    Compiling whoami v1.6.1
[INFO] [stderr]     Checking miniz_oxide v0.8.9
[INFO] [stderr]    Compiling multer v3.1.0
[INFO] [stderr]     Checking sync_wrapper v1.0.2
[INFO] [stderr]    Compiling zip v2.4.2
[INFO] [stderr]     Checking bumpalo v3.20.3
[INFO] [stderr]     Checking time v0.3.55
[INFO] [stderr]     Checking bzip2 v0.5.2
[INFO] [stderr]     Checking zopfli v0.8.3
[INFO] [stderr]     Checking flate2 v1.1.9
[INFO] [stderr]    Compiling sqlx-core v0.8.6
[INFO] [stderr]     Checking geo-types v0.7.20
[INFO] [stderr]    Compiling zstd-safe v7.2.4
[INFO] [stderr]    Compiling async-trait v0.1.92
[INFO] [stderr]     Checking zstd v0.13.3
[INFO] [stderr]    Compiling thiserror-impl v1.0.69
[INFO] [stderr]     Checking spin v0.9.9
[INFO] [stderr]     Checking serde_urlencoded v0.7.1
[INFO] [stderr]     Checking matchers v0.2.0
[INFO] [stderr]     Checking serde_path_to_error v0.1.20
[INFO] [stderr]     Checking axum-core v0.4.5
[INFO] [stderr]     Checking tracing-log v0.2.0
[INFO] [stderr]     Checking quick-xml v0.37.5
[INFO] [stderr]     Checking http-range-header v0.4.2
[INFO] [stderr]     Checking tracing-subscriber v0.3.23
[INFO] [stderr]     Checking thiserror v1.0.69
[INFO] [stderr]     Checking geojson v0.24.2
[INFO] [stderr]     Checking kml v0.8.7
[INFO] [stderr]     Checking hyper v1.11.0
[INFO] [stderr]     Checking tokio-util v0.7.19
[INFO] [stderr]     Checking tower v0.5.3
[INFO] [stderr]     Checking tower-http v0.6.11
[INFO] [stderr]     Checking hyper-util v0.1.20
[INFO] [stderr]    Compiling sqlx-postgres v0.8.6
[INFO] [stderr]     Checking axum v0.7.9
[INFO] [stderr]    Compiling sqlx-macros-core v0.8.6
[INFO] [stderr]    Compiling sqlx-macros v0.8.6
[INFO] [stderr]     Checking sqlx v0.8.6
[INFO] [stderr]     Checking kalimantan_gis v0.1.0 (/opt/rustwide/workdir)
[INFO] [stdout] error: set `DATABASE_URL` to use query macros online, or run `cargo sqlx prepare` to update the query cache
[INFO] [stdout]   --> src/repositories/hospital_repository.rs:17:19
[INFO] [stdout]    |
[INFO] [stdout] 17 |           let row = sqlx::query!(
[INFO] [stdout]    |  ___________________^
[INFO] [stdout] 18 | |             r#"SELECT osm_id, name, amenity,
[INFO] [stdout] 19 | |                 ST_X(ST_Transform(way, 4326)) as lon,
[INFO] [stdout] 20 | |                 ST_Y(ST_Transform(way, 4326)) as lat
[INFO] [stdout] ...  |
[INFO] [stdout] 23 | |             id
[INFO] [stdout] 24 | |         )
[INFO] [stdout]    | |_________^
[INFO] [stdout]    |
[INFO] [stdout]    = note: this error originates in the macro `$crate::sqlx_macros::expand_query` which comes from the expansion of the macro `sqlx::query` (in Nightly builds, run with -Z macro-backtrace for more info)
[INFO] [stdout] 
[INFO] [stdout] 
[INFO] [stdout] error: set `DATABASE_URL` to use query macros online, or run `cargo sqlx prepare` to update the query cache
[INFO] [stdout]   --> src/repositories/hospital_repository.rs:17:19
[INFO] [stdout]    |
[INFO] [stdout] 17 |           let row = sqlx::query!(
[INFO] [stdout]    |  ___________________^
[INFO] [stdout] 18 | |             r#"SELECT osm_id, name, amenity,
[INFO] [stdout] 19 | |                 ST_X(ST_Transform(way, 4326)) as lon,
[INFO] [stdout] 20 | |                 ST_Y(ST_Transform(way, 4326)) as lat
[INFO] [stdout] ...  |
[INFO] [stdout] 23 | |             id
[INFO] [stdout] 24 | |         )
[INFO] [stdout]    | |_________^
[INFO] [stdout]    |
[INFO] [stdout]    = note: this error originates in the macro `$crate::sqlx_macros::expand_query` which comes from the expansion of the macro `sqlx::query` (in Nightly builds, run with -Z macro-backtrace for more info)
[INFO] [stdout] 
[INFO] [stdout] 
[INFO] [stdout] error: set `DATABASE_URL` to use query macros online, or run `cargo sqlx prepare` to update the query cache
[INFO] [stdout]   --> src/repositories/hospital_repository.rs:38:20
[INFO] [stdout]    |
[INFO] [stdout] 38 |           let rows = sqlx::query!(
[INFO] [stdout]    |  ____________________^
[INFO] [stdout] 39 | |             r#"SELECT osm_id, name, amenity,
[INFO] [stdout] 40 | |                 ST_X(ST_Transform(way, 4326)) as lon,
[INFO] [stdout] 41 | |                 ST_Y(ST_Transform(way, 4326)) as lat
[INFO] [stdout] ...  |
[INFO] [stdout] 44 | |             LIMIT 500"#
[INFO] [stdout] 45 | |         )
[INFO] [stdout]    | |_________^
[INFO] [stdout]    |
[INFO] [stdout]    = note: this error originates in the macro `$crate::sqlx_macros::expand_query` which comes from the expansion of the macro `sqlx::query` (in Nightly builds, run with -Z macro-backtrace for more info)
[INFO] [stdout] 
[INFO] [stdout] 
[INFO] [stdout] error: set `DATABASE_URL` to use query macros online, or run `cargo sqlx prepare` to update the query cache
[INFO] [stdout]   --> src/repositories/hospital_repository.rs:38:20
[INFO] [stdout]    |
[INFO] [stdout] 38 |           let rows = sqlx::query!(
[INFO] [stdout]    |  ____________________^
[INFO] [stdout] 39 | |             r#"SELECT osm_id, name, amenity,
[INFO] [stdout] 40 | |                 ST_X(ST_Transform(way, 4326)) as lon,
[INFO] [stdout] 41 | |                 ST_Y(ST_Transform(way, 4326)) as lat
[INFO] [stdout] ...  |
[INFO] [stdout] 44 | |             LIMIT 500"#
[INFO] [stdout] 45 | |         )
[INFO] [stdout]    | |_________^
[INFO] [stdout]    |
[INFO] [stdout]    = note: this error originates in the macro `$crate::sqlx_macros::expand_query` which comes from the expansion of the macro `sqlx::query` (in Nightly builds, run with -Z macro-backtrace for more info)
[INFO] [stdout] 
[INFO] [stdout] 
[INFO] [stdout] error: set `DATABASE_URL` to use query macros online, or run `cargo sqlx prepare` to update the query cache
[INFO] [stdout]   --> src/repositories/hospital_repository.rs:62:20
[INFO] [stdout]    |
[INFO] [stdout] 62 |           let rows = sqlx::query!(
[INFO] [stdout]    |  ____________________^
[INFO] [stdout] 63 | |             r#"SELECT osm_id, name, amenity,
[INFO] [stdout] 64 | |                 ST_X(ST_Transform(way, 4326)) as lon,
[INFO] [stdout] 65 | |                 ST_Y(ST_Transform(way, 4326)) as lat
[INFO] [stdout] ...  |
[INFO] [stdout] 77 | |             radius_m
[INFO] [stdout] 78 | |         )
[INFO] [stdout]    | |_________^
[INFO] [stdout]    |
[INFO] [stdout]    = note: this error originates in the macro `$crate::sqlx_macros::expand_query` which comes from the expansion of the macro `sqlx::query` (in Nightly builds, run with -Z macro-backtrace for more info)
[INFO] [stdout] 
[INFO] [stdout] 
[INFO] [stdout] error: set `DATABASE_URL` to use query macros online, or run `cargo sqlx prepare` to update the query cache
[INFO] [stdout]    --> src/repositories/hospital_repository.rs:95:20
[INFO] [stdout]     |
[INFO] [stdout]  95 |           let rows = sqlx::query!(
[INFO] [stdout]     |  ____________________^
[INFO] [stdout]  96 | |             r#"SELECT osm_id, name, amenity,
[INFO] [stdout]  97 | |                 ST_X(ST_Transform(way, 4326)) as lon,
[INFO] [stdout]  98 | |                 ST_Y(ST_Transform(way, 4326)) as lat
[INFO] [stdout] ...   |
[INFO] [stdout] 106 | |             max_lat
[INFO] [stdout] 107 | |         )
[INFO] [stdout]     | |_________^
[INFO] [stdout]     |
[INFO] [stdout]     = note: this error originates in the macro `$crate::sqlx_macros::expand_query` which comes from the expansion of the macro `sqlx::query` (in Nightly builds, run with -Z macro-backtrace for more info)
[INFO] [stdout] 
[INFO] [stdout] 
[INFO] [stdout] error: set `DATABASE_URL` to use query macros online, or run `cargo sqlx prepare` to update the query cache
[INFO] [stdout]    --> src/repositories/hospital_repository.rs:124:20
[INFO] [stdout]     |
[INFO] [stdout] 124 |           let rows = sqlx::query!(
[INFO] [stdout]     |  ____________________^
[INFO] [stdout] 125 | |             r#"SELECT osm_id, name, amenity,
[INFO] [stdout] 126 | |                 ST_X(ST_Transform(way, 4326)) as lon,
[INFO] [stdout] 127 | |                 ST_Y(ST_Transform(way, 4326)) as lat
[INFO] [stdout] ...   |
[INFO] [stdout] 132 | |             polygon_wkt
[INFO] [stdout] 133 | |         )
[INFO] [stdout]     | |_________^
[INFO] [stdout]     |
[INFO] [stdout]     = note: this error originates in the macro `$crate::sqlx_macros::expand_query` which comes from the expansion of the macro `sqlx::query` (in Nightly builds, run with -Z macro-backtrace for more info)
[INFO] [stdout] 
[INFO] [stdout] 
[INFO] [stdout] error: set `DATABASE_URL` to use query macros online, or run `cargo sqlx prepare` to update the query cache
[INFO] [stdout]   --> src/repositories/hospital_repository.rs:62:20
[INFO] [stdout]    |
[INFO] [stdout] 62 |           let rows = sqlx::query!(
[INFO] [stdout]    |  ____________________^
[INFO] [stdout] 63 | |             r#"SELECT osm_id, name, amenity,
[INFO] [stdout] 64 | |                 ST_X(ST_Transform(way, 4326)) as lon,
[INFO] [stdout] 65 | |                 ST_Y(ST_Transform(way, 4326)) as lat
[INFO] [stdout] ...  |
[INFO] [stdout] 77 | |             radius_m
[INFO] [stdout] 78 | |         )
[INFO] [stdout]    | |_________^
[INFO] [stdout]    |
[INFO] [stdout]    = note: this error originates in the macro `$crate::sqlx_macros::expand_query` which comes from the expansion of the macro `sqlx::query` (in Nightly builds, run with -Z macro-backtrace for more info)
[INFO] [stdout] 
[INFO] [stdout] 
[INFO] [stdout] error: set `DATABASE_URL` to use query macros online, or run `cargo sqlx prepare` to update the query cache
[INFO] [stdout]   --> src/repositories/clinic_repository.rs:17:19
[INFO] [stdout]    |
[INFO] [stdout] 17 |           let row = sqlx::query!(
[INFO] [stdout]    |  ___________________^
[INFO] [stdout] 18 | |             r#"SELECT osm_id, name, amenity,
[INFO] [stdout] 19 | |                 ST_X(ST_Transform(way, 4326)) as lon,
[INFO] [stdout] 20 | |                 ST_Y(ST_Transform(way, 4326)) as lat
[INFO] [stdout] ...  |
[INFO] [stdout] 23 | |             id
[INFO] [stdout] 24 | |         )
[INFO] [stdout]    | |_________^
[INFO] [stdout]    |
[INFO] [stdout]    = note: this error originates in the macro `$crate::sqlx_macros::expand_query` which comes from the expansion of the macro `sqlx::query` (in Nightly builds, run with -Z macro-backtrace for more info)
[INFO] [stdout] 
[INFO] [stdout] 
[INFO] [stdout] error: set `DATABASE_URL` to use query macros online, or run `cargo sqlx prepare` to update the query cache
[INFO] [stdout]   --> src/repositories/clinic_repository.rs:38:20
[INFO] [stdout]    |
[INFO] [stdout] 38 |           let rows = sqlx::query!(
[INFO] [stdout]    |  ____________________^
[INFO] [stdout] 39 | |             r#"SELECT osm_id, name, amenity,
[INFO] [stdout] 40 | |                 ST_X(ST_Transform(way, 4326)) as lon,
[INFO] [stdout] 41 | |                 ST_Y(ST_Transform(way, 4326)) as lat
[INFO] [stdout] ...  |
[INFO] [stdout] 44 | |             LIMIT 500"#
[INFO] [stdout] 45 | |         )
[INFO] [stdout]    | |_________^
[INFO] [stdout]    |
[INFO] [stdout]    = note: this error originates in the macro `$crate::sqlx_macros::expand_query` which comes from the expansion of the macro `sqlx::query` (in Nightly builds, run with -Z macro-backtrace for more info)
[INFO] [stdout] 
[INFO] [stdout] 
[INFO] [stdout] error: set `DATABASE_URL` to use query macros online, or run `cargo sqlx prepare` to update the query cache
[INFO] [stdout]    --> src/repositories/hospital_repository.rs:95:20
[INFO] [stdout]     |
[INFO] [stdout]  95 |           let rows = sqlx::query!(
[INFO] [stdout]     |  ____________________^
[INFO] [stdout]  96 | |             r#"SELECT osm_id, name, amenity,
[INFO] [stdout]  97 | |                 ST_X(ST_Transform(way, 4326)) as lon,
[INFO] [stdout]  98 | |                 ST_Y(ST_Transform(way, 4326)) as lat
[INFO] [stdout] ...   |
[INFO] [stdout] 106 | |             max_lat
[INFO] [stdout] 107 | |         )
[INFO] [stdout]     | |_________^
[INFO] [stdout]     |
[INFO] [stdout]     = note: this error originates in the macro `$crate::sqlx_macros::expand_query` which comes from the expansion of the macro `sqlx::query` (in Nightly builds, run with -Z macro-backtrace for more info)
[INFO] [stdout] 
[INFO] [stdout] 
[INFO] [stdout] error: set `DATABASE_URL` to use query macros online, or run `cargo sqlx prepare` to update the query cache
[INFO] [stdout]    --> src/repositories/hospital_repository.rs:124:20
[INFO] [stdout]     |
[INFO] [stdout] 124 |           let rows = sqlx::query!(
[INFO] [stdout]     |  ____________________^
[INFO] [stdout] 125 | |             r#"SELECT osm_id, name, amenity,
[INFO] [stdout] 126 | |                 ST_X(ST_Transform(way, 4326)) as lon,
[INFO] [stdout] 127 | |                 ST_Y(ST_Transform(way, 4326)) as lat
[INFO] [stdout] ...   |
[INFO] [stdout] 132 | |             polygon_wkt
[INFO] [stdout] 133 | |         )
[INFO] [stdout]     | |_________^
[INFO] [stdout]     |
[INFO] [stdout]     = note: this error originates in the macro `$crate::sqlx_macros::expand_query` which comes from the expansion of the macro `sqlx::query` (in Nightly builds, run with -Z macro-backtrace for more info)
[INFO] [stdout] 
[INFO] [stdout] 
[INFO] [stdout] error: set `DATABASE_URL` to use query macros online, or run `cargo sqlx prepare` to update the query cache
[INFO] [stdout]   --> src/repositories/clinic_repository.rs:17:19
[INFO] [stdout]    |
[INFO] [stdout] 17 |           let row = sqlx::query!(
[INFO] [stdout]    |  ___________________^
[INFO] [stdout] 18 | |             r#"SELECT osm_id, name, amenity,
[INFO] [stdout] 19 | |                 ST_X(ST_Transform(way, 4326)) as lon,
[INFO] [stdout] 20 | |                 ST_Y(ST_Transform(way, 4326)) as lat
[INFO] [stdout] ...  |
[INFO] [stdout] 23 | |             id
[INFO] [stdout] 24 | |         )
[INFO] [stdout]    | |_________^
[INFO] [stdout]    |
[INFO] [stdout]    = note: this error originates in the macro `$crate::sqlx_macros::expand_query` which comes from the expansion of the macro `sqlx::query` (in Nightly builds, run with -Z macro-backtrace for more info)
[INFO] [stdout] 
[INFO] [stdout] 
[INFO] [stdout] error: set `DATABASE_URL` to use query macros online, or run `cargo sqlx prepare` to update the query cache
[INFO] [stdout]   --> src/repositories/clinic_repository.rs:62:20
[INFO] [stdout]    |
[INFO] [stdout] 62 |           let rows = sqlx::query!(
[INFO] [stdout]    |  ____________________^
[INFO] [stdout] 63 | |             r#"SELECT osm_id, name, amenity,
[INFO] [stdout] 64 | |                 ST_X(ST_Transform(way, 4326)) as lon,
[INFO] [stdout] 65 | |                 ST_Y(ST_Transform(way, 4326)) as lat
[INFO] [stdout] ...  |
[INFO] [stdout] 77 | |             radius_m
[INFO] [stdout] 78 | |         )
[INFO] [stdout]    | |_________^
[INFO] [stdout]    |
[INFO] [stdout]    = note: this error originates in the macro `$crate::sqlx_macros::expand_query` which comes from the expansion of the macro `sqlx::query` (in Nightly builds, run with -Z macro-backtrace for more info)
[INFO] [stdout] 
[INFO] [stdout] 
[INFO] [stdout] error: set `DATABASE_URL` to use query macros online, or run `cargo sqlx prepare` to update the query cache
[INFO] [stdout]    --> src/repositories/clinic_repository.rs:95:20
[INFO] [stdout]     |
[INFO] [stdout]  95 |           let rows = sqlx::query!(
[INFO] [stdout]     |  ____________________^
[INFO] [stdout]  96 | |             r#"SELECT osm_id, name, amenity,
[INFO] [stdout]  97 | |                 ST_X(ST_Transform(way, 4326)) as lon,
[INFO] [stdout]  98 | |                 ST_Y(ST_Transform(way, 4326)) as lat
[INFO] [stdout] ...   |
[INFO] [stdout] 106 | |             max_lat
[INFO] [stdout] 107 | |         )
[INFO] [stdout]     | |_________^
[INFO] [stdout]     |
[INFO] [stdout]     = note: this error originates in the macro `$crate::sqlx_macros::expand_query` which comes from the expansion of the macro `sqlx::query` (in Nightly builds, run with -Z macro-backtrace for more info)
[INFO] [stdout] 
[INFO] [stdout] 
[INFO] [stdout] error: set `DATABASE_URL` to use query macros online, or run `cargo sqlx prepare` to update the query cache
[INFO] [stdout]   --> src/repositories/clinic_repository.rs:38:20
[INFO] [stdout]    |
[INFO] [stdout] 38 |           let rows = sqlx::query!(
[INFO] [stdout]    |  ____________________^
[INFO] [stdout] 39 | |             r#"SELECT osm_id, name, amenity,
[INFO] [stdout] 40 | |                 ST_X(ST_Transform(way, 4326)) as lon,
[INFO] [stdout] 41 | |                 ST_Y(ST_Transform(way, 4326)) as lat
[INFO] [stdout] ...  |
[INFO] [stdout] 44 | |             LIMIT 500"#
[INFO] [stdout] 45 | |         )
[INFO] [stdout]    | |_________^
[INFO] [stdout]    |
[INFO] [stdout]    = note: this error originates in the macro `$crate::sqlx_macros::expand_query` which comes from the expansion of the macro `sqlx::query` (in Nightly builds, run with -Z macro-backtrace for more info)
[INFO] [stdout] 
[INFO] [stdout] 
[INFO] [stdout] error: set `DATABASE_URL` to use query macros online, or run `cargo sqlx prepare` to update the query cache
[INFO] [stdout]   --> src/repositories/district_repository.rs:17:19
[INFO] [stdout]    |
[INFO] [stdout] 17 |           let row = sqlx::query!(
[INFO] [stdout]    |  ___________________^
[INFO] [stdout] 18 | |             r#"SELECT osm_id, name, amenity,
[INFO] [stdout] 19 | |                 ST_X(ST_Centroid(ST_Transform(way, 4326))) as lon,
[INFO] [stdout] 20 | |                 ST_Y(ST_Centroid(ST_Transform(way, 4326))) as lat,
[INFO] [stdout] ...  |
[INFO] [stdout] 24 | |             id
[INFO] [stdout] 25 | |         )
[INFO] [stdout]    | |_________^
[INFO] [stdout]    |
[INFO] [stdout]    = note: this error originates in the macro `$crate::sqlx_macros::expand_query` which comes from the expansion of the macro `sqlx::query` (in Nightly builds, run with -Z macro-backtrace for more info)
[INFO] [stdout] 
[INFO] [stdout] 
[INFO] [stdout] error: set `DATABASE_URL` to use query macros online, or run `cargo sqlx prepare` to update the query cache
[INFO] [stdout]   --> src/repositories/district_repository.rs:40:20
[INFO] [stdout]    |
[INFO] [stdout] 40 |           let rows = sqlx::query!(
[INFO] [stdout]    |  ____________________^
[INFO] [stdout] 41 | |             r#"SELECT osm_id, name, amenity,
[INFO] [stdout] 42 | |                 ST_X(ST_Centroid(ST_Transform(way, 4326))) as lon,
[INFO] [stdout] 43 | |                 ST_Y(ST_Centroid(ST_Transform(way, 4326))) as lat,
[INFO] [stdout] ...  |
[INFO] [stdout] 48 | |             LIMIT 500"#
[INFO] [stdout] 49 | |         )
[INFO] [stdout]    | |_________^
[INFO] [stdout]    |
[INFO] [stdout]    = note: this error originates in the macro `$crate::sqlx_macros::expand_query` which comes from the expansion of the macro `sqlx::query` (in Nightly builds, run with -Z macro-backtrace for more info)
[INFO] [stdout] 
[INFO] [stdout] 
[INFO] [stdout] error: set `DATABASE_URL` to use query macros online, or run `cargo sqlx prepare` to update the query cache
[INFO] [stdout]   --> src/repositories/clinic_repository.rs:62:20
[INFO] [stdout]    |
[INFO] [stdout] 62 |           let rows = sqlx::query!(
[INFO] [stdout]    |  ____________________^
[INFO] [stdout] 63 | |             r#"SELECT osm_id, name, amenity,
[INFO] [stdout] 64 | |                 ST_X(ST_Transform(way, 4326)) as lon,
[INFO] [stdout] 65 | |                 ST_Y(ST_Transform(way, 4326)) as lat
[INFO] [stdout] ...  |
[INFO] [stdout] 77 | |             radius_m
[INFO] [stdout] 78 | |         )
[INFO] [stdout]    | |_________^
[INFO] [stdout]    |
[INFO] [stdout]    = note: this error originates in the macro `$crate::sqlx_macros::expand_query` which comes from the expansion of the macro `sqlx::query` (in Nightly builds, run with -Z macro-backtrace for more info)
[INFO] [stdout] 
[INFO] [stdout] 
[INFO] [stdout] error: set `DATABASE_URL` to use query macros online, or run `cargo sqlx prepare` to update the query cache
[INFO] [stdout]   --> src/repositories/district_repository.rs:67:20
[INFO] [stdout]    |
[INFO] [stdout] 67 |           let rows = sqlx::query!(
[INFO] [stdout]    |  ____________________^
[INFO] [stdout] 68 | |             r#"SELECT h.osm_id, h.name, h.amenity,
[INFO] [stdout] 69 | |                 ST_X(ST_Transform(h.way, 4326)) as lon,
[INFO] [stdout] 70 | |                 ST_Y(ST_Transform(h.way, 4326)) as lat
[INFO] [stdout] ...  |
[INFO] [stdout] 75 | |             district_id
[INFO] [stdout] 76 | |         )
[INFO] [stdout]    | |_________^
[INFO] [stdout]    |
[INFO] [stdout]    = note: this error originates in the macro `$crate::sqlx_macros::expand_query` which comes from the expansion of the macro `sqlx::query` (in Nightly builds, run with -Z macro-backtrace for more info)
[INFO] [stdout] 
[INFO] [stdout] 
[INFO] [stdout] error: set `DATABASE_URL` to use query macros online, or run `cargo sqlx prepare` to update the query cache
[INFO] [stdout]   --> src/repositories/district_repository.rs:93:19
[INFO] [stdout]    |
[INFO] [stdout] 93 |           let row = sqlx::query!(
[INFO] [stdout]    |  ___________________^
[INFO] [stdout] 94 | |             r#"SELECT ST_Area(ST_Transform(way, 4326)::geography) / 1_000_000.0 as area_sq_km
[INFO] [stdout] 95 | |             FROM planet_osm_polygon
[INFO] [stdout] 96 | |             WHERE osm_id = $1"#,
[INFO] [stdout] 97 | |             district_id
[INFO] [stdout] 98 | |         )
[INFO] [stdout]    | |_________^
[INFO] [stdout]    |
[INFO] [stdout]    = note: this error originates in the macro `$crate::sqlx_macros::expand_query` which comes from the expansion of the macro `sqlx::query` (in Nightly builds, run with -Z macro-backtrace for more info)
[INFO] [stdout] 
[INFO] [stdout] 
[INFO] [stdout] error: set `DATABASE_URL` to use query macros online, or run `cargo sqlx prepare` to update the query cache
[INFO] [stdout]    --> src/repositories/district_repository.rs:107:20
[INFO] [stdout]     |
[INFO] [stdout] 107 |           let rows = sqlx::query!(
[INFO] [stdout]     |  ____________________^
[INFO] [stdout] 108 | |             r#"SELECT
[INFO] [stdout] 109 | |                 d.osm_id, d.name, d.amenity,
[INFO] [stdout] 110 | |                 ST_X(ST_Centroid(ST_Transform(d.way, 4326))) as lon,
[INFO] [stdout] ...   |
[INFO] [stdout] 120 | |             LIMIT 500"#
[INFO] [stdout] 121 | |         )
[INFO] [stdout]     | |_________^
[INFO] [stdout]     |
[INFO] [stdout]     = note: this error originates in the macro `$crate::sqlx_macros::expand_query` which comes from the expansion of the macro `sqlx::query` (in Nightly builds, run with -Z macro-backtrace for more info)
[INFO] [stdout] 
[INFO] [stdout] 
[INFO] [stdout] error: set `DATABASE_URL` to use query macros online, or run `cargo sqlx prepare` to update the query cache
[INFO] [stdout]   --> src/repositories/road_repository.rs:17:20
[INFO] [stdout]    |
[INFO] [stdout] 17 |           let rows = sqlx::query!(
[INFO] [stdout]    |  ____________________^
[INFO] [stdout] 18 | |             r#"SELECT osm_id, name, highway,
[INFO] [stdout] 19 | |                 ST_X(ST_LineInterpolatePoint(ST_Transform(way, 4326), 0.5)) as lon,
[INFO] [stdout] 20 | |                 ST_Y(ST_LineInterpolatePoint(ST_Transform(way, 4326), 0.5)) as lat,
[INFO] [stdout] ...  |
[INFO] [stdout] 24 | |             LIMIT 500"#
[INFO] [stdout] 25 | |         )
[INFO] [stdout]    | |_________^
[INFO] [stdout]    |
[INFO] [stdout]    = note: this error originates in the macro `$crate::sqlx_macros::expand_query` which comes from the expansion of the macro `sqlx::query` (in Nightly builds, run with -Z macro-backtrace for more info)
[INFO] [stdout] 
[INFO] [stdout] 
[INFO] [stdout] error: set `DATABASE_URL` to use query macros online, or run `cargo sqlx prepare` to update the query cache
[INFO] [stdout]    --> src/repositories/clinic_repository.rs:95:20
[INFO] [stdout]     |
[INFO] [stdout]  95 |           let rows = sqlx::query!(
[INFO] [stdout]     |  ____________________^
[INFO] [stdout]  96 | |             r#"SELECT osm_id, name, amenity,
[INFO] [stdout]  97 | |                 ST_X(ST_Transform(way, 4326)) as lon,
[INFO] [stdout]  98 | |                 ST_Y(ST_Transform(way, 4326)) as lat
[INFO] [stdout] ...   |
[INFO] [stdout] 106 | |             max_lat
[INFO] [stdout] 107 | |         )
[INFO] [stdout]     | |_________^
[INFO] [stdout]     |
[INFO] [stdout]     = note: this error originates in the macro `$crate::sqlx_macros::expand_query` which comes from the expansion of the macro `sqlx::query` (in Nightly builds, run with -Z macro-backtrace for more info)
[INFO] [stdout] 
[INFO] [stdout] 
[INFO] [stdout] error: set `DATABASE_URL` to use query macros online, or run `cargo sqlx prepare` to update the query cache
[INFO] [stdout]   --> src/repositories/road_repository.rs:43:20
[INFO] [stdout]    |
[INFO] [stdout] 43 |           let rows = sqlx::query!(
[INFO] [stdout]    |  ____________________^
[INFO] [stdout] 44 | |             r#"SELECT r.osm_id, r.name, r.highway,
[INFO] [stdout] 45 | |                 ST_X(ST_LineInterpolatePoint(ST_Transform(r.way, 4326), 0.5)) as lon,
[INFO] [stdout] 46 | |                 ST_Y(ST_LineInterpolatePoint(ST_Transform(r.way, 4326), 0.5)) as lat,
[INFO] [stdout] ...  |
[INFO] [stdout] 57 | |             radius_m
[INFO] [stdout] 58 | |         )
[INFO] [stdout]    | |_________^
[INFO] [stdout]    |
[INFO] [stdout]    = note: this error originates in the macro `$crate::sqlx_macros::expand_query` which comes from the expansion of the macro `sqlx::query` (in Nightly builds, run with -Z macro-backtrace for more info)
[INFO] [stdout] 
[INFO] [stdout] 
[INFO] [stdout] error: set `DATABASE_URL` to use query macros online, or run `cargo sqlx prepare` to update the query cache
[INFO] [stdout]   --> src/repositories/road_repository.rs:76:20
[INFO] [stdout]    |
[INFO] [stdout] 76 |           let rows = sqlx::query!(
[INFO] [stdout]    |  ____________________^
[INFO] [stdout] 77 | |             r#"SELECT osm_id, name, highway,
[INFO] [stdout] 78 | |                 ST_X(ST_LineInterpolatePoint(ST_Transform(way, 4326), 0.5)) as lon,
[INFO] [stdout] 79 | |                 ST_Y(ST_LineInterpolatePoint(ST_Transform(way, 4326), 0.5)) as lat,
[INFO] [stdout] ...  |
[INFO] [stdout] 84 | |             area_wkt
[INFO] [stdout] 85 | |         )
[INFO] [stdout]    | |_________^
[INFO] [stdout]    |
[INFO] [stdout]    = note: this error originates in the macro `$crate::sqlx_macros::expand_query` which comes from the expansion of the macro `sqlx::query` (in Nightly builds, run with -Z macro-backtrace for more info)
[INFO] [stdout] 
[INFO] [stdout] 
[INFO] [stdout] error: set `DATABASE_URL` to use query macros online, or run `cargo sqlx prepare` to update the query cache
[INFO] [stdout]   --> src/repositories/spatial_repository.rs:25:20
[INFO] [stdout]    |
[INFO] [stdout] 25 |           let rows = sqlx::query!(
[INFO] [stdout]    |  ____________________^
[INFO] [stdout] 26 | |             r#"SELECT 'point' as entity_type, osm_id, name,
[INFO] [stdout] 27 | |                 ST_X(ST_Transform(way, 4326)) as lon,
[INFO] [stdout] 28 | |                 ST_Y(ST_Transform(way, 4326)) as lat
[INFO] [stdout] ...  |
[INFO] [stdout] 37 | |             _radius_m
[INFO] [stdout] 38 | |         )
[INFO] [stdout]    | |_________^
[INFO] [stdout]    |
[INFO] [stdout]    = note: this error originates in the macro `$crate::sqlx_macros::expand_query` which comes from the expansion of the macro `sqlx::query` (in Nightly builds, run with -Z macro-backtrace for more info)
[INFO] [stdout] 
[INFO] [stdout] 
[INFO] [stdout] error: set `DATABASE_URL` to use query macros online, or run `cargo sqlx prepare` to update the query cache
[INFO] [stdout]   --> src/repositories/district_repository.rs:17:19
[INFO] [stdout]    |
[INFO] [stdout] 17 |           let row = sqlx::query!(
[INFO] [stdout]    |  ___________________^
[INFO] [stdout] 18 | |             r#"SELECT osm_id, name, amenity,
[INFO] [stdout] 19 | |                 ST_X(ST_Centroid(ST_Transform(way, 4326))) as lon,
[INFO] [stdout] 20 | |                 ST_Y(ST_Centroid(ST_Transform(way, 4326))) as lat,
[INFO] [stdout] ...  |
[INFO] [stdout] 24 | |             id
[INFO] [stdout] 25 | |         )
[INFO] [stdout]    | |_________^
[INFO] [stdout]    |
[INFO] [stdout]    = note: this error originates in the macro `$crate::sqlx_macros::expand_query` which comes from the expansion of the macro `sqlx::query` (in Nightly builds, run with -Z macro-backtrace for more info)
[INFO] [stdout] 
[INFO] [stdout] 
[INFO] [stdout] error: set `DATABASE_URL` to use query macros online, or run `cargo sqlx prepare` to update the query cache
[INFO] [stdout]   --> src/repositories/spatial_repository.rs:52:20
[INFO] [stdout]    |
[INFO] [stdout] 52 |           let rows = sqlx::query!(
[INFO] [stdout]    |  ____________________^
[INFO] [stdout] 53 | |             r#"SELECT 'point' as entity_type, osm_id, name,
[INFO] [stdout] 54 | |                 ST_X(ST_Transform(way, 4326)) as lon,
[INFO] [stdout] 55 | |                 ST_Y(ST_Transform(way, 4326)) as lat
[INFO] [stdout] ...  |
[INFO] [stdout] 61 | |             _max_lat
[INFO] [stdout] 62 | |         )
[INFO] [stdout]    | |_________^
[INFO] [stdout]    |
[INFO] [stdout]    = note: this error originates in the macro `$crate::sqlx_macros::expand_query` which comes from the expansion of the macro `sqlx::query` (in Nightly builds, run with -Z macro-backtrace for more info)
[INFO] [stdout] 
[INFO] [stdout] 
[INFO] [stdout] error: set `DATABASE_URL` to use query macros online, or run `cargo sqlx prepare` to update the query cache
[INFO] [stdout]   --> src/repositories/district_repository.rs:40:20
[INFO] [stdout]    |
[INFO] [stdout] 40 |           let rows = sqlx::query!(
[INFO] [stdout]    |  ____________________^
[INFO] [stdout] 41 | |             r#"SELECT osm_id, name, amenity,
[INFO] [stdout] 42 | |                 ST_X(ST_Centroid(ST_Transform(way, 4326))) as lon,
[INFO] [stdout] 43 | |                 ST_Y(ST_Centroid(ST_Transform(way, 4326))) as lat,
[INFO] [stdout] ...  |
[INFO] [stdout] 48 | |             LIMIT 500"#
[INFO] [stdout] 49 | |         )
[INFO] [stdout]    | |_________^
[INFO] [stdout]    |
[INFO] [stdout]    = note: this error originates in the macro `$crate::sqlx_macros::expand_query` which comes from the expansion of the macro `sqlx::query` (in Nightly builds, run with -Z macro-backtrace for more info)
[INFO] [stdout] 
[INFO] [stdout] 
[INFO] [stdout] error: set `DATABASE_URL` to use query macros online, or run `cargo sqlx prepare` to update the query cache
[INFO] [stdout]   --> src/repositories/district_repository.rs:67:20
[INFO] [stdout]    |
[INFO] [stdout] 67 |           let rows = sqlx::query!(
[INFO] [stdout]    |  ____________________^
[INFO] [stdout] 68 | |             r#"SELECT h.osm_id, h.name, h.amenity,
[INFO] [stdout] 69 | |                 ST_X(ST_Transform(h.way, 4326)) as lon,
[INFO] [stdout] 70 | |                 ST_Y(ST_Transform(h.way, 4326)) as lat
[INFO] [stdout] ...  |
[INFO] [stdout] 75 | |             district_id
[INFO] [stdout] 76 | |         )
[INFO] [stdout]    | |_________^
[INFO] [stdout]    |
[INFO] [stdout]    = note: this error originates in the macro `$crate::sqlx_macros::expand_query` which comes from the expansion of the macro `sqlx::query` (in Nightly builds, run with -Z macro-backtrace for more info)
[INFO] [stdout] 
[INFO] [stdout] 
[INFO] [stdout] error: set `DATABASE_URL` to use query macros online, or run `cargo sqlx prepare` to update the query cache
[INFO] [stdout]   --> src/repositories/spatial_repository.rs:76:20
[INFO] [stdout]    |
[INFO] [stdout] 76 |           let rows = sqlx::query!(
[INFO] [stdout]    |  ____________________^
[INFO] [stdout] 77 | |             r#"SELECT 'point' as entity_type, osm_id, name,
[INFO] [stdout] 78 | |                 ST_X(ST_Transform(way, 4326)) as lon,
[INFO] [stdout] 79 | |                 ST_Y(ST_Transform(way, 4326)) as lat
[INFO] [stdout] ...  |
[INFO] [stdout] 82 | |             _polygon_wkt
[INFO] [stdout] 83 | |         )
[INFO] [stdout]    | |_________^
[INFO] [stdout]    |
[INFO] [stdout]    = note: this error originates in the macro `$crate::sqlx_macros::expand_query` which comes from the expansion of the macro `sqlx::query` (in Nightly builds, run with -Z macro-backtrace for more info)
[INFO] [stdout] 
[INFO] [stdout] 
[INFO] [stdout] error: set `DATABASE_URL` to use query macros online, or run `cargo sqlx prepare` to update the query cache
[INFO] [stdout]   --> src/repositories/district_repository.rs:93:19
[INFO] [stdout]    |
[INFO] [stdout] 93 |           let row = sqlx::query!(
[INFO] [stdout]    |  ___________________^
[INFO] [stdout] 94 | |             r#"SELECT ST_Area(ST_Transform(way, 4326)::geography) / 1_000_000.0 as area_sq_km
[INFO] [stdout] 95 | |             FROM planet_osm_polygon
[INFO] [stdout] 96 | |             WHERE osm_id = $1"#,
[INFO] [stdout] 97 | |             district_id
[INFO] [stdout] 98 | |         )
[INFO] [stdout]    | |_________^
[INFO] [stdout]    |
[INFO] [stdout]    = note: this error originates in the macro `$crate::sqlx_macros::expand_query` which comes from the expansion of the macro `sqlx::query` (in Nightly builds, run with -Z macro-backtrace for more info)
[INFO] [stdout] 
[INFO] [stdout] 
[INFO] [stdout] error: set `DATABASE_URL` to use query macros online, or run `cargo sqlx prepare` to update the query cache
[INFO] [stdout]    --> src/repositories/district_repository.rs:107:20
[INFO] [stdout]     |
[INFO] [stdout] 107 |           let rows = sqlx::query!(
[INFO] [stdout]     |  ____________________^
[INFO] [stdout] 108 | |             r#"SELECT
[INFO] [stdout] 109 | |                 d.osm_id, d.name, d.amenity,
[INFO] [stdout] 110 | |                 ST_X(ST_Centroid(ST_Transform(d.way, 4326))) as lon,
[INFO] [stdout] ...   |
[INFO] [stdout] 120 | |             LIMIT 500"#
[INFO] [stdout] 121 | |         )
[INFO] [stdout]     | |_________^
[INFO] [stdout]     |
[INFO] [stdout]     = note: this error originates in the macro `$crate::sqlx_macros::expand_query` which comes from the expansion of the macro `sqlx::query` (in Nightly builds, run with -Z macro-backtrace for more info)
[INFO] [stdout] 
[INFO] [stdout] 
[INFO] [stdout] error: set `DATABASE_URL` to use query macros online, or run `cargo sqlx prepare` to update the query cache
[INFO] [stdout]   --> src/repositories/road_repository.rs:17:20
[INFO] [stdout]    |
[INFO] [stdout] 17 |           let rows = sqlx::query!(
[INFO] [stdout]    |  ____________________^
[INFO] [stdout] 18 | |             r#"SELECT osm_id, name, highway,
[INFO] [stdout] 19 | |                 ST_X(ST_LineInterpolatePoint(ST_Transform(way, 4326), 0.5)) as lon,
[INFO] [stdout] 20 | |                 ST_Y(ST_LineInterpolatePoint(ST_Transform(way, 4326), 0.5)) as lat,
[INFO] [stdout] ...  |
[INFO] [stdout] 24 | |             LIMIT 500"#
[INFO] [stdout] 25 | |         )
[INFO] [stdout]    | |_________^
[INFO] [stdout]    |
[INFO] [stdout]    = note: this error originates in the macro `$crate::sqlx_macros::expand_query` which comes from the expansion of the macro `sqlx::query` (in Nightly builds, run with -Z macro-backtrace for more info)
[INFO] [stdout] 
[INFO] [stdout] 
[INFO] [stdout] error: set `DATABASE_URL` to use query macros online, or run `cargo sqlx prepare` to update the query cache
[INFO] [stdout]   --> src/repositories/road_repository.rs:43:20
[INFO] [stdout]    |
[INFO] [stdout] 43 |           let rows = sqlx::query!(
[INFO] [stdout]    |  ____________________^
[INFO] [stdout] 44 | |             r#"SELECT r.osm_id, r.name, r.highway,
[INFO] [stdout] 45 | |                 ST_X(ST_LineInterpolatePoint(ST_Transform(r.way, 4326), 0.5)) as lon,
[INFO] [stdout] 46 | |                 ST_Y(ST_LineInterpolatePoint(ST_Transform(r.way, 4326), 0.5)) as lat,
[INFO] [stdout] ...  |
[INFO] [stdout] 57 | |             radius_m
[INFO] [stdout] 58 | |         )
[INFO] [stdout]    | |_________^
[INFO] [stdout]    |
[INFO] [stdout]    = note: this error originates in the macro `$crate::sqlx_macros::expand_query` which comes from the expansion of the macro `sqlx::query` (in Nightly builds, run with -Z macro-backtrace for more info)
[INFO] [stdout] 
[INFO] [stdout] 
[INFO] [stdout] error: set `DATABASE_URL` to use query macros online, or run `cargo sqlx prepare` to update the query cache
[INFO] [stdout]   --> src/repositories/road_repository.rs:76:20
[INFO] [stdout]    |
[INFO] [stdout] 76 |           let rows = sqlx::query!(
[INFO] [stdout]    |  ____________________^
[INFO] [stdout] 77 | |             r#"SELECT osm_id, name, highway,
[INFO] [stdout] 78 | |                 ST_X(ST_LineInterpolatePoint(ST_Transform(way, 4326), 0.5)) as lon,
[INFO] [stdout] 79 | |                 ST_Y(ST_LineInterpolatePoint(ST_Transform(way, 4326), 0.5)) as lat,
[INFO] [stdout] ...  |
[INFO] [stdout] 84 | |             area_wkt
[INFO] [stdout] 85 | |         )
[INFO] [stdout]    | |_________^
[INFO] [stdout]    |
[INFO] [stdout]    = note: this error originates in the macro `$crate::sqlx_macros::expand_query` which comes from the expansion of the macro `sqlx::query` (in Nightly builds, run with -Z macro-backtrace for more info)
[INFO] [stdout] 
[INFO] [stdout] 
[INFO] [stdout] error: set `DATABASE_URL` to use query macros online, or run `cargo sqlx prepare` to update the query cache
[INFO] [stdout]   --> src/repositories/spatial_repository.rs:25:20
[INFO] [stdout]    |
[INFO] [stdout] 25 |           let rows = sqlx::query!(
[INFO] [stdout]    |  ____________________^
[INFO] [stdout] 26 | |             r#"SELECT 'point' as entity_type, osm_id, name,
[INFO] [stdout] 27 | |                 ST_X(ST_Transform(way, 4326)) as lon,
[INFO] [stdout] 28 | |                 ST_Y(ST_Transform(way, 4326)) as lat
[INFO] [stdout] ...  |
[INFO] [stdout] 37 | |             _radius_m
[INFO] [stdout] 38 | |         )
[INFO] [stdout]    | |_________^
[INFO] [stdout]    |
[INFO] [stdout]    = note: this error originates in the macro `$crate::sqlx_macros::expand_query` which comes from the expansion of the macro `sqlx::query` (in Nightly builds, run with -Z macro-backtrace for more info)
[INFO] [stdout] 
[INFO] [stdout] 
[INFO] [stdout] error: set `DATABASE_URL` to use query macros online, or run `cargo sqlx prepare` to update the query cache
[INFO] [stdout]   --> src/repositories/spatial_repository.rs:52:20
[INFO] [stdout]    |
[INFO] [stdout] 52 |           let rows = sqlx::query!(
[INFO] [stdout]    |  ____________________^
[INFO] [stdout] 53 | |             r#"SELECT 'point' as entity_type, osm_id, name,
[INFO] [stdout] 54 | |                 ST_X(ST_Transform(way, 4326)) as lon,
[INFO] [stdout] 55 | |                 ST_Y(ST_Transform(way, 4326)) as lat
[INFO] [stdout] ...  |
[INFO] [stdout] 61 | |             _max_lat
[INFO] [stdout] 62 | |         )
[INFO] [stdout]    | |_________^
[INFO] [stdout]    |
[INFO] [stdout]    = note: this error originates in the macro `$crate::sqlx_macros::expand_query` which comes from the expansion of the macro `sqlx::query` (in Nightly builds, run with -Z macro-backtrace for more info)
[INFO] [stdout] 
[INFO] [stdout] 
[INFO] [stdout] error: set `DATABASE_URL` to use query macros online, or run `cargo sqlx prepare` to update the query cache
[INFO] [stdout]   --> src/repositories/spatial_repository.rs:76:20
[INFO] [stdout]    |
[INFO] [stdout] 76 |           let rows = sqlx::query!(
[INFO] [stdout]    |  ____________________^
[INFO] [stdout] 77 | |             r#"SELECT 'point' as entity_type, osm_id, name,
[INFO] [stdout] 78 | |                 ST_X(ST_Transform(way, 4326)) as lon,
[INFO] [stdout] 79 | |                 ST_Y(ST_Transform(way, 4326)) as lat
[INFO] [stdout] ...  |
[INFO] [stdout] 82 | |             _polygon_wkt
[INFO] [stdout] 83 | |         )
[INFO] [stdout]    | |_________^
[INFO] [stdout]    |
[INFO] [stdout]    = note: this error originates in the macro `$crate::sqlx_macros::expand_query` which comes from the expansion of the macro `sqlx::query` (in Nightly builds, run with -Z macro-backtrace for more info)
[INFO] [stdout] 
[INFO] [stdout] 
[INFO] [stdout] warning: method call on a diverging inference variable
[INFO] [stdout]   --> src/repositories/hospital_repository.rs:28:16
[INFO] [stdout]    |
[INFO] [stdout] 28 |         Ok(row.map(|r| Hospital {
[INFO] [stdout]    |                ^^^
[INFO] [stdout]    |
[INFO] [stdout]    = help: consider providing a type annotation
[INFO] [stdout]    = warning: this was previously accepted by the compiler but is being phased out; it will become a hard error in a future release!
[INFO] [stdout]    = note: for more information, see issue #156047 <https://github.com/rust-lang/rust/issues/156047>
[INFO] [stdout]    = note: `#[warn(method_call_on_diverging_infer_var)]` (part of `#[warn(future_incompatible)]`) on by default
[INFO] [stdout] 
[INFO] [stdout] 
[INFO] [stdout] warning: method call on a diverging inference variable
[INFO] [stdout]   --> src/repositories/hospital_repository.rs:28:16
[INFO] [stdout]    |
[INFO] [stdout] 28 |         Ok(row.map(|r| Hospital {
[INFO] [stdout]    |                ^^^
[INFO] [stdout]    |
[INFO] [stdout]    = help: consider providing a type annotation
[INFO] [stdout]    = warning: this was previously accepted by the compiler but is being phased out; it will become a hard error in a future release!
[INFO] [stdout]    = note: for more information, see issue #156047 <https://github.com/rust-lang/rust/issues/156047>
[INFO] [stdout]    = note: `#[warn(method_call_on_diverging_infer_var)]` (part of `#[warn(future_incompatible)]`) on by default
[INFO] [stdout] 
[INFO] [stdout] 
[INFO] [stdout] error[E0599]: `!` is not an iterator
[INFO] [stdout]   --> src/repositories/hospital_repository.rs:28:16
[INFO] [stdout]    |
[INFO] [stdout] 28 |         Ok(row.map(|r| Hospital {
[INFO] [stdout]    |                ^^^ `!` is not an iterator
[INFO] [stdout]    |
[INFO] [stdout]    = note: the following trait bounds were not satisfied:
[INFO] [stdout]            `!: Iterator`
[INFO] [stdout]            which is required by `&mut !: Iterator`
[INFO] [stdout] 
[INFO] [stdout] 
[INFO] [stdout] warning: method call on a diverging inference variable
[INFO] [stdout]   --> src/repositories/hospital_repository.rs:50:14
[INFO] [stdout]    |
[INFO] [stdout] 50 |             .into_iter()
[INFO] [stdout]    |              ^^^^^^^^^
[INFO] [stdout]    |
[INFO] [stdout]    = help: consider providing a type annotation
[INFO] [stdout]    = warning: this was previously accepted by the compiler but is being phased out; it will become a hard error in a future release!
[INFO] [stdout]    = note: for more information, see issue #156047 <https://github.com/rust-lang/rust/issues/156047>
[INFO] [stdout] 
[INFO] [stdout] 
[INFO] [stdout] error[E0599]: `!` is not an iterator
[INFO] [stdout]   --> src/repositories/hospital_repository.rs:50:14
[INFO] [stdout]    |
[INFO] [stdout] 49 |         Ok(rows
[INFO] [stdout] 50 |             .into_iter()
[INFO] [stdout]    |              ^^^^^^^^^ `!` is not an iterator
[INFO] [stdout]    |
[INFO] [stdout]    = note: the following trait bounds were not satisfied:
[INFO] [stdout]            `!: Iterator`
[INFO] [stdout]            which is required by `!: IntoIterator`
[INFO] [stdout]            `&!: Iterator`
[INFO] [stdout]            which is required by `&!: IntoIterator`
[INFO] [stdout]            `&mut !: Iterator`
[INFO] [stdout]            which is required by `&mut !: IntoIterator`
[INFO] [stdout] 
[INFO] [stdout] 
[INFO] [stdout] warning: method call on a diverging inference variable
[INFO] [stdout]   --> src/repositories/hospital_repository.rs:83:14
[INFO] [stdout]    |
[INFO] [stdout] 83 |             .into_iter()
[INFO] [stdout]    |              ^^^^^^^^^
[INFO] [stdout]    |
[INFO] [stdout]    = help: consider providing a type annotation
[INFO] [stdout]    = warning: this was previously accepted by the compiler but is being phased out; it will become a hard error in a future release!
[INFO] [stdout]    = note: for more information, see issue #156047 <https://github.com/rust-lang/rust/issues/156047>
[INFO] [stdout] 
[INFO] [stdout] 
[INFO] [stdout] error[E0599]: `!` is not an iterator
[INFO] [stdout]   --> src/repositories/hospital_repository.rs:28:16
[INFO] [stdout]    |
[INFO] [stdout] 28 |         Ok(row.map(|r| Hospital {
[INFO] [stdout]    |                ^^^ `!` is not an iterator
[INFO] [stdout]    |
[INFO] [stdout]    = note: the following trait bounds were not satisfied:
[INFO] [stdout]            `!: Iterator`
[INFO] [stdout]            which is required by `&mut !: Iterator`
[INFO] [stdout] 
[INFO] [stdout] 
[INFO] [stdout] warning: method call on a diverging inference variable
[INFO] [stdout]   --> src/repositories/hospital_repository.rs:50:14
[INFO] [stdout]    |
[INFO] [stdout] 50 |             .into_iter()
[INFO] [stdout]    |              ^^^^^^^^^
[INFO] [stdout]    |
[INFO] [stdout]    = help: consider providing a type annotation
[INFO] [stdout]    = warning: this was previously accepted by the compiler but is being phased out; it will become a hard error in a future release!
[INFO] [stdout]    = note: for more information, see issue #156047 <https://github.com/rust-lang/rust/issues/156047>
[INFO] [stdout] 
[INFO] [stdout] 
[INFO] [stdout] error[E0599]: `!` is not an iterator
[INFO] [stdout]   --> src/repositories/hospital_repository.rs:83:14
[INFO] [stdout]    |
[INFO] [stdout] 82 |         Ok(rows
[INFO] [stdout] 83 |             .into_iter()
[INFO] [stdout]    |              ^^^^^^^^^ `!` is not an iterator
[INFO] [stdout]    |
[INFO] [stdout]    = note: the following trait bounds were not satisfied:
[INFO] [stdout]            `!: Iterator`
[INFO] [stdout]            which is required by `!: IntoIterator`
[INFO] [stdout]            `&!: Iterator`
[INFO] [stdout]            which is required by `&!: IntoIterator`
[INFO] [stdout]            `&mut !: Iterator`
[INFO] [stdout]            which is required by `&mut !: IntoIterator`
[INFO] [stdout] 
[INFO] [stdout] 
[INFO] [stdout] warning: method call on a diverging inference variable
[INFO] [stdout]    --> src/repositories/hospital_repository.rs:112:14
[INFO] [stdout]     |
[INFO] [stdout] 112 |             .into_iter()
[INFO] [stdout]     |              ^^^^^^^^^
[INFO] [stdout]     |
[INFO] [stdout]     = help: consider providing a type annotation
[INFO] [stdout]     = warning: this was previously accepted by the compiler but is being phased out; it will become a hard error in a future release!
[INFO] [stdout]     = note: for more information, see issue #156047 <https://github.com/rust-lang/rust/issues/156047>
[INFO] [stdout] 
[INFO] [stdout] 
[INFO] [stdout] error[E0599]: `!` is not an iterator
[INFO] [stdout]    --> src/repositories/hospital_repository.rs:112:14
[INFO] [stdout]     |
[INFO] [stdout] 111 |         Ok(rows
[INFO] [stdout] 112 |             .into_iter()
[INFO] [stdout]     |              ^^^^^^^^^ `!` is not an iterator
[INFO] [stdout]     |
[INFO] [stdout]     = note: the following trait bounds were not satisfied:
[INFO] [stdout]             `!: Iterator`
[INFO] [stdout]             which is required by `!: IntoIterator`
[INFO] [stdout]             `&!: Iterator`
[INFO] [stdout]             which is required by `&!: IntoIterator`
[INFO] [stdout]             `&mut !: Iterator`
[INFO] [stdout]             which is required by `&mut !: IntoIterator`
[INFO] [stdout] 
[INFO] [stdout] 
[INFO] [stdout] warning: method call on a diverging inference variable
[INFO] [stdout]    --> src/repositories/hospital_repository.rs:138:14
[INFO] [stdout]     |
[INFO] [stdout] 138 |             .into_iter()
[INFO] [stdout]     |              ^^^^^^^^^
[INFO] [stdout]     |
[INFO] [stdout]     = help: consider providing a type annotation
[INFO] [stdout]     = warning: this was previously accepted by the compiler but is being phased out; it will become a hard error in a future release!
[INFO] [stdout]     = note: for more information, see issue #156047 <https://github.com/rust-lang/rust/issues/156047>
[INFO] [stdout] 
[INFO] [stdout] 
[INFO] [stdout] error[E0599]: `!` is not an iterator
[INFO] [stdout]    --> src/repositories/hospital_repository.rs:138:14
[INFO] [stdout]     |
[INFO] [stdout] 137 |         Ok(rows
[INFO] [stdout] 138 |             .into_iter()
[INFO] [stdout]     |              ^^^^^^^^^ `!` is not an iterator
[INFO] [stdout]     |
[INFO] [stdout]     = note: the following trait bounds were not satisfied:
[INFO] [stdout]             `!: Iterator`
[INFO] [stdout]             which is required by `!: IntoIterator`
[INFO] [stdout]             `&!: Iterator`
[INFO] [stdout]             which is required by `&!: IntoIterator`
[INFO] [stdout]             `&mut !: Iterator`
[INFO] [stdout]             which is required by `&mut !: IntoIterator`
[INFO] [stdout] 
[INFO] [stdout] 
[INFO] [stdout] warning: method call on a diverging inference variable
[INFO] [stdout]   --> src/repositories/clinic_repository.rs:28:16
[INFO] [stdout]    |
[INFO] [stdout] 28 |         Ok(row.map(|r| Clinic {
[INFO] [stdout]    |                ^^^
[INFO] [stdout]    |
[INFO] [stdout]    = help: consider providing a type annotation
[INFO] [stdout]    = warning: this was previously accepted by the compiler but is being phased out; it will become a hard error in a future release!
[INFO] [stdout]    = note: for more information, see issue #156047 <https://github.com/rust-lang/rust/issues/156047>
[INFO] [stdout] 
[INFO] [stdout] 
[INFO] [stdout] error[E0599]: `!` is not an iterator
[INFO] [stdout]   --> src/repositories/clinic_repository.rs:28:16
[INFO] [stdout]    |
[INFO] [stdout] 28 |         Ok(row.map(|r| Clinic {
[INFO] [stdout]    |                ^^^ `!` is not an iterator
[INFO] [stdout]    |
[INFO] [stdout]    = note: the following trait bounds were not satisfied:
[INFO] [stdout]            `!: Iterator`
[INFO] [stdout]            which is required by `&mut !: Iterator`
[INFO] [stdout] 
[INFO] [stdout] 
[INFO] [stdout] warning: method call on a diverging inference variable
[INFO] [stdout]   --> src/repositories/clinic_repository.rs:50:14
[INFO] [stdout]    |
[INFO] [stdout] 50 |             .into_iter()
[INFO] [stdout]    |              ^^^^^^^^^
[INFO] [stdout]    |
[INFO] [stdout]    = help: consider providing a type annotation
[INFO] [stdout]    = warning: this was previously accepted by the compiler but is being phased out; it will become a hard error in a future release!
[INFO] [stdout]    = note: for more information, see issue #156047 <https://github.com/rust-lang/rust/issues/156047>
[INFO] [stdout] 
[INFO] [stdout] 
[INFO] [stdout] error[E0599]: `!` is not an iterator
[INFO] [stdout]   --> src/repositories/clinic_repository.rs:50:14
[INFO] [stdout]    |
[INFO] [stdout] 49 |         Ok(rows
[INFO] [stdout] 50 |             .into_iter()
[INFO] [stdout]    |              ^^^^^^^^^ `!` is not an iterator
[INFO] [stdout]    |
[INFO] [stdout]    = note: the following trait bounds were not satisfied:
[INFO] [stdout]            `!: Iterator`
[INFO] [stdout]            which is required by `!: IntoIterator`
[INFO] [stdout]            `&!: Iterator`
[INFO] [stdout]            which is required by `&!: IntoIterator`
[INFO] [stdout]            `&mut !: Iterator`
[INFO] [stdout]            which is required by `&mut !: IntoIterator`
[INFO] [stdout] 
[INFO] [stdout] 
[INFO] [stdout] warning: method call on a diverging inference variable
[INFO] [stdout]   --> src/repositories/clinic_repository.rs:83:14
[INFO] [stdout]    |
[INFO] [stdout] 83 |             .into_iter()
[INFO] [stdout]    |              ^^^^^^^^^
[INFO] [stdout]    |
[INFO] [stdout]    = help: consider providing a type annotation
[INFO] [stdout]    = warning: this was previously accepted by the compiler but is being phased out; it will become a hard error in a future release!
[INFO] [stdout]    = note: for more information, see issue #156047 <https://github.com/rust-lang/rust/issues/156047>
[INFO] [stdout] 
[INFO] [stdout] 
[INFO] [stdout] error[E0599]: `!` is not an iterator
[INFO] [stdout]   --> src/repositories/hospital_repository.rs:50:14
[INFO] [stdout]    |
[INFO] [stdout] 49 |         Ok(rows
[INFO] [stdout] 50 |             .into_iter()
[INFO] [stdout]    |              ^^^^^^^^^ `!` is not an iterator
[INFO] [stdout]    |
[INFO] [stdout]    = note: the following trait bounds were not satisfied:
[INFO] [stdout]            `!: Iterator`
[INFO] [stdout]            which is required by `!: IntoIterator`
[INFO] [stdout]            `&!: Iterator`
[INFO] [stdout]            which is required by `&!: IntoIterator`
[INFO] [stdout]            `&mut !: Iterator`
[INFO] [stdout]            which is required by `&mut !: IntoIterator`
[INFO] [stdout] 
[INFO] [stdout] 
[INFO] [stdout] warning: method call on a diverging inference variable
[INFO] [stdout]   --> src/repositories/hospital_repository.rs:83:14
[INFO] [stdout]    |
[INFO] [stdout] 83 |             .into_iter()
[INFO] [stdout]    |              ^^^^^^^^^
[INFO] [stdout]    |
[INFO] [stdout]    = help: consider providing a type annotation
[INFO] [stdout]    = warning: this was previously accepted by the compiler but is being phased out; it will become a hard error in a future release!
[INFO] [stdout]    = note: for more information, see issue #156047 <https://github.com/rust-lang/rust/issues/156047>
[INFO] [stdout] 
[INFO] [stdout] 
[INFO] [stdout] error[E0599]: `!` is not an iterator
[INFO] [stdout]   --> src/repositories/clinic_repository.rs:83:14
[INFO] [stdout]    |
[INFO] [stdout] 82 |         Ok(rows
[INFO] [stdout] 83 |             .into_iter()
[INFO] [stdout]    |              ^^^^^^^^^ `!` is not an iterator
[INFO] [stdout]    |
[INFO] [stdout]    = note: the following trait bounds were not satisfied:
[INFO] [stdout]            `!: Iterator`
[INFO] [stdout]            which is required by `!: IntoIterator`
[INFO] [stdout]            `&!: Iterator`
[INFO] [stdout]            which is required by `&!: IntoIterator`
[INFO] [stdout]            `&mut !: Iterator`
[INFO] [stdout]            which is required by `&mut !: IntoIterator`
[INFO] [stdout] 
[INFO] [stdout] 
[INFO] [stdout] warning: method call on a diverging inference variable
[INFO] [stdout]    --> src/repositories/clinic_repository.rs:112:14
[INFO] [stdout]     |
[INFO] [stdout] 112 |             .into_iter()
[INFO] [stdout]     |              ^^^^^^^^^
[INFO] [stdout]     |
[INFO] [stdout]     = help: consider providing a type annotation
[INFO] [stdout]     = warning: this was previously accepted by the compiler but is being phased out; it will become a hard error in a future release!
[INFO] [stdout]     = note: for more information, see issue #156047 <https://github.com/rust-lang/rust/issues/156047>
[INFO] [stdout] 
[INFO] [stdout] 
[INFO] [stdout] error[E0599]: `!` is not an iterator
[INFO] [stdout]    --> src/repositories/clinic_repository.rs:112:14
[INFO] [stdout]     |
[INFO] [stdout] 111 |         Ok(rows
[INFO] [stdout] 112 |             .into_iter()
[INFO] [stdout]     |              ^^^^^^^^^ `!` is not an iterator
[INFO] [stdout]     |
[INFO] [stdout]     = note: the following trait bounds were not satisfied:
[INFO] [stdout]             `!: Iterator`
[INFO] [stdout]             which is required by `!: IntoIterator`
[INFO] [stdout]             `&!: Iterator`
[INFO] [stdout]             which is required by `&!: IntoIterator`
[INFO] [stdout]             `&mut !: Iterator`
[INFO] [stdout]             which is required by `&mut !: IntoIterator`
[INFO] [stdout] 
[INFO] [stdout] 
[INFO] [stdout] warning: method call on a diverging inference variable
[INFO] [stdout]   --> src/repositories/district_repository.rs:29:16
[INFO] [stdout]    |
[INFO] [stdout] 29 |         Ok(row.map(|r| District {
[INFO] [stdout]    |                ^^^
[INFO] [stdout]    |
[INFO] [stdout]    = help: consider providing a type annotation
[INFO] [stdout]    = warning: this was previously accepted by the compiler but is being phased out; it will become a hard error in a future release!
[INFO] [stdout]    = note: for more information, see issue #156047 <https://github.com/rust-lang/rust/issues/156047>
[INFO] [stdout] 
[INFO] [stdout] 
[INFO] [stdout] error[E0599]: `!` is not an iterator
[INFO] [stdout]   --> src/repositories/hospital_repository.rs:83:14
[INFO] [stdout]    |
[INFO] [stdout] 82 |         Ok(rows
[INFO] [stdout] 83 |             .into_iter()
[INFO] [stdout]    |              ^^^^^^^^^ `!` is not an iterator
[INFO] [stdout]    |
[INFO] [stdout]    = note: the following trait bounds were not satisfied:
[INFO] [stdout]            `!: Iterator`
[INFO] [stdout]            which is required by `!: IntoIterator`
[INFO] [stdout]            `&!: Iterator`
[INFO] [stdout]            which is required by `&!: IntoIterator`
[INFO] [stdout]            `&mut !: Iterator`
[INFO] [stdout]            which is required by `&mut !: IntoIterator`
[INFO] [stdout] 
[INFO] [stdout] 
[INFO] [stdout] warning: method call on a diverging inference variable
[INFO] [stdout]    --> src/repositories/hospital_repository.rs:112:14
[INFO] [stdout]     |
[INFO] [stdout] 112 |             .into_iter()
[INFO] [stdout]     |              ^^^^^^^^^
[INFO] [stdout]     |
[INFO] [stdout]     = help: consider providing a type annotation
[INFO] [stdout]     = warning: this was previously accepted by the compiler but is being phased out; it will become a hard error in a future release!
[INFO] [stdout]     = note: for more information, see issue #156047 <https://github.com/rust-lang/rust/issues/156047>
[INFO] [stdout] 
[INFO] [stdout] 
[INFO] [stdout] error[E0599]: `!` is not an iterator
[INFO] [stdout]   --> src/repositories/district_repository.rs:29:16
[INFO] [stdout]    |
[INFO] [stdout] 29 |         Ok(row.map(|r| District {
[INFO] [stdout]    |                ^^^ `!` is not an iterator
[INFO] [stdout]    |
[INFO] [stdout]    = note: the following trait bounds were not satisfied:
[INFO] [stdout]            `!: Iterator`
[INFO] [stdout]            which is required by `&mut !: Iterator`
[INFO] [stdout] 
[INFO] [stdout] 
[INFO] [stdout] error[E0277]: the size for values of type `str` cannot be known at compilation time
[INFO] [stdout]   --> src/repositories/district_repository.rs:34:45
[INFO] [stdout]    |
[INFO] [stdout] 34 |             geometry: r.geom_json.and_then(|s| serde_json::from_str(&s).ok()),
[INFO] [stdout]    |                                             ^ doesn't have a size known at compile-time
[INFO] [stdout]    |
[INFO] [stdout]    = help: the trait `Sized` is not implemented for `str`
[INFO] [stdout]    = note: all function arguments must have a statically known size
[INFO] [stdout]    = help: unsized fn params are gated as an unstable feature
[INFO] [stdout] 
[INFO] [stdout] 
[INFO] [stdout] warning: method call on a diverging inference variable
[INFO] [stdout]   --> src/repositories/district_repository.rs:54:14
[INFO] [stdout]    |
[INFO] [stdout] 54 |             .into_iter()
[INFO] [stdout]    |              ^^^^^^^^^
[INFO] [stdout]    |
[INFO] [stdout]    = help: consider providing a type annotation
[INFO] [stdout]    = warning: this was previously accepted by the compiler but is being phased out; it will become a hard error in a future release!
[INFO] [stdout]    = note: for more information, see issue #156047 <https://github.com/rust-lang/rust/issues/156047>
[INFO] [stdout] 
[INFO] [stdout] 
[INFO] [stdout] error[E0599]: `!` is not an iterator
[INFO] [stdout]    --> src/repositories/hospital_repository.rs:112:14
[INFO] [stdout]     |
[INFO] [stdout] 111 |         Ok(rows
[INFO] [stdout] 112 |             .into_iter()
[INFO] [stdout]     |              ^^^^^^^^^ `!` is not an iterator
[INFO] [stdout]     |
[INFO] [stdout]     = note: the following trait bounds were not satisfied:
[INFO] [stdout]             `!: Iterator`
[INFO] [stdout]             which is required by `!: IntoIterator`
[INFO] [stdout]             `&!: Iterator`
[INFO] [stdout]             which is required by `&!: IntoIterator`
[INFO] [stdout]             `&mut !: Iterator`
[INFO] [stdout]             which is required by `&mut !: IntoIterator`
[INFO] [stdout] 
[INFO] [stdout] 
[INFO] [stdout] warning: method call on a diverging inference variable
[INFO] [stdout]    --> src/repositories/hospital_repository.rs:138:14
[INFO] [stdout]     |
[INFO] [stdout] 138 |             .into_iter()
[INFO] [stdout]     |              ^^^^^^^^^
[INFO] [stdout]     |
[INFO] [stdout]     = help: consider providing a type annotation
[INFO] [stdout]     = warning: this was previously accepted by the compiler but is being phased out; it will become a hard error in a future release!
[INFO] [stdout]     = note: for more information, see issue #156047 <https://github.com/rust-lang/rust/issues/156047>
[INFO] [stdout] 
[INFO] [stdout] 
[INFO] [stdout] error[E0599]: `!` is not an iterator
[INFO] [stdout]   --> src/repositories/district_repository.rs:54:14
[INFO] [stdout]    |
[INFO] [stdout] 53 |         Ok(rows
[INFO] [stdout] 54 |             .into_iter()
[INFO] [stdout]    |              ^^^^^^^^^ `!` is not an iterator
[INFO] [stdout]    |
[INFO] [stdout]    = note: the following trait bounds were not satisfied:
[INFO] [stdout]            `!: Iterator`
[INFO] [stdout]            which is required by `!: IntoIterator`
[INFO] [stdout]            `&!: Iterator`
[INFO] [stdout]            which is required by `&!: IntoIterator`
[INFO] [stdout]            `&mut !: Iterator`
[INFO] [stdout]            which is required by `&mut !: IntoIterator`
[INFO] [stdout] 
[INFO] [stdout] 
[INFO] [stdout] error[E0277]: the size for values of type `str` cannot be known at compilation time
[INFO] [stdout]   --> src/repositories/district_repository.rs:60:49
[INFO] [stdout]    |
[INFO] [stdout] 60 |                 geometry: r.geom_json.and_then(|s| serde_json::from_str(&s).ok()),
[INFO] [stdout]    |                                                 ^ doesn't have a size known at compile-time
[INFO] [stdout]    |
[INFO] [stdout]    = help: the trait `Sized` is not implemented for `str`
[INFO] [stdout]    = note: all function arguments must have a statically known size
[INFO] [stdout]    = help: unsized fn params are gated as an unstable feature
[INFO] [stdout] 
[INFO] [stdout] 
[INFO] [stdout] warning: method call on a diverging inference variable
[INFO] [stdout]   --> src/repositories/district_repository.rs:81:14
[INFO] [stdout]    |
[INFO] [stdout] 81 |             .into_iter()
[INFO] [stdout]    |              ^^^^^^^^^
[INFO] [stdout]    |
[INFO] [stdout]    = help: consider providing a type annotation
[INFO] [stdout]    = warning: this was previously accepted by the compiler but is being phased out; it will become a hard error in a future release!
[INFO] [stdout]    = note: for more information, see issue #156047 <https://github.com/rust-lang/rust/issues/156047>
[INFO] [stdout] 
[INFO] [stdout] 
[INFO] [stdout] error[E0599]: `!` is not an iterator
[INFO] [stdout]    --> src/repositories/hospital_repository.rs:138:14
[INFO] [stdout]     |
[INFO] [stdout] 137 |         Ok(rows
[INFO] [stdout] 138 |             .into_iter()
[INFO] [stdout]     |              ^^^^^^^^^ `!` is not an iterator
[INFO] [stdout]     |
[INFO] [stdout]     = note: the following trait bounds were not satisfied:
[INFO] [stdout]             `!: Iterator`
[INFO] [stdout]             which is required by `!: IntoIterator`
[INFO] [stdout]             `&!: Iterator`
[INFO] [stdout]             which is required by `&!: IntoIterator`
[INFO] [stdout]             `&mut !: Iterator`
[INFO] [stdout]             which is required by `&mut !: IntoIterator`
[INFO] [stdout] 
[INFO] [stdout] 
[INFO] [stdout] warning: method call on a diverging inference variable
[INFO] [stdout]   --> src/repositories/clinic_repository.rs:28:16
[INFO] [stdout]    |
[INFO] [stdout] 28 |         Ok(row.map(|r| Clinic {
[INFO] [stdout]    |                ^^^
[INFO] [stdout]    |
[INFO] [stdout]    = help: consider providing a type annotation
[INFO] [stdout]    = warning: this was previously accepted by the compiler but is being phased out; it will become a hard error in a future release!
[INFO] [stdout]    = note: for more information, see issue #156047 <https://github.com/rust-lang/rust/issues/156047>
[INFO] [stdout] 
[INFO] [stdout] 
[INFO] [stdout] error[E0599]: `!` is not an iterator
[INFO] [stdout]   --> src/repositories/district_repository.rs:81:14
[INFO] [stdout]    |
[INFO] [stdout] 80 |         Ok(rows
[INFO] [stdout] 81 |             .into_iter()
[INFO] [stdout]    |              ^^^^^^^^^ `!` is not an iterator
[INFO] [stdout]    |
[INFO] [stdout]    = note: the following trait bounds were not satisfied:
[INFO] [stdout]            `!: Iterator`
[INFO] [stdout]            which is required by `!: IntoIterator`
[INFO] [stdout]            `&!: Iterator`
[INFO] [stdout]            which is required by `&!: IntoIterator`
[INFO] [stdout]            `&mut !: Iterator`
[INFO] [stdout]            which is required by `&mut !: IntoIterator`
[INFO] [stdout] 
[INFO] [stdout] 
[INFO] [stdout] warning: method call on a diverging inference variable
[INFO] [stdout]    --> src/repositories/district_repository.rs:102:16
[INFO] [stdout]     |
[INFO] [stdout] 102 |         Ok(row.and_then(|r| r.area_sq_km))
[INFO] [stdout]     |                ^^^^^^^^
[INFO] [stdout]     |
[INFO] [stdout]     = help: consider providing a type annotation
[INFO] [stdout]     = warning: this was previously accepted by the compiler but is being phased out; it will become a hard error in a future release!
[INFO] [stdout]     = note: for more information, see issue #156047 <https://github.com/rust-lang/rust/issues/156047>
[INFO] [stdout] 
[INFO] [stdout] 
[INFO] [stdout] error[E0599]: `!` is not an iterator
[INFO] [stdout]   --> src/repositories/clinic_repository.rs:28:16
[INFO] [stdout]    |
[INFO] [stdout] 28 |         Ok(row.map(|r| Clinic {
[INFO] [stdout]    |                ^^^ `!` is not an iterator
[INFO] [stdout]    |
[INFO] [stdout]    = note: the following trait bounds were not satisfied:
[INFO] [stdout]            `!: Iterator`
[INFO] [stdout]            which is required by `&mut !: Iterator`
[INFO] [stdout] 
[INFO] [stdout] 
[INFO] [stdout] warning: method call on a diverging inference variable
[INFO] [stdout]   --> src/repositories/clinic_repository.rs:50:14
[INFO] [stdout]    |
[INFO] [stdout] 50 |             .into_iter()
[INFO] [stdout]    |              ^^^^^^^^^
[INFO] [stdout]    |
[INFO] [stdout]    = help: consider providing a type annotation
[INFO] [stdout]    = warning: this was previously accepted by the compiler but is being phased out; it will become a hard error in a future release!
[INFO] [stdout]    = note: for more information, see issue #156047 <https://github.com/rust-lang/rust/issues/156047>
[INFO] [stdout] 
[INFO] [stdout] 
[INFO] [stdout] error[E0599]: no method named `and_then` found for type `!` in the current scope
[INFO] [stdout]    --> src/repositories/district_repository.rs:102:16
[INFO] [stdout]     |
[INFO] [stdout] 102 |         Ok(row.and_then(|r| r.area_sq_km))
[INFO] [stdout]     |                ^^^^^^^^ method not found in `!`
[INFO] [stdout] 
[INFO] [stdout] 
[INFO] [stdout] warning: method call on a diverging inference variable
[INFO] [stdout]    --> src/repositories/district_repository.rs:126:14
[INFO] [stdout]     |
[INFO] [stdout] 126 |             .into_iter()
[INFO] [stdout]     |              ^^^^^^^^^
[INFO] [stdout]     |
[INFO] [stdout]     = help: consider providing a type annotation
[INFO] [stdout]     = warning: this was previously accepted by the compiler but is being phased out; it will become a hard error in a future release!
[INFO] [stdout]     = note: for more information, see issue #156047 <https://github.com/rust-lang/rust/issues/156047>
[INFO] [stdout] 
[INFO] [stdout] 
[INFO] [stdout] error[E0599]: `!` is not an iterator
[INFO] [stdout]   --> src/repositories/clinic_repository.rs:50:14
[INFO] [stdout]    |
[INFO] [stdout] 49 |         Ok(rows
[INFO] [stdout] 50 |             .into_iter()
[INFO] [stdout]    |              ^^^^^^^^^ `!` is not an iterator
[INFO] [stdout]    |
[INFO] [stdout]    = note: the following trait bounds were not satisfied:
[INFO] [stdout]            `!: Iterator`
[INFO] [stdout]            which is required by `!: IntoIterator`
[INFO] [stdout]            `&!: Iterator`
[INFO] [stdout]            which is required by `&!: IntoIterator`
[INFO] [stdout]            `&mut !: Iterator`
[INFO] [stdout]            which is required by `&mut !: IntoIterator`
[INFO] [stdout] 
[INFO] [stdout] 
[INFO] [stdout] warning: method call on a diverging inference variable
[INFO] [stdout]   --> src/repositories/clinic_repository.rs:83:14
[INFO] [stdout]    |
[INFO] [stdout] 83 |             .into_iter()
[INFO] [stdout]    |              ^^^^^^^^^
[INFO] [stdout]    |
[INFO] [stdout]    = help: consider providing a type annotation
[INFO] [stdout]    = warning: this was previously accepted by the compiler but is being phased out; it will become a hard error in a future release!
[INFO] [stdout]    = note: for more information, see issue #156047 <https://github.com/rust-lang/rust/issues/156047>
[INFO] [stdout] 
[INFO] [stdout] 
[INFO] [stdout] error[E0599]: `!` is not an iterator
[INFO] [stdout]    --> src/repositories/district_repository.rs:126:14
[INFO] [stdout]     |
[INFO] [stdout] 125 |         Ok(rows
[INFO] [stdout] 126 |             .into_iter()
[INFO] [stdout]     |              ^^^^^^^^^ `!` is not an iterator
[INFO] [stdout]     |
[INFO] [stdout]     = note: the following trait bounds were not satisfied:
[INFO] [stdout]             `!: Iterator`
[INFO] [stdout]             which is required by `!: IntoIterator`
[INFO] [stdout]             `&!: Iterator`
[INFO] [stdout]             which is required by `&!: IntoIterator`
[INFO] [stdout]             `&mut !: Iterator`
[INFO] [stdout]             which is required by `&mut !: IntoIterator`
[INFO] [stdout] 
[INFO] [stdout] 
[INFO] [stdout] error[E0277]: the size for values of type `str` cannot be known at compilation time
[INFO] [stdout]    --> src/repositories/district_repository.rs:137:57
[INFO] [stdout]     |
[INFO] [stdout] 137 |                         geometry: r.geom_json.and_then(|s| serde_json::from_str(&s).ok()),
[INFO] [stdout]     |                                                         ^ doesn't have a size known at compile-time
[INFO] [stdout]     |
[INFO] [stdout]     = help: the trait `Sized` is not implemented for `str`
[INFO] [stdout]     = note: all function arguments must have a statically known size
[INFO] [stdout]     = help: unsized fn params are gated as an unstable feature
[INFO] [stdout] 
[INFO] [stdout] 
[INFO] [stdout] warning: method call on a diverging inference variable
[INFO] [stdout]   --> src/repositories/road_repository.rs:30:14
[INFO] [stdout]    |
[INFO] [stdout] 30 |             .into_iter()
[INFO] [stdout]    |              ^^^^^^^^^
[INFO] [stdout]    |
[INFO] [stdout]    = help: consider providing a type annotation
[INFO] [stdout]    = warning: this was previously accepted by the compiler but is being phased out; it will become a hard error in a future release!
[INFO] [stdout]    = note: for more information, see issue #156047 <https://github.com/rust-lang/rust/issues/156047>
[INFO] [stdout] 
[INFO] [stdout] 
[INFO] [stdout] error[E0599]: `!` is not an iterator
[INFO] [stdout]   --> src/repositories/clinic_repository.rs:83:14
[INFO] [stdout]    |
[INFO] [stdout] 82 |         Ok(rows
[INFO] [stdout] 83 |             .into_iter()
[INFO] [stdout]    |              ^^^^^^^^^ `!` is not an iterator
[INFO] [stdout]    |
[INFO] [stdout]    = note: the following trait bounds were not satisfied:
[INFO] [stdout]            `!: Iterator`
[INFO] [stdout]            which is required by `!: IntoIterator`
[INFO] [stdout]            `&!: Iterator`
[INFO] [stdout]            which is required by `&!: IntoIterator`
[INFO] [stdout]            `&mut !: Iterator`
[INFO] [stdout]            which is required by `&mut !: IntoIterator`
[INFO] [stdout] 
[INFO] [stdout] 
[INFO] [stdout] warning: method call on a diverging inference variable
[INFO] [stdout]    --> src/repositories/clinic_repository.rs:112:14
[INFO] [stdout]     |
[INFO] [stdout] 112 |             .into_iter()
[INFO] [stdout]     |              ^^^^^^^^^
[INFO] [stdout]     |
[INFO] [stdout]     = help: consider providing a type annotation
[INFO] [stdout]     = warning: this was previously accepted by the compiler but is being phased out; it will become a hard error in a future release!
[INFO] [stdout]     = note: for more information, see issue #156047 <https://github.com/rust-lang/rust/issues/156047>
[INFO] [stdout] 
[INFO] [stdout] 
[INFO] [stdout] error[E0599]: `!` is not an iterator
[INFO] [stdout]   --> src/repositories/road_repository.rs:30:14
[INFO] [stdout]    |
[INFO] [stdout] 29 |         Ok(rows
[INFO] [stdout] 30 |             .into_iter()
[INFO] [stdout]    |              ^^^^^^^^^ `!` is not an iterator
[INFO] [stdout]    |
[INFO] [stdout]    = note: the following trait bounds were not satisfied:
[INFO] [stdout]            `!: Iterator`
[INFO] [stdout]            which is required by `!: IntoIterator`
[INFO] [stdout]            `&!: Iterator`
[INFO] [stdout]            which is required by `&!: IntoIterator`
[INFO] [stdout]            `&mut !: Iterator`
[INFO] [stdout]            which is required by `&mut !: IntoIterator`
[INFO] [stdout] 
[INFO] [stdout] 
[INFO] [stdout] error[E0277]: the size for values of type `str` cannot be known at compilation time
[INFO] [stdout]   --> src/repositories/road_repository.rs:36:49
[INFO] [stdout]    |
[INFO] [stdout] 36 |                 geometry: r.geom_json.and_then(|s| serde_json::from_str(&s).ok()),
[INFO] [stdout]    |                                                 ^ doesn't have a size known at compile-time
[INFO] [stdout]    |
[INFO] [stdout]    = help: the trait `Sized` is not implemented for `str`
[INFO] [stdout]    = note: all function arguments must have a statically known size
[INFO] [stdout]    = help: unsized fn params are gated as an unstable feature
[INFO] [stdout] 
[INFO] [stdout] 
[INFO] [stdout] warning: method call on a diverging inference variable
[INFO] [stdout]   --> src/repositories/road_repository.rs:63:14
[INFO] [stdout]    |
[INFO] [stdout] 63 |             .into_iter()
[INFO] [stdout]    |              ^^^^^^^^^
[INFO] [stdout]    |
[INFO] [stdout]    = help: consider providing a type annotation
[INFO] [stdout]    = warning: this was previously accepted by the compiler but is being phased out; it will become a hard error in a future release!
[INFO] [stdout]    = note: for more information, see issue #156047 <https://github.com/rust-lang/rust/issues/156047>
[INFO] [stdout] 
[INFO] [stdout] 
[INFO] [stdout] error[E0599]: `!` is not an iterator
[INFO] [stdout]    --> src/repositories/clinic_repository.rs:112:14
[INFO] [stdout]     |
[INFO] [stdout] 111 |         Ok(rows
[INFO] [stdout] 112 |             .into_iter()
[INFO] [stdout]     |              ^^^^^^^^^ `!` is not an iterator
[INFO] [stdout]     |
[INFO] [stdout]     = note: the following trait bounds were not satisfied:
[INFO] [stdout]             `!: Iterator`
[INFO] [stdout]             which is required by `!: IntoIterator`
[INFO] [stdout]             `&!: Iterator`
[INFO] [stdout]             which is required by `&!: IntoIterator`
[INFO] [stdout]             `&mut !: Iterator`
[INFO] [stdout]             which is required by `&mut !: IntoIterator`
[INFO] [stdout] 
[INFO] [stdout] 
[INFO] [stdout] warning: method call on a diverging inference variable
[INFO] [stdout]   --> src/repositories/district_repository.rs:29:16
[INFO] [stdout]    |
[INFO] [stdout] 29 |         Ok(row.map(|r| District {
[INFO] [stdout]    |                ^^^
[INFO] [stdout]    |
[INFO] [stdout]    = help: consider providing a type annotation
[INFO] [stdout]    = warning: this was previously accepted by the compiler but is being phased out; it will become a hard error in a future release!
[INFO] [stdout]    = note: for more information, see issue #156047 <https://github.com/rust-lang/rust/issues/156047>
[INFO] [stdout] 
[INFO] [stdout] 
[INFO] [stdout] error[E0599]: `!` is not an iterator
[INFO] [stdout]   --> src/repositories/district_repository.rs:29:16
[INFO] [stdout]    |
[INFO] [stdout] 29 |         Ok(row.map(|r| District {
[INFO] [stdout]    |                ^^^ `!` is not an iterator
[INFO] [stdout]    |
[INFO] [stdout]    = note: the following trait bounds were not satisfied:
[INFO] [stdout]            `!: Iterator`
[INFO] [stdout]            which is required by `&mut !: Iterator`
[INFO] [stdout] 
[INFO] [stdout] 
[INFO] [stdout] error[E0277]: the size for values of type `str` cannot be known at compilation time
[INFO] [stdout]   --> src/repositories/district_repository.rs:34:45
[INFO] [stdout]    |
[INFO] [stdout] 34 |             geometry: r.geom_json.and_then(|s| serde_json::from_str(&s).ok()),
[INFO] [stdout]    |                                             ^ doesn't have a size known at compile-time
[INFO] [stdout]    |
[INFO] [stdout]    = help: the trait `Sized` is not implemented for `str`
[INFO] [stdout]    = note: all function arguments must have a statically known size
[INFO] [stdout]    = help: unsized fn params are gated as an unstable feature
[INFO] [stdout] 
[INFO] [stdout] 
[INFO] [stdout] warning: method call on a diverging inference variable
[INFO] [stdout]   --> src/repositories/district_repository.rs:54:14
[INFO] [stdout]    |
[INFO] [stdout] 54 |             .into_iter()
[INFO] [stdout]    |              ^^^^^^^^^
[INFO] [stdout]    |
[INFO] [stdout]    = help: consider providing a type annotation
[INFO] [stdout]    = warning: this was previously accepted by the compiler but is being phased out; it will become a hard error in a future release!
[INFO] [stdout]    = note: for more information, see issue #156047 <https://github.com/rust-lang/rust/issues/156047>
[INFO] [stdout] 
[INFO] [stdout] 
[INFO] [stdout] error[E0599]: `!` is not an iterator
[INFO] [stdout]   --> src/repositories/road_repository.rs:63:14
[INFO] [stdout]    |
[INFO] [stdout] 62 |         Ok(rows
[INFO] [stdout] 63 |             .into_iter()
[INFO] [stdout]    |              ^^^^^^^^^ `!` is not an iterator
[INFO] [stdout]    |
[INFO] [stdout]    = note: the following trait bounds were not satisfied:
[INFO] [stdout]            `!: Iterator`
[INFO] [stdout]            which is required by `!: IntoIterator`
[INFO] [stdout]            `&!: Iterator`
[INFO] [stdout]            which is required by `&!: IntoIterator`
[INFO] [stdout]            `&mut !: Iterator`
[INFO] [stdout]            which is required by `&mut !: IntoIterator`
[INFO] [stdout] 
[INFO] [stdout] 
[INFO] [stdout] error[E0277]: the size for values of type `str` cannot be known at compilation time
[INFO] [stdout]   --> src/repositories/road_repository.rs:69:49
[INFO] [stdout]    |
[INFO] [stdout] 69 |                 geometry: r.geom_json.and_then(|s| serde_json::from_str(&s).ok()),
[INFO] [stdout]    |                                                 ^ doesn't have a size known at compile-time
[INFO] [stdout]    |
[INFO] [stdout]    = help: the trait `Sized` is not implemented for `str`
[INFO] [stdout]    = note: all function arguments must have a statically known size
[INFO] [stdout]    = help: unsized fn params are gated as an unstable feature
[INFO] [stdout] 
[INFO] [stdout] 
[INFO] [stdout] warning: method call on a diverging inference variable
[INFO] [stdout]   --> src/repositories/road_repository.rs:90:14
[INFO] [stdout]    |
[INFO] [stdout] 90 |             .into_iter()
[INFO] [stdout]    |              ^^^^^^^^^
[INFO] [stdout]    |
[INFO] [stdout]    = help: consider providing a type annotation
[INFO] [stdout]    = warning: this was previously accepted by the compiler but is being phased out; it will become a hard error in a future release!
[INFO] [stdout]    = note: for more information, see issue #156047 <https://github.com/rust-lang/rust/issues/156047>
[INFO] [stdout] 
[INFO] [stdout] 
[INFO] [stdout] error[E0599]: `!` is not an iterator
[INFO] [stdout]   --> src/repositories/district_repository.rs:54:14
[INFO] [stdout]    |
[INFO] [stdout] 53 |         Ok(rows
[INFO] [stdout] 54 |             .into_iter()
[INFO] [stdout]    |              ^^^^^^^^^ `!` is not an iterator
[INFO] [stdout]    |
[INFO] [stdout]    = note: the following trait bounds were not satisfied:
[INFO] [stdout]            `!: Iterator`
[INFO] [stdout]            which is required by `!: IntoIterator`
[INFO] [stdout]            `&!: Iterator`
[INFO] [stdout]            which is required by `&!: IntoIterator`
[INFO] [stdout]            `&mut !: Iterator`
[INFO] [stdout]            which is required by `&mut !: IntoIterator`
[INFO] [stdout] 
[INFO] [stdout] 
[INFO] [stdout] error[E0277]: the size for values of type `str` cannot be known at compilation time
[INFO] [stdout]   --> src/repositories/district_repository.rs:60:49
[INFO] [stdout]    |
[INFO] [stdout] 60 |                 geometry: r.geom_json.and_then(|s| serde_json::from_str(&s).ok()),
[INFO] [stdout]    |                                                 ^ doesn't have a size known at compile-time
[INFO] [stdout]    |
[INFO] [stdout]    = help: the trait `Sized` is not implemented for `str`
[INFO] [stdout]    = note: all function arguments must have a statically known size
[INFO] [stdout]    = help: unsized fn params are gated as an unstable feature
[INFO] [stdout] 
[INFO] [stdout] 
[INFO] [stdout] warning: method call on a diverging inference variable
[INFO] [stdout]   --> src/repositories/district_repository.rs:81:14
[INFO] [stdout]    |
[INFO] [stdout] 81 |             .into_iter()
[INFO] [stdout]    |              ^^^^^^^^^
[INFO] [stdout]    |
[INFO] [stdout]    = help: consider providing a type annotation
[INFO] [stdout]    = warning: this was previously accepted by the compiler but is being phased out; it will become a hard error in a future release!
[INFO] [stdout]    = note: for more information, see issue #156047 <https://github.com/rust-lang/rust/issues/156047>
[INFO] [stdout] 
[INFO] [stdout] 
[INFO] [stdout] error[E0599]: `!` is not an iterator
[INFO] [stdout]   --> src/repositories/road_repository.rs:90:14
[INFO] [stdout]    |
[INFO] [stdout] 89 |         Ok(rows
[INFO] [stdout] 90 |             .into_iter()
[INFO] [stdout]    |              ^^^^^^^^^ `!` is not an iterator
[INFO] [stdout]    |
[INFO] [stdout]    = note: the following trait bounds were not satisfied:
[INFO] [stdout]            `!: Iterator`
[INFO] [stdout]            which is required by `!: IntoIterator`
[INFO] [stdout]            `&!: Iterator`
[INFO] [stdout]            which is required by `&!: IntoIterator`
[INFO] [stdout]            `&mut !: Iterator`
[INFO] [stdout]            which is required by `&mut !: IntoIterator`
[INFO] [stdout] 
[INFO] [stdout] 
[INFO] [stdout] error[E0277]: the size for values of type `str` cannot be known at compilation time
[INFO] [stdout]   --> src/repositories/road_repository.rs:96:49
[INFO] [stdout]    |
[INFO] [stdout] 96 |                 geometry: r.geom_json.and_then(|s| serde_json::from_str(&s).ok()),
[INFO] [stdout]    |                                                 ^ doesn't have a size known at compile-time
[INFO] [stdout]    |
[INFO] [stdout]    = help: the trait `Sized` is not implemented for `str`
[INFO] [stdout]    = note: all function arguments must have a statically known size
[INFO] [stdout]    = help: unsized fn params are gated as an unstable feature
[INFO] [stdout] 
[INFO] [stdout] 
[INFO] [stdout] warning: method call on a diverging inference variable
[INFO] [stdout]   --> src/repositories/spatial_repository.rs:41:17
[INFO] [stdout]    |
[INFO] [stdout] 41 |         Ok(rows.into_iter().map(|row| SpatialRow {
[INFO] [stdout]    |                 ^^^^^^^^^
[INFO] [stdout]    |
[INFO] [stdout]    = help: consider providing a type annotation
[INFO] [stdout]    = warning: this was previously accepted by the compiler but is being phased out; it will become a hard error in a future release!
[INFO] [stdout]    = note: for more information, see issue #156047 <https://github.com/rust-lang/rust/issues/156047>
[INFO] [stdout] 
[INFO] [stdout] 
[INFO] [stdout] error[E0599]: `!` is not an iterator
[INFO] [stdout]   --> src/repositories/district_repository.rs:81:14
[INFO] [stdout]    |
[INFO] [stdout] 80 |         Ok(rows
[INFO] [stdout] 81 |             .into_iter()
[INFO] [stdout]    |              ^^^^^^^^^ `!` is not an iterator
[INFO] [stdout]    |
[INFO] [stdout]    = note: the following trait bounds were not satisfied:
[INFO] [stdout]            `!: Iterator`
[INFO] [stdout]            which is required by `!: IntoIterator`
[INFO] [stdout]            `&!: Iterator`
[INFO] [stdout]            which is required by `&!: IntoIterator`
[INFO] [stdout]            `&mut !: Iterator`
[INFO] [stdout]            which is required by `&mut !: IntoIterator`
[INFO] [stdout] 
[INFO] [stdout] 
[INFO] [stdout] warning: method call on a diverging inference variable
[INFO] [stdout]    --> src/repositories/district_repository.rs:102:16
[INFO] [stdout]     |
[INFO] [stdout] 102 |         Ok(row.and_then(|r| r.area_sq_km))
[INFO] [stdout]     |                ^^^^^^^^
[INFO] [stdout]     |
[INFO] [stdout]     = help: consider providing a type annotation
[INFO] [stdout]     = warning: this was previously accepted by the compiler but is being phased out; it will become a hard error in a future release!
[INFO] [stdout]     = note: for more information, see issue #156047 <https://github.com/rust-lang/rust/issues/156047>
[INFO] [stdout] 
[INFO] [stdout] 
[INFO] [stdout] error[E0599]: `!` is not an iterator
[INFO] [stdout]   --> src/repositories/spatial_repository.rs:41:17
[INFO] [stdout]    |
[INFO] [stdout] 41 |         Ok(rows.into_iter().map(|row| SpatialRow {
[INFO] [stdout]    |                 ^^^^^^^^^ `!` is not an iterator
[INFO] [stdout]    |
[INFO] [stdout]    = note: the following trait bounds were not satisfied:
[INFO] [stdout]            `!: Iterator`
[INFO] [stdout]            which is required by `!: IntoIterator`
[INFO] [stdout]            `&!: Iterator`
[INFO] [stdout]            which is required by `&!: IntoIterator`
[INFO] [stdout]            `&mut !: Iterator`
[INFO] [stdout]            which is required by `&mut !: IntoIterator`
[INFO] [stdout] 
[INFO] [stdout] 
[INFO] [stdout] warning: method call on a diverging inference variable
[INFO] [stdout]   --> src/repositories/spatial_repository.rs:65:17
[INFO] [stdout]    |
[INFO] [stdout] 65 |         Ok(rows.into_iter().map(|row| SpatialRow {
[INFO] [stdout]    |                 ^^^^^^^^^
[INFO] [stdout]    |
[INFO] [stdout]    = help: consider providing a type annotation
[INFO] [stdout]    = warning: this was previously accepted by the compiler but is being phased out; it will become a hard error in a future release!
[INFO] [stdout]    = note: for more information, see issue #156047 <https://github.com/rust-lang/rust/issues/156047>
[INFO] [stdout] 
[INFO] [stdout] 
[INFO] [stdout] error[E0599]: `!` is not an iterator
[INFO] [stdout]   --> src/repositories/spatial_repository.rs:65:17
[INFO] [stdout]    |
[INFO] [stdout] 65 |         Ok(rows.into_iter().map(|row| SpatialRow {
[INFO] [stdout]    |                 ^^^^^^^^^ `!` is not an iterator
[INFO] [stdout]    |
[INFO] [stdout]    = note: the following trait bounds were not satisfied:
[INFO] [stdout]            `!: Iterator`
[INFO] [stdout]            which is required by `!: IntoIterator`
[INFO] [stdout]            `&!: Iterator`
[INFO] [stdout]            which is required by `&!: IntoIterator`
[INFO] [stdout]            `&mut !: Iterator`
[INFO] [stdout]            which is required by `&mut !: IntoIterator`
[INFO] [stdout] 
[INFO] [stdout] 
[INFO] [stdout] warning: method call on a diverging inference variable
[INFO] [stdout]   --> src/repositories/spatial_repository.rs:86:17
[INFO] [stdout]    |
[INFO] [stdout] 86 |         Ok(rows.into_iter().map(|row| SpatialRow {
[INFO] [stdout]    |                 ^^^^^^^^^
[INFO] [stdout]    |
[INFO] [stdout]    = help: consider providing a type annotation
[INFO] [stdout]    = warning: this was previously accepted by the compiler but is being phased out; it will become a hard error in a future release!
[INFO] [stdout]    = note: for more information, see issue #156047 <https://github.com/rust-lang/rust/issues/156047>
[INFO] [stdout] 
[INFO] [stdout] 
[INFO] [stdout] error[E0599]: `!` is not an iterator
[INFO] [stdout]   --> src/repositories/spatial_repository.rs:86:17
[INFO] [stdout]    |
[INFO] [stdout] 86 |         Ok(rows.into_iter().map(|row| SpatialRow {
[INFO] [stdout]    |                 ^^^^^^^^^ `!` is not an iterator
[INFO] [stdout]    |
[INFO] [stdout]    = note: the following trait bounds were not satisfied:
[INFO] [stdout]            `!: Iterator`
[INFO] [stdout]            which is required by `!: IntoIterator`
[INFO] [stdout]            `&!: Iterator`
[INFO] [stdout]            which is required by `&!: IntoIterator`
[INFO] [stdout]            `&mut !: Iterator`
[INFO] [stdout]            which is required by `&mut !: IntoIterator`
[INFO] [stdout] 
[INFO] [stdout] 
[INFO] [stdout] error[E0599]: no method named `and_then` found for type `!` in the current scope
[INFO] [stdout]    --> src/repositories/district_repository.rs:102:16
[INFO] [stdout]     |
[INFO] [stdout] 102 |         Ok(row.and_then(|r| r.area_sq_km))
[INFO] [stdout]     |                ^^^^^^^^ method not found in `!`
[INFO] [stdout] 
[INFO] [stdout] 
[INFO] [stdout] warning: method call on a diverging inference variable
[INFO] [stdout]    --> src/repositories/district_repository.rs:126:14
[INFO] [stdout]     |
[INFO] [stdout] 126 |             .into_iter()
[INFO] [stdout]     |              ^^^^^^^^^
[INFO] [stdout]     |
[INFO] [stdout]     = help: consider providing a type annotation
[INFO] [stdout]     = warning: this was previously accepted by the compiler but is being phased out; it will become a hard error in a future release!
[INFO] [stdout]     = note: for more information, see issue #156047 <https://github.com/rust-lang/rust/issues/156047>
[INFO] [stdout] 
[INFO] [stdout] 
[INFO] [stdout] error[E0599]: `!` is not an iterator
[INFO] [stdout]    --> src/repositories/district_repository.rs:126:14
[INFO] [stdout]     |
[INFO] [stdout] 125 |         Ok(rows
[INFO] [stdout] 126 |             .into_iter()
[INFO] [stdout]     |              ^^^^^^^^^ `!` is not an iterator
[INFO] [stdout]     |
[INFO] [stdout]     = note: the following trait bounds were not satisfied:
[INFO] [stdout]             `!: Iterator`
[INFO] [stdout]             which is required by `!: IntoIterator`
[INFO] [stdout]             `&!: Iterator`
[INFO] [stdout]             which is required by `&!: IntoIterator`
[INFO] [stdout]             `&mut !: Iterator`
[INFO] [stdout]             which is required by `&mut !: IntoIterator`
[INFO] [stdout] 
[INFO] [stdout] 
[INFO] [stdout] error[E0277]: the size for values of type `str` cannot be known at compilation time
[INFO] [stdout]    --> src/repositories/district_repository.rs:137:57
[INFO] [stdout]     |
[INFO] [stdout] 137 |                         geometry: r.geom_json.and_then(|s| serde_json::from_str(&s).ok()),
[INFO] [stdout]     |                                                         ^ doesn't have a size known at compile-time
[INFO] [stdout]     |
[INFO] [stdout]     = help: the trait `Sized` is not implemented for `str`
[INFO] [stdout]     = note: all function arguments must have a statically known size
[INFO] [stdout]     = help: unsized fn params are gated as an unstable feature
[INFO] [stdout] 
[INFO] [stdout] 
[INFO] [stdout] warning: method call on a diverging inference variable
[INFO] [stdout]   --> src/repositories/road_repository.rs:30:14
[INFO] [stdout]    |
[INFO] [stdout] 30 |             .into_iter()
[INFO] [stdout]    |              ^^^^^^^^^
[INFO] [stdout]    |
[INFO] [stdout]    = help: consider providing a type annotation
[INFO] [stdout]    = warning: this was previously accepted by the compiler but is being phased out; it will become a hard error in a future release!
[INFO] [stdout]    = note: for more information, see issue #156047 <https://github.com/rust-lang/rust/issues/156047>
[INFO] [stdout] 
[INFO] [stdout] 
[INFO] [stdout] error[E0599]: `!` is not an iterator
[INFO] [stdout]   --> src/repositories/road_repository.rs:30:14
[INFO] [stdout]    |
[INFO] [stdout] 29 |         Ok(rows
[INFO] [stdout] 30 |             .into_iter()
[INFO] [stdout]    |              ^^^^^^^^^ `!` is not an iterator
[INFO] [stdout]    |
[INFO] [stdout]    = note: the following trait bounds were not satisfied:
[INFO] [stdout]            `!: Iterator`
[INFO] [stdout]            which is required by `!: IntoIterator`
[INFO] [stdout]            `&!: Iterator`
[INFO] [stdout]            which is required by `&!: IntoIterator`
[INFO] [stdout]            `&mut !: Iterator`
[INFO] [stdout]            which is required by `&mut !: IntoIterator`
[INFO] [stdout] 
[INFO] [stdout] 
[INFO] [stdout] error[E0277]: the size for values of type `str` cannot be known at compilation time
[INFO] [stdout]   --> src/repositories/road_repository.rs:36:49
[INFO] [stdout]    |
[INFO] [stdout] 36 |                 geometry: r.geom_json.and_then(|s| serde_json::from_str(&s).ok()),
[INFO] [stdout]    |                                                 ^ doesn't have a size known at compile-time
[INFO] [stdout]    |
[INFO] [stdout]    = help: the trait `Sized` is not implemented for `str`
[INFO] [stdout]    = note: all function arguments must have a statically known size
[INFO] [stdout]    = help: unsized fn params are gated as an unstable feature
[INFO] [stdout] 
[INFO] [stdout] 
[INFO] [stdout] warning: method call on a diverging inference variable
[INFO] [stdout]   --> src/repositories/road_repository.rs:63:14
[INFO] [stdout]    |
[INFO] [stdout] 63 |             .into_iter()
[INFO] [stdout]    |              ^^^^^^^^^
[INFO] [stdout]    |
[INFO] [stdout]    = help: consider providing a type annotation
[INFO] [stdout]    = warning: this was previously accepted by the compiler but is being phased out; it will become a hard error in a future release!
[INFO] [stdout]    = note: for more information, see issue #156047 <https://github.com/rust-lang/rust/issues/156047>
[INFO] [stdout] 
[INFO] [stdout] 
[INFO] [stdout] error[E0599]: `!` is not an iterator
[INFO] [stdout]   --> src/repositories/road_repository.rs:63:14
[INFO] [stdout]    |
[INFO] [stdout] 62 |         Ok(rows
[INFO] [stdout] 63 |             .into_iter()
[INFO] [stdout]    |              ^^^^^^^^^ `!` is not an iterator
[INFO] [stdout]    |
[INFO] [stdout]    = note: the following trait bounds were not satisfied:
[INFO] [stdout]            `!: Iterator`
[INFO] [stdout]            which is required by `!: IntoIterator`
[INFO] [stdout]            `&!: Iterator`
[INFO] [stdout]            which is required by `&!: IntoIterator`
[INFO] [stdout]            `&mut !: Iterator`
[INFO] [stdout]            which is required by `&mut !: IntoIterator`
[INFO] [stdout] 
[INFO] [stdout] 
[INFO] [stdout] error[E0277]: the size for values of type `str` cannot be known at compilation time
[INFO] [stdout]   --> src/repositories/road_repository.rs:69:49
[INFO] [stdout]    |
[INFO] [stdout] 69 |                 geometry: r.geom_json.and_then(|s| serde_json::from_str(&s).ok()),
[INFO] [stdout]    |                                                 ^ doesn't have a size known at compile-time
[INFO] [stdout]    |
[INFO] [stdout]    = help: the trait `Sized` is not implemented for `str`
[INFO] [stdout]    = note: all function arguments must have a statically known size
[INFO] [stdout]    = help: unsized fn params are gated as an unstable feature
[INFO] [stdout] 
[INFO] [stdout] 
[INFO] [stdout] warning: method call on a diverging inference variable
[INFO] [stdout]   --> src/repositories/road_repository.rs:90:14
[INFO] [stdout]    |
[INFO] [stdout] 90 |             .into_iter()
[INFO] [stdout]    |              ^^^^^^^^^
[INFO] [stdout]    |
[INFO] [stdout]    = help: consider providing a type annotation
[INFO] [stdout]    = warning: this was previously accepted by the compiler but is being phased out; it will become a hard error in a future release!
[INFO] [stdout]    = note: for more information, see issue #156047 <https://github.com/rust-lang/rust/issues/156047>
[INFO] [stdout] 
[INFO] [stdout] 
[INFO] [stdout] error[E0599]: `!` is not an iterator
[INFO] [stdout]   --> src/repositories/road_repository.rs:90:14
[INFO] [stdout]    |
[INFO] [stdout] 89 |         Ok(rows
[INFO] [stdout] 90 |             .into_iter()
[INFO] [stdout]    |              ^^^^^^^^^ `!` is not an iterator
[INFO] [stdout]    |
[INFO] [stdout]    = note: the following trait bounds were not satisfied:
[INFO] [stdout]            `!: Iterator`
[INFO] [stdout]            which is required by `!: IntoIterator`
[INFO] [stdout]            `&!: Iterator`
[INFO] [stdout]            which is required by `&!: IntoIterator`
[INFO] [stdout]            `&mut !: Iterator`
[INFO] [stdout]            which is required by `&mut !: IntoIterator`
[INFO] [stdout] 
[INFO] [stdout] 
[INFO] [stdout] error[E0277]: the size for values of type `str` cannot be known at compilation time
[INFO] [stdout]   --> src/repositories/road_repository.rs:96:49
[INFO] [stdout]    |
[INFO] [stdout] 96 |                 geometry: r.geom_json.and_then(|s| serde_json::from_str(&s).ok()),
[INFO] [stdout]    |                                                 ^ doesn't have a size known at compile-time
[INFO] [stdout]    |
[INFO] [stdout]    = help: the trait `Sized` is not implemented for `str`
[INFO] [stdout]    = note: all function arguments must have a statically known size
[INFO] [stdout]    = help: unsized fn params are gated as an unstable feature
[INFO] [stdout] 
[INFO] [stdout] 
[INFO] [stdout] warning: method call on a diverging inference variable
[INFO] [stdout]   --> src/repositories/spatial_repository.rs:41:17
[INFO] [stdout]    |
[INFO] [stdout] 41 |         Ok(rows.into_iter().map(|row| SpatialRow {
[INFO] [stdout]    |                 ^^^^^^^^^
[INFO] [stdout]    |
[INFO] [stdout]    = help: consider providing a type annotation
[INFO] [stdout]    = warning: this was previously accepted by the compiler but is being phased out; it will become a hard error in a future release!
[INFO] [stdout]    = note: for more information, see issue #156047 <https://github.com/rust-lang/rust/issues/156047>
[INFO] [stdout] 
[INFO] [stdout] 
[INFO] [stdout] error[E0599]: `!` is not an iterator
[INFO] [stdout]   --> src/repositories/spatial_repository.rs:41:17
[INFO] [stdout]    |
[INFO] [stdout] 41 |         Ok(rows.into_iter().map(|row| SpatialRow {
[INFO] [stdout]    |                 ^^^^^^^^^ `!` is not an iterator
[INFO] [stdout]    |
[INFO] [stdout]    = note: the following trait bounds were not satisfied:
[INFO] [stdout]            `!: Iterator`
[INFO] [stdout]            which is required by `!: IntoIterator`
[INFO] [stdout]            `&!: Iterator`
[INFO] [stdout]            which is required by `&!: IntoIterator`
[INFO] [stdout]            `&mut !: Iterator`
[INFO] [stdout]            which is required by `&mut !: IntoIterator`
[INFO] [stdout] 
[INFO] [stdout] 
[INFO] [stdout] warning: method call on a diverging inference variable
[INFO] [stdout]   --> src/repositories/spatial_repository.rs:65:17
[INFO] [stdout]    |
[INFO] [stdout] 65 |         Ok(rows.into_iter().map(|row| SpatialRow {
[INFO] [stdout]    |                 ^^^^^^^^^
[INFO] [stdout]    |
[INFO] [stdout]    = help: consider providing a type annotation
[INFO] [stdout]    = warning: this was previously accepted by the compiler but is being phased out; it will become a hard error in a future release!
[INFO] [stdout]    = note: for more information, see issue #156047 <https://github.com/rust-lang/rust/issues/156047>
[INFO] [stdout] 
[INFO] [stdout] 
[INFO] [stdout] error[E0599]: `!` is not an iterator
[INFO] [stdout]   --> src/repositories/spatial_repository.rs:65:17
[INFO] [stdout]    |
[INFO] [stdout] 65 |         Ok(rows.into_iter().map(|row| SpatialRow {
[INFO] [stdout]    |                 ^^^^^^^^^ `!` is not an iterator
[INFO] [stdout]    |
[INFO] [stdout]    = note: the following trait bounds were not satisfied:
[INFO] [stdout]            `!: Iterator`
[INFO] [stdout]            which is required by `!: IntoIterator`
[INFO] [stdout]            `&!: Iterator`
[INFO] [stdout]            which is required by `&!: IntoIterator`
[INFO] [stdout]            `&mut !: Iterator`
[INFO] [stdout]            which is required by `&mut !: IntoIterator`
[INFO] [stdout] 
[INFO] [stdout] 
[INFO] [stdout] warning: method call on a diverging inference variable
[INFO] [stdout]   --> src/repositories/spatial_repository.rs:86:17
[INFO] [stdout]    |
[INFO] [stdout] 86 |         Ok(rows.into_iter().map(|row| SpatialRow {
[INFO] [stdout]    |                 ^^^^^^^^^
[INFO] [stdout]    |
[INFO] [stdout]    = help: consider providing a type annotation
[INFO] [stdout]    = warning: this was previously accepted by the compiler but is being phased out; it will become a hard error in a future release!
[INFO] [stdout]    = note: for more information, see issue #156047 <https://github.com/rust-lang/rust/issues/156047>
[INFO] [stdout] 
[INFO] [stdout] 
[INFO] [stdout] error[E0599]: `!` is not an iterator
[INFO] [stdout]   --> src/repositories/spatial_repository.rs:86:17
[INFO] [stdout]    |
[INFO] [stdout] 86 |         Ok(rows.into_iter().map(|row| SpatialRow {
[INFO] [stdout]    |                 ^^^^^^^^^ `!` is not an iterator
[INFO] [stdout]    |
[INFO] [stdout]    = note: the following trait bounds were not satisfied:
[INFO] [stdout]            `!: Iterator`
[INFO] [stdout]            which is required by `!: IntoIterator`
[INFO] [stdout]            `&!: Iterator`
[INFO] [stdout]            which is required by `&!: IntoIterator`
[INFO] [stdout]            `&mut !: Iterator`
[INFO] [stdout]            which is required by `&mut !: IntoIterator`
[INFO] [stdout] 
[INFO] [stdout] 
[INFO] [stdout] Some errors have detailed explanations: E0277, E0599.
[INFO] [stdout] 
[INFO] [stdout] For more information about an error, try `rustc --explain E0277`.
[INFO] [stdout] 
[INFO] [stderr] error: could not compile `kalimantan_gis` (bin "kalimantan_gis" test) due to 46 previous errors; 40 warnings emitted
[INFO] [stderr] warning: build failed, waiting for other jobs to finish...
[INFO] [stdout] Some errors have detailed explanations: E0277, E0599.
[INFO] [stdout] 
[INFO] [stdout] For more information about an error, try `rustc --explain E0277`.
[INFO] [stdout] 
[INFO] [stderr] error: could not compile `kalimantan_gis` (bin "kalimantan_gis") due to 46 previous errors; 40 warnings emitted
[INFO] running `Command { std: "docker" "inspect" "00bd5646aa0ef1ad9e65298cff6d2ab0ea721890cfa0a5ad03fc808e4d3b9654", kill_on_drop: false }`
[INFO] running `Command { std: "docker" "rm" "-f" "00bd5646aa0ef1ad9e65298cff6d2ab0ea721890cfa0a5ad03fc808e4d3b9654", kill_on_drop: false }`
[INFO] [stdout] 00bd5646aa0ef1ad9e65298cff6d2ab0ea721890cfa0a5ad03fc808e4d3b9654
