[INFO] cloning repository https://github.com/ahusan/mullion
[INFO] running `Command { std: "git" "-c" "credential.helper=" "-c" "credential.helper=/workspace/cargo-home/bin/git-credential-null" "clone" "--bare" "https://github.com/ahusan/mullion" "/workspace/cache/git-repos/https%3A%2F%2Fgithub.com%2Fahusan%2Fmullion", kill_on_drop: false }`
[INFO] [stderr] Cloning into bare repository '/workspace/cache/git-repos/https%3A%2F%2Fgithub.com%2Fahusan%2Fmullion'...
[INFO] running `Command { std: "git" "rev-parse" "HEAD", kill_on_drop: false }`
[INFO] [stdout] d02625dd3a0abf74c211c1e7368a01e217c8a921
[INFO] checking ahusan/mullion against 3154cc1a3e6424e44f438a95007d043ed5ceaaf6+rustflags=-Znext-solver=coherence for pr-133502-30
[INFO] running `Command { std: "git" "clone" "/workspace/cache/git-repos/https%3A%2F%2Fgithub.com%2Fahusan%2Fmullion" "/workspace/builds/worker-5-tc1/source", kill_on_drop: false }`
[INFO] [stderr] Cloning into '/workspace/builds/worker-5-tc1/source'...
[INFO] [stderr] done.
[INFO] started tweaking git repo https://github.com/ahusan/mullion
[INFO] finished tweaking git repo https://github.com/ahusan/mullion
[INFO] tweaked toml for git repo https://github.com/ahusan/mullion written to /workspace/builds/worker-5-tc1/source/Cargo.toml
[INFO] validating manifest of git repo https://github.com/ahusan/mullion on toolchain 3154cc1a3e6424e44f438a95007d043ed5ceaaf6
[INFO] running `Command { std: CARGO_HOME="/workspace/cargo-home" RUSTUP_HOME="/workspace/rustup-home" "/workspace/cargo-home/bin/cargo" "+3154cc1a3e6424e44f438a95007d043ed5ceaaf6" "metadata" "--manifest-path" "Cargo.toml" "--no-deps", kill_on_drop: false }`
[INFO] crate git repo https://github.com/ahusan/mullion already has a lockfile, it will not be regenerated
[INFO] running `Command { std: CARGO_HOME="/workspace/cargo-home" RUSTUP_HOME="/workspace/rustup-home" "/workspace/cargo-home/bin/cargo" "+3154cc1a3e6424e44f438a95007d043ed5ceaaf6" "fetch" "--manifest-path" "Cargo.toml", kill_on_drop: false }`
[INFO] [stderr]     Updating crates.io index
[INFO] [stderr]  Downloading crates ...
[INFO] [stderr]   Downloaded nvml-wrapper-sys v0.9.1
[INFO] [stderr]   Downloaded nvml-wrapper v0.12.1
[INFO] [stderr]   Downloaded ksni v0.3.6
[INFO] [stderr]   Downloaded task-local v0.1.1
[INFO] [stderr]   Downloaded accesskit_atspi_common v0.19.1
[INFO] [stderr]   Downloaded accesskit_unix v0.22.1
[INFO] [stderr]   Downloaded i-slint-backend-testing v1.17.1
[INFO] running `Command { std: "docker" "create" "-v" "/var/lib/crater-agent-workspace/builds/worker-5-tc1/source:/opt/rustwide/workdir:ro,Z" "-v" "/var/lib/crater-agent-workspace/builds/worker-5-tc1/target:/opt/rustwide/target:rw,Z" "-v" "/var/lib/crater-agent-workspace/cargo-home:/opt/rustwide/cargo-home:ro,Z" "-v" "/var/lib/crater-agent-workspace/rustup-home:/opt/rustwide/rustup-home:ro,Z" "-m" "1610612736" "--network" "none" "ghcr.io/rust-lang/crates-build-env/linux@sha256:77db811e55d90add9212f6832c23229e3de5f1c1f9905e8cb07319ea15df73ac" "sleep" "infinity", kill_on_drop: false }`
[INFO] [stdout] b64e6a4a66d6d5292cddbc06ab24670aea8446ec5f61c1f7e883fe92e384d9be
[INFO] running `Command { std: "docker" "start" "b64e6a4a66d6d5292cddbc06ab24670aea8446ec5f61c1f7e883fe92e384d9be", kill_on_drop: false }`
[INFO] running `Command { std: "docker" "inspect" "b64e6a4a66d6d5292cddbc06ab24670aea8446ec5f61c1f7e883fe92e384d9be", kill_on_drop: false }`
[INFO] running `Command { std: "docker" "exec" "-e" "SOURCE_DIR=/opt/rustwide/workdir" "-e" "CARGO_HOME=/opt/rustwide/cargo-home" "-e" "RUSTUP_HOME=/opt/rustwide/rustup-home" "-e" "CARGO_TARGET_DIR=/opt/rustwide/target" "-w" "/opt/rustwide/workdir" "--user" "0:0" "b64e6a4a66d6d5292cddbc06ab24670aea8446ec5f61c1f7e883fe92e384d9be" "/opt/rustwide/cargo-home/bin/cargo" "+3154cc1a3e6424e44f438a95007d043ed5ceaaf6" "metadata" "--no-deps" "--format-version=1", kill_on_drop: false }`
[INFO] running `Command { std: "docker" "inspect" "b64e6a4a66d6d5292cddbc06ab24670aea8446ec5f61c1f7e883fe92e384d9be", kill_on_drop: false }`
[INFO] running `Command { std: "docker" "exec" "-e" "SOURCE_DIR=/opt/rustwide/workdir" "-e" "CARGO_HOME=/opt/rustwide/cargo-home" "-e" "RUSTUP_HOME=/opt/rustwide/rustup-home" "-e" "CARGO_TARGET_DIR=/opt/rustwide/target" "-e" "CARGO_INCREMENTAL=0" "-e" "RUST_BACKTRACE=full" "-e" "RUSTFLAGS=--cap-lints=forbid -Znext-solver=coherence" "-e" "RUSTDOCFLAGS=--cap-lints=forbid" "-w" "/opt/rustwide/workdir" "--user" "0:0" "b64e6a4a66d6d5292cddbc06ab24670aea8446ec5f61c1f7e883fe92e384d9be" "/opt/rustwide/cargo-home/bin/cargo" "+3154cc1a3e6424e44f438a95007d043ed5ceaaf6" "check" "--frozen" "--all" "--all-targets" "--message-format=json", kill_on_drop: false }`
[INFO] [stderr]    Compiling stable_deref_trait v1.2.1
[INFO] [stderr]    Compiling arrayvec v0.7.8
[INFO] [stderr]    Compiling libm v0.2.16
[INFO] [stderr]    Compiling num-traits v0.2.19
[INFO] [stderr]    Compiling crc32fast v1.5.1
[INFO] [stderr]    Compiling smallvec v1.15.2
[INFO] [stderr]     Checking mullion-module-api v0.1.0 (/opt/rustwide/workdir/module-api)
[INFO] [stderr]    Compiling syn v3.0.4
[INFO] [stderr]    Compiling zerofrom v0.1.8
[INFO] [stderr]    Compiling writeable v0.6.4
[INFO] [stderr]    Compiling yoke v0.8.3
[INFO] [stderr]    Compiling log v0.4.34
[INFO] [stderr]    Compiling crossbeam-utils v0.8.22
[INFO] [stderr]    Compiling crossbeam-epoch v0.9.20
[INFO] [stderr]    Compiling serde_core v1.0.229
[INFO] [stderr]    Compiling litemap v0.8.3
[INFO] [stderr]    Compiling crossbeam-deque v0.8.7
[INFO] [stderr]    Compiling rayon-core v1.13.0
[INFO] [stderr]    Compiling equator-macro v0.4.2
[INFO] [stderr]    Compiling hashbrown v0.17.1
[INFO] [stderr]    Compiling flate2 v1.1.9
[INFO] [stderr]    Compiling thiserror v2.0.20
[INFO] [stderr]    Compiling anyhow v1.0.104
[INFO] [stderr]    Compiling slotmap v1.1.1
[INFO] [stderr]    Compiling float-cmp v0.9.0
[INFO] [stderr]    Compiling quick-error v2.0.1
[INFO] [stderr]    Compiling zerocopy v0.8.56
[INFO] [stderr]    Compiling equator v0.4.2
[INFO] [stderr]    Compiling core_maths v0.1.1
[INFO] [stderr]    Compiling ttf-parser v0.25.1
[INFO] [stderr]    Compiling icu_properties_data v2.3.0
[INFO] [stderr]    Compiling icu_normalizer_data v2.3.0
[INFO] [stderr]    Compiling strict-num v0.1.1
[INFO] [stderr]    Compiling aligned-vec v0.6.4
[INFO] [stderr]    Compiling polycool v0.4.0
[INFO] [stderr]    Compiling as-slice v0.2.1
[INFO] [stderr]    Compiling zerocopy-derive v0.8.56
[INFO] [stderr]    Compiling av-scenechange v0.14.1
[INFO] [stderr]    Compiling built v0.8.1
[INFO] [stderr]    Compiling tinyvec_macros v0.1.1
[INFO] [stderr]    Compiling icu_locale_fallback_data v2.3.0
[INFO] [stderr]    Compiling rayon v1.12.0
[INFO] [stderr]    Compiling zune-core v0.5.3
[INFO] [stderr]    Compiling unicode-width v0.2.2
[INFO] [stderr]    Compiling num-integer v0.1.47
[INFO] [stderr]    Compiling v_frame v0.3.9
[INFO] [stderr]    Compiling weezl v0.1.12
[INFO] [stderr]    Compiling arrayref v0.3.9
[INFO] [stderr]    Compiling zune-jpeg v0.5.15
[INFO] [stderr]    Compiling num-bigint v0.4.8
[INFO] [stderr]    Compiling rav1e v0.8.1
[INFO] [stderr]    Compiling tinyvec v1.12.0
[INFO] [stderr]    Compiling indexmap v2.14.0
[INFO] [stderr]    Compiling toml_datetime v1.1.1+spec-1.1.0
[INFO] [stderr]    Compiling yeslogic-fontconfig-sys v6.0.1
[INFO] [stderr]    Compiling aligned v0.4.3
[INFO] [stderr]    Compiling bytemuck_derive v1.12.0
[INFO] [stderr]    Compiling displaydoc v0.2.7
[INFO] [stderr]    Compiling zerovec-derive v0.11.6
[INFO] [stderr]    Compiling thiserror-impl v2.0.20
[INFO] [stderr]    Compiling num-rational v0.4.2
[INFO] [stderr]    Compiling zerotrie v0.2.5
[INFO] [stderr]    Compiling kurbo v0.13.1
[INFO] [stderr]    Compiling png v0.18.1
[INFO] [stderr]    Compiling zerovec v0.11.8
[INFO] [stderr]    Compiling bytemuck v1.25.2
[INFO] [stderr]    Compiling no_std_io2 v0.9.4
[INFO] [stderr]    Compiling nom v8.0.0
[INFO] [stderr]    Compiling font-types v0.11.3
[INFO] [stderr]    Compiling tiny-skia-path v0.12.0
[INFO] [stderr]    Compiling rgb v0.8.53
[INFO] [stderr]    Compiling profiling-procmacros v1.0.18
[INFO] [stderr]    Compiling arg_enum_proc_macro v0.3.4
[INFO] [stderr]    Compiling tinystr v0.8.4
[INFO] [stderr]    Compiling potential_utf v0.1.6
[INFO] [stderr]    Compiling icu_collections v2.3.0
[INFO] [stderr]    Compiling icu_locale_core v2.3.0
[INFO] [stderr]    Compiling libloading v0.8.9
[INFO] [stderr]    Compiling unicode-properties v0.1.4
[INFO] [stderr]    Compiling icu_decimal_data v2.3.0
[INFO] [stderr]    Compiling color_quant v1.1.0
[INFO] [stderr]    Compiling unicode-ccc v0.4.0
[INFO] [stderr]    Compiling y4m v0.8.0
[INFO] [stderr]    Compiling toml_writer v1.1.2+spec-1.1.0
[INFO] [stderr]    Compiling unicode-script v0.5.8
[INFO] [stderr]    Compiling unicode-bidi-mirroring v0.4.0
[INFO] [stderr]    Compiling pastey v0.1.1
[INFO] [stderr]    Compiling unicode-segmentation v1.13.3
[INFO] [stderr]    Compiling svgtypes v0.16.1
[INFO] [stderr]    Compiling rustybuzz v0.20.1
[INFO] [stderr]    Compiling toml_edit v0.25.13+spec-1.1.0
[INFO] [stderr]    Compiling convert_case v0.10.0
[INFO] [stderr]    Compiling gif v0.14.2
[INFO] [stderr]    Compiling dlib v0.5.3
[INFO] [stderr]    Compiling image-webp v0.2.4
[INFO] [stderr]    Compiling profiling v1.0.18
[INFO] [stderr]    Compiling pulp v0.22.3
[INFO] [stderr]    Compiling icu_provider v2.3.1
[INFO] [stderr]    Compiling read-fonts v0.39.2
[INFO] [stderr]    Compiling icu_normalizer v2.3.0
[INFO] [stderr]    Compiling icu_properties v2.3.0
[INFO] [stderr]    Compiling fontdb v0.23.0
[INFO] [stderr]    Compiling half v2.7.1
[INFO] [stderr]    Compiling font-types v0.12.4
[INFO] [stderr]    Compiling av1-grain v0.2.5
[INFO] [stderr]    Compiling num-complex v0.4.6
[INFO] [stderr]    Compiling bitstream-io v4.10.0
[INFO] [stderr]    Compiling maybe-rayon v0.1.1
[INFO] [stderr]    Compiling euclid v0.22.14
[INFO] [stderr]    Compiling itertools v0.14.0
[INFO] [stderr]    Compiling simplecss v0.2.2
[INFO] [stderr]    Compiling raw-cpuid v11.6.0
[INFO] [stderr]    Compiling roxmltree v0.21.1
[INFO] [stderr]    Compiling num-derive v0.4.2
[INFO] [stderr]    Compiling simd_helpers v0.1.0
[INFO] [stderr]    Compiling reborrow v0.5.5
[INFO] [stderr]    Compiling pulldown-cmark v0.13.4
[INFO] [stderr]    Compiling unicode-vo v0.1.0
[INFO] [stderr]    Compiling noop_proc_macro v0.3.0
[INFO] [stderr]    Compiling data-url v0.3.2
[INFO] [stderr]    Compiling imgref v1.12.2
[INFO] [stderr]    Compiling pico-args v0.5.0
[INFO] [stderr]    Compiling xmlwriter v0.1.0
[INFO] [stderr]    Compiling imagesize v0.14.0
[INFO] [stderr]    Compiling unicode-bidi v0.3.18
[INFO] [stderr]    Compiling pulp-wasm-simd-flag v0.1.1
[INFO] [stderr]    Compiling derive_more-impl v2.1.1
[INFO] [stderr]    Compiling loop9 v0.1.5
[INFO] [stderr]    Compiling lyon_geom v1.0.19
[INFO] [stderr]    Compiling idna_adapter v1.2.2
[INFO] [stderr]    Compiling icu_locale_fallback v2.3.0
[INFO] [stderr]    Compiling usvg v0.47.0
[INFO] [stderr]    Compiling read-fonts v0.41.0
[INFO] [stderr]    Compiling proc-macro-crate v3.5.0
[INFO] [stderr]    Compiling tiny-skia v0.12.0
[INFO] [stderr]    Compiling fixed_decimal v0.7.2
[INFO] [stderr]    Compiling snafu-derive v0.8.9
[INFO] [stderr]    Compiling getopts v0.2.24
[INFO] [stderr]    Compiling memmap2 v0.9.11
[INFO] [stderr]    Compiling avif-serialize v0.8.9
[INFO] [stderr]    Compiling zune-inflate v0.2.54
[INFO] [stderr]     Checking mullion-hotkeys v0.1.0 (/opt/rustwide/workdir/hotkeys)
[INFO] [stderr]    Compiling lebe v0.5.3
[INFO] [stderr]    Compiling pulldown-cmark-escape v0.11.0
[INFO] [stderr]    Compiling parlance v0.1.0
[INFO] [stderr]    Compiling bit_field v0.10.3
[INFO] [stderr]    Compiling rspolib v0.1.2
[INFO] [stderr]    Compiling fax v0.2.7
[INFO] [stderr]    Compiling linebender_resource_handle v0.1.1
[INFO] [stderr]    Compiling unicase v2.9.0
[INFO] [stderr]    Compiling derive_more v2.1.1
[INFO] [stderr]    Compiling tiff v0.11.3
[INFO] [stderr]    Compiling moxcms v0.8.1
[INFO] [stderr]    Compiling snafu v0.8.9
[INFO] [stderr]    Compiling resvg v0.47.0
[INFO] [stderr]    Compiling exr v1.74.2
[INFO] [stderr]    Compiling ravif v0.13.0
[INFO] [stderr]    Compiling fontique v0.10.0
[INFO] [stderr]    Compiling skrifa v0.42.1
[INFO] [stderr]    Compiling icu_decimal v2.3.0
[INFO] [stderr]    Compiling num_enum_derive v0.7.6
[INFO] [stderr]    Compiling lyon_path v1.0.19
[INFO] [stderr]    Compiling idna v1.1.0
[INFO] [stderr]    Compiling qoi v0.4.1
[INFO] [stderr]    Compiling strum_macros v0.28.0
[INFO] [stderr]    Compiling countme v3.0.1
[INFO] [stderr]    Compiling htmlparser v0.2.1
[INFO] [stderr]    Compiling text-size v1.1.1
[INFO] [stderr]    Compiling zeno v0.3.3
[INFO] [stderr]    Compiling lazy_static v1.5.0
[INFO] [stderr]    Compiling yazi v0.2.1
[INFO] [stderr]    Compiling anstyle v1.0.14
[INFO] [stderr]    Compiling rustc-hash v1.1.0
[INFO] [stderr]    Compiling skrifa v0.44.0
[INFO] [stderr]    Compiling hashbrown v0.14.5
[INFO] [stderr]    Compiling linked-hash-map v0.5.6
[INFO] [stderr]    Compiling natord v1.0.9
[INFO] [stderr]    Compiling i-slint-compiler v1.17.1
[INFO] [stderr]    Compiling unicode-linebreak v0.1.5
[INFO] [stderr]    Compiling linked_hash_set v0.1.6
[INFO] [stderr]    Compiling rowan v0.16.1
[INFO] [stderr]    Compiling strum v0.28.0
[INFO] [stderr]    Compiling image v0.25.10
[INFO] [stderr]    Compiling i-slint-common v1.17.1
[INFO] [stderr]    Compiling annotate-snippets v0.12.16
[INFO] [stderr]    Compiling lyon_extra v1.1.0
[INFO] [stderr]    Compiling url v2.5.8
[INFO] [stderr]    Compiling num_enum v0.7.6
[INFO] [stderr]    Compiling serde_spanned v1.1.1
[INFO] [stderr]    Compiling typed-index-collections v3.5.0
[INFO] [stderr]    Compiling smol_str v0.3.6
[INFO] [stderr]    Compiling pin-utils v0.1.0
[INFO] [stderr]    Compiling by_address v1.2.1
[INFO] [stderr]    Compiling spin_on v0.1.1
[INFO] [stderr]    Compiling toml v1.1.4+spec-1.1.0
[INFO] [stderr]    Compiling serde_derive v1.0.229
[INFO] [stderr]     Checking window_snap v0.1.0 (/opt/rustwide/workdir/modules/window_snap)
[INFO] [stderr]     Checking switcher v0.1.0 (/opt/rustwide/workdir/modules/switcher)
[INFO] [stderr]     Checking wsl_monitor v0.1.0 (/opt/rustwide/workdir/modules/wsl_monitor)
[INFO] [stderr]    Compiling swash v0.2.10
[INFO] [stderr]     Checking sys_monitor v0.1.0 (/opt/rustwide/workdir/modules/sys_monitor)
[INFO] [stderr]     Checking clipboard v0.1.0 (/opt/rustwide/workdir/modules/clipboard)
[INFO] [stderr]    Compiling winresource v0.1.31
[INFO] [stderr]     Checking display_control v0.1.0 (/opt/rustwide/workdir/modules/display_control)
[INFO] [stderr]     Checking volume_mixer v0.1.0 (/opt/rustwide/workdir/modules/volume_mixer)
[INFO] [stdout] warning: constant `ECHO_WINDOW` is never used
[INFO] [stdout]   --> modules/volume_mixer/src/commands.rs:16:11
[INFO] [stdout]    |
[INFO] [stdout] 16 | pub const ECHO_WINDOW: Duration = Duration::from_millis(600);
[INFO] [stdout]    |           ^^^^^^^^^^^
[INFO] [stdout]    |
[INFO] [stdout]    = note: `#[warn(dead_code)]` (part of `#[warn(unused)]`) on by default
[INFO] [stdout] 
[INFO] [stdout] 
[INFO] [stdout] warning: function `coalesce` is never used
[INFO] [stdout]   --> modules/volume_mixer/src/commands.rs:38:8
[INFO] [stdout]    |
[INFO] [stdout] 38 | pub fn coalesce(batch: Vec<Command>) -> Vec<Command> {
[INFO] [stdout]    |        ^^^^^^^^
[INFO] [stdout] 
[INFO] [stdout] 
[INFO] [stdout] warning: struct `EchoGuard` is never constructed
[INFO] [stdout]   --> modules/volume_mixer/src/commands.rs:65:12
[INFO] [stdout]    |
[INFO] [stdout] 65 | pub struct EchoGuard {
[INFO] [stdout]    |            ^^^^^^^^^
[INFO] [stdout] 
[INFO] [stdout] 
[INFO] [stdout] warning: methods `record`, `prune`, and `apply` are never used
[INFO] [stdout]   --> modules/volume_mixer/src/commands.rs:71:12
[INFO] [stdout]    |
[INFO] [stdout] 70 | impl EchoGuard {
[INFO] [stdout]    | -------------- methods in this implementation
[INFO] [stdout] 71 |     pub fn record(&mut self, command: Command, now: Instant) {
[INFO] [stdout]    |            ^^^^^^
[INFO] [stdout] ...
[INFO] [stdout] 83 |     pub fn prune(&mut self, now: Instant) {
[INFO] [stdout]    |            ^^^^^
[INFO] [stdout] ...
[INFO] [stdout] 92 |     pub fn apply(&self, snapshot: &mut MixerSnapshot, now: Instant) {
[INFO] [stdout]    |            ^^^^^
[INFO] [stdout] 
[INFO] [stdout] 
[INFO] [stderr]     Checking capture v0.1.0 (/opt/rustwide/workdir/modules/capture)
[INFO] [stderr]     Checking serde v1.0.229
[INFO] [stderr]    Compiling slint-build v1.17.1
[INFO] [stderr]    Compiling mullion-core v0.1.0 (/opt/rustwide/workdir/core)
[INFO] [stdout] error[E0433]: cannot find module or crate `windows` in this scope
[INFO] [stdout]    --> core/src/main.rs:360:9
[INFO] [stdout]     |
[INFO] [stdout] 360 |     use windows::Win32::UI::WindowsAndMessaging::{GetSystemMetrics, SM_CXSCREEN, SM_CYSCREEN};
[INFO] [stdout]     |         ^^^^^^^ use of unresolved module or unlinked crate `windows`
[INFO] [stdout]     |
[INFO] [stdout]     = help: if you wanted to use a crate named `windows`, use `cargo add windows` to add it to your `Cargo.toml`
[INFO] [stdout] 
[INFO] [stdout] 
[INFO] [stdout] error[E0433]: cannot find module or crate `windows` in this scope
[INFO] [stdout]    --> core/src/main.rs:491:9
[INFO] [stdout]     |
[INFO] [stdout] 491 |     use windows::Win32::System::Threading::GetCurrentProcessId;
[INFO] [stdout]     |         ^^^^^^^ use of unresolved module or unlinked crate `windows`
[INFO] [stdout]     |
[INFO] [stdout]     = help: if you wanted to use a crate named `windows`, use `cargo add windows` to add it to your `Cargo.toml`
[INFO] [stdout] 
[INFO] [stdout] 
[INFO] [stdout] error[E0433]: cannot find module or crate `windows` in this scope
[INFO] [stdout]    --> core/src/main.rs:492:9
[INFO] [stdout]     |
[INFO] [stdout] 492 |     use windows::Win32::UI::WindowsAndMessaging::{GetForegroundWindow, GetWindowThreadProcessId};
[INFO] [stdout]     |         ^^^^^^^ use of unresolved module or unlinked crate `windows`
[INFO] [stdout]     |
[INFO] [stdout]     = help: if you wanted to use a crate named `windows`, use `cargo add windows` to add it to your `Cargo.toml`
[INFO] [stdout] 
[INFO] [stdout] 
[INFO] [stdout] error[E0432]: unresolved import `slint`
[INFO] [stdout]  --> core/src/main.rs:9:5
[INFO] [stdout]   |
[INFO] [stdout] 9 | use slint::Model;
[INFO] [stdout]   |     ^^^^^ use of unresolved module or unlinked crate `slint`
[INFO] [stdout]   |
[INFO] [stdout]   = help: if you wanted to use a crate named `slint`, use `cargo add slint` to add it to your `Cargo.toml`
[INFO] [stdout] 
[INFO] [stdout] 
[INFO] [stdout] error[E0433]: cannot find module or crate `tray_icon` in this scope
[INFO] [stdout]  --> core/src/../../ui/src/tray_menu.rs:1:5
[INFO] [stdout]   |
[INFO] [stdout] 1 | use tray_icon::menu::{Menu, MenuEvent, MenuItem, PredefinedMenuItem};
[INFO] [stdout]   |     ^^^^^^^^^ use of unresolved module or unlinked crate `tray_icon`
[INFO] [stdout]   |
[INFO] [stdout]   = help: if you wanted to use a crate named `tray_icon`, use `cargo add tray_icon` to add it to your `Cargo.toml`
[INFO] [stdout] 
[INFO] [stdout] 
[INFO] [stdout] error[E0432]: unresolved import `raw_window_handle`
[INFO] [stdout]    --> core/src/main.rs:509:9
[INFO] [stdout]     |
[INFO] [stdout] 509 |     use raw_window_handle::{HasWindowHandle, RawWindowHandle};
[INFO] [stdout]     |         ^^^^^^^^^^^^^^^^^ use of unresolved module or unlinked crate `raw_window_handle`
[INFO] [stdout]     |
[INFO] [stdout]     = help: if you wanted to use a crate named `raw_window_handle`, use `cargo add raw_window_handle` to add it to your `Cargo.toml`
[INFO] [stdout] 
[INFO] [stdout] 
[INFO] [stdout] error[E0432]: unresolved import `tray_icon`
[INFO] [stdout]  --> core/src/../../ui/src/tray_menu.rs:2:5
[INFO] [stdout]   |
[INFO] [stdout] 2 | use tray_icon::{Icon, TrayIcon, TrayIconBuilder};
[INFO] [stdout]   |     ^^^^^^^^^ use of unresolved module or unlinked crate `tray_icon`
[INFO] [stdout]   |
[INFO] [stdout]   = help: if you wanted to use a crate named `tray_icon`, use `cargo add tray_icon` to add it to your `Cargo.toml`
[INFO] [stdout] 
[INFO] [stdout] 
[INFO] [stdout] error[E0433]: cannot find module or crate `slint` in this scope
[INFO] [stdout]  --> core/src/main.rs:3:1
[INFO] [stdout]   |
[INFO] [stdout] 3 | slint::include_modules!();
[INFO] [stdout]   | ^^^^^ use of unresolved module or unlinked crate `slint`
[INFO] [stdout] 
[INFO] [stdout] 
[INFO] [stdout] error[E0433]: cannot find module or crate `windows` in this scope
[INFO] [stdout]    --> core/src/main.rs:360:9
[INFO] [stdout]     |
[INFO] [stdout] 360 |     use windows::Win32::UI::WindowsAndMessaging::{GetSystemMetrics, SM_CXSCREEN, SM_CYSCREEN};
[INFO] [stdout]     |         ^^^^^^^ use of unresolved module or unlinked crate `windows`
[INFO] [stdout]     |
[INFO] [stdout]     = help: if you wanted to use a crate named `windows`, use `cargo add windows` to add it to your `Cargo.toml`
[INFO] [stdout] 
[INFO] [stdout] 
[INFO] [stdout] error[E0433]: cannot find module or crate `windows` in this scope
[INFO] [stdout]    --> core/src/main.rs:491:9
[INFO] [stdout]     |
[INFO] [stdout] 491 |     use windows::Win32::System::Threading::GetCurrentProcessId;
[INFO] [stdout]     |         ^^^^^^^ use of unresolved module or unlinked crate `windows`
[INFO] [stdout]     |
[INFO] [stdout]     = help: if you wanted to use a crate named `windows`, use `cargo add windows` to add it to your `Cargo.toml`
[INFO] [stdout] 
[INFO] [stdout] 
[INFO] [stdout] error[E0433]: cannot find module or crate `windows` in this scope
[INFO] [stdout]    --> core/src/main.rs:492:9
[INFO] [stdout]     |
[INFO] [stdout] 492 |     use windows::Win32::UI::WindowsAndMessaging::{GetForegroundWindow, GetWindowThreadProcessId};
[INFO] [stdout]     |         ^^^^^^^ use of unresolved module or unlinked crate `windows`
[INFO] [stdout]     |
[INFO] [stdout]     = help: if you wanted to use a crate named `windows`, use `cargo add windows` to add it to your `Cargo.toml`
[INFO] [stdout] 
[INFO] [stdout] 
[INFO] [stdout] error[E0432]: unresolved import `slint`
[INFO] [stdout]  --> core/src/main.rs:9:5
[INFO] [stdout]   |
[INFO] [stdout] 9 | use slint::Model;
[INFO] [stdout]   |     ^^^^^ use of unresolved module or unlinked crate `slint`
[INFO] [stdout]   |
[INFO] [stdout]   = help: if you wanted to use a crate named `slint`, use `cargo add slint` to add it to your `Cargo.toml`
[INFO] [stdout] 
[INFO] [stdout] 
[INFO] [stdout] error[E0433]: cannot find module or crate `tray_icon` in this scope
[INFO] [stdout]  --> core/src/../../ui/src/tray_menu.rs:1:5
[INFO] [stdout]   |
[INFO] [stdout] 1 | use tray_icon::menu::{Menu, MenuEvent, MenuItem, PredefinedMenuItem};
[INFO] [stdout]   |     ^^^^^^^^^ use of unresolved module or unlinked crate `tray_icon`
[INFO] [stdout]   |
[INFO] [stdout]   = help: if you wanted to use a crate named `tray_icon`, use `cargo add tray_icon` to add it to your `Cargo.toml`
[INFO] [stdout] 
[INFO] [stdout] 
[INFO] [stdout] error[E0432]: unresolved import `raw_window_handle`
[INFO] [stdout]    --> core/src/main.rs:509:9
[INFO] [stdout]     |
[INFO] [stdout] 509 |     use raw_window_handle::{HasWindowHandle, RawWindowHandle};
[INFO] [stdout]     |         ^^^^^^^^^^^^^^^^^ use of unresolved module or unlinked crate `raw_window_handle`
[INFO] [stdout]     |
[INFO] [stdout]     = help: if you wanted to use a crate named `raw_window_handle`, use `cargo add raw_window_handle` to add it to your `Cargo.toml`
[INFO] [stdout] 
[INFO] [stdout] 
[INFO] [stdout] error[E0432]: unresolved import `tray_icon`
[INFO] [stdout]  --> core/src/../../ui/src/tray_menu.rs:2:5
[INFO] [stdout]   |
[INFO] [stdout] 2 | use tray_icon::{Icon, TrayIcon, TrayIconBuilder};
[INFO] [stdout]   |     ^^^^^^^^^ use of unresolved module or unlinked crate `tray_icon`
[INFO] [stdout]   |
[INFO] [stdout]   = help: if you wanted to use a crate named `tray_icon`, use `cargo add tray_icon` to add it to your `Cargo.toml`
[INFO] [stdout] 
[INFO] [stdout] 
[INFO] [stdout] error[E0433]: cannot find module or crate `slint` in this scope
[INFO] [stdout]  --> core/src/main.rs:3:1
[INFO] [stdout]   |
[INFO] [stdout] 3 | slint::include_modules!();
[INFO] [stdout]   | ^^^^^ use of unresolved module or unlinked crate `slint`
[INFO] [stdout] 
[INFO] [stdout] 
[INFO] [stdout] error[E0433]: cannot find module or crate `tray_icon` in this scope
[INFO] [stdout]   --> core/src/../../ui/src/tray_menu.rs:49:42
[INFO] [stdout]    |
[INFO] [stdout] 49 | pub fn menu_event_receiver() -> &'static tray_icon::menu::MenuEventReceiver {
[INFO] [stdout]    |                                          ^^^^^^^^^ use of unresolved module or unlinked crate `tray_icon`
[INFO] [stdout]    |
[INFO] [stdout]    = help: if you wanted to use a crate named `tray_icon`, use `cargo add tray_icon` to add it to your `Cargo.toml`
[INFO] [stdout] 
[INFO] [stdout] 
[INFO] [stdout] error[E0433]: cannot find module or crate `tray_icon` in this scope
[INFO] [stdout]   --> core/src/../../ui/src/tray_menu.rs:49:42
[INFO] [stdout]    |
[INFO] [stdout] 49 | pub fn menu_event_receiver() -> &'static tray_icon::menu::MenuEventReceiver {
[INFO] [stdout]    |                                          ^^^^^^^^^ use of unresolved module or unlinked crate `tray_icon`
[INFO] [stdout]    |
[INFO] [stdout]    = help: if you wanted to use a crate named `tray_icon`, use `cargo add tray_icon` to add it to your `Cargo.toml`
[INFO] [stdout] 
[INFO] [stdout] 
[INFO] [stdout] error[E0433]: cannot find module or crate `slint` in this scope
[INFO] [stdout]    --> core/src/main.rs:196:22
[INFO] [stdout]     |
[INFO] [stdout] 196 |     let tray_timer = slint::Timer::default();
[INFO] [stdout]     |                      ^^^^^ use of unresolved module or unlinked crate `slint`
[INFO] [stdout]     |
[INFO] [stdout]     = help: if you wanted to use a crate named `slint`, use `cargo add slint` to add it to your `Cargo.toml`
[INFO] [stdout] 
[INFO] [stdout] 
[INFO] [stdout] error[E0433]: cannot find module or crate `slint` in this scope
[INFO] [stdout]    --> core/src/main.rs:209:13
[INFO] [stdout]     |
[INFO] [stdout] 209 |             slint::TimerMode::Repeated,
[INFO] [stdout]     |             ^^^^^ use of unresolved module or unlinked crate `slint`
[INFO] [stdout]     |
[INFO] [stdout]     = help: if you wanted to use a crate named `slint`, use `cargo add slint` to add it to your `Cargo.toml`
[INFO] [stdout] 
[INFO] [stdout] 
[INFO] [stdout] error[E0433]: cannot find module or crate `tray_icon` in this scope
[INFO] [stdout]    --> core/src/main.rs:235:39
[INFO] [stdout]     |
[INFO] [stdout] 235 |                 while let Ok(event) = tray_icon::TrayIconEvent::receiver().try_recv() {
[INFO] [stdout]     |                                       ^^^^^^^^^ use of unresolved module or unlinked crate `tray_icon`
[INFO] [stdout]     |
[INFO] [stdout]     = help: if you wanted to use a crate named `tray_icon`, use `cargo add tray_icon` to add it to your `Cargo.toml`
[INFO] [stdout] 
[INFO] [stdout] 
[INFO] [stdout] error[E0433]: cannot find module or crate `tray_icon` in this scope
[INFO] [stdout]    --> core/src/main.rs:236:28
[INFO] [stdout]     |
[INFO] [stdout] 236 |                     if let tray_icon::TrayIconEvent::Click {
[INFO] [stdout]     |                            ^^^^^^^^^ use of unresolved module or unlinked crate `tray_icon`
[INFO] [stdout]     |
[INFO] [stdout]     = help: if you wanted to use a crate named `tray_icon`, use `cargo add tray_icon` to add it to your `Cargo.toml`
[INFO] [stdout] 
[INFO] [stdout] 
[INFO] [stdout] error[E0433]: cannot find module or crate `tray_icon` in this scope
[INFO] [stdout]    --> core/src/main.rs:238:33
[INFO] [stdout]     |
[INFO] [stdout] 238 |                         button: tray_icon::MouseButton::Left,
[INFO] [stdout]     |                                 ^^^^^^^^^ use of unresolved module or unlinked crate `tray_icon`
[INFO] [stdout]     |
[INFO] [stdout]     = help: if you wanted to use a crate named `tray_icon`, use `cargo add tray_icon` to add it to your `Cargo.toml`
[INFO] [stdout] 
[INFO] [stdout] 
[INFO] [stdout] error[E0433]: cannot find module or crate `slint` in this scope
[INFO] [stdout]    --> core/src/main.rs:196:22
[INFO] [stdout]     |
[INFO] [stdout] 196 |     let tray_timer = slint::Timer::default();
[INFO] [stdout]     |                      ^^^^^ use of unresolved module or unlinked crate `slint`
[INFO] [stdout]     |
[INFO] [stdout]     = help: if you wanted to use a crate named `slint`, use `cargo add slint` to add it to your `Cargo.toml`
[INFO] [stdout] 
[INFO] [stdout] 
[INFO] [stdout] error[E0433]: cannot find module or crate `tray_icon` in this scope
[INFO] [stdout]    --> core/src/main.rs:239:39
[INFO] [stdout]     |
[INFO] [stdout] 239 |                         button_state: tray_icon::MouseButtonState::Up,
[INFO] [stdout]     |                                       ^^^^^^^^^ use of unresolved module or unlinked crate `tray_icon`
[INFO] [stdout]     |
[INFO] [stdout]     = help: if you wanted to use a crate named `tray_icon`, use `cargo add tray_icon` to add it to your `Cargo.toml`
[INFO] [stdout] 
[INFO] [stdout] 
[INFO] [stdout] error[E0433]: cannot find module or crate `slint` in this scope
[INFO] [stdout]    --> core/src/main.rs:209:13
[INFO] [stdout]     |
[INFO] [stdout] 209 |             slint::TimerMode::Repeated,
[INFO] [stdout]     |             ^^^^^ use of unresolved module or unlinked crate `slint`
[INFO] [stdout]     |
[INFO] [stdout]     = help: if you wanted to use a crate named `slint`, use `cargo add slint` to add it to your `Cargo.toml`
[INFO] [stdout] 
[INFO] [stdout] 
[INFO] [stdout] error[E0433]: cannot find module or crate `slint` in this scope
[INFO] [stdout]    --> core/src/main.rs:268:23
[INFO] [stdout]     |
[INFO] [stdout] 268 |     let panel_timer = slint::Timer::default();
[INFO] [stdout]     |                       ^^^^^ use of unresolved module or unlinked crate `slint`
[INFO] [stdout]     |
[INFO] [stdout]     = help: if you wanted to use a crate named `slint`, use `cargo add slint` to add it to your `Cargo.toml`
[INFO] [stdout] 
[INFO] [stdout] 
[INFO] [stdout] error[E0433]: cannot find module or crate `slint` in this scope
[INFO] [stdout]    --> core/src/main.rs:278:13
[INFO] [stdout]     |
[INFO] [stdout] 278 |             slint::TimerMode::Repeated,
[INFO] [stdout]     |             ^^^^^ use of unresolved module or unlinked crate `slint`
[INFO] [stdout]     |
[INFO] [stdout]     = help: if you wanted to use a crate named `slint`, use `cargo add slint` to add it to your `Cargo.toml`
[INFO] [stdout] 
[INFO] [stdout] 
[INFO] [stdout] error[E0433]: cannot find module or crate `slint` in this scope
[INFO] [stdout]    --> core/src/main.rs:312:25
[INFO] [stdout]     |
[INFO] [stdout] 312 |     let dismiss_timer = slint::Timer::default();
[INFO] [stdout]     |                         ^^^^^ use of unresolved module or unlinked crate `slint`
[INFO] [stdout]     |
[INFO] [stdout]     = help: if you wanted to use a crate named `slint`, use `cargo add slint` to add it to your `Cargo.toml`
[INFO] [stdout] 
[INFO] [stdout] 
[INFO] [stdout] error[E0433]: cannot find module or crate `tray_icon` in this scope
[INFO] [stdout]    --> core/src/main.rs:235:39
[INFO] [stdout]     |
[INFO] [stdout] 235 |                 while let Ok(event) = tray_icon::TrayIconEvent::receiver().try_recv() {
[INFO] [stdout]     |                                       ^^^^^^^^^ use of unresolved module or unlinked crate `tray_icon`
[INFO] [stdout]     |
[INFO] [stdout]     = help: if you wanted to use a crate named `tray_icon`, use `cargo add tray_icon` to add it to your `Cargo.toml`
[INFO] [stdout] 
[INFO] [stdout] 
[INFO] [stdout] error[E0433]: cannot find module or crate `tray_icon` in this scope
[INFO] [stdout]    --> core/src/main.rs:236:28
[INFO] [stdout]     |
[INFO] [stdout] 236 |                     if let tray_icon::TrayIconEvent::Click {
[INFO] [stdout]     |                            ^^^^^^^^^ use of unresolved module or unlinked crate `tray_icon`
[INFO] [stdout]     |
[INFO] [stdout]     = help: if you wanted to use a crate named `tray_icon`, use `cargo add tray_icon` to add it to your `Cargo.toml`
[INFO] [stdout] 
[INFO] [stdout] 
[INFO] [stdout] error[E0433]: cannot find module or crate `slint` in this scope
[INFO] [stdout]    --> core/src/main.rs:320:13
[INFO] [stdout]     |
[INFO] [stdout] 320 |             slint::TimerMode::Repeated,
[INFO] [stdout]     |             ^^^^^ use of unresolved module or unlinked crate `slint`
[INFO] [stdout]     |
[INFO] [stdout]     = help: if you wanted to use a crate named `slint`, use `cargo add slint` to add it to your `Cargo.toml`
[INFO] [stdout] 
[INFO] [stdout] 
[INFO] [stdout] error[E0433]: cannot find module or crate `tray_icon` in this scope
[INFO] [stdout]    --> core/src/main.rs:238:33
[INFO] [stdout]     |
[INFO] [stdout] 238 |                         button: tray_icon::MouseButton::Left,
[INFO] [stdout]     |                                 ^^^^^^^^^ use of unresolved module or unlinked crate `tray_icon`
[INFO] [stdout]     |
[INFO] [stdout]     = help: if you wanted to use a crate named `tray_icon`, use `cargo add tray_icon` to add it to your `Cargo.toml`
[INFO] [stdout] 
[INFO] [stdout] 
[INFO] [stdout] error[E0433]: cannot find module or crate `tray_icon` in this scope
[INFO] [stdout]    --> core/src/main.rs:239:39
[INFO] [stdout]     |
[INFO] [stdout] 239 |                         button_state: tray_icon::MouseButtonState::Up,
[INFO] [stdout]     |                                       ^^^^^^^^^ use of unresolved module or unlinked crate `tray_icon`
[INFO] [stdout]     |
[INFO] [stdout]     = help: if you wanted to use a crate named `tray_icon`, use `cargo add tray_icon` to add it to your `Cargo.toml`
[INFO] [stdout] 
[INFO] [stdout] 
[INFO] [stdout] error[E0433]: cannot find module or crate `slint` in this scope
[INFO] [stdout]    --> core/src/main.rs:268:23
[INFO] [stdout]     |
[INFO] [stdout] 268 |     let panel_timer = slint::Timer::default();
[INFO] [stdout]     |                       ^^^^^ use of unresolved module or unlinked crate `slint`
[INFO] [stdout]     |
[INFO] [stdout]     = help: if you wanted to use a crate named `slint`, use `cargo add slint` to add it to your `Cargo.toml`
[INFO] [stdout] 
[INFO] [stdout] 
[INFO] [stdout] error[E0433]: cannot find module or crate `slint` in this scope
[INFO] [stdout]    --> core/src/main.rs:278:13
[INFO] [stdout]     |
[INFO] [stdout] 278 |             slint::TimerMode::Repeated,
[INFO] [stdout]     |             ^^^^^ use of unresolved module or unlinked crate `slint`
[INFO] [stdout]     |
[INFO] [stdout]     = help: if you wanted to use a crate named `slint`, use `cargo add slint` to add it to your `Cargo.toml`
[INFO] [stdout] 
[INFO] [stdout] 
[INFO] [stdout] error[E0433]: cannot find module or crate `slint` in this scope
[INFO] [stdout]    --> core/src/main.rs:401:21
[INFO] [stdout]     |
[INFO] [stdout] 401 |     handle.set_size(slint::PhysicalSize::new(
[INFO] [stdout]     |                     ^^^^^ use of unresolved module or unlinked crate `slint`
[INFO] [stdout]     |
[INFO] [stdout]     = help: if you wanted to use a crate named `slint`, use `cargo add slint` to add it to your `Cargo.toml`
[INFO] [stdout] 
[INFO] [stdout] 
[INFO] [stdout] error[E0433]: cannot find module or crate `slint` in this scope
[INFO] [stdout]    --> core/src/main.rs:312:25
[INFO] [stdout]     |
[INFO] [stdout] 312 |     let dismiss_timer = slint::Timer::default();
[INFO] [stdout]     |                         ^^^^^ use of unresolved module or unlinked crate `slint`
[INFO] [stdout]     |
[INFO] [stdout]     = help: if you wanted to use a crate named `slint`, use `cargo add slint` to add it to your `Cargo.toml`
[INFO] [stdout] 
[INFO] [stdout] 
[INFO] [stdout] error[E0433]: cannot find module or crate `slint` in this scope
[INFO] [stdout]    --> core/src/main.rs:320:13
[INFO] [stdout]     |
[INFO] [stdout] 320 |             slint::TimerMode::Repeated,
[INFO] [stdout]     |             ^^^^^ use of unresolved module or unlinked crate `slint`
[INFO] [stdout]     |
[INFO] [stdout]     = help: if you wanted to use a crate named `slint`, use `cargo add slint` to add it to your `Cargo.toml`
[INFO] [stdout] 
[INFO] [stdout] 
[INFO] [stdout] error[E0433]: cannot find module or crate `slint` in this scope
[INFO] [stdout]    --> core/src/main.rs:410:25
[INFO] [stdout]     |
[INFO] [stdout] 410 |     handle.set_position(slint::PhysicalPosition::new(position.x as i32, position.y as i32));
[INFO] [stdout]     |                         ^^^^^ use of unresolved module or unlinked crate `slint`
[INFO] [stdout]     |
[INFO] [stdout]     = help: if you wanted to use a crate named `slint`, use `cargo add slint` to add it to your `Cargo.toml`
[INFO] [stdout] 
[INFO] [stdout] 
[INFO] [stdout] error[E0433]: cannot find module or crate `windows` in this scope
[INFO] [stdout]    --> core/src/main.rs:425:21
[INFO] [stdout]     |
[INFO] [stdout] 425 |             let _ = windows::Win32::UI::WindowsAndMessaging::SetForegroundWindow(hwnd);
[INFO] [stdout]     |                     ^^^^^^^ use of unresolved module or unlinked crate `windows`
[INFO] [stdout]     |
[INFO] [stdout]     = help: if you wanted to use a crate named `windows`, use `cargo add windows` to add it to your `Cargo.toml`
[INFO] [stdout] 
[INFO] [stdout] 
[INFO] [stdout] error[E0433]: cannot find module or crate `slint` in this scope
[INFO] [stdout]    --> core/src/main.rs:401:21
[INFO] [stdout]     |
[INFO] [stdout] 401 |     handle.set_size(slint::PhysicalSize::new(
[INFO] [stdout]     |                     ^^^^^ use of unresolved module or unlinked crate `slint`
[INFO] [stdout]     |
[INFO] [stdout]     = help: if you wanted to use a crate named `slint`, use `cargo add slint` to add it to your `Cargo.toml`
[INFO] [stdout] 
[INFO] [stdout] 
[INFO] [stdout] error[E0433]: cannot find module or crate `slint` in this scope
[INFO] [stdout]    --> core/src/main.rs:410:25
[INFO] [stdout]     |
[INFO] [stdout] 410 |     handle.set_position(slint::PhysicalPosition::new(position.x as i32, position.y as i32));
[INFO] [stdout]     |                         ^^^^^ use of unresolved module or unlinked crate `slint`
[INFO] [stdout]     |
[INFO] [stdout]     = help: if you wanted to use a crate named `slint`, use `cargo add slint` to add it to your `Cargo.toml`
[INFO] [stdout] 
[INFO] [stdout] 
[INFO] [stdout] error[E0433]: cannot find module or crate `windows` in this scope
[INFO] [stdout]    --> core/src/main.rs:508:46
[INFO] [stdout]     |
[INFO] [stdout] 508 | fn panel_hwnd(window: &MainWindow) -> Option<windows::Win32::Foundation::HWND> {
[INFO] [stdout]     |                                              ^^^^^^^ use of unresolved module or unlinked crate `windows`
[INFO] [stdout]     |
[INFO] [stdout]     = help: if you wanted to use a crate named `windows`, use `cargo add windows` to add it to your `Cargo.toml`
[INFO] [stdout] 
[INFO] [stdout] 
[INFO] [stdout] error[E0433]: cannot find module or crate `windows` in this scope
[INFO] [stdout]    --> core/src/main.rs:425:21
[INFO] [stdout]     |
[INFO] [stdout] 425 |             let _ = windows::Win32::UI::WindowsAndMessaging::SetForegroundWindow(hwnd);
[INFO] [stdout]     |                     ^^^^^^^ use of unresolved module or unlinked crate `windows`
[INFO] [stdout]     |
[INFO] [stdout]     = help: if you wanted to use a crate named `windows`, use `cargo add windows` to add it to your `Cargo.toml`
[INFO] [stdout] 
[INFO] [stdout] 
[INFO] [stdout] error[E0433]: cannot find module or crate `windows` in this scope
[INFO] [stdout]    --> core/src/main.rs:514:18
[INFO] [stdout]     |
[INFO] [stdout] 514 |             Some(windows::Win32::Foundation::HWND(win32.hwnd.get() as *mut core::ffi::c_void))
[INFO] [stdout]     |                  ^^^^^^^ use of unresolved module or unlinked crate `windows`
[INFO] [stdout]     |
[INFO] [stdout]     = help: if you wanted to use a crate named `windows`, use `cargo add windows` to add it to your `Cargo.toml`
[INFO] [stdout] 
[INFO] [stdout] 
[INFO] [stdout] error[E0433]: cannot find module or crate `windows` in this scope
[INFO] [stdout]    --> core/src/main.rs:508:46
[INFO] [stdout]     |
[INFO] [stdout] 508 | fn panel_hwnd(window: &MainWindow) -> Option<windows::Win32::Foundation::HWND> {
[INFO] [stdout]     |                                              ^^^^^^^ use of unresolved module or unlinked crate `windows`
[INFO] [stdout]     |
[INFO] [stdout]     = help: if you wanted to use a crate named `windows`, use `cargo add windows` to add it to your `Cargo.toml`
[INFO] [stdout] 
[INFO] [stdout] 
[INFO] [stdout] error[E0433]: cannot find module or crate `windows` in this scope
[INFO] [stdout]    --> core/src/main.rs:514:18
[INFO] [stdout]     |
[INFO] [stdout] 514 |             Some(windows::Win32::Foundation::HWND(win32.hwnd.get() as *mut core::ffi::c_void))
[INFO] [stdout]     |                  ^^^^^^^ use of unresolved module or unlinked crate `windows`
[INFO] [stdout]     |
[INFO] [stdout]     = help: if you wanted to use a crate named `windows`, use `cargo add windows` to add it to your `Cargo.toml`
[INFO] [stdout] 
[INFO] [stdout] 
[INFO] [stdout] error[E0433]: cannot find module or crate `slint` in this scope
[INFO] [stdout]    --> core/src/main.rs:621:34
[INFO] [stdout]     |
[INFO] [stdout] 621 |     let sessions_model = Rc::new(slint::VecModel::default());
[INFO] [stdout]     |                                  ^^^^^ use of unresolved module or unlinked crate `slint`
[INFO] [stdout]     |
[INFO] [stdout]     = help: if you wanted to use a crate named `slint`, use `cargo add slint` to add it to your `Cargo.toml`
[INFO] [stdout] 
[INFO] [stdout] 
[INFO] [stdout] error[E0433]: cannot find module or crate `slint` in this scope
[INFO] [stdout]    --> core/src/main.rs:730:38
[INFO] [stdout]     |
[INFO] [stdout] 730 |         .set_hidden_sessions(Rc::new(slint::VecModel::from(hidden)).into());
[INFO] [stdout]     |                                      ^^^^^ use of unresolved module or unlinked crate `slint`
[INFO] [stdout]     |
[INFO] [stdout]     = help: if you wanted to use a crate named `slint`, use `cargo add slint` to add it to your `Cargo.toml`
[INFO] [stdout] 
[INFO] [stdout] 
[INFO] [stdout] error[E0433]: cannot find module or crate `slint` in this scope
[INFO] [stdout]    --> core/src/main.rs:621:34
[INFO] [stdout]     |
[INFO] [stdout] 621 |     let sessions_model = Rc::new(slint::VecModel::default());
[INFO] [stdout]     |                                  ^^^^^ use of unresolved module or unlinked crate `slint`
[INFO] [stdout]     |
[INFO] [stdout]     = help: if you wanted to use a crate named `slint`, use `cargo add slint` to add it to your `Cargo.toml`
[INFO] [stdout] 
[INFO] [stdout] 
[INFO] [stdout] error[E0433]: cannot find module or crate `slint` in this scope
[INFO] [stdout]    --> core/src/main.rs:730:38
[INFO] [stdout]     |
[INFO] [stdout] 730 |         .set_hidden_sessions(Rc::new(slint::VecModel::from(hidden)).into());
[INFO] [stdout]     |                                      ^^^^^ use of unresolved module or unlinked crate `slint`
[INFO] [stdout]     |
[INFO] [stdout]     = help: if you wanted to use a crate named `slint`, use `cargo add slint` to add it to your `Cargo.toml`
[INFO] [stdout] 
[INFO] [stdout] 
[INFO] [stdout] error[E0433]: cannot find module or crate `slint` in this scope
[INFO] [stdout]    --> core/src/main.rs:801:32
[INFO] [stdout]     |
[INFO] [stdout] 801 |     window.set_entries(Rc::new(slint::VecModel::from(rows)).into());
[INFO] [stdout]     |                                ^^^^^ use of unresolved module or unlinked crate `slint`
[INFO] [stdout]     |
[INFO] [stdout]     = help: if you wanted to use a crate named `slint`, use `cargo add slint` to add it to your `Cargo.toml`
[INFO] [stdout] 
[INFO] [stdout] 
[INFO] [stdout] error[E0433]: cannot find module or crate `slint` in this scope
[INFO] [stdout]    --> core/src/main.rs:801:32
[INFO] [stdout]     |
[INFO] [stdout] 801 |     window.set_entries(Rc::new(slint::VecModel::from(rows)).into());
[INFO] [stdout]     |                                ^^^^^ use of unresolved module or unlinked crate `slint`
[INFO] [stdout]     |
[INFO] [stdout]     = help: if you wanted to use a crate named `slint`, use `cargo add slint` to add it to your `Cargo.toml`
[INFO] [stdout] 
[INFO] [stdout] 
[INFO] [stdout] error[E0433]: cannot find module or crate `slint` in this scope
[INFO] [stdout]    --> core/src/main.rs:860:32
[INFO] [stdout]     |
[INFO] [stdout] 860 |     window.set_modules(Rc::new(slint::VecModel::from(rows)).into());
[INFO] [stdout]     |                                ^^^^^ use of unresolved module or unlinked crate `slint`
[INFO] [stdout]     |
[INFO] [stdout]     = help: if you wanted to use a crate named `slint`, use `cargo add slint` to add it to your `Cargo.toml`
[INFO] [stdout] 
[INFO] [stdout] 
[INFO] [stdout] error[E0433]: cannot find module or crate `slint` in this scope
[INFO] [stdout]    --> core/src/main.rs:870:38
[INFO] [stdout]     |
[INFO] [stdout] 870 |     window.set_tray_readouts(Rc::new(slint::VecModel::from(readouts)).into());
[INFO] [stdout]     |                                      ^^^^^ use of unresolved module or unlinked crate `slint`
[INFO] [stdout]     |
[INFO] [stdout]     = help: if you wanted to use a crate named `slint`, use `cargo add slint` to add it to your `Cargo.toml`
[INFO] [stdout] 
[INFO] [stdout] 
[INFO] [stdout] error[E0433]: cannot find module or crate `slint` in this scope
[INFO] [stdout]    --> core/src/main.rs:860:32
[INFO] [stdout]     |
[INFO] [stdout] 860 |     window.set_modules(Rc::new(slint::VecModel::from(rows)).into());
[INFO] [stdout]     |                                ^^^^^ use of unresolved module or unlinked crate `slint`
[INFO] [stdout]     |
[INFO] [stdout]     = help: if you wanted to use a crate named `slint`, use `cargo add slint` to add it to your `Cargo.toml`
[INFO] [stdout] 
[INFO] [stdout] 
[INFO] [stdout] error[E0433]: cannot find module or crate `slint` in this scope
[INFO] [stdout]    --> core/src/main.rs:870:38
[INFO] [stdout]     |
[INFO] [stdout] 870 |     window.set_tray_readouts(Rc::new(slint::VecModel::from(readouts)).into());
[INFO] [stdout]     |                                      ^^^^^ use of unresolved module or unlinked crate `slint`
[INFO] [stdout]     |
[INFO] [stdout]     = help: if you wanted to use a crate named `slint`, use `cargo add slint` to add it to your `Cargo.toml`
[INFO] [stdout] 
[INFO] [stdout] 
[INFO] [stdout] error[E0433]: cannot find module or crate `slint` in this scope
[INFO] [stdout]     --> core/src/main.rs:1101:44
[INFO] [stdout]      |
[INFO] [stdout] 1101 |             window.set_wsl_distros(Rc::new(slint::VecModel::from(rows)).into());
[INFO] [stdout]      |                                            ^^^^^ use of unresolved module or unlinked crate `slint`
[INFO] [stdout]      |
[INFO] [stdout]      = help: if you wanted to use a crate named `slint`, use `cargo add slint` to add it to your `Cargo.toml`
[INFO] [stdout] 
[INFO] [stdout] 
[INFO] [stdout] error[E0425]: cannot find type `VolumeMixerWindow` in this scope
[INFO] [stdout]   --> core/src/main.rs:23:13
[INFO] [stdout]    |
[INFO] [stdout] 23 |     window: VolumeMixerWindow,
[INFO] [stdout]    |             ^^^^^^^^^^^^^^^^^ not found in this scope
[INFO] [stdout] 
[INFO] [stdout] 
[INFO] [stdout] error[E0425]: cannot find type `AudioSessionRow` in this scope
[INFO] [stdout]   --> core/src/main.rs:24:40
[INFO] [stdout]    |
[INFO] [stdout] 24 |     sessions_model: Rc<slint::VecModel<AudioSessionRow>>,
[INFO] [stdout]    |                                        ^^^^^^^^^^^^^^^ not found in this scope
[INFO] [stdout]    |
[INFO] [stdout] help: you might be missing a type parameter
[INFO] [stdout]    |
[INFO] [stdout] 22 | struct MixerWindowState<AudioSessionRow> {
[INFO] [stdout]    |                        +++++++++++++++++
[INFO] [stdout] 
[INFO] [stdout] 
[INFO] [stdout] error[E0425]: cannot find type `DisplayRow` in this scope
[INFO] [stdout]   --> core/src/main.rs:32:34
[INFO] [stdout]    |
[INFO] [stdout] 32 |     displays: Rc<slint::VecModel<DisplayRow>>,
[INFO] [stdout]    |                                  ^^^^^^^^^^ not found in this scope
[INFO] [stdout]    |
[INFO] [stdout] help: you might be missing a type parameter
[INFO] [stdout]    |
[INFO] [stdout] 31 | struct DashboardModels<DisplayRow> {
[INFO] [stdout]    |                       ++++++++++++
[INFO] [stdout] 
[INFO] [stdout] 
[INFO] [stdout] error[E0425]: cannot find type `VolumeSessionRow` in this scope
[INFO] [stdout]   --> core/src/main.rs:33:41
[INFO] [stdout]    |
[INFO] [stdout] 33 |     volume_sessions: Rc<slint::VecModel<VolumeSessionRow>>,
[INFO] [stdout]    |                                         ^^^^^^^^^^^^^^^^ not found in this scope
[INFO] [stdout]    |
[INFO] [stdout] help: you might be missing a type parameter
[INFO] [stdout]    |
[INFO] [stdout] 31 | struct DashboardModels<VolumeSessionRow> {
[INFO] [stdout]    |                       ++++++++++++++++++
[INFO] [stdout] 
[INFO] [stdout] 
[INFO] [stdout] error[E0425]: cannot find type `SettingsWindow` in this scope
[INFO] [stdout]   --> core/src/main.rs:93:55
[INFO] [stdout]    |
[INFO] [stdout] 93 |     let settings_window = Rc::new(RefCell::new(None::<SettingsWindow>));
[INFO] [stdout]    |                                                       ^^^^^^^^^^^^^^ not found in this scope
[INFO] [stdout] 
[INFO] [stdout] 
[INFO] [stdout] error[E0425]: cannot find type `ClipboardHistoryWindow` in this scope
[INFO] [stdout]   --> core/src/main.rs:95:56
[INFO] [stdout]    |
[INFO] [stdout] 95 |     let clipboard_window = Rc::new(RefCell::new(None::<ClipboardHistoryWindow>));
[INFO] [stdout]    |                                                        ^^^^^^^^^^^^^^^^^^^^^^ not found in this scope
[INFO] [stdout] 
[INFO] [stdout] 
[INFO] [stdout] error[E0425]: cannot find type `MainWindow` in this scope
[INFO] [stdout]    --> core/src/main.rs:381:14
[INFO] [stdout]     |
[INFO] [stdout] 381 |     window: &MainWindow,
[INFO] [stdout]     |              ^^^^^^^^^^ not found in this scope
[INFO] [stdout] 
[INFO] [stdout] 
[INFO] [stdout] error[E0425]: cannot find type `MainWindow` in this scope
[INFO] [stdout]    --> core/src/main.rs:435:14
[INFO] [stdout]     |
[INFO] [stdout] 435 |     window: &MainWindow,
[INFO] [stdout]     |              ^^^^^^^^^^ not found in this scope
[INFO] [stdout] 
[INFO] [stdout] 
[INFO] [stdout] error[E0425]: cannot find type `MainWindow` in this scope
[INFO] [stdout]    --> core/src/main.rs:454:14
[INFO] [stdout]     |
[INFO] [stdout] 454 |     window: &MainWindow,
[INFO] [stdout]     |              ^^^^^^^^^^ not found in this scope
[INFO] [stdout] 
[INFO] [stdout] 
[INFO] [stdout] error[E0425]: cannot find type `MainWindow` in this scope
[INFO] [stdout]    --> core/src/main.rs:508:24
[INFO] [stdout]     |
[INFO] [stdout] 508 | fn panel_hwnd(window: &MainWindow) -> Option<windows::Win32::Foundation::HWND> {
[INFO] [stdout]     |                        ^^^^^^^^^^ not found in this scope
[INFO] [stdout] 
[INFO] [stdout] 
[INFO] [stdout] error[E0425]: cannot find type `MainWindow` in this scope
[INFO] [stdout]    --> core/src/main.rs:526:36
[INFO] [stdout]     |
[INFO] [stdout] 526 |     main_window_weak: &slint::Weak<MainWindow>,
[INFO] [stdout]     |                                    ^^^^^^^^^^ not found in this scope
[INFO] [stdout]     |
[INFO] [stdout] help: you might be missing a type parameter
[INFO] [stdout]     |
[INFO] [stdout] 523 | fn open_settings_window<MainWindow>(
[INFO] [stdout]     |                        ++++++++++++
[INFO] [stdout] 
[INFO] [stdout] 
[INFO] [stdout] error[E0425]: cannot find type `SettingsWindow` in this scope
[INFO] [stdout]    --> core/src/main.rs:528:30
[INFO] [stdout]     |
[INFO] [stdout] 528 |     slot: &Rc<RefCell<Option<SettingsWindow>>>,
[INFO] [stdout]     |                              ^^^^^^^^^^^^^^ not found in this scope
[INFO] [stdout]     |
[INFO] [stdout] help: you might be missing a type parameter
[INFO] [stdout]     |
[INFO] [stdout] 523 | fn open_settings_window<SettingsWindow>(
[INFO] [stdout]     |                        ++++++++++++++++
[INFO] [stdout] 
[INFO] [stdout] 
[INFO] [stdout] error[E0422]: cannot find struct, variant or union type `AudioSessionRow` in this scope
[INFO] [stdout]    --> core/src/main.rs:712:19
[INFO] [stdout]     |
[INFO] [stdout] 712 |         let row = AudioSessionRow {
[INFO] [stdout]     |                   ^^^^^^^^^^^^^^^ not found in this scope
[INFO] [stdout] 
[INFO] [stdout] 
[INFO] [stdout] error[E0425]: cannot find type `ClipboardHistoryWindow` in this scope
[INFO] [stdout]    --> core/src/main.rs:739:30
[INFO] [stdout]     |
[INFO] [stdout] 739 |     slot: &Rc<RefCell<Option<ClipboardHistoryWindow>>>,
[INFO] [stdout]     |                              ^^^^^^^^^^^^^^^^^^^^^^ not found in this scope
[INFO] [stdout]     |
[INFO] [stdout] help: you might be missing a type parameter
[INFO] [stdout]     |
[INFO] [stdout] 737 | fn open_clipboard_window<ClipboardHistoryWindow>(
[INFO] [stdout]     |                         ++++++++++++++++++++++++
[INFO] [stdout] 
[INFO] [stdout] 
[INFO] [stdout] error[E0425]: cannot find type `ClipboardHistoryWindow` in this scope
[INFO] [stdout]    --> core/src/main.rs:786:38
[INFO] [stdout]     |
[INFO] [stdout] 786 | fn refresh_clipboard_window(window: &ClipboardHistoryWindow, registry: &ModuleRegistry) {
[INFO] [stdout]     |                                      ^^^^^^^^^^^^^^^^^^^^^^ not found in this scope
[INFO] [stdout] 
[INFO] [stdout] 
[INFO] [stdout] error[E0425]: cannot find type `ClipboardEntryRow` in this scope
[INFO] [stdout]    --> core/src/main.rs:793:19
[INFO] [stdout]     |
[INFO] [stdout] 793 |     let rows: Vec<ClipboardEntryRow> = clipboard
[INFO] [stdout]     |                   ^^^^^^^^^^^^^^^^^ not found in this scope
[INFO] [stdout]     |
[INFO] [stdout] help: you might be missing a type parameter
[INFO] [stdout]     |
[INFO] [stdout] 786 | fn refresh_clipboard_window<ClipboardEntryRow>(window: &ClipboardHistoryWindow, registry: &ModuleRegistry) {
[INFO] [stdout]     |                            +++++++++++++++++++
[INFO] [stdout] 
[INFO] [stdout] 
[INFO] [stdout] error[E0422]: cannot find struct, variant or union type `ClipboardEntryRow` in this scope
[INFO] [stdout]    --> core/src/main.rs:796:21
[INFO] [stdout]     |
[INFO] [stdout] 796 |         .map(|text| ClipboardEntryRow {
[INFO] [stdout]     |                     ^^^^^^^^^^^^^^^^^ not found in this scope
[INFO] [stdout] 
[INFO] [stdout] 
[INFO] [stdout] error[E0425]: cannot find type `SettingsWindow` in this scope
[INFO] [stdout]    --> core/src/main.rs:848:35
[INFO] [stdout]     |
[INFO] [stdout] 848 | fn refresh_settings_rows(window: &SettingsWindow, registry: &ModuleRegistry, settings: &Settings) {
[INFO] [stdout]     |                                   ^^^^^^^^^^^^^^ not found in this scope
[INFO] [stdout] 
[INFO] [stdout] 
[INFO] [stdout] error[E0425]: cannot find type `ModuleRow` in this scope
[INFO] [stdout]    --> core/src/main.rs:850:19
[INFO] [stdout]     |
[INFO] [stdout] 850 |     let rows: Vec<ModuleRow> = registry
[INFO] [stdout]     |                   ^^^^^^^^^ not found in this scope
[INFO] [stdout]     |
[INFO] [stdout] help: you might be missing a type parameter
[INFO] [stdout]     |
[INFO] [stdout] 848 | fn refresh_settings_rows<ModuleRow>(window: &SettingsWindow, registry: &ModuleRegistry, settings: &Settings) {
[INFO] [stdout]     |                         +++++++++++
[INFO] [stdout] 
[INFO] [stdout] 
[INFO] [stdout] error[E0422]: cannot find struct, variant or union type `ModuleRow` in this scope
[INFO] [stdout]    --> core/src/main.rs:852:21
[INFO] [stdout]     |
[INFO] [stdout] 852 |         .map(|name| ModuleRow {
[INFO] [stdout]     |                     ^^^^^^^^^ not found in this scope
[INFO] [stdout] 
[INFO] [stdout] 
[INFO] [stdout] error[E0425]: cannot find type `TrayReadoutRow` in this scope
[INFO] [stdout]    --> core/src/main.rs:862:23
[INFO] [stdout]     |
[INFO] [stdout] 862 |     let readouts: Vec<TrayReadoutRow> = TRAY_READOUTS
[INFO] [stdout]     |                       ^^^^^^^^^^^^^^ not found in this scope
[INFO] [stdout]     |
[INFO] [stdout] help: you might be missing a type parameter
[INFO] [stdout]     |
[INFO] [stdout] 848 | fn refresh_settings_rows<TrayReadoutRow>(window: &SettingsWindow, registry: &ModuleRegistry, settings: &Settings) {
[INFO] [stdout]     |                         ++++++++++++++++
[INFO] [stdout] 
[INFO] [stdout] 
[INFO] [stdout] error[E0422]: cannot find struct, variant or union type `TrayReadoutRow` in this scope
[INFO] [stdout]    --> core/src/main.rs:864:29
[INFO] [stdout]     |
[INFO] [stdout] 864 |         .map(|(key, label)| TrayReadoutRow {
[INFO] [stdout]     |                             ^^^^^^^^^^^^^^ not found in this scope
[INFO] [stdout] 
[INFO] [stdout] 
[INFO] [stdout] error[E0425]: cannot find type `MainWindow` in this scope
[INFO] [stdout]    --> core/src/main.rs:929:31
[INFO] [stdout]     |
[INFO] [stdout] 929 | fn refresh_dashboard(window: &MainWindow, models: &DashboardModels, registry: &ModuleRegistry) {
[INFO] [stdout]     |                               ^^^^^^^^^^ not found in this scope
[INFO] [stdout] 
[INFO] [stdout] 
[INFO] [stdout] error[E0422]: cannot find struct, variant or union type `SystemStatsRow` in this scope
[INFO] [stdout]    --> core/src/main.rs:971:41
[INFO] [stdout]     |
[INFO] [stdout] 971 |                 window.set_system_stats(SystemStatsRow {
[INFO] [stdout]     |                                         ^^^^^^^^^^^^^^ not found in this scope
[INFO] [stdout] 
[INFO] [stdout] 
[INFO] [stdout] error[E0425]: cannot find type `VolumeSessionRow` in this scope
[INFO] [stdout]     --> core/src/main.rs:1058:27
[INFO] [stdout]      |
[INFO] [stdout] 1058 |             let rows: Vec<VolumeSessionRow> = snapshot
[INFO] [stdout]      |                           ^^^^^^^^^^^^^^^^ not found in this scope
[INFO] [stdout]      |
[INFO] [stdout] help: you might be missing a type parameter
[INFO] [stdout]      |
[INFO] [stdout]  929 | fn refresh_dashboard<VolumeSessionRow>(window: &MainWindow, models: &DashboardModels, registry: &ModuleRegistry) {
[INFO] [stdout]      |                     ++++++++++++++++++
[INFO] [stdout] 
[INFO] [stdout] 
[INFO] [stdout] error[E0422]: cannot find struct, variant or union type `VolumeSessionRow` in this scope
[INFO] [stdout]     --> core/src/main.rs:1061:26
[INFO] [stdout]      |
[INFO] [stdout] 1061 |                 .map(|s| VolumeSessionRow {
[INFO] [stdout]      |                          ^^^^^^^^^^^^^^^^ not found in this scope
[INFO] [stdout] 
[INFO] [stdout] 
[INFO] [stdout] error[E0425]: cannot find type `WslDistroRow` in this scope
[INFO] [stdout]     --> core/src/main.rs:1089:27
[INFO] [stdout]      |
[INFO] [stdout] 1089 |             let rows: Vec<WslDistroRow> = monitor
[INFO] [stdout]      |                           ^^^^^^^^^^^^ not found in this scope
[INFO] [stdout]      |
[INFO] [stdout] help: you might be missing a type parameter
[INFO] [stdout]      |
[INFO] [stdout]  929 | fn refresh_dashboard<WslDistroRow>(window: &MainWindow, models: &DashboardModels, registry: &ModuleRegistry) {
[INFO] [stdout]      |                     ++++++++++++++
[INFO] [stdout] 
[INFO] [stdout] 
[INFO] [stdout] error[E0422]: cannot find struct, variant or union type `WslDistroRow` in this scope
[INFO] [stdout]     --> core/src/main.rs:1092:26
[INFO] [stdout]      |
[INFO] [stdout] 1092 |                 .map(|d| WslDistroRow {
[INFO] [stdout]      |                          ^^^^^^^^^^^^ not found in this scope
[INFO] [stdout] 
[INFO] [stdout] 
[INFO] [stdout] error[E0425]: cannot find type `DisplayRow` in this scope
[INFO] [stdout]     --> core/src/main.rs:1119:27
[INFO] [stdout]      |
[INFO] [stdout] 1119 |             let rows: Vec<DisplayRow> = display
[INFO] [stdout]      |                           ^^^^^^^^^^ not found in this scope
[INFO] [stdout]      |
[INFO] [stdout] help: you might be missing a type parameter
[INFO] [stdout]      |
[INFO] [stdout]  929 | fn refresh_dashboard<DisplayRow>(window: &MainWindow, models: &DashboardModels, registry: &ModuleRegistry) {
[INFO] [stdout]      |                     ++++++++++++
[INFO] [stdout] 
[INFO] [stdout] 
[INFO] [stdout] error[E0422]: cannot find struct, variant or union type `DisplayRow` in this scope
[INFO] [stdout]     --> core/src/main.rs:1122:26
[INFO] [stdout]      |
[INFO] [stdout] 1122 |                 .map(|m| DisplayRow {
[INFO] [stdout]      |                          ^^^^^^^^^^ not found in this scope
[INFO] [stdout] 
[INFO] [stdout] 
[INFO] [stdout] error[E0433]: cannot find type `MainWindow` in this scope
[INFO] [stdout]   --> core/src/main.rs:80:18
[INFO] [stdout]    |
[INFO] [stdout] 80 |     let window = MainWindow::new().expect("failed to create main window");
[INFO] [stdout]    |                  ^^^^^^^^^^ use of undeclared type `MainWindow`
[INFO] [stdout] 
[INFO] [stdout] 
[INFO] [stdout] error[E0433]: cannot find module or crate `slint` in this scope
[INFO] [stdout]     --> core/src/main.rs:1101:44
[INFO] [stdout]      |
[INFO] [stdout] 1101 |             window.set_wsl_distros(Rc::new(slint::VecModel::from(rows)).into());
[INFO] [stdout]      |                                            ^^^^^ use of unresolved module or unlinked crate `slint`
[INFO] [stdout]      |
[INFO] [stdout]      = help: if you wanted to use a crate named `slint`, use `cargo add slint` to add it to your `Cargo.toml`
[INFO] [stdout] 
[INFO] [stdout] 
[INFO] [stdout] error[E0425]: cannot find type `VolumeMixerWindow` in this scope
[INFO] [stdout]   --> core/src/main.rs:23:13
[INFO] [stdout]    |
[INFO] [stdout] 23 |     window: VolumeMixerWindow,
[INFO] [stdout]    |             ^^^^^^^^^^^^^^^^^ not found in this scope
[INFO] [stdout] 
[INFO] [stdout] 
[INFO] [stdout] error[E0425]: cannot find type `AudioSessionRow` in this scope
[INFO] [stdout]   --> core/src/main.rs:24:40
[INFO] [stdout]    |
[INFO] [stdout] 24 |     sessions_model: Rc<slint::VecModel<AudioSessionRow>>,
[INFO] [stdout]    |                                        ^^^^^^^^^^^^^^^ not found in this scope
[INFO] [stdout]    |
[INFO] [stdout] help: you might be missing a type parameter
[INFO] [stdout]    |
[INFO] [stdout] 22 | struct MixerWindowState<AudioSessionRow> {
[INFO] [stdout]    |                        +++++++++++++++++
[INFO] [stdout] 
[INFO] [stdout] 
[INFO] [stdout] error[E0425]: cannot find type `DisplayRow` in this scope
[INFO] [stdout]   --> core/src/main.rs:32:34
[INFO] [stdout]    |
[INFO] [stdout] 32 |     displays: Rc<slint::VecModel<DisplayRow>>,
[INFO] [stdout]    |                                  ^^^^^^^^^^ not found in this scope
[INFO] [stdout]    |
[INFO] [stdout] help: you might be missing a type parameter
[INFO] [stdout]    |
[INFO] [stdout] 31 | struct DashboardModels<DisplayRow> {
[INFO] [stdout]    |                       ++++++++++++
[INFO] [stdout] 
[INFO] [stdout] 
[INFO] [stdout] error[E0425]: cannot find type `VolumeSessionRow` in this scope
[INFO] [stdout]   --> core/src/main.rs:33:41
[INFO] [stdout]    |
[INFO] [stdout] 33 |     volume_sessions: Rc<slint::VecModel<VolumeSessionRow>>,
[INFO] [stdout]    |                                         ^^^^^^^^^^^^^^^^ not found in this scope
[INFO] [stdout]    |
[INFO] [stdout] help: you might be missing a type parameter
[INFO] [stdout]    |
[INFO] [stdout] 31 | struct DashboardModels<VolumeSessionRow> {
[INFO] [stdout]    |                       ++++++++++++++++++
[INFO] [stdout] 
[INFO] [stdout] 
[INFO] [stdout] error[E0425]: cannot find type `SettingsWindow` in this scope
[INFO] [stdout]   --> core/src/main.rs:93:55
[INFO] [stdout]    |
[INFO] [stdout] 93 |     let settings_window = Rc::new(RefCell::new(None::<SettingsWindow>));
[INFO] [stdout]    |                                                       ^^^^^^^^^^^^^^ not found in this scope
[INFO] [stdout] 
[INFO] [stdout] 
[INFO] [stdout] error[E0425]: cannot find type `ClipboardHistoryWindow` in this scope
[INFO] [stdout]   --> core/src/main.rs:95:56
[INFO] [stdout]    |
[INFO] [stdout] 95 |     let clipboard_window = Rc::new(RefCell::new(None::<ClipboardHistoryWindow>));
[INFO] [stdout]    |                                                        ^^^^^^^^^^^^^^^^^^^^^^ not found in this scope
[INFO] [stdout] 
[INFO] [stdout] 
[INFO] [stdout] error[E0425]: cannot find type `MainWindow` in this scope
[INFO] [stdout]    --> core/src/main.rs:381:14
[INFO] [stdout]     |
[INFO] [stdout] 381 |     window: &MainWindow,
[INFO] [stdout]     |              ^^^^^^^^^^ not found in this scope
[INFO] [stdout] 
[INFO] [stdout] 
[INFO] [stdout] error[E0425]: cannot find type `MainWindow` in this scope
[INFO] [stdout]    --> core/src/main.rs:435:14
[INFO] [stdout]     |
[INFO] [stdout] 435 |     window: &MainWindow,
[INFO] [stdout]     |              ^^^^^^^^^^ not found in this scope
[INFO] [stdout] 
[INFO] [stdout] 
[INFO] [stdout] error[E0425]: cannot find type `MainWindow` in this scope
[INFO] [stdout]    --> core/src/main.rs:454:14
[INFO] [stdout]     |
[INFO] [stdout] 454 |     window: &MainWindow,
[INFO] [stdout]     |              ^^^^^^^^^^ not found in this scope
[INFO] [stdout] 
[INFO] [stdout] 
[INFO] [stdout] error[E0425]: cannot find type `MainWindow` in this scope
[INFO] [stdout]    --> core/src/main.rs:508:24
[INFO] [stdout]     |
[INFO] [stdout] 508 | fn panel_hwnd(window: &MainWindow) -> Option<windows::Win32::Foundation::HWND> {
[INFO] [stdout]     |                        ^^^^^^^^^^ not found in this scope
[INFO] [stdout] 
[INFO] [stdout] 
[INFO] [stdout] error[E0425]: cannot find type `MainWindow` in this scope
[INFO] [stdout]    --> core/src/main.rs:526:36
[INFO] [stdout]     |
[INFO] [stdout] 526 |     main_window_weak: &slint::Weak<MainWindow>,
[INFO] [stdout]     |                                    ^^^^^^^^^^ not found in this scope
[INFO] [stdout]     |
[INFO] [stdout] help: you might be missing a type parameter
[INFO] [stdout]     |
[INFO] [stdout] 523 | fn open_settings_window<MainWindow>(
[INFO] [stdout]     |                        ++++++++++++
[INFO] [stdout] 
[INFO] [stdout] 
[INFO] [stdout] error[E0425]: cannot find type `SettingsWindow` in this scope
[INFO] [stdout]    --> core/src/main.rs:528:30
[INFO] [stdout]     |
[INFO] [stdout] 528 |     slot: &Rc<RefCell<Option<SettingsWindow>>>,
[INFO] [stdout]     |                              ^^^^^^^^^^^^^^ not found in this scope
[INFO] [stdout]     |
[INFO] [stdout] help: you might be missing a type parameter
[INFO] [stdout]     |
[INFO] [stdout] 523 | fn open_settings_window<SettingsWindow>(
[INFO] [stdout]     |                        ++++++++++++++++
[INFO] [stdout] 
[INFO] [stdout] 
[INFO] [stdout] error[E0422]: cannot find struct, variant or union type `AudioSessionRow` in this scope
[INFO] [stdout]    --> core/src/main.rs:712:19
[INFO] [stdout]     |
[INFO] [stdout] 712 |         let row = AudioSessionRow {
[INFO] [stdout]     |                   ^^^^^^^^^^^^^^^ not found in this scope
[INFO] [stdout] 
[INFO] [stdout] 
[INFO] [stdout] error[E0425]: cannot find type `ClipboardHistoryWindow` in this scope
[INFO] [stdout]    --> core/src/main.rs:739:30
[INFO] [stdout]     |
[INFO] [stdout] 739 |     slot: &Rc<RefCell<Option<ClipboardHistoryWindow>>>,
[INFO] [stdout]     |                              ^^^^^^^^^^^^^^^^^^^^^^ not found in this scope
[INFO] [stdout]     |
[INFO] [stdout] help: you might be missing a type parameter
[INFO] [stdout]     |
[INFO] [stdout] 737 | fn open_clipboard_window<ClipboardHistoryWindow>(
[INFO] [stdout]     |                         ++++++++++++++++++++++++
[INFO] [stdout] 
[INFO] [stdout] 
[INFO] [stdout] error[E0425]: cannot find type `ClipboardHistoryWindow` in this scope
[INFO] [stdout]    --> core/src/main.rs:786:38
[INFO] [stdout]     |
[INFO] [stdout] 786 | fn refresh_clipboard_window(window: &ClipboardHistoryWindow, registry: &ModuleRegistry) {
[INFO] [stdout]     |                                      ^^^^^^^^^^^^^^^^^^^^^^ not found in this scope
[INFO] [stdout] 
[INFO] [stdout] 
[INFO] [stdout] error[E0425]: cannot find type `ClipboardEntryRow` in this scope
[INFO] [stdout]    --> core/src/main.rs:793:19
[INFO] [stdout]     |
[INFO] [stdout] 793 |     let rows: Vec<ClipboardEntryRow> = clipboard
[INFO] [stdout]     |                   ^^^^^^^^^^^^^^^^^ not found in this scope
[INFO] [stdout]     |
[INFO] [stdout] help: you might be missing a type parameter
[INFO] [stdout]     |
[INFO] [stdout] 786 | fn refresh_clipboard_window<ClipboardEntryRow>(window: &ClipboardHistoryWindow, registry: &ModuleRegistry) {
[INFO] [stdout]     |                            +++++++++++++++++++
[INFO] [stdout] 
[INFO] [stdout] 
[INFO] [stdout] error[E0422]: cannot find struct, variant or union type `ClipboardEntryRow` in this scope
[INFO] [stdout]    --> core/src/main.rs:796:21
[INFO] [stdout]     |
[INFO] [stdout] 796 |         .map(|text| ClipboardEntryRow {
[INFO] [stdout]     |                     ^^^^^^^^^^^^^^^^^ not found in this scope
[INFO] [stdout] 
[INFO] [stdout] 
[INFO] [stdout] error[E0425]: cannot find type `SettingsWindow` in this scope
[INFO] [stdout]    --> core/src/main.rs:848:35
[INFO] [stdout]     |
[INFO] [stdout] 848 | fn refresh_settings_rows(window: &SettingsWindow, registry: &ModuleRegistry, settings: &Settings) {
[INFO] [stdout]     |                                   ^^^^^^^^^^^^^^ not found in this scope
[INFO] [stdout] 
[INFO] [stdout] 
[INFO] [stdout] error[E0425]: cannot find type `ModuleRow` in this scope
[INFO] [stdout]    --> core/src/main.rs:850:19
[INFO] [stdout]     |
[INFO] [stdout] 850 |     let rows: Vec<ModuleRow> = registry
[INFO] [stdout]     |                   ^^^^^^^^^ not found in this scope
[INFO] [stdout]     |
[INFO] [stdout] help: you might be missing a type parameter
[INFO] [stdout]     |
[INFO] [stdout] 848 | fn refresh_settings_rows<ModuleRow>(window: &SettingsWindow, registry: &ModuleRegistry, settings: &Settings) {
[INFO] [stdout]     |                         +++++++++++
[INFO] [stdout] 
[INFO] [stdout] 
[INFO] [stdout] error[E0422]: cannot find struct, variant or union type `ModuleRow` in this scope
[INFO] [stdout]    --> core/src/main.rs:852:21
[INFO] [stdout]     |
[INFO] [stdout] 852 |         .map(|name| ModuleRow {
[INFO] [stdout]     |                     ^^^^^^^^^ not found in this scope
[INFO] [stdout] 
[INFO] [stdout] 
[INFO] [stdout] error[E0425]: cannot find type `TrayReadoutRow` in this scope
[INFO] [stdout]    --> core/src/main.rs:862:23
[INFO] [stdout]     |
[INFO] [stdout] 862 |     let readouts: Vec<TrayReadoutRow> = TRAY_READOUTS
[INFO] [stdout]     |                       ^^^^^^^^^^^^^^ not found in this scope
[INFO] [stdout]     |
[INFO] [stdout] help: you might be missing a type parameter
[INFO] [stdout]     |
[INFO] [stdout] 848 | fn refresh_settings_rows<TrayReadoutRow>(window: &SettingsWindow, registry: &ModuleRegistry, settings: &Settings) {
[INFO] [stdout]     |                         ++++++++++++++++
[INFO] [stdout] 
[INFO] [stdout] 
[INFO] [stdout] error[E0422]: cannot find struct, variant or union type `TrayReadoutRow` in this scope
[INFO] [stdout]    --> core/src/main.rs:864:29
[INFO] [stdout]     |
[INFO] [stdout] 864 |         .map(|(key, label)| TrayReadoutRow {
[INFO] [stdout]     |                             ^^^^^^^^^^^^^^ not found in this scope
[INFO] [stdout] 
[INFO] [stdout] 
[INFO] [stdout] error[E0425]: cannot find type `MainWindow` in this scope
[INFO] [stdout]    --> core/src/main.rs:929:31
[INFO] [stdout]     |
[INFO] [stdout] 929 | fn refresh_dashboard(window: &MainWindow, models: &DashboardModels, registry: &ModuleRegistry) {
[INFO] [stdout]     |                               ^^^^^^^^^^ not found in this scope
[INFO] [stdout] 
[INFO] [stdout] 
[INFO] [stdout] error[E0422]: cannot find struct, variant or union type `SystemStatsRow` in this scope
[INFO] [stdout]    --> core/src/main.rs:971:41
[INFO] [stdout]     |
[INFO] [stdout] 971 |                 window.set_system_stats(SystemStatsRow {
[INFO] [stdout]     |                                         ^^^^^^^^^^^^^^ not found in this scope
[INFO] [stdout] 
[INFO] [stdout] 
[INFO] [stdout] error[E0425]: cannot find type `VolumeSessionRow` in this scope
[INFO] [stdout]     --> core/src/main.rs:1058:27
[INFO] [stdout]      |
[INFO] [stdout] 1058 |             let rows: Vec<VolumeSessionRow> = snapshot
[INFO] [stdout]      |                           ^^^^^^^^^^^^^^^^ not found in this scope
[INFO] [stdout]      |
[INFO] [stdout] help: you might be missing a type parameter
[INFO] [stdout]      |
[INFO] [stdout]  929 | fn refresh_dashboard<VolumeSessionRow>(window: &MainWindow, models: &DashboardModels, registry: &ModuleRegistry) {
[INFO] [stdout]      |                     ++++++++++++++++++
[INFO] [stdout] 
[INFO] [stdout] 
[INFO] [stdout] error[E0422]: cannot find struct, variant or union type `VolumeSessionRow` in this scope
[INFO] [stdout]     --> core/src/main.rs:1061:26
[INFO] [stdout]      |
[INFO] [stdout] 1061 |                 .map(|s| VolumeSessionRow {
[INFO] [stdout]      |                          ^^^^^^^^^^^^^^^^ not found in this scope
[INFO] [stdout] 
[INFO] [stdout] 
[INFO] [stdout] error[E0425]: cannot find type `WslDistroRow` in this scope
[INFO] [stdout]     --> core/src/main.rs:1089:27
[INFO] [stdout]      |
[INFO] [stdout] 1089 |             let rows: Vec<WslDistroRow> = monitor
[INFO] [stdout]      |                           ^^^^^^^^^^^^ not found in this scope
[INFO] [stdout]      |
[INFO] [stdout] help: you might be missing a type parameter
[INFO] [stdout]      |
[INFO] [stdout]  929 | fn refresh_dashboard<WslDistroRow>(window: &MainWindow, models: &DashboardModels, registry: &ModuleRegistry) {
[INFO] [stdout]      |                     ++++++++++++++
[INFO] [stdout] 
[INFO] [stdout] 
[INFO] [stdout] error[E0422]: cannot find struct, variant or union type `WslDistroRow` in this scope
[INFO] [stdout]     --> core/src/main.rs:1092:26
[INFO] [stdout]      |
[INFO] [stdout] 1092 |                 .map(|d| WslDistroRow {
[INFO] [stdout]      |                          ^^^^^^^^^^^^ not found in this scope
[INFO] [stdout] 
[INFO] [stdout] 
[INFO] [stdout] error[E0425]: cannot find type `DisplayRow` in this scope
[INFO] [stdout]     --> core/src/main.rs:1119:27
[INFO] [stdout]      |
[INFO] [stdout] 1119 |             let rows: Vec<DisplayRow> = display
[INFO] [stdout]      |                           ^^^^^^^^^^ not found in this scope
[INFO] [stdout]      |
[INFO] [stdout] help: you might be missing a type parameter
[INFO] [stdout]      |
[INFO] [stdout]  929 | fn refresh_dashboard<DisplayRow>(window: &MainWindow, models: &DashboardModels, registry: &ModuleRegistry) {
[INFO] [stdout]      |                     ++++++++++++
[INFO] [stdout] 
[INFO] [stdout] 
[INFO] [stdout] error[E0422]: cannot find struct, variant or union type `DisplayRow` in this scope
[INFO] [stdout]     --> core/src/main.rs:1122:26
[INFO] [stdout]      |
[INFO] [stdout] 1122 |                 .map(|m| DisplayRow {
[INFO] [stdout]      |                          ^^^^^^^^^^ not found in this scope
[INFO] [stdout] 
[INFO] [stdout] 
[INFO] [stdout] error[E0433]: cannot find type `MainWindow` in this scope
[INFO] [stdout]   --> core/src/main.rs:80:18
[INFO] [stdout]    |
[INFO] [stdout] 80 |     let window = MainWindow::new().expect("failed to create main window");
[INFO] [stdout]    |                  ^^^^^^^^^^ use of undeclared type `MainWindow`
[INFO] [stdout] 
[INFO] [stdout] 
[INFO] [stdout] error[E0433]: cannot find module or crate `slint` in this scope
[INFO] [stdout]    --> core/src/main.rs:132:9
[INFO] [stdout]     |
[INFO] [stdout] 132 |         slint::quit_event_loop().ok();
[INFO] [stdout]     |         ^^^^^ use of unresolved module or unlinked crate `slint`
[INFO] [stdout]     |
[INFO] [stdout]     = help: if you wanted to use a crate named `slint`, use `cargo add slint` to add it to your `Cargo.toml`
[INFO] [stdout] 
[INFO] [stdout] 
[INFO] [stdout] error[E0433]: cannot find module or crate `slint` in this scope
[INFO] [stdout]    --> core/src/main.rs:214:25
[INFO] [stdout]     |
[INFO] [stdout] 214 |                         slint::quit_event_loop().ok();
[INFO] [stdout]     |                         ^^^^^ use of unresolved module or unlinked crate `slint`
[INFO] [stdout]     |
[INFO] [stdout]     = help: if you wanted to use a crate named `slint`, use `cargo add slint` to add it to your `Cargo.toml`
[INFO] [stdout] 
[INFO] [stdout] 
[INFO] [stdout] error[E0433]: cannot find module or crate `slint` in this scope
[INFO] [stdout]    --> core/src/main.rs:344:5
[INFO] [stdout]     |
[INFO] [stdout] 344 |     slint::run_event_loop_until_quit().expect("event loop failed");
[INFO] [stdout]     |     ^^^^^ use of unresolved module or unlinked crate `slint`
[INFO] [stdout]     |
[INFO] [stdout]     = help: if you wanted to use a crate named `slint`, use `cargo add slint` to add it to your `Cargo.toml`
[INFO] [stdout] 
[INFO] [stdout] 
[INFO] [stdout] error[E0433]: cannot find type `SettingsWindow` in this scope
[INFO] [stdout]    --> core/src/main.rs:537:27
[INFO] [stdout]     |
[INFO] [stdout] 537 |     let settings_window = SettingsWindow::new().expect("failed to create settings window");
[INFO] [stdout]     |                           ^^^^^^^^^^^^^^ use of undeclared type `SettingsWindow`
[INFO] [stdout] 
[INFO] [stdout] 
[INFO] [stdout] error[E0433]: cannot find module or crate `slint` in this scope
[INFO] [stdout]    --> core/src/main.rs:132:9
[INFO] [stdout]     |
[INFO] [stdout] 132 |         slint::quit_event_loop().ok();
[INFO] [stdout]     |         ^^^^^ use of unresolved module or unlinked crate `slint`
[INFO] [stdout]     |
[INFO] [stdout]     = help: if you wanted to use a crate named `slint`, use `cargo add slint` to add it to your `Cargo.toml`
[INFO] [stdout] 
[INFO] [stdout] 
[INFO] [stdout] error[E0433]: cannot find type `VolumeMixerWindow` in this scope
[INFO] [stdout]    --> core/src/main.rs:620:24
[INFO] [stdout]     |
[INFO] [stdout] 620 |     let mixer_window = VolumeMixerWindow::new().expect("failed to create volume mixer window");
[INFO] [stdout]     |                        ^^^^^^^^^^^^^^^^^ use of undeclared type `VolumeMixerWindow`
[INFO] [stdout] 
[INFO] [stdout] 
[INFO] [stdout] error[E0433]: cannot find module or crate `slint` in this scope
[INFO] [stdout]    --> core/src/main.rs:214:25
[INFO] [stdout]     |
[INFO] [stdout] 214 |                         slint::quit_event_loop().ok();
[INFO] [stdout]     |                         ^^^^^ use of unresolved module or unlinked crate `slint`
[INFO] [stdout]     |
[INFO] [stdout]     = help: if you wanted to use a crate named `slint`, use `cargo add slint` to add it to your `Cargo.toml`
[INFO] [stdout] 
[INFO] [stdout] 
[INFO] [stdout] error[E0433]: cannot find module or crate `slint` in this scope
[INFO] [stdout]    --> core/src/main.rs:344:5
[INFO] [stdout]     |
[INFO] [stdout] 344 |     slint::run_event_loop_until_quit().expect("event loop failed");
[INFO] [stdout]     |     ^^^^^ use of unresolved module or unlinked crate `slint`
[INFO] [stdout]     |
[INFO] [stdout]     = help: if you wanted to use a crate named `slint`, use `cargo add slint` to add it to your `Cargo.toml`
[INFO] [stdout] 
[INFO] [stdout] 
[INFO] [stdout] error[E0433]: cannot find type `ClipboardHistoryWindow` in this scope
[INFO] [stdout]    --> core/src/main.rs:749:9
[INFO] [stdout]     |
[INFO] [stdout] 749 |         ClipboardHistoryWindow::new().expect("failed to create clipboard history window");
[INFO] [stdout]     |         ^^^^^^^^^^^^^^^^^^^^^^ use of undeclared type `ClipboardHistoryWindow`
[INFO] [stdout] 
[INFO] [stdout] 
[INFO] [stdout] error[E0433]: cannot find type `SettingsWindow` in this scope
[INFO] [stdout]    --> core/src/main.rs:537:27
[INFO] [stdout]     |
[INFO] [stdout] 537 |     let settings_window = SettingsWindow::new().expect("failed to create settings window");
[INFO] [stdout]     |                           ^^^^^^^^^^^^^^ use of undeclared type `SettingsWindow`
[INFO] [stdout] 
[INFO] [stdout] 
[INFO] [stdout] error[E0433]: cannot find type `VolumeMixerWindow` in this scope
[INFO] [stdout]    --> core/src/main.rs:620:24
[INFO] [stdout]     |
[INFO] [stdout] 620 |     let mixer_window = VolumeMixerWindow::new().expect("failed to create volume mixer window");
[INFO] [stdout]     |                        ^^^^^^^^^^^^^^^^^ use of undeclared type `VolumeMixerWindow`
[INFO] [stdout] 
[INFO] [stdout] 
[INFO] [stdout] error[E0433]: cannot find type `ClipboardHistoryWindow` in this scope
[INFO] [stdout]    --> core/src/main.rs:749:9
[INFO] [stdout]     |
[INFO] [stdout] 749 |         ClipboardHistoryWindow::new().expect("failed to create clipboard history window");
[INFO] [stdout]     |         ^^^^^^^^^^^^^^^^^^^^^^ use of undeclared type `ClipboardHistoryWindow`
[INFO] [stdout] 
[INFO] [stdout] 
[INFO] [stdout] error[E0599]: no method named `current` found for reference `&WslMonitor` in the current scope
[INFO] [stdout]     --> core/src/main.rs:1090:18
[INFO] [stdout]      |
[INFO] [stdout] 1089 |             let rows: Vec<WslDistroRow> = monitor
[INFO] [stdout] 1090 |                 .current()
[INFO] [stdout]      |                  ^^^^^^^ method not found in `&WslMonitor`
[INFO] [stdout] 
[INFO] [stdout] 
[INFO] [stdout] error[E0599]: no method named `current` found for reference `&WslMonitor` in the current scope
[INFO] [stdout]     --> core/src/main.rs:1090:18
[INFO] [stdout]      |
[INFO] [stdout] 1089 |             let rows: Vec<WslDistroRow> = monitor
[INFO] [stdout] 1090 |                 .current()
[INFO] [stdout]      |                  ^^^^^^^ method not found in `&WslMonitor`
[INFO] [stdout] 
[INFO] [stdout] 
[INFO] [stdout] error[E0433]: cannot find module or crate `slint` in this scope
[INFO] [stdout]   --> core/src/main.rs:24:24
[INFO] [stdout]    |
[INFO] [stdout] 24 |     sessions_model: Rc<slint::VecModel<AudioSessionRow>>,
[INFO] [stdout]    |                        ^^^^^ use of unresolved module or unlinked crate `slint`
[INFO] [stdout]    |
[INFO] [stdout]    = help: if you wanted to use a crate named `slint`, use `cargo add slint` to add it to your `Cargo.toml`
[INFO] [stdout] 
[INFO] [stdout] 
[INFO] [stderr] error: could not compile `mullion-core` (bin "mullion") due to 75 previous errors
[INFO] [stdout] error[E0433]: cannot find module or crate `slint` in this scope
[INFO] [stdout]   --> core/src/main.rs:32:18
[INFO] [stdout]    |
[INFO] [stdout] 32 |     displays: Rc<slint::VecModel<DisplayRow>>,
[INFO] [stdout]    |                  ^^^^^ use of unresolved module or unlinked crate `slint`
[INFO] [stdout]    |
[INFO] [stdout]    = help: if you wanted to use a crate named `slint`, use `cargo add slint` to add it to your `Cargo.toml`
[INFO] [stdout] 
[INFO] [stdout] 
[INFO] [stderr] warning: build failed, waiting for other jobs to finish...
[INFO] [stdout] error[E0433]: cannot find module or crate `slint` in this scope
[INFO] [stdout]   --> core/src/main.rs:33:25
[INFO] [stdout]    |
[INFO] [stdout] 33 |     volume_sessions: Rc<slint::VecModel<VolumeSessionRow>>,
[INFO] [stdout]    |                         ^^^^^ use of unresolved module or unlinked crate `slint`
[INFO] [stdout]    |
[INFO] [stdout]    = help: if you wanted to use a crate named `slint`, use `cargo add slint` to add it to your `Cargo.toml`
[INFO] [stdout] 
[INFO] [stdout] 
[INFO] [stdout] error[E0433]: cannot find module or crate `slint` in this scope
[INFO] [stdout]    --> core/src/main.rs:814:28
[INFO] [stdout]     |
[INFO] [stdout] 814 | fn sync_rows<T, K>(model: &slint::VecModel<T>, new_rows: Vec<T>, key: impl Fn(&T) -> K)
[INFO] [stdout]     |                            ^^^^^ use of unresolved module or unlinked crate `slint`
[INFO] [stdout]     |
[INFO] [stdout]     = help: if you wanted to use a crate named `slint`, use `cargo add slint` to add it to your `Cargo.toml`
[INFO] [stdout] 
[INFO] [stdout] 
[INFO] [stdout] error[E0433]: cannot find module or crate `tray_icon` in this scope
[INFO] [stdout]    --> core/src/main.rs:350:25
[INFO] [stdout]     |
[INFO] [stdout] 350 | fn to_screen_rect(rect: tray_icon::Rect) -> mullion_core::panel_position::ScreenRect {
[INFO] [stdout]     |                         ^^^^^^^^^ use of unresolved module or unlinked crate `tray_icon`
[INFO] [stdout]     |
[INFO] [stdout]     = help: if you wanted to use a crate named `tray_icon`, use `cargo add tray_icon` to add it to your `Cargo.toml`
[INFO] [stdout] 
[INFO] [stdout] 
[INFO] [stdout] error[E0433]: cannot find module or crate `slint` in this scope
[INFO] [stdout]    --> core/src/main.rs:510:17
[INFO] [stdout]     |
[INFO] [stdout] 510 |     let handle: slint::WindowHandle = window.window().window_handle();
[INFO] [stdout]     |                 ^^^^^ use of unresolved module or unlinked crate `slint`
[INFO] [stdout]     |
[INFO] [stdout]     = help: if you wanted to use a crate named `slint`, use `cargo add slint` to add it to your `Cargo.toml`
[INFO] [stdout] 
[INFO] [stdout] 
[INFO] [stdout] error[E0433]: cannot find module or crate `slint` in this scope
[INFO] [stdout]    --> core/src/main.rs:526:24
[INFO] [stdout]     |
[INFO] [stdout] 526 |     main_window_weak: &slint::Weak<MainWindow>,
[INFO] [stdout]     |                        ^^^^^ use of unresolved module or unlinked crate `slint`
[INFO] [stdout]     |
[INFO] [stdout]     = help: if you wanted to use a crate named `slint`, use `cargo add slint` to add it to your `Cargo.toml`
[INFO] [stdout] 
[INFO] [stdout] 
[INFO] [stdout] Some errors have detailed explanations: E0422, E0425, E0432, E0433, E0599.
[INFO] [stdout] 
[INFO] [stdout] For more information about an error, try `rustc --explain E0422`.
[INFO] [stdout] 
[INFO] [stdout] error[E0433]: cannot find module or crate `slint` in this scope
[INFO] [stdout]   --> core/src/main.rs:24:24
[INFO] [stdout]    |
[INFO] [stdout] 24 |     sessions_model: Rc<slint::VecModel<AudioSessionRow>>,
[INFO] [stdout]    |                        ^^^^^ use of unresolved module or unlinked crate `slint`
[INFO] [stdout]    |
[INFO] [stdout]    = help: if you wanted to use a crate named `slint`, use `cargo add slint` to add it to your `Cargo.toml`
[INFO] [stdout] 
[INFO] [stdout] 
[INFO] [stdout] error[E0433]: cannot find module or crate `slint` in this scope
[INFO] [stdout]   --> core/src/main.rs:32:18
[INFO] [stdout]    |
[INFO] [stdout] 32 |     displays: Rc<slint::VecModel<DisplayRow>>,
[INFO] [stdout]    |                  ^^^^^ use of unresolved module or unlinked crate `slint`
[INFO] [stdout]    |
[INFO] [stdout]    = help: if you wanted to use a crate named `slint`, use `cargo add slint` to add it to your `Cargo.toml`
[INFO] [stdout] 
[INFO] [stdout] 
[INFO] [stdout] error[E0433]: cannot find module or crate `slint` in this scope
[INFO] [stdout]   --> core/src/main.rs:33:25
[INFO] [stdout]    |
[INFO] [stdout] 33 |     volume_sessions: Rc<slint::VecModel<VolumeSessionRow>>,
[INFO] [stdout]    |                         ^^^^^ use of unresolved module or unlinked crate `slint`
[INFO] [stdout]    |
[INFO] [stdout]    = help: if you wanted to use a crate named `slint`, use `cargo add slint` to add it to your `Cargo.toml`
[INFO] [stdout] 
[INFO] [stdout] 
[INFO] [stdout] error[E0433]: cannot find module or crate `slint` in this scope
[INFO] [stdout]    --> core/src/main.rs:814:28
[INFO] [stdout]     |
[INFO] [stdout] 814 | fn sync_rows<T, K>(model: &slint::VecModel<T>, new_rows: Vec<T>, key: impl Fn(&T) -> K)
[INFO] [stdout]     |                            ^^^^^ use of unresolved module or unlinked crate `slint`
[INFO] [stdout]     |
[INFO] [stdout]     = help: if you wanted to use a crate named `slint`, use `cargo add slint` to add it to your `Cargo.toml`
[INFO] [stdout] 
[INFO] [stdout] 
[INFO] [stdout] error[E0433]: cannot find module or crate `tray_icon` in this scope
[INFO] [stdout]    --> core/src/main.rs:350:25
[INFO] [stdout]     |
[INFO] [stdout] 350 | fn to_screen_rect(rect: tray_icon::Rect) -> mullion_core::panel_position::ScreenRect {
[INFO] [stdout]     |                         ^^^^^^^^^ use of unresolved module or unlinked crate `tray_icon`
[INFO] [stdout]     |
[INFO] [stdout]     = help: if you wanted to use a crate named `tray_icon`, use `cargo add tray_icon` to add it to your `Cargo.toml`
[INFO] [stdout] 
[INFO] [stdout] 
[INFO] [stdout] error[E0433]: cannot find module or crate `slint` in this scope
[INFO] [stdout]    --> core/src/main.rs:510:17
[INFO] [stdout]     |
[INFO] [stdout] 510 |     let handle: slint::WindowHandle = window.window().window_handle();
[INFO] [stdout]     |                 ^^^^^ use of unresolved module or unlinked crate `slint`
[INFO] [stdout]     |
[INFO] [stdout]     = help: if you wanted to use a crate named `slint`, use `cargo add slint` to add it to your `Cargo.toml`
[INFO] [stdout] 
[INFO] [stdout] 
[INFO] [stdout] error[E0433]: cannot find module or crate `slint` in this scope
[INFO] [stdout]    --> core/src/main.rs:526:24
[INFO] [stdout]     |
[INFO] [stdout] 526 |     main_window_weak: &slint::Weak<MainWindow>,
[INFO] [stdout]     |                        ^^^^^ use of unresolved module or unlinked crate `slint`
[INFO] [stdout]     |
[INFO] [stdout]     = help: if you wanted to use a crate named `slint`, use `cargo add slint` to add it to your `Cargo.toml`
[INFO] [stdout] 
[INFO] [stdout] 
[INFO] [stdout] Some errors have detailed explanations: E0422, E0425, E0432, E0433, E0599.
[INFO] [stdout] 
[INFO] [stdout] For more information about an error, try `rustc --explain E0422`.
[INFO] [stdout] 
[INFO] [stderr] error: could not compile `mullion-core` (bin "mullion" test) due to 75 previous errors
[INFO] [stderr] warning: unused dependency `image`
[INFO] [stderr]   --> modules/capture/Cargo.toml:10:1
[INFO] [stderr]    |
[INFO] [stderr] 10 | image = { version = "0.25", default-features = false, features = ["png"] }
[INFO] [stderr]    | ^^^^^^^^^^^^^^^^^^^^^^^^^^^^^^^^^^^^^^^^^^^^^^^^^^^^^^^^^^^^^^^^^^^^^^^^^^
[INFO] [stderr]    |
[INFO] [stderr]    = note: `cargo::unused_dependencies` is set to `warn` by default
[INFO] [stderr] help: consider removing the dependency on `image`
[INFO] [stderr] warning: unused dependency `mullion-hotkeys`
[INFO] [stderr]  --> modules/capture/Cargo.toml:9:1
[INFO] [stderr]   |
[INFO] [stderr] 9 | mullion-hotkeys = { path = "../../hotkeys" }
[INFO] [stderr]   | ^^^^^^^^^^^^^^^^^^^^^^^^^^^^^^^^^^^^^^^^^^^^
[INFO] [stderr]   |
[INFO] [stderr] help: consider removing the dependency on `mullion-hotkeys`
[INFO] [stderr] warning: `capture` (manifest) generated 2 warnings
[INFO] [stderr] warning: unused dependency `mullion-hotkeys`
[INFO] [stderr]  --> modules/switcher/Cargo.toml:9:1
[INFO] [stderr]   |
[INFO] [stderr] 9 | mullion-hotkeys = { path = "../../hotkeys" }
[INFO] [stderr]   | ^^^^^^^^^^^^^^^^^^^^^^^^^^^^^^^^^^^^^^^^^^^^
[INFO] [stderr]   |
[INFO] [stderr]   = note: `cargo::unused_dependencies` is set to `warn` by default
[INFO] [stderr] help: consider removing the dependency on `mullion-hotkeys`
[INFO] [stderr] warning: `switcher` (manifest) generated 1 warning
[INFO] [stderr] warning: unused dependency `mullion-hotkeys`
[INFO] [stderr]  --> modules/window_snap/Cargo.toml:9:1
[INFO] [stderr]   |
[INFO] [stderr] 9 | mullion-hotkeys = { path = "../../hotkeys" }
[INFO] [stderr]   | ^^^^^^^^^^^^^^^^^^^^^^^^^^^^^^^^^^^^^^^^^^^^
[INFO] [stderr]   |
[INFO] [stderr]   = note: `cargo::unused_dependencies` is set to `warn` by default
[INFO] [stderr] help: consider removing the dependency on `mullion-hotkeys`
[INFO] [stderr] warning: `window_snap` (manifest) generated 1 warning
[INFO] running `Command { std: "docker" "inspect" "b64e6a4a66d6d5292cddbc06ab24670aea8446ec5f61c1f7e883fe92e384d9be", kill_on_drop: false }`
[INFO] running `Command { std: "docker" "rm" "-f" "b64e6a4a66d6d5292cddbc06ab24670aea8446ec5f61c1f7e883fe92e384d9be", kill_on_drop: false }`
[INFO] [stdout] b64e6a4a66d6d5292cddbc06ab24670aea8446ec5f61c1f7e883fe92e384d9be
