[INFO] cloning repository https://github.com/ahmadaccino/ipmog
[INFO] running `Command { std: "git" "-c" "credential.helper=" "-c" "credential.helper=/workspace/cargo-home/bin/git-credential-null" "clone" "--bare" "https://github.com/ahmadaccino/ipmog" "/workspace/cache/git-repos/https%3A%2F%2Fgithub.com%2Fahmadaccino%2Fipmog", kill_on_drop: false }`
[INFO] [stderr] Cloning into bare repository '/workspace/cache/git-repos/https%3A%2F%2Fgithub.com%2Fahmadaccino%2Fipmog'...
[INFO] running `Command { std: "git" "rev-parse" "HEAD", kill_on_drop: false }`
[INFO] [stdout] 8e71b121ba944c743ad23c16856601d081bcf0d6
[INFO] checking ahmadaccino/ipmog against 3154cc1a3e6424e44f438a95007d043ed5ceaaf6+rustflags=-Znext-solver=coherence for pr-133502-30
[INFO] running `Command { std: "git" "clone" "/workspace/cache/git-repos/https%3A%2F%2Fgithub.com%2Fahmadaccino%2Fipmog" "/workspace/builds/worker-3-tc1/source", kill_on_drop: false }`
[INFO] [stderr] Cloning into '/workspace/builds/worker-3-tc1/source'...
[INFO] [stderr] done.
[INFO] started tweaking git repo https://github.com/ahmadaccino/ipmog
[INFO] finished tweaking git repo https://github.com/ahmadaccino/ipmog
[INFO] tweaked toml for git repo https://github.com/ahmadaccino/ipmog written to /workspace/builds/worker-3-tc1/source/Cargo.toml
[INFO] validating manifest of git repo https://github.com/ahmadaccino/ipmog on toolchain 3154cc1a3e6424e44f438a95007d043ed5ceaaf6
[INFO] running `Command { std: CARGO_HOME="/workspace/cargo-home" RUSTUP_HOME="/workspace/rustup-home" "/workspace/cargo-home/bin/cargo" "+3154cc1a3e6424e44f438a95007d043ed5ceaaf6" "metadata" "--manifest-path" "Cargo.toml" "--no-deps", kill_on_drop: false }`
[INFO] crate git repo https://github.com/ahmadaccino/ipmog already has a lockfile, it will not be regenerated
[INFO] running `Command { std: CARGO_HOME="/workspace/cargo-home" RUSTUP_HOME="/workspace/rustup-home" "/workspace/cargo-home/bin/cargo" "+3154cc1a3e6424e44f438a95007d043ed5ceaaf6" "fetch" "--manifest-path" "Cargo.toml", kill_on_drop: false }`
[INFO] [stderr]     Blocking waiting for file lock on package cache
[INFO] [stderr]     Updating crates.io index
[INFO] [stderr]     Blocking waiting for file lock on package cache
[INFO] [stderr]  Downloading crates ...
[INFO] [stderr]   Downloaded color-spantrace v0.3.0
[INFO] [stderr]   Downloaded zmij v1.0.20
[INFO] [stderr]   Downloaded color-eyre v0.6.5
[INFO] running `Command { std: "docker" "create" "-v" "/var/lib/crater-agent-workspace/builds/worker-3-tc1/source:/opt/rustwide/workdir:ro,Z" "-v" "/var/lib/crater-agent-workspace/builds/worker-3-tc1/target:/opt/rustwide/target:rw,Z" "-v" "/var/lib/crater-agent-workspace/cargo-home:/opt/rustwide/cargo-home:ro,Z" "-v" "/var/lib/crater-agent-workspace/rustup-home:/opt/rustwide/rustup-home:ro,Z" "-m" "1610612736" "--network" "none" "ghcr.io/rust-lang/crates-build-env/linux@sha256:77db811e55d90add9212f6832c23229e3de5f1c1f9905e8cb07319ea15df73ac" "sleep" "infinity", kill_on_drop: false }`
[INFO] [stdout] 708365ad3968af42d7f2d017dc2dc299b8fe18996e1fd880c65a4e773881d743
[INFO] running `Command { std: "docker" "start" "708365ad3968af42d7f2d017dc2dc299b8fe18996e1fd880c65a4e773881d743", kill_on_drop: false }`
[INFO] running `Command { std: "docker" "inspect" "708365ad3968af42d7f2d017dc2dc299b8fe18996e1fd880c65a4e773881d743", kill_on_drop: false }`
[INFO] running `Command { std: "docker" "exec" "-e" "SOURCE_DIR=/opt/rustwide/workdir" "-e" "CARGO_HOME=/opt/rustwide/cargo-home" "-e" "RUSTUP_HOME=/opt/rustwide/rustup-home" "-e" "CARGO_TARGET_DIR=/opt/rustwide/target" "-w" "/opt/rustwide/workdir" "--user" "0:0" "708365ad3968af42d7f2d017dc2dc299b8fe18996e1fd880c65a4e773881d743" "/opt/rustwide/cargo-home/bin/cargo" "+3154cc1a3e6424e44f438a95007d043ed5ceaaf6" "metadata" "--no-deps" "--format-version=1", kill_on_drop: false }`
[INFO] running `Command { std: "docker" "inspect" "708365ad3968af42d7f2d017dc2dc299b8fe18996e1fd880c65a4e773881d743", kill_on_drop: false }`
[INFO] running `Command { std: "docker" "exec" "-e" "SOURCE_DIR=/opt/rustwide/workdir" "-e" "CARGO_HOME=/opt/rustwide/cargo-home" "-e" "RUSTUP_HOME=/opt/rustwide/rustup-home" "-e" "CARGO_TARGET_DIR=/opt/rustwide/target" "-e" "CARGO_INCREMENTAL=0" "-e" "RUST_BACKTRACE=full" "-e" "RUSTFLAGS=--cap-lints=forbid -Znext-solver=coherence" "-e" "RUSTDOCFLAGS=--cap-lints=forbid" "-w" "/opt/rustwide/workdir" "--user" "0:0" "708365ad3968af42d7f2d017dc2dc299b8fe18996e1fd880c65a4e773881d743" "/opt/rustwide/cargo-home/bin/cargo" "+3154cc1a3e6424e44f438a95007d043ed5ceaaf6" "check" "--frozen" "--all" "--all-targets" "--message-format=json", kill_on_drop: false }`
[INFO] [stderr]    Compiling unicode-ident v1.0.23
[INFO] [stderr]    Compiling libc v0.2.181
[INFO] [stderr]     Checking smallvec v1.15.1
[INFO] [stderr]    Compiling find-msvc-tools v0.1.9
[INFO] [stderr]    Compiling rustversion v1.0.22
[INFO] [stderr]     Checking log v0.4.29
[INFO] [stderr]     Checking rustls-pki-types v1.14.0
[INFO] [stderr]     Checking tracing-core v0.1.36
[INFO] [stderr]    Compiling strsim v0.11.1
[INFO] [stderr]    Compiling signal-hook v0.3.18
[INFO] [stderr]     Checking simd-adler32 v0.3.8
[INFO] [stderr]    Compiling ident_case v1.0.1
[INFO] [stderr]     Checking thread_local v1.1.9
[INFO] [stderr]    Compiling object v0.37.3
[INFO] [stderr]    Compiling rustix v0.38.44
[INFO] [stderr]    Compiling owo-colors v4.2.3
[INFO] [stderr]    Compiling proc-macro2 v1.0.106
[INFO] [stderr]     Checking miniz_oxide v0.8.9
[INFO] [stderr]    Compiling serde_core v1.0.228
[INFO] [stderr]    Compiling rustls v0.23.36
[INFO] [stderr]    Compiling cc v1.2.55
[INFO] [stderr]    Compiling zmij v1.0.20
[INFO] [stderr]     Checking percent-encoding v2.3.2
[INFO] [stderr]    Compiling instability v0.3.11
[INFO] [stderr]    Compiling color-spantrace v0.3.0
[INFO] [stderr]    Compiling eyre v0.6.12
[INFO] [stderr]     Checking gimli v0.32.3
[INFO] [stderr]     Checking linux-raw-sys v0.4.15
[INFO] [stderr]     Checking allocator-api2 v0.2.21
[INFO] [stderr]     Checking either v1.15.0
[INFO] [stderr]     Checking itoa v1.0.17
[INFO] [stderr]     Checking form_urlencoded v1.2.2
[INFO] [stderr]     Checking webpki-roots v1.0.6
[INFO] [stderr]     Checking indenter v0.3.4
[INFO] [stderr]     Checking rustc-demangle v0.1.27
[INFO] [stderr]     Checking tracing-subscriber v0.3.22
[INFO] [stderr]     Checking tracing v0.1.44
[INFO] [stderr]    Compiling serde_json v1.0.149
[INFO] [stderr]    Compiling indoc v2.0.7
[INFO] [stderr]     Checking webpki-roots v0.26.11
[INFO] [stderr]     Checking itertools v0.13.0
[INFO] [stderr]     Checking flate2 v1.1.9
[INFO] [stderr]     Checking cassowary v0.3.0
[INFO] [stderr]    Compiling quote v1.0.44
[INFO] [stderr]     Checking castaway v0.2.4
[INFO] [stderr]     Checking hashbrown v0.15.5
[INFO] [stderr]     Checking unicode-width v0.2.0
[INFO] [stderr]     Checking compact_str v0.8.1
[INFO] [stderr]    Compiling syn v2.0.114
[INFO] [stderr]    Compiling ring v0.17.14
[INFO] [stderr]     Checking errno v0.3.14
[INFO] [stderr]     Checking getrandom v0.2.17
[INFO] [stderr]     Checking mio v1.1.1
[INFO] [stderr]     Checking parking_lot_core v0.9.12
[INFO] [stderr]     Checking signal-hook-registry v1.4.8
[INFO] [stderr]     Checking parking_lot v0.12.5
[INFO] [stderr]     Checking tracing-error v0.2.1
[INFO] [stderr]     Checking lru v0.12.5
[INFO] [stderr]     Checking signal-hook-mio v0.2.5
[INFO] [stderr]     Checking crossterm v0.28.1
[INFO] [stderr]     Checking unicode-truncate v1.1.0
[INFO] [stderr]     Checking addr2line v0.25.1
[INFO] [stderr]     Checking backtrace v0.3.76
[INFO] [stderr]     Checking color-eyre v0.6.5
[INFO] [stderr]    Compiling synstructure v0.13.2
[INFO] [stderr]    Compiling darling_core v0.23.0
[INFO] [stderr]    Compiling zerovec-derive v0.11.2
[INFO] [stderr]    Compiling displaydoc v0.2.5
[INFO] [stderr]    Compiling strum_macros v0.26.4
[INFO] [stderr]    Compiling serde_derive v1.0.228
[INFO] [stderr]     Checking rustls-webpki v0.103.9
[INFO] [stderr]    Compiling zerofrom-derive v0.1.6
[INFO] [stderr]    Compiling yoke-derive v0.8.1
[INFO] [stderr]     Checking zerofrom v0.1.6
[INFO] [stderr]     Checking yoke v0.8.1
[INFO] [stderr]     Checking zerovec v0.11.5
[INFO] [stderr]     Checking zerotrie v0.2.3
[INFO] [stderr]     Checking strum v0.26.3
[INFO] [stderr]    Compiling darling_macro v0.23.0
[INFO] [stderr]    Compiling darling v0.23.0
[INFO] [stderr]     Checking tinystr v0.8.2
[INFO] [stderr]     Checking potential_utf v0.1.4
[INFO] [stderr]     Checking icu_collections v2.1.1
[INFO] [stderr]     Checking icu_locale_core v2.1.1
[INFO] [stderr]     Checking ratatui v0.29.0
[INFO] [stderr]     Checking icu_provider v2.1.1
[INFO] [stderr]     Checking serde v1.0.228
[INFO] [stderr]     Checking icu_properties v2.1.2
[INFO] [stderr]     Checking icu_normalizer v2.1.1
[INFO] [stderr]     Checking idna_adapter v1.2.1
[INFO] [stderr]     Checking idna v1.1.0
[INFO] [stderr]     Checking url v2.5.8
[INFO] [stderr]     Checking ureq v2.12.1
[INFO] [stderr]     Checking ipmog v0.1.0 (/opt/rustwide/workdir)
[INFO] [stdout] error[E0583]: file not found for module `geo_cities`
[INFO] [stdout]  --> src/main.rs:2:1
[INFO] [stdout]   |
[INFO] [stdout] 2 | mod geo_cities;
[INFO] [stdout]   | ^^^^^^^^^^^^^^^
[INFO] [stdout]   |
[INFO] [stdout]   = help: to create the module `geo_cities`, create file "src/geo_cities.rs" or "src/geo_cities/mod.rs"
[INFO] [stdout]   = note: if there is a `mod geo_cities` elsewhere in the crate already, import it with `use crate::...` instead
[INFO] [stdout] 
[INFO] [stdout] 
[INFO] [stdout] error[E0583]: file not found for module `geo_highways`
[INFO] [stdout]  --> src/main.rs:3:1
[INFO] [stdout]   |
[INFO] [stdout] 3 | mod geo_highways;
[INFO] [stdout]   | ^^^^^^^^^^^^^^^^^
[INFO] [stdout]   |
[INFO] [stdout]   = help: to create the module `geo_highways`, create file "src/geo_highways.rs" or "src/geo_highways/mod.rs"
[INFO] [stdout]   = note: if there is a `mod geo_highways` elsewhere in the crate already, import it with `use crate::...` instead
[INFO] [stdout] 
[INFO] [stdout] 
[INFO] [stdout] error[E0583]: file not found for module `geo_cities`
[INFO] [stdout]  --> src/main.rs:2:1
[INFO] [stdout]   |
[INFO] [stdout] 2 | mod geo_cities;
[INFO] [stdout]   | ^^^^^^^^^^^^^^^
[INFO] [stdout]   |
[INFO] [stdout]   = help: to create the module `geo_cities`, create file "src/geo_cities.rs" or "src/geo_cities/mod.rs"
[INFO] [stdout]   = note: if there is a `mod geo_cities` elsewhere in the crate already, import it with `use crate::...` instead
[INFO] [stdout] 
[INFO] [stdout] 
[INFO] [stdout] error[E0583]: file not found for module `geo_highways`
[INFO] [stdout]  --> src/main.rs:3:1
[INFO] [stdout]   |
[INFO] [stdout] 3 | mod geo_highways;
[INFO] [stdout]   | ^^^^^^^^^^^^^^^^^
[INFO] [stdout]   |
[INFO] [stdout]   = help: to create the module `geo_highways`, create file "src/geo_highways.rs" or "src/geo_highways/mod.rs"
[INFO] [stdout]   = note: if there is a `mod geo_highways` elsewhere in the crate already, import it with `use crate::...` instead
[INFO] [stdout] 
[INFO] [stdout] 
[INFO] [stdout] For more information about this error, try `rustc --explain E0583`.
[INFO] [stdout] 
[INFO] [stderr] error: could not compile `ipmog` (bin "ipmog") due to 2 previous errors
[INFO] [stderr] warning: build failed, waiting for other jobs to finish...
[INFO] [stdout] For more information about this error, try `rustc --explain E0583`.
[INFO] [stdout] 
[INFO] [stderr] error: could not compile `ipmog` (bin "ipmog" test) due to 2 previous errors
[INFO] running `Command { std: "docker" "inspect" "708365ad3968af42d7f2d017dc2dc299b8fe18996e1fd880c65a4e773881d743", kill_on_drop: false }`
[INFO] running `Command { std: "docker" "rm" "-f" "708365ad3968af42d7f2d017dc2dc299b8fe18996e1fd880c65a4e773881d743", kill_on_drop: false }`
[INFO] [stdout] 708365ad3968af42d7f2d017dc2dc299b8fe18996e1fd880c65a4e773881d743
