[INFO] cloning repository https://github.com/ahaoboy/rquickjs-llrt-demo
[INFO] running `Command { std: "git" "-c" "credential.helper=" "-c" "credential.helper=/workspace/cargo-home/bin/git-credential-null" "clone" "--bare" "https://github.com/ahaoboy/rquickjs-llrt-demo" "/workspace/cache/git-repos/https%3A%2F%2Fgithub.com%2Fahaoboy%2Frquickjs-llrt-demo", kill_on_drop: false }`
[INFO] [stderr] Cloning into bare repository '/workspace/cache/git-repos/https%3A%2F%2Fgithub.com%2Fahaoboy%2Frquickjs-llrt-demo'...
[INFO] running `Command { std: "git" "rev-parse" "HEAD", kill_on_drop: false }`
[INFO] [stdout] 97ce2aebe8ff2e0f8153f2cfeb0fddadb7fe7727
[INFO] checking ahaoboy/rquickjs-llrt-demo against 3154cc1a3e6424e44f438a95007d043ed5ceaaf6+rustflags=-Znext-solver=coherence for pr-133502-30
[INFO] running `Command { std: "git" "clone" "/workspace/cache/git-repos/https%3A%2F%2Fgithub.com%2Fahaoboy%2Frquickjs-llrt-demo" "/workspace/builds/worker-6-tc1/source", kill_on_drop: false }`
[INFO] [stderr] Cloning into '/workspace/builds/worker-6-tc1/source'...
[INFO] [stderr] done.
[INFO] started tweaking git repo https://github.com/ahaoboy/rquickjs-llrt-demo
[INFO] finished tweaking git repo https://github.com/ahaoboy/rquickjs-llrt-demo
[INFO] tweaked toml for git repo https://github.com/ahaoboy/rquickjs-llrt-demo written to /workspace/builds/worker-6-tc1/source/Cargo.toml
[INFO] validating manifest of git repo https://github.com/ahaoboy/rquickjs-llrt-demo on toolchain 3154cc1a3e6424e44f438a95007d043ed5ceaaf6
[INFO] running `Command { std: CARGO_HOME="/workspace/cargo-home" RUSTUP_HOME="/workspace/rustup-home" "/workspace/cargo-home/bin/cargo" "+3154cc1a3e6424e44f438a95007d043ed5ceaaf6" "metadata" "--manifest-path" "Cargo.toml" "--no-deps", kill_on_drop: false }`
[INFO] running `Command { std: CARGO_HOME="/workspace/cargo-home" RUSTUP_HOME="/workspace/rustup-home" "/workspace/cargo-home/bin/cargo" "+3154cc1a3e6424e44f438a95007d043ed5ceaaf6" "generate-lockfile" "--manifest-path" "Cargo.toml", kill_on_drop: false }`
[INFO] [stderr]     Updating crates.io index
[INFO] [stderr]     Updating git repository `https://github.com/awslabs/llrt`
[INFO] [stderr]     Skipping git submodule `https://github.com/web-platform-tests/wpt` due to update strategy in .gitmodules
[INFO] [stderr]     Skipping git submodule `https://github.com/facebook/zstd.git` due to update strategy in .gitmodules
[INFO] [stderr]      Locking 290 packages to highest compatible versions
[INFO] [stderr]       Adding rquickjs v0.12.2 (available: v0.14.0)
[INFO] running `Command { std: CARGO_HOME="/workspace/cargo-home" RUSTUP_HOME="/workspace/rustup-home" "/workspace/cargo-home/bin/cargo" "+3154cc1a3e6424e44f438a95007d043ed5ceaaf6" "fetch" "--manifest-path" "Cargo.toml", kill_on_drop: false }`
[INFO] [stderr] warning: `package.homepage` is redundant with `package.repository`
[INFO] [stderr]   --> Cargo.toml:17:12
[INFO] [stderr]    |
[INFO] [stderr] 17 | homepage = "https://github.com/ahaoboy/rquickjs-llrt-demo"
[INFO] [stderr]    |            ^^^^^^^^^^^^^^^^^^^^^^^^^^^^^^^^^^^^^^^^^^^^^^^
[INFO] [stderr] ...
[INFO] [stderr] 20 | repository = "https://github.com/ahaoboy/rquickjs-llrt-demo"
[INFO] [stderr]    |              -----------------------------------------------
[INFO] [stderr]    |
[INFO] [stderr]    = note: `cargo::redundant_homepage` is set to `warn` by default
[INFO] [stderr] help: consider removing `package.homepage`
[INFO] [stderr] warning: `rquickjs-llrt-demo` (manifest) generated 1 warning
[INFO] [stderr]  Downloading crates ...
[INFO] [stderr]   Downloaded rquickjs v0.14.0
[INFO] [stderr]   Downloaded value-trait v0.12.2
[INFO] [stderr]   Downloaded relative-path v2.0.2
[INFO] [stderr]   Downloaded rquickjs-macro v0.14.0
[INFO] [stderr]   Downloaded windows-link v0.100.0
[INFO] [stderr]   Downloaded zstd v0.14.2
[INFO] [stderr]   Downloaded hex-simd v0.8.0
[INFO] [stderr]   Downloaded windows-strings v0.100.0
[INFO] [stderr]   Downloaded windows-version v0.100.0
[INFO] [stderr]   Downloaded sponge-cursor v0.1.0
[INFO] [stderr]   Downloaded wnaf v0.14.1
[INFO] [stderr]   Downloaded windows-registry v0.100.0
[INFO] [stderr]   Downloaded windows-result v0.100.0
[INFO] [stderr]   Downloaded kem v0.3.0
[INFO] [stderr]   Downloaded junction v2.1.0
[INFO] [stderr]   Downloaded ctutils v0.4.3
[INFO] [stderr]   Downloaded either v1.19.0
[INFO] [stderr]   Downloaded uzers v0.12.2
[INFO] [stderr]   Downloaded zstd-safe v8.1.0
[INFO] [stderr]   Downloaded keccak v0.2.2
[INFO] [stderr]   Downloaded rfc6979 v0.6.0
[INFO] [stderr]   Downloaded spki v0.8.1
[INFO] [stderr]   Downloaded primeorder v0.14.0
[INFO] [stderr]   Downloaded primefield v0.14.0
[INFO] [stderr]   Downloaded sec1 v0.8.1
[INFO] [stderr]   Downloaded pkcs1 v0.8.0-rc.5
[INFO] [stderr]   Downloaded toml_parser v1.1.5+spec-1.1.0
[INFO] [stderr]   Downloaded brotlic v0.8.2
[INFO] [stderr]   Downloaded module-lattice v0.2.3
[INFO] [stderr]   Downloaded aes-kw v0.3.1
[INFO] [stderr]   Downloaded ff v0.14.0
[INFO] [stderr]   Downloaded group v0.14.0
[INFO] [stderr]   Downloaded ml-kem v0.3.2
[INFO] [stderr]   Downloaded ecdsa v0.17.0
[INFO] [stderr]   Downloaded elliptic-curve v0.14.1
[INFO] [stderr]   Downloaded quick_cache v0.6.24
[INFO] [stderr]   Downloaded p384 v0.14.0
[INFO] [stderr]   Downloaded toml_edit v0.25.17+spec-1.1.0
[INFO] [stderr]   Downloaded ml-dsa v0.1.1
[INFO] [stderr]   Downloaded simd-json v0.18.1
[INFO] [stderr]   Downloaded p256 v0.14.0
[INFO] [stderr]   Downloaded rsa v0.10.0-rc.19
[INFO] [stderr]   Downloaded p521 v0.14.0
[INFO] [stderr]   Downloaded rquickjs-core v0.14.0
[INFO] [stderr]   Downloaded sha3 v0.12.0
[INFO] [stderr]   Downloaded shake v0.1.0
[INFO] [stderr]   Downloaded cshake v0.2.1
[INFO] [stderr]   Downloaded brotlic-sys v0.2.2
[INFO] [stderr]   Downloaded libz-ng-sys v1.1.29
[INFO] [stderr]   Downloaded zstd-sys v2.1.1+zstd.1.5.7
[INFO] [stderr]   Downloaded rquickjs-sys v0.14.0
[INFO] running `Command { std: "docker" "create" "-v" "/var/lib/crater-agent-workspace/builds/worker-6-tc1/source:/opt/rustwide/workdir:ro,Z" "-v" "/var/lib/crater-agent-workspace/builds/worker-6-tc1/target:/opt/rustwide/target:rw,Z" "-v" "/var/lib/crater-agent-workspace/cargo-home:/opt/rustwide/cargo-home:ro,Z" "-v" "/var/lib/crater-agent-workspace/rustup-home:/opt/rustwide/rustup-home:ro,Z" "-m" "1610612736" "--network" "none" "ghcr.io/rust-lang/crates-build-env/linux@sha256:77db811e55d90add9212f6832c23229e3de5f1c1f9905e8cb07319ea15df73ac" "sleep" "infinity", kill_on_drop: false }`
[INFO] [stdout] 1be8cb24f902c8f00c2b17d85ce36743358e2a40be47b3ed2626994f948d573c
[INFO] running `Command { std: "docker" "start" "1be8cb24f902c8f00c2b17d85ce36743358e2a40be47b3ed2626994f948d573c", kill_on_drop: false }`
[INFO] running `Command { std: "docker" "inspect" "1be8cb24f902c8f00c2b17d85ce36743358e2a40be47b3ed2626994f948d573c", kill_on_drop: false }`
[INFO] running `Command { std: "docker" "exec" "-e" "SOURCE_DIR=/opt/rustwide/workdir" "-e" "CARGO_HOME=/opt/rustwide/cargo-home" "-e" "RUSTUP_HOME=/opt/rustwide/rustup-home" "-e" "CARGO_TARGET_DIR=/opt/rustwide/target" "-w" "/opt/rustwide/workdir" "--user" "0:0" "1be8cb24f902c8f00c2b17d85ce36743358e2a40be47b3ed2626994f948d573c" "/opt/rustwide/cargo-home/bin/cargo" "+3154cc1a3e6424e44f438a95007d043ed5ceaaf6" "metadata" "--no-deps" "--format-version=1", kill_on_drop: false }`
[INFO] running `Command { std: "docker" "inspect" "1be8cb24f902c8f00c2b17d85ce36743358e2a40be47b3ed2626994f948d573c", kill_on_drop: false }`
[INFO] running `Command { std: "docker" "exec" "-e" "SOURCE_DIR=/opt/rustwide/workdir" "-e" "CARGO_HOME=/opt/rustwide/cargo-home" "-e" "RUSTUP_HOME=/opt/rustwide/rustup-home" "-e" "CARGO_TARGET_DIR=/opt/rustwide/target" "-e" "CARGO_INCREMENTAL=0" "-e" "RUST_BACKTRACE=full" "-e" "RUSTFLAGS=--cap-lints=forbid -Znext-solver=coherence" "-e" "RUSTDOCFLAGS=--cap-lints=forbid" "-w" "/opt/rustwide/workdir" "--user" "0:0" "1be8cb24f902c8f00c2b17d85ce36743358e2a40be47b3ed2626994f948d573c" "/opt/rustwide/cargo-home/bin/cargo" "+3154cc1a3e6424e44f438a95007d043ed5ceaaf6" "check" "--frozen" "--all" "--all-targets" "--message-format=json", kill_on_drop: false }`
[INFO] [stderr] warning: `package.homepage` is redundant with `package.repository`
[INFO] [stderr]   --> Cargo.toml:17:12
[INFO] [stderr]    |
[INFO] [stderr] 17 | homepage = "https://github.com/ahaoboy/rquickjs-llrt-demo"
[INFO] [stderr]    |            ^^^^^^^^^^^^^^^^^^^^^^^^^^^^^^^^^^^^^^^^^^^^^^^
[INFO] [stderr] ...
[INFO] [stderr] 20 | repository = "https://github.com/ahaoboy/rquickjs-llrt-demo"
[INFO] [stderr]    |              -----------------------------------------------
[INFO] [stderr]    |
[INFO] [stderr]    = note: `cargo::redundant_homepage` is set to `warn` by default
[INFO] [stderr] help: consider removing `package.homepage`
[INFO] [stderr] warning: `rquickjs-llrt-demo` (manifest) generated 1 warning
[INFO] [stderr]    Compiling libc v0.2.190
[INFO] [stderr]    Compiling syn v3.0.7
[INFO] [stderr]     Checking zeroize v1.9.1
[INFO] [stderr]    Compiling syn v2.0.119
[INFO] [stderr]     Checking subtle v2.6.1
[INFO] [stderr]     Checking hashbrown v0.17.1
[INFO] [stderr]    Compiling zerocopy v0.8.62
[INFO] [stderr]     Checking ctutils v0.4.3
[INFO] [stderr]    Compiling toml_parser v1.1.5+spec-1.1.0
[INFO] [stderr]     Checking hybrid-array v0.4.15
[INFO] [stderr]     Checking tracing v0.1.44
[INFO] [stderr]     Checking event-listener v5.4.2
[INFO] [stderr]    Compiling indexmap v2.14.2
[INFO] [stderr]     Checking relative-path v2.0.2
[INFO] [stderr]    Compiling toml_datetime v1.1.2+spec-1.1.0
[INFO] [stderr]     Checking event-listener-strategy v0.5.4
[INFO] [stderr]    Compiling convert_case v0.12.0
[INFO] [stderr]     Checking crypto-common v0.2.2
[INFO] [stderr]     Checking errno v0.3.14
[INFO] [stderr]    Compiling jobserver v0.1.35
[INFO] [stderr]     Checking signal-hook-registry v1.4.8
[INFO] [stderr]     Checking mio v1.2.4
[INFO] [stderr]     Checking socket2 v0.6.5
[INFO] [stderr]     Checking block-buffer v0.12.1
[INFO] [stderr]    Compiling toml_edit v0.25.17+spec-1.1.0
[INFO] [stderr]    Compiling cc v1.7.0
[INFO] [stderr]     Checking async-lock v3.4.2
[INFO] [stderr]     Checking either v1.19.0
[INFO] [stderr]     Checking simdutf8 v0.1.5
[INFO] [stderr]     Checking const-oid v0.10.2
[INFO] [stderr]    Compiling llrt_build v0.9.0-beta (https://github.com/awslabs/llrt#f08cdfa6)
[INFO] [stderr]    Compiling siphasher v1.0.4
[INFO] [stderr]     Checking cpubits v0.1.1
[INFO] [stderr]     Checking pem-rfc7468 v1.0.0
[INFO] [stderr]    Compiling phf_shared v0.14.0
[INFO] [stderr]    Compiling fastrand v2.5.0
[INFO] [stderr]     Checking vsimd v0.8.0
[INFO] [stderr]    Compiling proc-macro-crate v3.5.0
[INFO] [stderr]    Compiling phf_generator v0.14.0
[INFO] [stderr]    Compiling llrt_encoding v0.9.0-beta (https://github.com/awslabs/llrt#f08cdfa6)
[INFO] [stderr]     Checking block-padding v0.4.2
[INFO] [stderr]     Checking crypto-bigint v0.7.5
[INFO] [stderr]     Checking hex-simd v0.8.0
[INFO] [stderr]     Checking base64-simd v0.8.0
[INFO] [stderr]     Checking inout v0.2.2
[INFO] [stderr]     Checking hashbrown v0.16.1
[INFO] [stderr]     Checking cipher v0.5.2
[INFO] [stderr]     Checking smallvec v1.16.3
[INFO] [stderr]     Checking ff v0.14.0
[INFO] [stderr]    Compiling ref-cast v1.0.27
[INFO] [stderr]     Checking group v0.14.0
[INFO] [stderr]     Checking float-cmp v0.10.0
[INFO] [stderr]     Checking getrandom v0.2.17
[INFO] [stderr]     Checking rustls-pki-types v1.15.1
[INFO] [stderr]    Compiling cmake v0.1.58
[INFO] [stderr]     Checking halfbrown v0.4.0
[INFO] [stderr]    Compiling llrt_json v0.9.0-beta (https://github.com/awslabs/llrt#f08cdfa6)
[INFO] [stderr]    Compiling rquickjs-sys v0.14.0
[INFO] [stderr]    Compiling ring v0.17.14
[INFO] [stderr]    Compiling zstd-sys v2.1.1+zstd.1.5.7
[INFO] [stderr]     Checking value-trait v0.12.2
[INFO] [stderr]    Compiling synstructure v0.14.0
[INFO] [stderr]    Compiling zerocopy-derive v0.8.62
[INFO] [stderr]    Compiling der_derive v0.8.0
[INFO] [stderr]    Compiling phf_macros v0.14.0
[INFO] [stderr]     Checking digest v0.11.3
[INFO] [stderr]     Checking signature v3.0.0
[INFO] [stderr]     Checking hmac v0.13.0
[INFO] [stderr]     Checking hkdf v0.13.0
[INFO] [stderr]     Checking sha2 v0.11.0
[INFO] [stderr]     Checking phf v0.14.0
[INFO] [stderr]     Checking keccak v0.2.2
[INFO] [stderr]    Compiling crc32fast v1.5.2
[INFO] [stderr]    Compiling rustls v0.23.45
[INFO] [stderr]     Checking want v0.3.2
[INFO] [stderr]     Checking primefield v0.14.0
[INFO] [stderr]     Checking der v0.8.2
[INFO] [stderr]    Compiling libz-ng-sys v1.1.29
[INFO] [stderr]    Compiling brotlic-sys v0.2.2
[INFO] [stderr]     Checking futures-channel v0.3.34
[INFO] [stderr]     Checking universal-hash v0.6.1
[INFO] [stderr]    Compiling zstd-safe v8.1.0
[INFO] [stderr]     Checking futures-task v0.3.34
[INFO] [stderr]    Compiling tokio-macros v2.7.2
[INFO] [stderr]    Compiling zerofrom-derive v0.1.8
[INFO] [stderr]     Checking tokio v1.53.2
[INFO] [stderr]    Compiling yoke-derive v0.8.4
[INFO] [stderr]     Checking zerofrom v0.1.8
[INFO] [stderr]     Checking spki v0.8.1
[INFO] [stderr]    Compiling zerovec-derive v0.11.6
[INFO] [stderr]     Checking yoke v0.8.3
[INFO] [stderr]     Checking pkcs8 v0.11.0
[INFO] [stderr]    Compiling displaydoc v0.2.7
[INFO] [stderr]    Compiling ref-cast-impl v1.0.27
[INFO] [stderr]     Checking sec1 v0.8.1
[INFO] [stderr]     Checking zerotrie v0.2.5
[INFO] [stderr]     Checking elliptic-curve v0.14.1
[INFO] [stderr]     Checking simd-json v0.18.1
[INFO] [stderr]     Checking zerovec v0.11.8
[INFO] [stderr]     Checking rustls-webpki v0.103.15
[INFO] [stderr]     Checking futures-util v0.3.34
[INFO] [stderr]     Checking tinystr v0.8.4
[INFO] [stderr]     Checking icu_locale_core v2.3.0
[INFO] [stderr]     Checking potential_utf v0.1.6
[INFO] [stderr]     Checking icu_collections v2.3.0
[INFO] [stderr]     Checking icu_provider v2.3.1
[INFO] [stderr]     Checking icu_normalizer v2.3.0
[INFO] [stderr]     Checking icu_properties v2.3.0
[INFO] [stderr]     Checking tokio-util v0.7.20
[INFO] [stderr]     Checking half v2.7.1
[INFO] [stderr]     Checking wnaf v0.14.1
[INFO] [stderr]     Checking h2 v0.4.20
[INFO] [stderr]     Checking rfc6979 v0.6.0
[INFO] [stderr]     Checking chacha20 v0.10.2
[INFO] [stderr]    Compiling curve25519-dalek v5.0.0
[INFO] [stderr]     Checking sponge-cursor v0.1.0
[INFO] [stderr]    Compiling rquickjs-core v0.14.0
[INFO] [stderr]     Checking idna_adapter v1.2.2
[INFO] [stderr]     Checking ecdsa v0.17.0
[INFO] [stderr]     Checking primeorder v0.14.0
[INFO] [stderr]     Checking getrandom v0.4.3
[INFO] [stderr]    Compiling curve25519-dalek-derive v0.1.1
[INFO] [stderr]     Checking percent-encoding v2.3.2
[INFO] [stderr]     Checking form_urlencoded v1.2.2
[INFO] [stderr]     Checking rand v0.10.3
[INFO] [stderr]    Compiling rquickjs-macro v0.14.0
[INFO] [stderr]     Checking zstd v0.14.2
[INFO] [stderr]     Checking idna v1.1.0
[INFO] [stderr]     Checking tokio-rustls v0.26.6
[INFO] [stderr]     Checking polyval v0.7.3
[INFO] [stderr]    Compiling rquickjs-sys v0.12.2
[INFO] [stderr]     Checking hyper v1.12.0
[INFO] [stderr]     Checking webpki-roots v1.0.9
[INFO] [stderr]     Checking quick_cache v0.6.24
[INFO] [stderr]     Checking aead v0.6.1
[INFO] [stderr]     Checking module-lattice v0.2.3
[INFO] [stderr]     Checking llrt_tls v0.9.0-beta (https://github.com/awslabs/llrt#f08cdfa6)
[INFO] [stderr]     Checking ghash v0.6.0
[INFO] [stderr]     Checking url v2.5.8
[INFO] [stderr]     Checking shake v0.1.0
[INFO] [stderr]     Checking ed25519 v3.0.0
[INFO] [stderr]     Checking pkcs1 v0.8.0-rc.5
[INFO] [stderr]     Checking poly1305 v0.9.1
[INFO] [stderr]     Checking sha3 v0.11.0
[INFO] [stderr]     Checking crypto-primes v0.7.2
[INFO] [stderr]     Checking http-body-util v0.1.5
[INFO] [stderr]     Checking aes v0.9.3
[INFO] [stderr]     Checking hyper-util v0.1.21
[INFO] [stderr]     Checking ctr v0.10.1
[INFO] [stderr]     Checking kem v0.3.0
[INFO] [stderr]    Compiling llrt_process v0.9.0-beta (https://github.com/awslabs/llrt#f08cdfa6)
[INFO] [stderr]     Checking aes-kw v0.3.1
[INFO] [stderr]     Checking ml-kem v0.3.2
[INFO] [stderr]     Checking aes-gcm v0.11.1
[INFO] [stderr]     Checking chacha20poly1305 v0.11.0
[INFO] [stderr]     Checking ed25519-dalek v3.0.0
[INFO] [stderr]     Checking ml-dsa v0.1.1
[INFO] [stderr]     Checking rsa v0.10.0-rc.19
[INFO] [stderr]     Checking hyper-rustls v0.27.10
[INFO] [stderr]     Checking x25519-dalek v3.0.0
[INFO] [stderr]     Checking p384 v0.14.0
[INFO] [stderr]     Checking p521 v0.14.0
[INFO] [stderr]     Checking p256 v0.14.0
[INFO] [stderr]     Checking rquickjs v0.14.0
[INFO] [stderr]     Checking llrt_utils v0.9.0-beta (https://github.com/awslabs/llrt#f08cdfa6)
[INFO] [stderr]     Checking sha3 v0.12.0
[INFO] [stderr]     Checking llrt_context v0.9.0-beta (https://github.com/awslabs/llrt#f08cdfa6)
[INFO] [stderr]     Checking llrt_hooking v0.9.0-beta (https://github.com/awslabs/llrt#f08cdfa6)
[INFO] [stderr]     Checking llrt_events v0.9.0-beta (https://github.com/awslabs/llrt#f08cdfa6)
[INFO] [stderr]     Checking llrt_timers v0.9.0-beta (https://github.com/awslabs/llrt#f08cdfa6)
[INFO] [stderr]     Checking llrt_async_hooks v0.9.0-beta (https://github.com/awslabs/llrt#f08cdfa6)
[INFO] [stderr]     Checking llrt_exceptions v0.9.0-beta (https://github.com/awslabs/llrt#f08cdfa6)
[INFO] [stderr]     Checking llrt_numbers v0.9.0-beta (https://github.com/awslabs/llrt#f08cdfa6)
[INFO] [stderr]     Checking llrt_abort v0.9.0-beta (https://github.com/awslabs/llrt#f08cdfa6)
[INFO] [stderr]     Checking llrt_dns_cache v0.9.0-beta (https://github.com/awslabs/llrt#f08cdfa6)
[INFO] [stderr]     Checking llrt_logging v0.9.0-beta (https://github.com/awslabs/llrt#f08cdfa6)
[INFO] [stderr]     Checking llrt_http v0.9.0-beta (https://github.com/awslabs/llrt#f08cdfa6)
[INFO] [stderr]     Checking llrt_stream_web v0.9.0-beta (https://github.com/awslabs/llrt#f08cdfa6)
[INFO] [stderr]     Checking llrt_url v0.9.0-beta (https://github.com/awslabs/llrt#f08cdfa6)
[INFO] [stderr]     Checking llrt_path v0.9.0-beta (https://github.com/awslabs/llrt#f08cdfa6)
[INFO] [stderr]     Checking cshake v0.2.1
[INFO] [stderr]     Checking md-5 v0.11.0
[INFO] [stderr]     Checking sha1 v0.11.0
[INFO] [stderr]     Checking pbkdf2 v0.13.0
[INFO] [stderr]     Checking cbc v0.2.1
[INFO] [stderr]     Checking uzers v0.12.2
[INFO] [stderr]     Checking num_cpus v1.17.0
[INFO] [stderr]     Checking home v0.5.12
[INFO] [stderr]     Checking llrt_console v0.9.0-beta (https://github.com/awslabs/llrt#f08cdfa6)
[INFO] [stderr]     Checking llrt_os v0.9.0-beta (https://github.com/awslabs/llrt#f08cdfa6)
[INFO] [stderr]     Checking llrt_perf_hooks v0.9.0-beta (https://github.com/awslabs/llrt#f08cdfa6)
[INFO] [stderr]     Checking llrt_dns v0.9.0-beta (https://github.com/awslabs/llrt#f08cdfa6)
[INFO] [stderr]     Checking llrt_tty v0.9.0-beta (https://github.com/awslabs/llrt#f08cdfa6)
[INFO] [stderr]     Checking llrt_assert v0.9.0-beta (https://github.com/awslabs/llrt#f08cdfa6)
[INFO] [stderr]     Checking llrt_navigator v0.9.0-beta (https://github.com/awslabs/llrt#f08cdfa6)
[INFO] [stderr]     Checking llrt_buffer v0.9.0-beta (https://github.com/awslabs/llrt#f08cdfa6)
[INFO] [stderr]     Checking llrt_util v0.9.0-beta (https://github.com/awslabs/llrt#f08cdfa6)
[INFO] [stderr]     Checking llrt_stream v0.9.0-beta (https://github.com/awslabs/llrt#f08cdfa6)
[INFO] [stderr]     Checking llrt_string_decoder v0.9.0-beta (https://github.com/awslabs/llrt#f08cdfa6)
[INFO] [stderr]     Checking brotlic v0.8.2
[INFO] [stderr]     Checking llrt_dgram v0.9.0-beta (https://github.com/awslabs/llrt#f08cdfa6)
[INFO] [stderr]     Checking llrt_fs v0.9.0-beta (https://github.com/awslabs/llrt#f08cdfa6)
[INFO] [stderr]     Checking rquickjs-core v0.12.2
[INFO] [stderr]     Checking llrt_net v0.9.0-beta (https://github.com/awslabs/llrt#f08cdfa6)
[INFO] [stderr]     Checking llrt_child_process v0.9.0-beta (https://github.com/awslabs/llrt#f08cdfa6)
[INFO] [stderr]     Checking flate2 v1.1.10
[INFO] [stderr]     Checking llrt_compression v0.9.0-beta (https://github.com/awslabs/llrt#f08cdfa6)
[INFO] [stderr]     Checking llrt_fetch v0.9.0-beta (https://github.com/awslabs/llrt#f08cdfa6)
[INFO] [stderr]     Checking llrt_zlib v0.9.0-beta (https://github.com/awslabs/llrt#f08cdfa6)
[INFO] [stderr]     Checking llrt_crypto v0.9.0-beta (https://github.com/awslabs/llrt#f08cdfa6)
[INFO] [stderr]     Checking rquickjs v0.12.2
[INFO] [stdout] error[E0282]: type annotations needed for `rsa::pkcs1::RsaPublicKey<_>`
[INFO] [stdout]    --> /opt/rustwide/cargo-home/git/checkouts/llrt-0a7fdb298878dfd0/f08cdfa/modules/llrt_crypto/src/provider/rust/mod.rs:990:13
[INFO] [stdout]     |
[INFO] [stdout] 990 |         let public_key =
[INFO] [stdout]     |             ^^^^^^^^^^
[INFO] [stdout] 991 |             rsa::pkcs1::RsaPublicKey::from_der(der).map_err(|_| CryptoError::InvalidKey(None))?;
[INFO] [stdout] 992 |         let modulus_length = public_key.modulus.as_bytes().len() * 8;
[INFO] [stdout]     |                              ------------------ type must be known at this point
[INFO] [stdout]     |
[INFO] [stdout] help: consider giving `public_key` an explicit type, where the type for type parameter `U` is specified
[INFO] [stdout]     |
[INFO] [stdout] 990 |         let public_key: rsa::pkcs1::RsaPublicKey<U> =
[INFO] [stdout]     |                       +++++++++++++++++++++++++++++
[INFO] [stdout] 
[INFO] [stdout] 
[INFO] [stdout] error[E0282]: type annotations needed for `rsa::pkcs1::RsaPrivateKey<_>`
[INFO] [stdout]     --> /opt/rustwide/cargo-home/git/checkouts/llrt-0a7fdb298878dfd0/f08cdfa/modules/llrt_crypto/src/provider/rust/mod.rs:1010:13
[INFO] [stdout]      |
[INFO] [stdout] 1010 |         let private_key =
[INFO] [stdout]      |             ^^^^^^^^^^^
[INFO] [stdout] 1011 |             rsa::pkcs1::RsaPrivateKey::from_der(der).map_err(|_| CryptoError::InvalidKey(None))?;
[INFO] [stdout] 1012 |         let modulus_length = private_key.modulus.as_bytes().len() * 8;
[INFO] [stdout]      |                              ------------------- type must be known at this point
[INFO] [stdout]      |
[INFO] [stdout] help: consider giving `private_key` an explicit type, where the type for type parameter `U` is specified
[INFO] [stdout]      |
[INFO] [stdout] 1010 |         let private_key: rsa::pkcs1::RsaPrivateKey<U> =
[INFO] [stdout]      |                        ++++++++++++++++++++++++++++++
[INFO] [stdout] 
[INFO] [stdout] 
[INFO] [stdout] error[E0282]: type annotations needed for `rsa::pkcs1::RsaPublicKey<_>`
[INFO] [stdout]     --> /opt/rustwide/cargo-home/git/checkouts/llrt-0a7fdb298878dfd0/f08cdfa/modules/llrt_crypto/src/provider/rust/mod.rs:1032:13
[INFO] [stdout]      |
[INFO] [stdout] 1032 |         let public_key = rsa::pkcs1::RsaPublicKey::from_der(spki.subject_public_key.raw_bytes())
[INFO] [stdout]      |             ^^^^^^^^^^
[INFO] [stdout] 1033 |             .map_err(|_| CryptoError::InvalidKey(None))?;
[INFO] [stdout] 1034 |         let modulus_length = public_key.modulus.as_bytes().len() * 8;
[INFO] [stdout]      |                              ------------------ type must be known at this point
[INFO] [stdout]      |
[INFO] [stdout] help: consider giving `public_key` an explicit type, where the type for type parameter `U` is specified
[INFO] [stdout]      |
[INFO] [stdout] 1032 |         let public_key: rsa::pkcs1::RsaPublicKey<U> = rsa::pkcs1::RsaPublicKey::from_der(spki.subject_public_key.raw_bytes())
[INFO] [stdout]      |                       +++++++++++++++++++++++++++++
[INFO] [stdout] 
[INFO] [stdout] 
[INFO] [stdout] error[E0282]: type annotations needed for `rsa::pkcs1::RsaPrivateKey<_>`
[INFO] [stdout]     --> /opt/rustwide/cargo-home/git/checkouts/llrt-0a7fdb298878dfd0/f08cdfa/modules/llrt_crypto/src/provider/rust/mod.rs:1054:13
[INFO] [stdout]      |
[INFO] [stdout] 1054 |         let private_key = rsa::pkcs1::RsaPrivateKey::from_der(pk_info.private_key.as_bytes())
[INFO] [stdout]      |             ^^^^^^^^^^^
[INFO] [stdout] 1055 |             .map_err(|_| CryptoError::InvalidKey(None))?;
[INFO] [stdout] 1056 |         let modulus_length = private_key.modulus.as_bytes().len() * 8;
[INFO] [stdout]      |                              ------------------- type must be known at this point
[INFO] [stdout]      |
[INFO] [stdout] help: consider giving `private_key` an explicit type, where the type for type parameter `U` is specified
[INFO] [stdout]      |
[INFO] [stdout] 1054 |         let private_key: rsa::pkcs1::RsaPrivateKey<U> = rsa::pkcs1::RsaPrivateKey::from_der(pk_info.private_key.as_bytes())
[INFO] [stdout]      |                        ++++++++++++++++++++++++++++++
[INFO] [stdout] 
[INFO] [stdout] 
[INFO] [stdout] error[E0284]: type annotations needed for `rsa::pkcs1::RsaPublicKey<_>`
[INFO] [stdout]     --> /opt/rustwide/cargo-home/git/checkouts/llrt-0a7fdb298878dfd0/f08cdfa/modules/llrt_crypto/src/provider/rust/mod.rs:1074:13
[INFO] [stdout]      |
[INFO] [stdout] 1074 |         let public_key = rsa::pkcs1::RsaPublicKey::from_der(key_data)
[INFO] [stdout]      |             ^^^^^^^^^^   ------------------------ type must be known at this point
[INFO] [stdout]      |
[INFO] [stdout]      = note: cannot satisfy `<_ as DecodeValue<'_>>::Error == der::Error`
[INFO] [stdout]      = note: the type must also implement `DecodeValue<'_>`
[INFO] [stdout]      = note: the type must also implement `FixedTag`
[INFO] [stdout]      = note: required for `rsa::pkcs1::RsaPublicKey<_>` to implement `DecodeValue<'_>`
[INFO] [stdout]      = note: required for `rsa::pkcs1::RsaPublicKey<_>` to implement `der::Decode<'_>`
[INFO] [stdout]      = note: required for `rsa::pkcs1::RsaPublicKey<_>` to implement `DecodeValue<'_>`
[INFO] [stdout]      = note: required for `rsa::pkcs1::RsaPublicKey<_>` to implement `der::Decode<'_>`
[INFO] [stdout]      = note: required for `rsa::pkcs1::RsaPublicKey<_>` to implement `DecodeValue<'_>`
[INFO] [stdout]      = note: required for `rsa::pkcs1::RsaPublicKey<_>` to implement `der::Decode<'_>`
[INFO] [stdout] help: consider giving `public_key` an explicit type, where the type for type parameter `U` is specified
[INFO] [stdout]      |
[INFO] [stdout] 1074 |         let public_key: rsa::pkcs1::RsaPublicKey<U> = rsa::pkcs1::RsaPublicKey::from_der(key_data)
[INFO] [stdout]      |                       +++++++++++++++++++++++++++++
[INFO] [stdout] 
[INFO] [stdout] 
[INFO] [stdout] error[E0282]: type annotations needed for `rsa::pkcs1::RsaPrivateKey<_>`
[INFO] [stdout]     --> /opt/rustwide/cargo-home/git/checkouts/llrt-0a7fdb298878dfd0/f08cdfa/modules/llrt_crypto/src/provider/rust/mod.rs:1421:17
[INFO] [stdout]      |
[INFO] [stdout] 1421 |             let key = rsa::pkcs1::RsaPrivateKey::from_der(key_data)
[INFO] [stdout]      |                 ^^^
[INFO] [stdout] ...
[INFO] [stdout] 1424 |                 n: key.modulus.as_bytes().to_vec(),
[INFO] [stdout]      |                    ----------- type must be known at this point
[INFO] [stdout]      |
[INFO] [stdout] help: consider giving `key` an explicit type, where the type for type parameter `U` is specified
[INFO] [stdout]      |
[INFO] [stdout] 1421 |             let key: rsa::pkcs1::RsaPrivateKey<U> = rsa::pkcs1::RsaPrivateKey::from_der(key_data)
[INFO] [stdout]      |                    ++++++++++++++++++++++++++++++
[INFO] [stdout] 
[INFO] [stdout] 
[INFO] [stdout] Some errors have detailed explanations: E0282, E0284.
[INFO] [stdout] 
[INFO] [stdout] For more information about an error, try `rustc --explain E0282`.
[INFO] [stdout] 
[INFO] [stderr] error: could not compile `llrt_crypto` (lib) due to 6 previous errors
[INFO] running `Command { std: "docker" "inspect" "1be8cb24f902c8f00c2b17d85ce36743358e2a40be47b3ed2626994f948d573c", kill_on_drop: false }`
[INFO] running `Command { std: "docker" "rm" "-f" "1be8cb24f902c8f00c2b17d85ce36743358e2a40be47b3ed2626994f948d573c", kill_on_drop: false }`
[INFO] [stdout] 1be8cb24f902c8f00c2b17d85ce36743358e2a40be47b3ed2626994f948d573c
