[INFO] cloning repository https://github.com/agent-ix/tl-syntax
[INFO] running `Command { std: "git" "-c" "credential.helper=" "-c" "credential.helper=/workspace/cargo-home/bin/git-credential-null" "clone" "--bare" "https://github.com/agent-ix/tl-syntax" "/workspace/cache/git-repos/https%3A%2F%2Fgithub.com%2Fagent-ix%2Ftl-syntax", kill_on_drop: false }`
[INFO] [stderr] Cloning into bare repository '/workspace/cache/git-repos/https%3A%2F%2Fgithub.com%2Fagent-ix%2Ftl-syntax'...
[INFO] running `Command { std: "git" "rev-parse" "HEAD", kill_on_drop: false }`
[INFO] [stdout] 76ea0be5e41dcbd67e853f38efccc7e3a21173a2
[INFO] checking agent-ix/tl-syntax against 3154cc1a3e6424e44f438a95007d043ed5ceaaf6 for pr-133502-30
[INFO] running `Command { std: "git" "clone" "/workspace/cache/git-repos/https%3A%2F%2Fgithub.com%2Fagent-ix%2Ftl-syntax" "/workspace/builds/worker-6-tc2/source", kill_on_drop: false }`
[INFO] [stderr] Cloning into '/workspace/builds/worker-6-tc2/source'...
[INFO] [stderr] done.
[INFO] removed /workspace/builds/worker-6-tc2/source/rust-toolchain.toml
[INFO] started tweaking git repo https://github.com/agent-ix/tl-syntax
[INFO] finished tweaking git repo https://github.com/agent-ix/tl-syntax
[INFO] tweaked toml for git repo https://github.com/agent-ix/tl-syntax written to /workspace/builds/worker-6-tc2/source/Cargo.toml
[INFO] validating manifest of git repo https://github.com/agent-ix/tl-syntax on toolchain 3154cc1a3e6424e44f438a95007d043ed5ceaaf6
[INFO] running `Command { std: CARGO_HOME="/workspace/cargo-home" RUSTUP_HOME="/workspace/rustup-home" "/workspace/cargo-home/bin/cargo" "+3154cc1a3e6424e44f438a95007d043ed5ceaaf6" "metadata" "--manifest-path" "Cargo.toml" "--no-deps", kill_on_drop: false }`
[INFO] crate git repo https://github.com/agent-ix/tl-syntax already has a lockfile, it will not be regenerated
[INFO] running `Command { std: CARGO_HOME="/workspace/cargo-home" RUSTUP_HOME="/workspace/rustup-home" "/workspace/cargo-home/bin/cargo" "+3154cc1a3e6424e44f438a95007d043ed5ceaaf6" "fetch" "--manifest-path" "Cargo.toml", kill_on_drop: false }`
[INFO] running `Command { std: "docker" "create" "-v" "/var/lib/crater-agent-workspace/builds/worker-6-tc2/source:/opt/rustwide/workdir:ro,Z" "-v" "/var/lib/crater-agent-workspace/builds/worker-6-tc2/target:/opt/rustwide/target:rw,Z" "-v" "/var/lib/crater-agent-workspace/cargo-home:/opt/rustwide/cargo-home:ro,Z" "-v" "/var/lib/crater-agent-workspace/rustup-home:/opt/rustwide/rustup-home:ro,Z" "-m" "1610612736" "--network" "none" "ghcr.io/rust-lang/crates-build-env/linux@sha256:77db811e55d90add9212f6832c23229e3de5f1c1f9905e8cb07319ea15df73ac" "sleep" "infinity", kill_on_drop: false }`
[INFO] [stdout] 3c36733e05ccb01041758af3d54855f68ece5c652994d01166909d1ff6ae0d67
[INFO] running `Command { std: "docker" "start" "3c36733e05ccb01041758af3d54855f68ece5c652994d01166909d1ff6ae0d67", kill_on_drop: false }`
[INFO] running `Command { std: "docker" "inspect" "3c36733e05ccb01041758af3d54855f68ece5c652994d01166909d1ff6ae0d67", kill_on_drop: false }`
[INFO] running `Command { std: "docker" "exec" "-e" "SOURCE_DIR=/opt/rustwide/workdir" "-e" "CARGO_HOME=/opt/rustwide/cargo-home" "-e" "RUSTUP_HOME=/opt/rustwide/rustup-home" "-e" "CARGO_TARGET_DIR=/opt/rustwide/target" "-w" "/opt/rustwide/workdir" "--user" "0:0" "3c36733e05ccb01041758af3d54855f68ece5c652994d01166909d1ff6ae0d67" "/opt/rustwide/cargo-home/bin/cargo" "+3154cc1a3e6424e44f438a95007d043ed5ceaaf6" "metadata" "--no-deps" "--format-version=1", kill_on_drop: false }`
[INFO] running `Command { std: "docker" "inspect" "3c36733e05ccb01041758af3d54855f68ece5c652994d01166909d1ff6ae0d67", kill_on_drop: false }`
[INFO] running `Command { std: "docker" "exec" "-e" "SOURCE_DIR=/opt/rustwide/workdir" "-e" "CARGO_HOME=/opt/rustwide/cargo-home" "-e" "RUSTUP_HOME=/opt/rustwide/rustup-home" "-e" "CARGO_TARGET_DIR=/opt/rustwide/target" "-e" "CARGO_INCREMENTAL=0" "-e" "RUST_BACKTRACE=full" "-e" "RUSTFLAGS=--cap-lints=forbid" "-e" "RUSTDOCFLAGS=--cap-lints=forbid" "-w" "/opt/rustwide/workdir" "--user" "0:0" "3c36733e05ccb01041758af3d54855f68ece5c652994d01166909d1ff6ae0d67" "/opt/rustwide/cargo-home/bin/cargo" "+3154cc1a3e6424e44f438a95007d043ed5ceaaf6" "check" "--frozen" "--all" "--all-targets" "--message-format=json", kill_on_drop: false }`
[INFO] [stderr]    Compiling libc v0.2.189
[INFO] [stderr]    Compiling serde_core v1.0.229
[INFO] [stderr]    Compiling num-traits v0.2.19
[INFO] [stderr]     Checking unarray v0.1.4
[INFO] [stderr]     Checking tl-syntax v0.3.0 (/opt/rustwide/workdir)
[INFO] [stderr]     Checking getrandom v0.2.17
[INFO] [stderr]     Checking rand_core v0.6.4
[INFO] [stderr]     Checking rand_chacha v0.3.1
[INFO] [stderr]     Checking rand_xorshift v0.3.0
[INFO] [stderr]     Checking rand v0.8.8
[INFO] [stderr]     Checking proptest v1.5.0
[INFO] [stderr]     Checking serde_json v1.0.151
[INFO] [stdout] error[E0432]: unresolved imports `tl_syntax::FormulaDocument`, `tl_syntax::PropositionMapDocument`
[INFO] [stdout]   --> examples/corpus_conformance.rs:36:14
[INFO] [stdout]    |
[INFO] [stdout] 36 |     Formula, FormulaDocument, FormulaError, Interval, Node, NodeId, PropositionMapDocument,
[INFO] [stdout]    |              ^^^^^^^^^^^^^^^ no `FormulaDocument` in the root       ^^^^^^^^^^^^^^^^^^^^^^ no `PropositionMapDocument` in the root
[INFO] [stdout]    |
[INFO] [stdout] note: found an item that was configured out
[INFO] [stdout]   --> src/lib.rs:35:29
[INFO] [stdout]    |
[INFO] [stdout] 33 | #[cfg(feature = "alloc")]
[INFO] [stdout]    |       ----------------- the item is gated behind the `alloc` feature
[INFO] [stdout] 34 | pub use formula::document::{
[INFO] [stdout] 35 |     FormulaConversionError, FormulaDocument, FormulaSchemaVersion, SemanticFormulaDocument,
[INFO] [stdout]    |                             ^^^^^^^^^^^^^^^
[INFO] [stdout] note: found an item that was configured out
[INFO] [stdout]   --> src/lib.rs:90:47
[INFO] [stdout]    |
[INFO] [stdout] 88 | #[cfg(feature = "alloc")]
[INFO] [stdout]    |       ----------------- the item is gated behind the `alloc` feature
[INFO] [stdout] 89 | pub use signal::document::{
[INFO] [stdout] 90 |     OwnedSignalDeclaration, PropositionEntry, PropositionMapDocument, PropositionMapError,
[INFO] [stdout]    |                                               ^^^^^^^^^^^^^^^^^^^^^^
[INFO] [stdout] 
[INFO] [stdout] 
[INFO] [stdout] error[E0277]: the trait bound `tl_syntax::SemanticProfile: serde::de::DeserializeOwned` is not satisfied
[INFO] [stdout]     --> examples/corpus_conformance.rs:120:42
[INFO] [stdout]      |
[INFO] [stdout]  120 |     let profile: SemanticProfile = match serde_json::from_value(profile_value) {
[INFO] [stdout]      |                                          ^^^^^^^^^^^^^^^^^^^^^^^^^^^^^^^^^^^^^ the trait `for<'de> serde_core::de::Deserialize<'de>` is not implemented for `tl_syntax::SemanticProfile`
[INFO] [stdout]      |
[INFO] [stdout]      = help: the following other types implement trait `serde_core::de::Deserialize<'de>`:
[INFO] [stdout]                &'a Path
[INFO] [stdout]                &'a [u8]
[INFO] [stdout]                &'a str
[INFO] [stdout]                ()
[INFO] [stdout]                (T,)
[INFO] [stdout]                (T0, T1)
[INFO] [stdout]                (T0, T1, T2)
[INFO] [stdout]                (T0, T1, T2, T3)
[INFO] [stdout]              and 140 others
[INFO] [stdout]      = note: required for `tl_syntax::SemanticProfile` to implement `serde_core::de::DeserializeOwned`
[INFO] [stdout] note: required by a bound in `from_value`
[INFO] [stdout]     --> /opt/rustwide/cargo-home/registry/src/index.crates.io-1949cf8c6b5b557f/serde_json-1.0.151/src/value/mod.rs:1039:8
[INFO] [stdout]      |
[INFO] [stdout] 1037 | pub fn from_value<T>(value: Value) -> Result<T, Error>
[INFO] [stdout] 1038 | where
[INFO] [stdout] 1039 |     T: DeserializeOwned,
[INFO] [stdout]      |        ^^^^^^^^^^^^^^^^ required by this bound in `from_value`
[INFO] [stdout] 
[INFO] [stdout] 
[INFO] [stdout] error[E0277]: the trait bound `tl_syntax::Interval: serde::de::DeserializeOwned` is not satisfied
[INFO] [stdout]     --> examples/corpus_conformance.rs:142:41
[INFO] [stdout]      |
[INFO] [stdout]  142 |             if serde_json::from_value::<Interval>(interval.clone()).is_err() {
[INFO] [stdout]      |                                         ^^^^^^^^ the trait `for<'de> serde_core::de::Deserialize<'de>` is not implemented for `tl_syntax::Interval`
[INFO] [stdout]      |
[INFO] [stdout]      = help: the following other types implement trait `serde_core::de::Deserialize<'de>`:
[INFO] [stdout]                &'a Path
[INFO] [stdout]                &'a [u8]
[INFO] [stdout]                &'a str
[INFO] [stdout]                ()
[INFO] [stdout]                (T,)
[INFO] [stdout]                (T0, T1)
[INFO] [stdout]                (T0, T1, T2)
[INFO] [stdout]                (T0, T1, T2, T3)
[INFO] [stdout]              and 140 others
[INFO] [stdout]      = note: required for `tl_syntax::Interval` to implement `serde_core::de::DeserializeOwned`
[INFO] [stdout] note: required by a bound in `from_value`
[INFO] [stdout]     --> /opt/rustwide/cargo-home/registry/src/index.crates.io-1949cf8c6b5b557f/serde_json-1.0.151/src/value/mod.rs:1039:8
[INFO] [stdout]      |
[INFO] [stdout] 1037 | pub fn from_value<T>(value: Value) -> Result<T, Error>
[INFO] [stdout] 1038 | where
[INFO] [stdout] 1039 |     T: DeserializeOwned,
[INFO] [stdout]      |        ^^^^^^^^^^^^^^^^ required by this bound in `from_value`
[INFO] [stdout] 
[INFO] [stdout] 
[INFO] [stdout] error[E0277]: the trait bound `Node: serde::Deserialize<'de>` is not satisfied
[INFO] [stdout]     --> examples/corpus_conformance.rs:155:34
[INFO] [stdout]      |
[INFO] [stdout]  155 |     let nodes: Vec<Node> = match serde_json::from_value(Value::Array(node_values.clone())) {
[INFO] [stdout]      |                                  ^^^^^^^^^^^^^^^^^^^^^^^^^^^^^^^^^^^^^^^^^^^^^^^^^^^^^^^^^ the trait `for<'de> serde_core::de::Deserialize<'de>` is not implemented for `Node`
[INFO] [stdout]      |
[INFO] [stdout]      = note: for local types consider adding `#[derive(serde::Deserialize)]` to your `Node` type
[INFO] [stdout]      = note: for types from other crates check whether the crate offers a `serde` feature flag
[INFO] [stdout]      = help: the following other types implement trait `serde_core::de::Deserialize<'de>`:
[INFO] [stdout]                &'a Path
[INFO] [stdout]                &'a [u8]
[INFO] [stdout]                &'a str
[INFO] [stdout]                ()
[INFO] [stdout]                (T,)
[INFO] [stdout]                (T0, T1)
[INFO] [stdout]                (T0, T1, T2)
[INFO] [stdout]                (T0, T1, T2, T3)
[INFO] [stdout]              and 140 others
[INFO] [stdout]      = note: required for `Vec<Node>` to implement `for<'de> serde_core::de::Deserialize<'de>`
[INFO] [stdout]      = note: required for `Vec<Node>` to implement `serde_core::de::DeserializeOwned`
[INFO] [stdout] note: required by a bound in `from_value`
[INFO] [stdout]     --> /opt/rustwide/cargo-home/registry/src/index.crates.io-1949cf8c6b5b557f/serde_json-1.0.151/src/value/mod.rs:1039:8
[INFO] [stdout]      |
[INFO] [stdout] 1037 | pub fn from_value<T>(value: Value) -> Result<T, Error>
[INFO] [stdout] 1038 | where
[INFO] [stdout] 1039 |     T: DeserializeOwned,
[INFO] [stdout]      |        ^^^^^^^^^^^^^^^^ required by this bound in `from_value`
[INFO] [stdout] 
[INFO] [stdout] 
[INFO] [stdout] error[E0277]: the trait bound `NodeId: serde::de::DeserializeOwned` is not satisfied
[INFO] [stdout]     --> examples/corpus_conformance.rs:178:24
[INFO] [stdout]      |
[INFO] [stdout]  178 |     let root: NodeId = serde_json::from_value(object.get("root").cloned().unwrap_or(Value::Null))
[INFO] [stdout]      |                        ^^^^^^^^^^^^^^^^^^^^^^^^^^^^^^^^^^^^^^^^^^^^^^^^^^^^^^^^^^^^^^^^^^^^^^^^^^ the trait `for<'de> serde_core::de::Deserialize<'de>` is not implemented for `NodeId`
[INFO] [stdout]      |
[INFO] [stdout]      = help: the following other types implement trait `serde_core::de::Deserialize<'de>`:
[INFO] [stdout]                &'a Path
[INFO] [stdout]                &'a [u8]
[INFO] [stdout]                &'a str
[INFO] [stdout]                ()
[INFO] [stdout]                (T,)
[INFO] [stdout]                (T0, T1)
[INFO] [stdout]                (T0, T1, T2)
[INFO] [stdout]                (T0, T1, T2, T3)
[INFO] [stdout]              and 140 others
[INFO] [stdout]      = note: required for `NodeId` to implement `serde_core::de::DeserializeOwned`
[INFO] [stdout] note: required by a bound in `from_value`
[INFO] [stdout]     --> /opt/rustwide/cargo-home/registry/src/index.crates.io-1949cf8c6b5b557f/serde_json-1.0.151/src/value/mod.rs:1039:8
[INFO] [stdout]      |
[INFO] [stdout] 1037 | pub fn from_value<T>(value: Value) -> Result<T, Error>
[INFO] [stdout] 1038 | where
[INFO] [stdout] 1039 |     T: DeserializeOwned,
[INFO] [stdout]      |        ^^^^^^^^^^^^^^^^ required by this bound in `from_value`
[INFO] [stdout] 
[INFO] [stdout] 
[INFO] [stdout] Some errors have detailed explanations: E0277, E0432.
[INFO] [stdout] 
[INFO] [stdout] For more information about an error, try `rustc --explain E0277`.
[INFO] [stdout] 
[INFO] [stderr] error: could not compile `tl-syntax` (example "corpus_conformance") due to 5 previous errors
[INFO] [stderr] warning: build failed, waiting for other jobs to finish...
[INFO] running `Command { std: "docker" "inspect" "3c36733e05ccb01041758af3d54855f68ece5c652994d01166909d1ff6ae0d67", kill_on_drop: false }`
[INFO] running `Command { std: "docker" "rm" "-f" "3c36733e05ccb01041758af3d54855f68ece5c652994d01166909d1ff6ae0d67", kill_on_drop: false }`
[INFO] [stdout] 3c36733e05ccb01041758af3d54855f68ece5c652994d01166909d1ff6ae0d67
