[INFO] cloning repository https://github.com/afq984/polytype
[INFO] running `Command { std: "git" "-c" "credential.helper=" "-c" "credential.helper=/workspace/cargo-home/bin/git-credential-null" "clone" "--bare" "https://github.com/afq984/polytype" "/workspace/cache/git-repos/https%3A%2F%2Fgithub.com%2Fafq984%2Fpolytype", kill_on_drop: false }`
[INFO] [stderr] Cloning into bare repository '/workspace/cache/git-repos/https%3A%2F%2Fgithub.com%2Fafq984%2Fpolytype'...
[INFO] running `Command { std: "git" "rev-parse" "HEAD", kill_on_drop: false }`
[INFO] [stdout] b5f0d1943cbfb68b6f46b7ea6c60ba7c97c837eb
[INFO] checking afq984/polytype against 3154cc1a3e6424e44f438a95007d043ed5ceaaf6 for pr-133502-30
[INFO] running `Command { std: "git" "clone" "/workspace/cache/git-repos/https%3A%2F%2Fgithub.com%2Fafq984%2Fpolytype" "/workspace/builds/worker-1-tc2/source", kill_on_drop: false }`
[INFO] [stderr] Cloning into '/workspace/builds/worker-1-tc2/source'...
[INFO] [stderr] done.
[INFO] started tweaking git repo https://github.com/afq984/polytype
[INFO] finished tweaking git repo https://github.com/afq984/polytype
[INFO] tweaked toml for git repo https://github.com/afq984/polytype written to /workspace/builds/worker-1-tc2/source/Cargo.toml
[INFO] validating manifest of git repo https://github.com/afq984/polytype on toolchain 3154cc1a3e6424e44f438a95007d043ed5ceaaf6
[INFO] running `Command { std: CARGO_HOME="/workspace/cargo-home" RUSTUP_HOME="/workspace/rustup-home" "/workspace/cargo-home/bin/cargo" "+3154cc1a3e6424e44f438a95007d043ed5ceaaf6" "metadata" "--manifest-path" "Cargo.toml" "--no-deps", kill_on_drop: false }`
[INFO] crate git repo https://github.com/afq984/polytype already has a lockfile, it will not be regenerated
[INFO] running `Command { std: CARGO_HOME="/workspace/cargo-home" RUSTUP_HOME="/workspace/rustup-home" "/workspace/cargo-home/bin/cargo" "+3154cc1a3e6424e44f438a95007d043ed5ceaaf6" "fetch" "--manifest-path" "Cargo.toml", kill_on_drop: false }`
[INFO] running `Command { std: "docker" "create" "-v" "/var/lib/crater-agent-workspace/builds/worker-1-tc2/source:/opt/rustwide/workdir:ro,Z" "-v" "/var/lib/crater-agent-workspace/builds/worker-1-tc2/target:/opt/rustwide/target:rw,Z" "-v" "/var/lib/crater-agent-workspace/cargo-home:/opt/rustwide/cargo-home:ro,Z" "-v" "/var/lib/crater-agent-workspace/rustup-home:/opt/rustwide/rustup-home:ro,Z" "-m" "1610612736" "--network" "none" "ghcr.io/rust-lang/crates-build-env/linux@sha256:77db811e55d90add9212f6832c23229e3de5f1c1f9905e8cb07319ea15df73ac" "sleep" "infinity", kill_on_drop: false }`
[INFO] [stdout] c17a7ab3b318ecb497d474f79a8308a1a45f11197ea5a420e224d0c4e9489c1b
[INFO] running `Command { std: "docker" "start" "c17a7ab3b318ecb497d474f79a8308a1a45f11197ea5a420e224d0c4e9489c1b", kill_on_drop: false }`
[INFO] running `Command { std: "docker" "inspect" "c17a7ab3b318ecb497d474f79a8308a1a45f11197ea5a420e224d0c4e9489c1b", kill_on_drop: false }`
[INFO] running `Command { std: "docker" "exec" "-e" "SOURCE_DIR=/opt/rustwide/workdir" "-e" "CARGO_HOME=/opt/rustwide/cargo-home" "-e" "RUSTUP_HOME=/opt/rustwide/rustup-home" "-e" "CARGO_TARGET_DIR=/opt/rustwide/target" "-w" "/opt/rustwide/workdir" "--user" "0:0" "c17a7ab3b318ecb497d474f79a8308a1a45f11197ea5a420e224d0c4e9489c1b" "/opt/rustwide/cargo-home/bin/cargo" "+3154cc1a3e6424e44f438a95007d043ed5ceaaf6" "metadata" "--no-deps" "--format-version=1", kill_on_drop: false }`
[INFO] running `Command { std: "docker" "inspect" "c17a7ab3b318ecb497d474f79a8308a1a45f11197ea5a420e224d0c4e9489c1b", kill_on_drop: false }`
[INFO] running `Command { std: "docker" "exec" "-e" "SOURCE_DIR=/opt/rustwide/workdir" "-e" "CARGO_HOME=/opt/rustwide/cargo-home" "-e" "RUSTUP_HOME=/opt/rustwide/rustup-home" "-e" "CARGO_TARGET_DIR=/opt/rustwide/target" "-e" "CARGO_INCREMENTAL=0" "-e" "RUST_BACKTRACE=full" "-e" "RUSTFLAGS=--cap-lints=forbid" "-e" "RUSTDOCFLAGS=--cap-lints=forbid" "-w" "/opt/rustwide/workdir" "--user" "0:0" "c17a7ab3b318ecb497d474f79a8308a1a45f11197ea5a420e224d0c4e9489c1b" "/opt/rustwide/cargo-home/bin/cargo" "+3154cc1a3e6424e44f438a95007d043ed5ceaaf6" "check" "--frozen" "--all" "--all-targets" "--message-format=json", kill_on_drop: false }`
[INFO] [stderr]    Compiling wasm-bindgen-shared v0.2.128
[INFO] [stderr]    Compiling bumpalo v3.20.3
[INFO] [stderr]     Checking once_cell v1.21.4
[INFO] [stderr]    Compiling syn v3.0.5
[INFO] [stderr]    Compiling wasm-bindgen v0.2.128
[INFO] [stderr]    Compiling wasm-bindgen-macro-support v0.2.128
[INFO] [stderr]    Compiling serde_derive v1.0.229
[INFO] [stderr]     Checking serde v1.0.229
[INFO] [stderr]     Checking polytype-core v0.1.0 (/opt/rustwide/workdir/crates/polytype-core)
[INFO] [stderr]    Compiling wasm-bindgen-macro v0.2.128
[INFO] [stdout] error[E0599]: no method named `experiment` found for struct `Engine` in the current scope
[INFO] [stdout]    --> crates/polytype-core/tests/behavior.rs:599:20
[INFO] [stdout]     |
[INFO] [stdout] 599 |             engine.experiment(&raw, &options, "floor").unwrap()[0].text,
[INFO] [stdout]     |                    ^^^^^^^^^^ method not found in `Engine`
[INFO] [stdout] 
[INFO] [stdout] 
[INFO] [stdout] error[E0599]: no method named `experiment` found for struct `Engine` in the current scope
[INFO] [stdout]    --> crates/polytype-core/tests/behavior.rs:604:18
[INFO] [stdout]     |
[INFO] [stdout] 603 |             engine
[INFO] [stdout] 604 |                 .experiment(&raw, &options, "floor+frequency")
[INFO] [stdout]     |                  ^^^^^^^^^^ method not found in `Engine`
[INFO] [stdout] 
[INFO] [stdout] 
[INFO] [stdout] error[E0599]: no method named `experiment` found for struct `Engine` in the current scope
[INFO] [stdout]    --> crates/polytype-core/tests/behavior.rs:618:14
[INFO] [stdout]     |
[INFO] [stdout] 617 |         engine
[INFO] [stdout] 618 |             .experiment(raw, &DecodeOptions::default(), "current+first-tone")
[INFO] [stdout]     |              ^^^^^^^^^^ method not found in `Engine`
[INFO] [stdout] 
[INFO] [stdout] 
[INFO] [stdout] For more information about this error, try `rustc --explain E0599`.
[INFO] [stdout] 
[INFO] [stderr] error: could not compile `polytype-core` (test "behavior") due to 3 previous errors
[INFO] [stderr] warning: build failed, waiting for other jobs to finish...
[INFO] running `Command { std: "docker" "inspect" "c17a7ab3b318ecb497d474f79a8308a1a45f11197ea5a420e224d0c4e9489c1b", kill_on_drop: false }`
[INFO] running `Command { std: "docker" "rm" "-f" "c17a7ab3b318ecb497d474f79a8308a1a45f11197ea5a420e224d0c4e9489c1b", kill_on_drop: false }`
[INFO] [stdout] c17a7ab3b318ecb497d474f79a8308a1a45f11197ea5a420e224d0c4e9489c1b
