[INFO] cloning repository https://github.com/af8a2a/fast-delete
[INFO] running `Command { std: "git" "-c" "credential.helper=" "-c" "credential.helper=/workspace/cargo-home/bin/git-credential-null" "clone" "--bare" "https://github.com/af8a2a/fast-delete" "/workspace/cache/git-repos/https%3A%2F%2Fgithub.com%2Faf8a2a%2Ffast-delete", kill_on_drop: false }`
[INFO] [stderr] Cloning into bare repository '/workspace/cache/git-repos/https%3A%2F%2Fgithub.com%2Faf8a2a%2Ffast-delete'...
[INFO] running `Command { std: "git" "rev-parse" "HEAD", kill_on_drop: false }`
[INFO] [stdout] 561250a2a4b82ec37dc5d0e7931d8d01e7048127
[INFO] checking af8a2a/fast-delete against 3154cc1a3e6424e44f438a95007d043ed5ceaaf6 for pr-133502-30
[INFO] running `Command { std: "git" "clone" "/workspace/cache/git-repos/https%3A%2F%2Fgithub.com%2Faf8a2a%2Ffast-delete" "/workspace/builds/worker-2-tc2/source", kill_on_drop: false }`
[INFO] [stderr] Cloning into '/workspace/builds/worker-2-tc2/source'...
[INFO] [stderr] done.
[INFO] removed /workspace/builds/worker-2-tc2/source/.cargo/config.toml
[INFO] started tweaking git repo https://github.com/af8a2a/fast-delete
[INFO] finished tweaking git repo https://github.com/af8a2a/fast-delete
[INFO] tweaked toml for git repo https://github.com/af8a2a/fast-delete written to /workspace/builds/worker-2-tc2/source/Cargo.toml
[INFO] validating manifest of git repo https://github.com/af8a2a/fast-delete on toolchain 3154cc1a3e6424e44f438a95007d043ed5ceaaf6
[INFO] running `Command { std: CARGO_HOME="/workspace/cargo-home" RUSTUP_HOME="/workspace/rustup-home" "/workspace/cargo-home/bin/cargo" "+3154cc1a3e6424e44f438a95007d043ed5ceaaf6" "metadata" "--manifest-path" "Cargo.toml" "--no-deps", kill_on_drop: false }`
[INFO] crate git repo https://github.com/af8a2a/fast-delete already has a lockfile, it will not be regenerated
[INFO] running `Command { std: CARGO_HOME="/workspace/cargo-home" RUSTUP_HOME="/workspace/rustup-home" "/workspace/cargo-home/bin/cargo" "+3154cc1a3e6424e44f438a95007d043ed5ceaaf6" "fetch" "--manifest-path" "Cargo.toml", kill_on_drop: false }`
[INFO] running `Command { std: "docker" "create" "-v" "/var/lib/crater-agent-workspace/builds/worker-2-tc2/source:/opt/rustwide/workdir:ro,Z" "-v" "/var/lib/crater-agent-workspace/builds/worker-2-tc2/target:/opt/rustwide/target:rw,Z" "-v" "/var/lib/crater-agent-workspace/cargo-home:/opt/rustwide/cargo-home:ro,Z" "-v" "/var/lib/crater-agent-workspace/rustup-home:/opt/rustwide/rustup-home:ro,Z" "-m" "1610612736" "--network" "none" "ghcr.io/rust-lang/crates-build-env/linux@sha256:77db811e55d90add9212f6832c23229e3de5f1c1f9905e8cb07319ea15df73ac" "sleep" "infinity", kill_on_drop: false }`
[INFO] [stdout] f268e27f9f0c3e367305f670765e30e8878186a9ca2f404c0b75f5a18fd726b2
[INFO] running `Command { std: "docker" "start" "f268e27f9f0c3e367305f670765e30e8878186a9ca2f404c0b75f5a18fd726b2", kill_on_drop: false }`
[INFO] running `Command { std: "docker" "inspect" "f268e27f9f0c3e367305f670765e30e8878186a9ca2f404c0b75f5a18fd726b2", kill_on_drop: false }`
[INFO] running `Command { std: "docker" "exec" "-e" "SOURCE_DIR=/opt/rustwide/workdir" "-e" "CARGO_HOME=/opt/rustwide/cargo-home" "-e" "RUSTUP_HOME=/opt/rustwide/rustup-home" "-e" "CARGO_TARGET_DIR=/opt/rustwide/target" "-w" "/opt/rustwide/workdir" "--user" "0:0" "f268e27f9f0c3e367305f670765e30e8878186a9ca2f404c0b75f5a18fd726b2" "/opt/rustwide/cargo-home/bin/cargo" "+3154cc1a3e6424e44f438a95007d043ed5ceaaf6" "metadata" "--no-deps" "--format-version=1", kill_on_drop: false }`
[INFO] running `Command { std: "docker" "inspect" "f268e27f9f0c3e367305f670765e30e8878186a9ca2f404c0b75f5a18fd726b2", kill_on_drop: false }`
[INFO] running `Command { std: "docker" "exec" "-e" "SOURCE_DIR=/opt/rustwide/workdir" "-e" "CARGO_HOME=/opt/rustwide/cargo-home" "-e" "RUSTUP_HOME=/opt/rustwide/rustup-home" "-e" "CARGO_TARGET_DIR=/opt/rustwide/target" "-e" "CARGO_INCREMENTAL=0" "-e" "RUST_BACKTRACE=full" "-e" "RUSTFLAGS=--cap-lints=forbid" "-e" "RUSTDOCFLAGS=--cap-lints=forbid" "-w" "/opt/rustwide/workdir" "--user" "0:0" "f268e27f9f0c3e367305f670765e30e8878186a9ca2f404c0b75f5a18fd726b2" "/opt/rustwide/cargo-home/bin/cargo" "+3154cc1a3e6424e44f438a95007d043ed5ceaaf6" "check" "--frozen" "--all" "--all-targets" "--message-format=json", kill_on_drop: false }`
[INFO] [stderr]     Checking fast-delete v0.1.0 (/opt/rustwide/workdir)
[INFO] [stdout] error: fast-delete supports Windows only
[INFO] [stdout]  --> src/main.rs:2:1
[INFO] [stdout]   |
[INFO] [stdout] 2 | compile_error!("fast-delete supports Windows only");
[INFO] [stdout]   | ^^^^^^^^^^^^^^^^^^^^^^^^^^^^^^^^^^^^^^^^^^^^^^^^^^^
[INFO] [stdout] 
[INFO] [stdout] 
[INFO] [stdout] error[E0433]: cannot find `windows` in `os`
[INFO] [stdout]  --> src/paths.rs:4:14
[INFO] [stdout]   |
[INFO] [stdout] 4 | use std::os::windows::{ffi::OsStrExt, fs::MetadataExt};
[INFO] [stdout]   |              ^^^^^^^ could not find `windows` in `os`
[INFO] [stdout]   |
[INFO] [stdout] note: found an item that was configured out
[INFO] [stdout]  --> /rustc/3154cc1a3e6424e44f438a95007d043ed5ceaaf6/library/std/src/os/mod.rs:62:4
[INFO] [stdout]   |
[INFO] [stdout]   = note: the item is gated behind the `windows` feature
[INFO] [stdout] 
[INFO] [stdout] 
[INFO] [stdout] error[E0433]: cannot find `windows` in `os`
[INFO] [stdout]  --> src/win.rs:4:14
[INFO] [stdout]   |
[INFO] [stdout] 4 | use std::os::windows::ffi::{OsStrExt, OsStringExt};
[INFO] [stdout]   |              ^^^^^^^ could not find `windows` in `os`
[INFO] [stdout]   |
[INFO] [stdout] note: found an item that was configured out
[INFO] [stdout]  --> /rustc/3154cc1a3e6424e44f438a95007d043ed5ceaaf6/library/std/src/os/mod.rs:62:4
[INFO] [stdout]   |
[INFO] [stdout]   = note: the item is gated behind the `windows` feature
[INFO] [stdout] 
[INFO] [stdout] 
[INFO] [stdout] error[E0433]: cannot find `windows` in `os`
[INFO] [stdout]  --> src/win.rs:5:14
[INFO] [stdout]   |
[INFO] [stdout] 5 | use std::os::windows::fs::MetadataExt;
[INFO] [stdout]   |              ^^^^^^^ could not find `windows` in `os`
[INFO] [stdout]   |
[INFO] [stdout] note: found an item that was configured out
[INFO] [stdout]  --> /rustc/3154cc1a3e6424e44f438a95007d043ed5ceaaf6/library/std/src/os/mod.rs:62:4
[INFO] [stdout]   |
[INFO] [stdout]   = note: the item is gated behind the `windows` feature
[INFO] [stdout] 
[INFO] [stdout] 
[INFO] [stdout] error: fast-delete supports Windows only
[INFO] [stdout]  --> src/main.rs:2:1
[INFO] [stdout]   |
[INFO] [stdout] 2 | compile_error!("fast-delete supports Windows only");
[INFO] [stdout]   | ^^^^^^^^^^^^^^^^^^^^^^^^^^^^^^^^^^^^^^^^^^^^^^^^^^^
[INFO] [stdout] 
[INFO] [stdout] 
[INFO] [stdout] error[E0433]: cannot find `windows` in `os`
[INFO] [stdout]  --> src/paths.rs:4:14
[INFO] [stdout]   |
[INFO] [stdout] 4 | use std::os::windows::{ffi::OsStrExt, fs::MetadataExt};
[INFO] [stdout]   |              ^^^^^^^ could not find `windows` in `os`
[INFO] [stdout]   |
[INFO] [stdout] note: found an item that was configured out
[INFO] [stdout]  --> /rustc/3154cc1a3e6424e44f438a95007d043ed5ceaaf6/library/std/src/os/mod.rs:62:4
[INFO] [stdout]   |
[INFO] [stdout]   = note: the item is gated behind the `windows` feature
[INFO] [stdout] 
[INFO] [stdout] 
[INFO] [stdout] error[E0433]: cannot find `windows` in `os`
[INFO] [stdout]  --> src/win.rs:4:14
[INFO] [stdout]   |
[INFO] [stdout] 4 | use std::os::windows::ffi::{OsStrExt, OsStringExt};
[INFO] [stdout]   |              ^^^^^^^ could not find `windows` in `os`
[INFO] [stdout]   |
[INFO] [stdout] note: found an item that was configured out
[INFO] [stdout]  --> /rustc/3154cc1a3e6424e44f438a95007d043ed5ceaaf6/library/std/src/os/mod.rs:62:4
[INFO] [stdout]   |
[INFO] [stdout]   = note: the item is gated behind the `windows` feature
[INFO] [stdout] 
[INFO] [stdout] 
[INFO] [stdout] error[E0433]: cannot find `windows` in `os`
[INFO] [stdout]  --> src/win.rs:5:14
[INFO] [stdout]   |
[INFO] [stdout] 5 | use std::os::windows::fs::MetadataExt;
[INFO] [stdout]   |              ^^^^^^^ could not find `windows` in `os`
[INFO] [stdout]   |
[INFO] [stdout] note: found an item that was configured out
[INFO] [stdout]  --> /rustc/3154cc1a3e6424e44f438a95007d043ed5ceaaf6/library/std/src/os/mod.rs:62:4
[INFO] [stdout]   |
[INFO] [stdout]   = note: the item is gated behind the `windows` feature
[INFO] [stdout] 
[INFO] [stdout] 
[INFO] [stdout] error[E0599]: no method named `encode_wide` found for reference `&OsStr` in the current scope
[INFO] [stdout]   --> src/paths.rs:40:44
[INFO] [stdout]    |
[INFO] [stdout] 40 |     let units: Vec<u16> = path.as_os_str().encode_wide().collect();
[INFO] [stdout]    |                                            ^^^^^^^^^^^ method not found in `&OsStr`
[INFO] [stdout] 
[INFO] [stdout] 
[INFO] [stdout] error[E0599]: no method named `encode_wide` found for reference `&OsStr` in the current scope
[INFO] [stdout]   --> src/paths.rs:59:44
[INFO] [stdout]    |
[INFO] [stdout] 59 |                 let chars: Vec<u16> = name.encode_wide().collect();
[INFO] [stdout]    |                                            ^^^^^^^^^^^ method not found in `&OsStr`
[INFO] [stdout] 
[INFO] [stdout] 
[INFO] [stdout] error[E0599]: no method named `file_attributes` found for struct `Metadata` in the current scope
[INFO] [stdout]    --> src/paths.rs:166:35
[INFO] [stdout]     |
[INFO] [stdout] 166 |         let attributes = metadata.file_attributes();
[INFO] [stdout]     |                                   ^^^^^^^^^^^^^^^
[INFO] [stdout]     |
[INFO] [stdout] help: there is a method `file_type` with a similar name
[INFO] [stdout]     |
[INFO] [stdout] 166 -         let attributes = metadata.file_attributes();
[INFO] [stdout] 166 +         let attributes = metadata.file_type();
[INFO] [stdout]     |
[INFO] [stdout] 
[INFO] [stdout] 
[INFO] [stdout] error[E0599]: no method named `file_size` found for struct `Metadata` in the current scope
[INFO] [stdout]    --> src/paths.rs:195:28
[INFO] [stdout]     |
[INFO] [stdout] 195 |             size: metadata.file_size(),
[INFO] [stdout]     |                            ^^^^^^^^^
[INFO] [stdout]     |
[INFO] [stdout] help: there is a method `file_type` with a similar name
[INFO] [stdout]     |
[INFO] [stdout] 195 -             size: metadata.file_size(),
[INFO] [stdout] 195 +             size: metadata.file_type(),
[INFO] [stdout]     |
[INFO] [stdout] 
[INFO] [stdout] 
[INFO] [stdout] error[E0599]: no method named `encode_wide` found for reference `&OsStr` in the current scope
[INFO] [stdout]   --> src/paths.rs:40:44
[INFO] [stdout]    |
[INFO] [stdout] 40 |     let units: Vec<u16> = path.as_os_str().encode_wide().collect();
[INFO] [stdout]    |                                            ^^^^^^^^^^^ method not found in `&OsStr`
[INFO] [stdout] 
[INFO] [stdout] 
[INFO] [stdout] error[E0599]: no method named `encode_wide` found for reference `&OsStr` in the current scope
[INFO] [stdout]   --> src/win.rs:94:22
[INFO] [stdout]    |
[INFO] [stdout] 94 |     path.as_os_str().encode_wide().chain(Some(0)).collect()
[INFO] [stdout]    |                      ^^^^^^^^^^^ method not found in `&OsStr`
[INFO] [stdout] 
[INFO] [stdout] 
[INFO] [stdout] error[E0599]: no method named `encode_wide` found for reference `&OsStr` in the current scope
[INFO] [stdout]   --> src/paths.rs:59:44
[INFO] [stdout]    |
[INFO] [stdout] 59 |                 let chars: Vec<u16> = name.encode_wide().collect();
[INFO] [stdout]    |                                            ^^^^^^^^^^^ method not found in `&OsStr`
[INFO] [stdout] 
[INFO] [stdout] 
[INFO] [stdout] error[E0599]: no method named `encode_wide` found for reference `&OsStr` in the current scope
[INFO] [stdout]   --> src/win.rs:98:37
[INFO] [stdout]    |
[INFO] [stdout] 98 |     let a: Vec<u16> = a.as_os_str().encode_wide().collect();
[INFO] [stdout]    |                                     ^^^^^^^^^^^ method not found in `&OsStr`
[INFO] [stdout] 
[INFO] [stdout] 
[INFO] [stdout] error[E0599]: no method named `encode_wide` found for reference `&OsStr` in the current scope
[INFO] [stdout]   --> src/win.rs:99:37
[INFO] [stdout]    |
[INFO] [stdout] 99 |     let b: Vec<u16> = b.as_os_str().encode_wide().collect();
[INFO] [stdout]    |                                     ^^^^^^^^^^^ method not found in `&OsStr`
[INFO] [stdout] 
[INFO] [stdout] 
[INFO] [stdout] error[E0599]: no associated function or constant named `from_wide` found for struct `OsString` in the current scope
[INFO] [stdout]    --> src/win.rs:220:50
[INFO] [stdout]     |
[INFO] [stdout] 220 |                 path: self.parent.join(OsString::from_wide(name)),
[INFO] [stdout]     |                                                  ^^^^^^^^^ associated function or constant not found in `OsString`
[INFO] [stdout]     |
[INFO] [stdout] note: if you're trying to build a new `OsString` consider using one of the following associated functions:
[INFO] [stdout]       OsString::new
[INFO] [stdout]       OsString::from_encoded_bytes_unchecked
[INFO] [stdout]       OsString::with_capacity
[INFO] [stdout]    --> /rustc/3154cc1a3e6424e44f438a95007d043ed5ceaaf6/library/std/src/ffi/os_str.rs:134:4
[INFO] [stdout] help: there is an associated function `from_iter` with a similar name
[INFO] [stdout]     |
[INFO] [stdout] 220 -                 path: self.parent.join(OsString::from_wide(name)),
[INFO] [stdout] 220 +                 path: self.parent.join(OsString::from_iter(name)),
[INFO] [stdout]     |
[INFO] [stdout] 
[INFO] [stdout] 
[INFO] [stdout] error[E0599]: no method named `file_attributes` found for struct `Metadata` in the current scope
[INFO] [stdout]    --> src/win.rs:246:30
[INFO] [stdout]     |
[INFO] [stdout] 246 |                     metadata.file_attributes() & (READONLY | DIRECTORY) == READONLY
[INFO] [stdout]     |                              ^^^^^^^^^^^^^^^
[INFO] [stdout]     |
[INFO] [stdout] help: there is a method `file_type` with a similar name
[INFO] [stdout]     |
[INFO] [stdout] 246 -                     metadata.file_attributes() & (READONLY | DIRECTORY) == READONLY
[INFO] [stdout] 246 +                     metadata.file_type() & (READONLY | DIRECTORY) == READONLY
[INFO] [stdout]     |
[INFO] [stdout] 
[INFO] [stdout] 
[INFO] [stdout] error[E0599]: no method named `file_attributes` found for struct `Metadata` in the current scope
[INFO] [stdout]    --> src/paths.rs:166:35
[INFO] [stdout]     |
[INFO] [stdout] 166 |         let attributes = metadata.file_attributes();
[INFO] [stdout]     |                                   ^^^^^^^^^^^^^^^
[INFO] [stdout]     |
[INFO] [stdout] help: there is a method `file_type` with a similar name
[INFO] [stdout]     |
[INFO] [stdout] 166 -         let attributes = metadata.file_attributes();
[INFO] [stdout] 166 +         let attributes = metadata.file_type();
[INFO] [stdout]     |
[INFO] [stdout] 
[INFO] [stdout] 
[INFO] [stdout] error[E0599]: no method named `file_size` found for struct `Metadata` in the current scope
[INFO] [stdout]    --> src/paths.rs:195:28
[INFO] [stdout]     |
[INFO] [stdout] 195 |             size: metadata.file_size(),
[INFO] [stdout]     |                            ^^^^^^^^^
[INFO] [stdout]     |
[INFO] [stdout] help: there is a method `file_type` with a similar name
[INFO] [stdout]     |
[INFO] [stdout] 195 -             size: metadata.file_size(),
[INFO] [stdout] 195 +             size: metadata.file_type(),
[INFO] [stdout]     |
[INFO] [stdout] 
[INFO] [stdout] 
[INFO] [stdout] error[E0599]: no method named `encode_wide` found for reference `&OsStr` in the current scope
[INFO] [stdout]   --> src/win.rs:94:22
[INFO] [stdout]    |
[INFO] [stdout] 94 |     path.as_os_str().encode_wide().chain(Some(0)).collect()
[INFO] [stdout]    |                      ^^^^^^^^^^^ method not found in `&OsStr`
[INFO] [stdout] 
[INFO] [stdout] 
[INFO] [stdout] error[E0599]: no method named `encode_wide` found for reference `&OsStr` in the current scope
[INFO] [stdout]   --> src/win.rs:98:37
[INFO] [stdout]    |
[INFO] [stdout] 98 |     let a: Vec<u16> = a.as_os_str().encode_wide().collect();
[INFO] [stdout]    |                                     ^^^^^^^^^^^ method not found in `&OsStr`
[INFO] [stdout] 
[INFO] [stdout] 
[INFO] [stdout] error[E0599]: no method named `encode_wide` found for reference `&OsStr` in the current scope
[INFO] [stdout]   --> src/win.rs:99:37
[INFO] [stdout]    |
[INFO] [stdout] 99 |     let b: Vec<u16> = b.as_os_str().encode_wide().collect();
[INFO] [stdout]    |                                     ^^^^^^^^^^^ method not found in `&OsStr`
[INFO] [stdout] 
[INFO] [stdout] 
[INFO] [stdout] error[E0599]: no associated function or constant named `from_wide` found for struct `OsString` in the current scope
[INFO] [stdout]    --> src/win.rs:220:50
[INFO] [stdout]     |
[INFO] [stdout] 220 |                 path: self.parent.join(OsString::from_wide(name)),
[INFO] [stdout]     |                                                  ^^^^^^^^^ associated function or constant not found in `OsString`
[INFO] [stdout]     |
[INFO] [stdout] note: if you're trying to build a new `OsString` consider using one of the following associated functions:
[INFO] [stdout]       OsString::new
[INFO] [stdout]       OsString::from_encoded_bytes_unchecked
[INFO] [stdout]       OsString::with_capacity
[INFO] [stdout]    --> /rustc/3154cc1a3e6424e44f438a95007d043ed5ceaaf6/library/std/src/ffi/os_str.rs:134:4
[INFO] [stdout] help: there is an associated function `from_iter` with a similar name
[INFO] [stdout]     |
[INFO] [stdout] 220 -                 path: self.parent.join(OsString::from_wide(name)),
[INFO] [stdout] 220 +                 path: self.parent.join(OsString::from_iter(name)),
[INFO] [stdout]     |
[INFO] [stdout] 
[INFO] [stdout] 
[INFO] [stdout] Some errors have detailed explanations: E0433, E0599.
[INFO] [stdout] 
[INFO] [stdout] For more information about an error, try `rustc --explain E0433`.
[INFO] [stdout] 
[INFO] [stdout] error[E0599]: no method named `file_attributes` found for struct `Metadata` in the current scope
[INFO] [stdout]    --> src/win.rs:246:30
[INFO] [stdout]     |
[INFO] [stdout] 246 |                     metadata.file_attributes() & (READONLY | DIRECTORY) == READONLY
[INFO] [stdout]     |                              ^^^^^^^^^^^^^^^
[INFO] [stdout]     |
[INFO] [stdout] help: there is a method `file_type` with a similar name
[INFO] [stdout]     |
[INFO] [stdout] 246 -                     metadata.file_attributes() & (READONLY | DIRECTORY) == READONLY
[INFO] [stdout] 246 +                     metadata.file_type() & (READONLY | DIRECTORY) == READONLY
[INFO] [stdout]     |
[INFO] [stdout] 
[INFO] [stdout] 
[INFO] [stderr] error: could not compile `fast-delete` (bin "fast-delete") due to 13 previous errors
[INFO] [stderr] warning: build failed, waiting for other jobs to finish...
[INFO] [stdout] Some errors have detailed explanations: E0433, E0599.
[INFO] [stdout] 
[INFO] [stdout] For more information about an error, try `rustc --explain E0433`.
[INFO] [stdout] 
[INFO] [stderr] error: could not compile `fast-delete` (bin "fast-delete" test) due to 13 previous errors
[INFO] running `Command { std: "docker" "inspect" "f268e27f9f0c3e367305f670765e30e8878186a9ca2f404c0b75f5a18fd726b2", kill_on_drop: false }`
[INFO] running `Command { std: "docker" "rm" "-f" "f268e27f9f0c3e367305f670765e30e8878186a9ca2f404c0b75f5a18fd726b2", kill_on_drop: false }`
[INFO] [stdout] f268e27f9f0c3e367305f670765e30e8878186a9ca2f404c0b75f5a18fd726b2
