[INFO] cloning repository https://github.com/adkrsj/idxent
[INFO] running `Command { std: "git" "-c" "credential.helper=" "-c" "credential.helper=/workspace/cargo-home/bin/git-credential-null" "clone" "--bare" "https://github.com/adkrsj/idxent" "/workspace/cache/git-repos/https%3A%2F%2Fgithub.com%2Fadkrsj%2Fidxent", kill_on_drop: false }`
[INFO] [stderr] Cloning into bare repository '/workspace/cache/git-repos/https%3A%2F%2Fgithub.com%2Fadkrsj%2Fidxent'...
[INFO] running `Command { std: "git" "rev-parse" "HEAD", kill_on_drop: false }`
[INFO] [stdout] 98f6ad9a56911b07e54b8208078f94fe97811834
[INFO] checking adkrsj/idxent against 3154cc1a3e6424e44f438a95007d043ed5ceaaf6 for pr-133502-30
[INFO] running `Command { std: "git" "clone" "/workspace/cache/git-repos/https%3A%2F%2Fgithub.com%2Fadkrsj%2Fidxent" "/workspace/builds/worker-7-tc2/source", kill_on_drop: false }`
[INFO] [stderr] Cloning into '/workspace/builds/worker-7-tc2/source'...
[INFO] [stderr] done.
[INFO] started tweaking git repo https://github.com/adkrsj/idxent
[INFO] finished tweaking git repo https://github.com/adkrsj/idxent
[INFO] tweaked toml for git repo https://github.com/adkrsj/idxent written to /workspace/builds/worker-7-tc2/source/Cargo.toml
[INFO] validating manifest of git repo https://github.com/adkrsj/idxent on toolchain 3154cc1a3e6424e44f438a95007d043ed5ceaaf6
[INFO] running `Command { std: CARGO_HOME="/workspace/cargo-home" RUSTUP_HOME="/workspace/rustup-home" "/workspace/cargo-home/bin/cargo" "+3154cc1a3e6424e44f438a95007d043ed5ceaaf6" "metadata" "--manifest-path" "Cargo.toml" "--no-deps", kill_on_drop: false }`
[INFO] crate git repo https://github.com/adkrsj/idxent already has a lockfile, it will not be regenerated
[INFO] running `Command { std: CARGO_HOME="/workspace/cargo-home" RUSTUP_HOME="/workspace/rustup-home" "/workspace/cargo-home/bin/cargo" "+3154cc1a3e6424e44f438a95007d043ed5ceaaf6" "fetch" "--manifest-path" "Cargo.toml", kill_on_drop: false }`
[INFO] running `Command { std: "docker" "create" "-v" "/var/lib/crater-agent-workspace/builds/worker-7-tc2/source:/opt/rustwide/workdir:ro,Z" "-v" "/var/lib/crater-agent-workspace/builds/worker-7-tc2/target:/opt/rustwide/target:rw,Z" "-v" "/var/lib/crater-agent-workspace/cargo-home:/opt/rustwide/cargo-home:ro,Z" "-v" "/var/lib/crater-agent-workspace/rustup-home:/opt/rustwide/rustup-home:ro,Z" "-m" "1610612736" "--network" "none" "ghcr.io/rust-lang/crates-build-env/linux@sha256:77db811e55d90add9212f6832c23229e3de5f1c1f9905e8cb07319ea15df73ac" "sleep" "infinity", kill_on_drop: false }`
[INFO] [stdout] d385db4ccdfaf87513b343e014c41dff0de63d0e60a9cc18af7a6d0f4874084b
[INFO] running `Command { std: "docker" "start" "d385db4ccdfaf87513b343e014c41dff0de63d0e60a9cc18af7a6d0f4874084b", kill_on_drop: false }`
[INFO] running `Command { std: "docker" "inspect" "d385db4ccdfaf87513b343e014c41dff0de63d0e60a9cc18af7a6d0f4874084b", kill_on_drop: false }`
[INFO] running `Command { std: "docker" "exec" "-e" "SOURCE_DIR=/opt/rustwide/workdir" "-e" "CARGO_HOME=/opt/rustwide/cargo-home" "-e" "RUSTUP_HOME=/opt/rustwide/rustup-home" "-e" "CARGO_TARGET_DIR=/opt/rustwide/target" "-w" "/opt/rustwide/workdir" "--user" "0:0" "d385db4ccdfaf87513b343e014c41dff0de63d0e60a9cc18af7a6d0f4874084b" "/opt/rustwide/cargo-home/bin/cargo" "+3154cc1a3e6424e44f438a95007d043ed5ceaaf6" "metadata" "--no-deps" "--format-version=1", kill_on_drop: false }`
[INFO] running `Command { std: "docker" "inspect" "d385db4ccdfaf87513b343e014c41dff0de63d0e60a9cc18af7a6d0f4874084b", kill_on_drop: false }`
[INFO] running `Command { std: "docker" "exec" "-e" "SOURCE_DIR=/opt/rustwide/workdir" "-e" "CARGO_HOME=/opt/rustwide/cargo-home" "-e" "RUSTUP_HOME=/opt/rustwide/rustup-home" "-e" "CARGO_TARGET_DIR=/opt/rustwide/target" "-e" "CARGO_INCREMENTAL=0" "-e" "RUST_BACKTRACE=full" "-e" "RUSTFLAGS=--cap-lints=forbid" "-e" "RUSTDOCFLAGS=--cap-lints=forbid" "-w" "/opt/rustwide/workdir" "--user" "0:0" "d385db4ccdfaf87513b343e014c41dff0de63d0e60a9cc18af7a6d0f4874084b" "/opt/rustwide/cargo-home/bin/cargo" "+3154cc1a3e6424e44f438a95007d043ed5ceaaf6" "check" "--frozen" "--all" "--all-targets" "--message-format=json", kill_on_drop: false }`
[INFO] [stderr]    Compiling unicode-ident v1.0.26
[INFO] [stderr]    Compiling cfg-if v1.0.5
[INFO] [stderr]    Compiling fastrand v2.5.0
[INFO] [stderr]    Compiling proc-macro2 v1.0.107
[INFO] [stderr]    Compiling find-msvc-tools v0.1.13
[INFO] [stderr]    Compiling zerocopy v0.8.57
[INFO] [stderr]    Compiling getrandom v0.2.17
[INFO] [stderr]     Checking futures-util v0.3.34
[INFO] [stderr]    Compiling pyo3-build-config v0.21.2
[INFO] [stderr]    Compiling rand_core v0.10.1
[INFO] [stderr]    Compiling bitflags v2.13.2
[INFO] [stderr]    Compiling hybrid-array v0.4.15
[INFO] [stderr]    Compiling cmov v0.5.4
[INFO] [stderr]    Compiling generic-array v0.14.9
[INFO] [stderr]    Compiling futures-core v0.3.34
[INFO] [stderr]     Checking foldhash v0.2.0
[INFO] [stderr]    Compiling cc v1.4.7
[INFO] [stderr]    Compiling getrandom v0.4.3
[INFO] [stderr]    Compiling ctutils v0.4.2
[INFO] [stderr]    Compiling rand_core v0.6.4
[INFO] [stderr]    Compiling mio v1.2.3
[INFO] [stderr]    Compiling socket2 v0.6.5
[INFO] [stderr]    Compiling phf_generator v0.13.1
[INFO] [stderr]     Checking ipnet v2.12.2
[INFO] [stderr]    Compiling pulldown-cmark v0.13.4
[INFO] [stderr]    Compiling cpufeatures v0.3.1
[INFO] [stderr]    Compiling phf_codegen v0.13.1
[INFO] [stderr]    Compiling rustix v1.1.5
[INFO] [stderr]    Compiling thiserror v2.0.20
[INFO] [stderr]    Compiling crossbeam-utils v0.8.23
[INFO] [stderr]     Checking phf_shared v0.11.3
[INFO] [stderr]    Compiling tinyvec v1.13.3
[INFO] [stderr]    Compiling regex-syntax v0.8.11
[INFO] [stderr]    Compiling quote v1.0.47
[INFO] [stderr]    Compiling crypto-common v0.1.6
[INFO] [stderr]    Compiling block-buffer v0.10.4
[INFO] [stderr]    Compiling tokio v1.53.1
[INFO] [stderr]    Compiling rustls v0.23.45
[INFO] [stderr]    Compiling syn v3.0.6
[INFO] [stderr]    Compiling syn v2.0.119
[INFO] [stderr]    Compiling string_cache_codegen v0.6.1
[INFO] [stderr]    Compiling block-buffer v0.12.1
[INFO] [stderr]    Compiling crypto-common v0.2.2
[INFO] [stderr]    Compiling digest v0.10.7
[INFO] [stderr]    Compiling syn v1.0.109
[INFO] [stderr]    Compiling crossbeam-queue v0.3.14
[INFO] [stderr]    Compiling sha2 v0.10.9
[INFO] [stderr]    Compiling unicode-normalization v0.1.25
[INFO] [stderr]    Compiling web_atoms v0.2.6
[INFO] [stderr]     Checking digest v0.11.3
[INFO] [stderr]    Compiling hashbrown v0.15.5
[INFO] [stderr]    Compiling cmake v0.1.58
[INFO] [stderr]    Compiling pyo3-ffi v0.21.2
[INFO] [stderr]    Compiling selectors v0.35.0
[INFO] [stderr]    Compiling hmac v0.13.0
[INFO] [stderr]    Compiling chacha20 v0.10.2
[INFO] [stderr]    Compiling fixedbitset v0.5.7
[INFO] [stderr]     Checking hashbrown v0.16.1
[INFO] [stderr]    Compiling aws-lc-sys v0.45.0
[INFO] [stderr]    Compiling protoc-gen-rust-grpc v0.9.0
[INFO] [stderr]    Compiling petgraph v0.8.3
[INFO] [stderr]    Compiling regex-automata v0.4.18
[INFO] [stderr]    Compiling rand v0.10.2
[INFO] [stderr] error: could not compile `tokio` (lib)
[INFO] [stderr] 
[INFO] [stderr] Caused by:
[INFO] [stderr]   process didn't exit successfully: `/opt/rustwide/rustup-home/toolchains/3154cc1a3e6424e44f438a95007d043ed5ceaaf6/bin/rustc --crate-name tokio --edition=2021 /opt/rustwide/cargo-home/registry/src/index.crates.io-1949cf8c6b5b557f/tokio-1.53.1/src/lib.rs --error-format=json --json=diagnostic-rendered-ansi,artifacts,future-incompat,unused-externs-silent --crate-type lib --emit=dep-info,metadata,link -Z embed-metadata=no -C embed-bitcode=no --cfg 'feature="bytes"' --cfg 'feature="default"' --cfg 'feature="fs"' --cfg 'feature="io-util"' --cfg 'feature="libc"' --cfg 'feature="mio"' --cfg 'feature="net"' --cfg 'feature="rt"' --cfg 'feature="socket2"' --cfg 'feature="sync"' --cfg 'feature="time"' --check-cfg 'cfg(docsrs,test)' --check-cfg 'cfg(feature, values("bytes", "default", "fs", "full", "io-std", "io-uring", "io-util", "libc", "macros", "mio", "net", "parking_lot", "process", "rt", "rt-multi-thread", "schedule-latency", "signal", "signal-hook-registry", "socket2", "sync", "taskdump", "test-util", "time", "tokio-macros", "tracing", "windows-sys"))' -C metadata=19cd4bba9dc5a0ac -C extra-filename=-d30e2be7f9cd1f41 --out-dir /opt/rustwide/target/debug/build/tokio/d30e2be7f9cd1f41/out -L dependency=/opt/rustwide/target/debug/build/libc/957bca8494e3bc36/out --extern bytes=/opt/rustwide/target/debug/build/bytes/30351472287a0b7c/out/libbytes-30351472287a0b7c.rmeta --extern libc=/opt/rustwide/target/debug/build/libc/957bca8494e3bc36/out/liblibc-957bca8494e3bc36.rmeta --extern mio=/opt/rustwide/target/debug/build/mio/861fc88262db0bfc/out/libmio-861fc88262db0bfc.rmeta --extern pin_project_lite=/opt/rustwide/target/debug/build/pin-project-lite/c7bca50a9594d885/out/libpin_project_lite-c7bca50a9594d885.rmeta --extern socket2=/opt/rustwide/target/debug/build/socket2/7b3676e69b8e86f5/out/libsocket2-7b3676e69b8e86f5.rmeta --cap-lints allow --cap-lints=forbid --force-warn=unused_crate_dependencies` (signal: 9, SIGKILL: kill)
[INFO] [stderr] warning: build failed, waiting for other jobs to finish...
[INFO] [stderr] error: could not compile `rustix` (lib)
[INFO] [stderr] 
[INFO] [stderr] Caused by:
[INFO] [stderr]   process didn't exit successfully: `/opt/rustwide/rustup-home/toolchains/3154cc1a3e6424e44f438a95007d043ed5ceaaf6/bin/rustc --crate-name rustix --edition=2021 /opt/rustwide/cargo-home/registry/src/index.crates.io-1949cf8c6b5b557f/rustix-1.1.5/src/lib.rs --error-format=json --json=diagnostic-rendered-ansi,artifacts,future-incompat,unused-externs-silent --crate-type lib --emit=dep-info,metadata,link -Z embed-metadata=no -C embed-bitcode=no --cfg 'feature="alloc"' --cfg 'feature="default"' --cfg 'feature="fs"' --cfg 'feature="std"' --check-cfg 'cfg(docsrs,test)' --check-cfg 'cfg(feature, values("all-apis", "alloc", "core", "default", "event", "fs", "io_uring", "libc", "libc_errno", "linux_4_11", "linux_5_1", "linux_5_11", "linux_latest", "mm", "mount", "net", "param", "pipe", "process", "pty", "rand", "runtime", "rustc-dep-of-std", "rustc-std-workspace-alloc", "shm", "std", "stdio", "system", "termios", "thread", "time", "try_close", "use-explicitly-provided-auxv", "use-libc", "use-libc-auxv"))' -C metadata=ae40f004b19db1d9 -C extra-filename=-9d27e18bf4ef61b3 --out-dir /opt/rustwide/target/debug/build/rustix/9d27e18bf4ef61b3/out --extern bitflags=/opt/rustwide/target/debug/build/bitflags/eb9d97859247969d/out/libbitflags-eb9d97859247969d.rmeta --extern linux_raw_sys=/opt/rustwide/target/debug/build/linux-raw-sys/059f6a9693b4822e/out/liblinux_raw_sys-059f6a9693b4822e.rmeta --cap-lints allow --cap-lints=forbid --force-warn=unused_crate_dependencies --cfg lower_upper_exp_for_non_zero --cfg rustc_diagnostics --cfg linux_raw_dep --cfg linux_raw --cfg linux_like --cfg linux_kernel` (signal: 9, SIGKILL: kill)
[INFO] [stderr] error: could not compile `zerocopy` (lib)
[INFO] [stderr] 
[INFO] [stderr] Caused by:
[INFO] [stderr]   process didn't exit successfully: `/opt/rustwide/rustup-home/toolchains/3154cc1a3e6424e44f438a95007d043ed5ceaaf6/bin/rustc --crate-name zerocopy --edition=2021 /opt/rustwide/cargo-home/registry/src/index.crates.io-1949cf8c6b5b557f/zerocopy-0.8.57/src/lib.rs --error-format=json --json=diagnostic-rendered-ansi,artifacts,future-incompat,unused-externs-silent --crate-type lib --emit=dep-info,metadata,link -Z embed-metadata=no -C embed-bitcode=no --cfg 'feature="simd"' --check-cfg 'cfg(docsrs,test)' --check-cfg 'cfg(feature, values("__internal_use_only_features_that_work_on_stable", "alloc", "derive", "float-nightly", "simd", "simd-nightly", "std", "zerocopy-derive"))' -C metadata=82d11857ed27fe6c -C extra-filename=-a9feda8e2ff7609a --out-dir /opt/rustwide/target/debug/build/zerocopy/a9feda8e2ff7609a/out --cap-lints allow --cap-lints=forbid --force-warn=unused_crate_dependencies --check-cfg 'cfg(no_zerocopy_simd_x86_avx12_1_89_0)' --check-cfg 'cfg(rust, values("1.89.0"))' --check-cfg 'cfg(no_zerocopy_core_error_1_81_0)' --check-cfg 'cfg(rust, values("1.81.0"))' --check-cfg 'cfg(no_zerocopy_diagnostic_on_unimplemented_1_78_0)' --check-cfg 'cfg(rust, values("1.78.0"))' --check-cfg 'cfg(no_zerocopy_generic_bounds_in_const_fn_1_61_0)' --check-cfg 'cfg(rust, values("1.61.0"))' --check-cfg 'cfg(no_zerocopy_target_has_atomics_1_60_0)' --check-cfg 'cfg(rust, values("1.60.0"))' --check-cfg 'cfg(no_zerocopy_aarch64_simd_1_59_0)' --check-cfg 'cfg(rust, values("1.59.0"))' --check-cfg 'cfg(no_zerocopy_aarch64_simd_be_1_87_0)' --check-cfg 'cfg(rust, values("1.87.0"))' --check-cfg 'cfg(no_zerocopy_panic_in_const_and_vec_try_reserve_1_57_0)' --check-cfg 'cfg(rust, values("1.57.0"))' --check-cfg 'cfg(doc_cfg)' --check-cfg 'cfg(kani)' --check-cfg 'cfg(__ZEROCOPY_INTERNAL_USE_ONLY_NIGHTLY_FEATURES_IN_TESTS)' --check-cfg 'cfg(__ZEROCOPY_INTERNAL_USE_ONLY_TOOLCHAIN, values("msrv", "stable", "nightly"))' --check-cfg 'cfg(__ZEROCOPY_INTERNAL_USE_ONLY_DEV_MODE)' --check-cfg 'cfg(coverage_nightly)' --check-cfg 'cfg(zerocopy_inline_always)' --check-cfg 'cfg(zerocopy_unstable_ptr)' --check-cfg 'cfg(zerocopy_unstable_linux)' --check-cfg 'cfg(no_fp_fmt_parse)'` (signal: 9, SIGKILL: kill)
[INFO] [stderr] error: failed to run custom build command for `protoc-gen-rust-grpc v0.9.0`
[INFO] [stderr] note: To improve backtraces for build dependencies, set the CARGO_PROFILE_DEV_BUILD_OVERRIDE_DEBUG=true environment variable to enable debug information generation.
[INFO] [stderr] 
[INFO] [stderr] Caused by:
[INFO] [stderr]   process didn't exit successfully: `/opt/rustwide/target/debug/build/protoc-gen-rust-grpc/6c8df758630a8c4d/out/build_script_build` (exit status: 101)
[INFO] [stderr]   --- stdout
[INFO] [stderr]   cargo:rerun-if-changed=build.rs
[INFO] [stderr]   cargo:rerun-if-changed=src/cpp_source
[INFO] [stderr]   CMAKE_TOOLCHAIN_FILE_x86_64-unknown-linux-gnu = None
[INFO] [stderr]   CMAKE_TOOLCHAIN_FILE_x86_64_unknown_linux_gnu = None
[INFO] [stderr]   HOST_CMAKE_TOOLCHAIN_FILE = None
[INFO] [stderr]   CMAKE_TOOLCHAIN_FILE = None
[INFO] [stderr]   CMAKE_GENERATOR_x86_64-unknown-linux-gnu = None
[INFO] [stderr]   CMAKE_GENERATOR_x86_64_unknown_linux_gnu = None
[INFO] [stderr]   HOST_CMAKE_GENERATOR = None
[INFO] [stderr]   CMAKE_GENERATOR = None
[INFO] [stderr]   CMAKE_PREFIX_PATH_x86_64-unknown-linux-gnu = None
[INFO] [stderr]   CMAKE_PREFIX_PATH_x86_64_unknown_linux_gnu = None
[INFO] [stderr]   HOST_CMAKE_PREFIX_PATH = None
[INFO] [stderr]   CMAKE_PREFIX_PATH = None
[INFO] [stderr]   CMAKE_x86_64-unknown-linux-gnu = None
[INFO] [stderr]   CMAKE_x86_64_unknown_linux_gnu = None
[INFO] [stderr]   HOST_CMAKE = None
[INFO] [stderr]   CMAKE = None
[INFO] [stderr]   -- The CXX compiler identification is GNU 15.2.0
[INFO] [stderr]   -- Detecting CXX compiler ABI info
[INFO] [stderr]   -- Detecting CXX compiler ABI info - done
[INFO] [stderr]   -- Check for working CXX compiler: /usr/bin/c++ - skipped
[INFO] [stderr]   -- Detecting CXX compile features
[INFO] [stderr]   -- Detecting CXX compile features - done
[INFO] [stderr]   -- Downloading abseil-cpp 20240722.0
[INFO] [stderr]   -- Configuring incomplete, errors occurred!
[INFO] [stderr] 
[INFO] [stderr]   --- stderr
[INFO] [stderr]   running: cd "/opt/rustwide/target/debug/build/protoc-gen-rust-grpc/62b96a9e47443b8c/out/build" && CMAKE_PREFIX_PATH="" LC_ALL="C" "cmake" "/opt/rustwide/cargo-home/registry/src/index.crates.io-1949cf8c6b5b557f/protoc-gen-rust-grpc-0.9.0/src/cpp_source" "-B" "/opt/rustwide/target/debug/build/protoc-gen-rust-grpc/62b96a9e47443b8c/out/build" "-DBUILD_PROTOC=ON" "-DBUILD_PLUGIN=ON" "-DCMAKE_INSTALL_PREFIX=/opt/rustwide/target/debug/build/protoc-gen-rust-grpc/62b96a9e47443b8c/out" "-DCMAKE_C_FLAGS= -ffunction-sections -fdata-sections -fPIC -m64 -w" "-DCMAKE_C_COMPILER=/usr/bin/cc" "-DCMAKE_CXX_FLAGS= -ffunction-sections -fdata-sections -fPIC -m64 -w" "-DCMAKE_CXX_COMPILER=/usr/bin/c++" "-DCMAKE_ASM_FLAGS= -ffunction-sections -fdata-sections -fPIC -m64 -w" "-DCMAKE_ASM_COMPILER=/usr/bin/cc" "-DCMAKE_BUILD_TYPE=Debug"
[INFO] [stderr]   [ 11%] Creating directories for 'absl-populate'
[INFO] [stderr]   [ 22%] Performing download step (download, verify and extract) for 'absl-populate'
[INFO] [stderr]   -- Downloading...
[INFO] [stderr]      dst='/opt/rustwide/target/debug/build/protoc-gen-rust-grpc/62b96a9e47443b8c/out/build/_deps/absl-subbuild/absl-populate-prefix/src/20240722.0.tar.gz'
[INFO] [stderr]      timeout='none'
[INFO] [stderr]      inactivity timeout='none'
[INFO] [stderr]   -- Using src='https://github.com/abseil/abseil-cpp/archive/refs/tags/20240722.0.tar.gz'
[INFO] [stderr]   -- Retrying...
[INFO] [stderr]   -- Using src='https://github.com/abseil/abseil-cpp/archive/refs/tags/20240722.0.tar.gz'
[INFO] [stderr]   -- Retry after 5 seconds (attempt #2) ...
[INFO] [stderr]   -- Using src='https://github.com/abseil/abseil-cpp/archive/refs/tags/20240722.0.tar.gz'
[INFO] [stderr]   -- Retry after 5 seconds (attempt #3) ...
[INFO] [stderr]   -- Using src='https://github.com/abseil/abseil-cpp/archive/refs/tags/20240722.0.tar.gz'
[INFO] [stderr]   -- Retry after 15 seconds (attempt #4) ...
[INFO] [stderr]   -- Using src='https://github.com/abseil/abseil-cpp/archive/refs/tags/20240722.0.tar.gz'
[INFO] [stderr]   -- Retry after 60 seconds (attempt #5) ...
[INFO] [stderr]   -- Using src='https://github.com/abseil/abseil-cpp/archive/refs/tags/20240722.0.tar.gz'
[INFO] [stderr]   CMake Error at absl-subbuild/absl-populate-prefix/src/absl-populate-stamp/download-absl-populate.cmake:163 (message):
[INFO] [stderr]     Each download failed!
[INFO] [stderr] 
[INFO] [stderr]       error: downloading 'https://github.com/abseil/abseil-cpp/archive/refs/tags/20240722.0.tar.gz' failed
[INFO] [stderr]             status_code: 6
[INFO] [stderr]             status_string: "Could not resolve hostname"
[INFO] [stderr]             log:
[INFO] [stderr]             --- LOG BEGIN ---
[INFO] [stderr]             Could not resolve host: github.com
[INFO] [stderr] 
[INFO] [stderr]     Store negative name resolve for github.com:443
[INFO] [stderr] 
[INFO] [stderr]     shutting down connection #0
[INFO] [stderr] 
[INFO] [stderr] 
[INFO] [stderr] 
[INFO] [stderr]             --- LOG END ---
[INFO] [stderr]             error: downloading 'https://github.com/abseil/abseil-cpp/archive/refs/tags/20240722.0.tar.gz' failed
[INFO] [stderr]             status_code: 6
[INFO] [stderr]             status_string: "Could not resolve hostname"
[INFO] [stderr]             log:
[INFO] [stderr]             --- LOG BEGIN ---
[INFO] [stderr]             Could not resolve host: github.com
[INFO] [stderr] 
[INFO] [stderr]     Store negative name resolve for github.com:443
[INFO] [stderr] 
[INFO] [stderr]     shutting down connection #0
[INFO] [stderr] 
[INFO] [stderr] 
[INFO] [stderr] 
[INFO] [stderr]             --- LOG END ---
[INFO] [stderr]             error: downloading 'https://github.com/abseil/abseil-cpp/archive/refs/tags/20240722.0.tar.gz' failed
[INFO] [stderr]             status_code: 6
[INFO] [stderr]             status_string: "Could not resolve hostname"
[INFO] [stderr]             log:
[INFO] [stderr]             --- LOG BEGIN ---
[INFO] [stderr]             Could not resolve host: github.com
[INFO] [stderr] 
[INFO] [stderr]     Store negative name resolve for github.com:443
[INFO] [stderr] 
[INFO] [stderr]     shutting down connection #0
[INFO] [stderr] 
[INFO] [stderr] 
[INFO] [stderr] 
[INFO] [stderr]             --- LOG END ---
[INFO] [stderr]             error: downloading 'https://github.com/abseil/abseil-cpp/archive/refs/tags/20240722.0.tar.gz' failed
[INFO] [stderr]             status_code: 6
[INFO] [stderr]             status_string: "Could not resolve hostname"
[INFO] [stderr]             log:
[INFO] [stderr]             --- LOG BEGIN ---
[INFO] [stderr]             Could not resolve host: github.com
[INFO] [stderr] 
[INFO] [stderr]     Store negative name resolve for github.com:443
[INFO] [stderr] 
[INFO] [stderr]     shutting down connection #0
[INFO] [stderr] 
[INFO] [stderr] 
[INFO] [stderr] 
[INFO] [stderr]             --- LOG END ---
[INFO] [stderr]             error: downloading 'https://github.com/abseil/abseil-cpp/archive/refs/tags/20240722.0.tar.gz' failed
[INFO] [stderr]             status_code: 6
[INFO] [stderr]             status_string: "Could not resolve hostname"
[INFO] [stderr]             log:
[INFO] [stderr]             --- LOG BEGIN ---
[INFO] [stderr]             Could not resolve host: github.com
[INFO] [stderr] 
[INFO] [stderr]     Store negative name resolve for github.com:443
[INFO] [stderr] 
[INFO] [stderr]     shutting down connection #0
[INFO] [stderr] 
[INFO] [stderr] 
[INFO] [stderr] 
[INFO] [stderr]             --- LOG END ---
[INFO] [stderr]             error: downloading 'https://github.com/abseil/abseil-cpp/archive/refs/tags/20240722.0.tar.gz' failed
[INFO] [stderr]             status_code: 6
[INFO] [stderr]             status_string: "Could not resolve hostname"
[INFO] [stderr]             log:
[INFO] [stderr]             --- LOG BEGIN ---
[INFO] [stderr]             Could not resolve host: github.com
[INFO] [stderr] 
[INFO] [stderr]     Store negative name resolve for github.com:443
[INFO] [stderr] 
[INFO] [stderr]     shutting down connection #0
[INFO] [stderr] 
[INFO] [stderr] 
[INFO] [stderr] 
[INFO] [stderr]             --- LOG END ---
[INFO] [stderr]             
[INFO] [stderr]       
[INFO] [stderr] 
[INFO] [stderr] 
[INFO] [stderr]   gmake[2]: *** [CMakeFiles/absl-populate.dir/build.make:100: absl-populate-prefix/src/absl-populate-stamp/absl-populate-download] Error 1
[INFO] [stderr]   gmake[1]: *** [CMakeFiles/Makefile2:87: CMakeFiles/absl-populate.dir/all] Error 2
[INFO] [stderr]   gmake: *** [Makefile:91: all] Error 2
[INFO] [stderr] 
[INFO] [stderr]   CMake Error at /usr/share/cmake-4.2/Modules/FetchContent.cmake:1928 (message):
[INFO] [stderr]     Build step for absl failed: 2
[INFO] [stderr]   Call Stack (most recent call first):
[INFO] [stderr]     /usr/share/cmake-4.2/Modules/FetchContent.cmake:1619 (__FetchContent_populateSubbuild)
[INFO] [stderr]     /usr/share/cmake-4.2/Modules/FetchContent.cmake:2155:EVAL:2 (__FetchContent_doPopulation)
[INFO] [stderr]     /usr/share/cmake-4.2/Modules/FetchContent.cmake:2155 (cmake_language)
[INFO] [stderr]     /usr/share/cmake-4.2/Modules/FetchContent.cmake:2394 (__FetchContent_Populate)
[INFO] [stderr]     CMakeLists.txt:65 (FetchContent_MakeAvailable)
[INFO] [stderr] 
[INFO] [stderr] 
[INFO] [stderr] 
[INFO] [stderr]   thread 'main' (702) panicked at /opt/rustwide/cargo-home/registry/src/index.crates.io-1949cf8c6b5b557f/cmake-0.1.58/src/lib.rs:1132:5:
[INFO] [stderr] 
[INFO] [stderr]   command did not execute successfully, got: exit status: 1
[INFO] [stderr] 
[INFO] [stderr]   build script failed, must exit now
[INFO] [stderr]   stack backtrace:
[INFO] [stderr]      0:     0x64a19ffec831 - std[3164a59e47d3bde]::backtrace_rs::backtrace::libunwind::trace
[INFO] [stderr]                                  at /rustc/3154cc1a3e6424e44f438a95007d043ed5ceaaf6/library/std/src/../../backtrace/src/backtrace/libunwind.rs:117:9
[INFO] [stderr]      1:     0x64a19ffec831 - std[3164a59e47d3bde]::backtrace_rs::backtrace::trace_unsynchronized::<std[3164a59e47d3bde]::sys::backtrace::_print_fmt::{closure#1}>
[INFO] [stderr]                                  at /rustc/3154cc1a3e6424e44f438a95007d043ed5ceaaf6/library/std/src/../../backtrace/src/backtrace/mod.rs:66:14
[INFO] [stderr]      2:     0x64a19ffec831 - std[3164a59e47d3bde]::sys::backtrace::_print_fmt
[INFO] [stderr]                                  at /rustc/3154cc1a3e6424e44f438a95007d043ed5ceaaf6/library/std/src/sys/backtrace.rs:74:9
[INFO] [stderr]      3:     0x64a19ffec831 - <<std[3164a59e47d3bde]::sys::backtrace::BacktraceLock>::print::DisplayBacktrace as core[934024a1e6126fb4]::fmt::Display>::fmt
[INFO] [stderr]                                  at /rustc/3154cc1a3e6424e44f438a95007d043ed5ceaaf6/library/std/src/sys/backtrace.rs:44:26
[INFO] [stderr]      4:     0x64a1a000098a - <core[934024a1e6126fb4]::fmt::rt::Argument>::fmt
[INFO] [stderr]                                  at /rustc/3154cc1a3e6424e44f438a95007d043ed5ceaaf6/library/core/src/fmt/rt.rs:152:76
[INFO] [stderr]      5:     0x64a1a000098a - core[934024a1e6126fb4]::fmt::write
[INFO] [stderr]      6:     0x64a19fff21dc - core[934024a1e6126fb4]::io::write::default_write_fmt::<std[3164a59e47d3bde]::sys::stdio::unix::Stderr>
[INFO] [stderr]                                  at /rustc/3154cc1a3e6424e44f438a95007d043ed5ceaaf6/library/core/src/io/write.rs:402:11
[INFO] [stderr]      7:     0x64a19fff21dc - <std[3164a59e47d3bde]::sys::stdio::unix::Stderr as core[934024a1e6126fb4]::io::write::Write>::write_fmt
[INFO] [stderr]                                  at /rustc/3154cc1a3e6424e44f438a95007d043ed5ceaaf6/library/core/src/io/write.rs:335:13
[INFO] [stderr]      8:     0x64a19ffcb786 - <std[3164a59e47d3bde]::sys::backtrace::BacktraceLock>::print
[INFO] [stderr]                                  at /rustc/3154cc1a3e6424e44f438a95007d043ed5ceaaf6/library/std/src/sys/backtrace.rs:47:9
[INFO] [stderr]      9:     0x64a19ffcb786 - std[3164a59e47d3bde]::panicking::default_hook::{closure#0}
[INFO] [stderr]                                  at /rustc/3154cc1a3e6424e44f438a95007d043ed5ceaaf6/library/std/src/panicking.rs:289:27
[INFO] [stderr]     10:     0x64a19ffe7551 - std[3164a59e47d3bde]::panicking::default_hook
[INFO] [stderr]                                  at /rustc/3154cc1a3e6424e44f438a95007d043ed5ceaaf6/library/std/src/panicking.rs:316:9
[INFO] [stderr]     11:     0x64a19ffe770b - std[3164a59e47d3bde]::panicking::panic_with_hook
[INFO] [stderr]                                  at /rustc/3154cc1a3e6424e44f438a95007d043ed5ceaaf6/library/std/src/panicking.rs:811:13
[INFO] [stderr]     12:     0x64a19ffcb832 - std[3164a59e47d3bde]::panicking::panic_handler::{closure#0}
[INFO] [stderr]                                  at /rustc/3154cc1a3e6424e44f438a95007d043ed5ceaaf6/library/std/src/panicking.rs:685:13
[INFO] [stderr]     13:     0x64a19ffc4509 - std[3164a59e47d3bde]::sys::backtrace::__rust_end_short_backtrace::<std[3164a59e47d3bde]::panicking::panic_handler::{closure#0}, !>
[INFO] [stderr]                                  at /rustc/3154cc1a3e6424e44f438a95007d043ed5ceaaf6/library/std/src/sys/backtrace.rs:182:18
[INFO] [stderr]     14:     0x64a19ffcc01d - __rustc[2e7b49d4226056d3]::rust_begin_unwind
[INFO] [stderr]                                  at /rustc/3154cc1a3e6424e44f438a95007d043ed5ceaaf6/library/std/src/panicking.rs:676:5
[INFO] [stderr]     15:     0x64a1a000117c - core[934024a1e6126fb4]::panicking::panic_fmt
[INFO] [stderr]                                  at /rustc/3154cc1a3e6424e44f438a95007d043ed5ceaaf6/library/core/src/panicking.rs:80:14
[INFO] [stderr]     16:     0x64a19ff4dc17 - cmake[c70493dbcbf319fc]::fail
[INFO] [stderr]     17:     0x64a19ff4d8a3 - cmake[c70493dbcbf319fc]::run
[INFO] [stderr]     18:     0x64a19ff53162 - <cmake[c70493dbcbf319fc]::Config>::build
[INFO] [stderr]     19:     0x64a19ff401ae - build_script_build[5d8d8c89b3e11f3c]::main
[INFO] [stderr]     20:     0x64a19ff40693 - <fn() as core[934024a1e6126fb4]::ops::function::FnOnce<()>>::call_once
[INFO] [stderr]     21:     0x64a19ff3fe4e - std[3164a59e47d3bde]::sys::backtrace::__rust_begin_short_backtrace::<fn(), ()>
[INFO] [stderr]     22:     0x64a19ff3fe59 - std[3164a59e47d3bde]::rt::lang_start::<()>::{closure#0}
[INFO] [stderr]     23:     0x64a19ffe6858 - <&dyn core[934024a1e6126fb4]::ops::function::Fn<(), Output = i32> + core[934024a1e6126fb4]::marker::Sync + core[934024a1e6126fb4]::panic::unwind_safe::RefUnwindSafe as core[934024a1e6126fb4]::ops::function::FnOnce<()>>::call_once
[INFO] [stderr]                                  at /rustc/3154cc1a3e6424e44f438a95007d043ed5ceaaf6/library/core/src/ops/function.rs:287:21
[INFO] [stderr]     24:     0x64a19ffe6858 - std[3164a59e47d3bde]::panicking::catch_unwind::do_call::<&dyn core[934024a1e6126fb4]::ops::function::Fn<(), Output = i32> + core[934024a1e6126fb4]::marker::Sync + core[934024a1e6126fb4]::panic::unwind_safe::RefUnwindSafe, i32>
[INFO] [stderr]                                  at /rustc/3154cc1a3e6424e44f438a95007d043ed5ceaaf6/library/std/src/panicking.rs:573:43
[INFO] [stderr]     25:     0x64a19ffe6858 - std[3164a59e47d3bde]::panicking::catch_unwind::<i32, &dyn core[934024a1e6126fb4]::ops::function::Fn<(), Output = i32> + core[934024a1e6126fb4]::marker::Sync + core[934024a1e6126fb4]::panic::unwind_safe::RefUnwindSafe>
[INFO] [stderr]                                  at /rustc/3154cc1a3e6424e44f438a95007d043ed5ceaaf6/library/std/src/panicking.rs:541:19
[INFO] [stderr]     26:     0x64a19ffe6858 - std[3164a59e47d3bde]::panic::catch_unwind::<&dyn core[934024a1e6126fb4]::ops::function::Fn<(), Output = i32> + core[934024a1e6126fb4]::marker::Sync + core[934024a1e6126fb4]::panic::unwind_safe::RefUnwindSafe, i32>
[INFO] [stderr]                                  at /rustc/3154cc1a3e6424e44f438a95007d043ed5ceaaf6/library/std/src/panic.rs:359:14
[INFO] [stderr]     27:     0x64a19ffe6858 - std[3164a59e47d3bde]::rt::lang_start_internal::{closure#0}
[INFO] [stderr]                                  at /rustc/3154cc1a3e6424e44f438a95007d043ed5ceaaf6/library/std/src/rt.rs:175:24
[INFO] [stderr]     28:     0x64a19ffe6858 - std[3164a59e47d3bde]::panicking::catch_unwind::do_call::<std[3164a59e47d3bde]::rt::lang_start_internal::{closure#0}, isize>
[INFO] [stderr]                                  at /rustc/3154cc1a3e6424e44f438a95007d043ed5ceaaf6/library/std/src/panicking.rs:573:43
[INFO] [stderr]     29:     0x64a19ffe6858 - std[3164a59e47d3bde]::panicking::catch_unwind::<isize, std[3164a59e47d3bde]::rt::lang_start_internal::{closure#0}>
[INFO] [stderr]                                  at /rustc/3154cc1a3e6424e44f438a95007d043ed5ceaaf6/library/std/src/panicking.rs:541:19
[INFO] [stderr]     30:     0x64a19ffe6858 - std[3164a59e47d3bde]::panic::catch_unwind::<std[3164a59e47d3bde]::rt::lang_start_internal::{closure#0}, isize>
[INFO] [stderr]                                  at /rustc/3154cc1a3e6424e44f438a95007d043ed5ceaaf6/library/std/src/panic.rs:359:14
[INFO] [stderr]     31:     0x64a19ffe6858 - std[3164a59e47d3bde]::rt::lang_start_internal
[INFO] [stderr]                                  at /rustc/3154cc1a3e6424e44f438a95007d043ed5ceaaf6/library/std/src/rt.rs:171:5
[INFO] [stderr]     32:     0x64a19ff3fe41 - std[3164a59e47d3bde]::rt::lang_start::<()>
[INFO] [stderr]     33:     0x64a19ff40705 - main
[INFO] [stderr]     34:     0x7f777fd77601 - <unknown>
[INFO] [stderr]     35:     0x7f777fd77718 - __libc_start_main
[INFO] [stderr]     36:     0x64a19ff3edc5 - _start
[INFO] [stderr]     37:                0x0 - <unknown>
[INFO] running `Command { std: "docker" "inspect" "d385db4ccdfaf87513b343e014c41dff0de63d0e60a9cc18af7a6d0f4874084b", kill_on_drop: false }`
[INFO] running `Command { std: "docker" "rm" "-f" "d385db4ccdfaf87513b343e014c41dff0de63d0e60a9cc18af7a6d0f4874084b", kill_on_drop: false }`
[INFO] [stdout] d385db4ccdfaf87513b343e014c41dff0de63d0e60a9cc18af7a6d0f4874084b
