[INFO] cloning repository https://github.com/adem-rguez/AntiOOM-AI
[INFO] running `Command { std: "git" "-c" "credential.helper=" "-c" "credential.helper=/workspace/cargo-home/bin/git-credential-null" "clone" "--bare" "https://github.com/adem-rguez/AntiOOM-AI" "/workspace/cache/git-repos/https%3A%2F%2Fgithub.com%2Fadem-rguez%2FAntiOOM-AI", kill_on_drop: false }`
[INFO] [stderr] Cloning into bare repository '/workspace/cache/git-repos/https%3A%2F%2Fgithub.com%2Fadem-rguez%2FAntiOOM-AI'...
[INFO] running `Command { std: "git" "rev-parse" "HEAD", kill_on_drop: false }`
[INFO] [stdout] 7f372e9de9e518e0324836ef5ad6680f9c377642
[INFO] checking adem-rguez/AntiOOM-AI against 3154cc1a3e6424e44f438a95007d043ed5ceaaf6 for pr-133502-30
[INFO] running `Command { std: "git" "clone" "/workspace/cache/git-repos/https%3A%2F%2Fgithub.com%2Fadem-rguez%2FAntiOOM-AI" "/workspace/builds/worker-4-tc2/source", kill_on_drop: false }`
[INFO] [stderr] Cloning into '/workspace/builds/worker-4-tc2/source'...
[INFO] [stderr] done.
[INFO] started tweaking git repo https://github.com/adem-rguez/AntiOOM-AI
[INFO] finished tweaking git repo https://github.com/adem-rguez/AntiOOM-AI
[INFO] tweaked toml for git repo https://github.com/adem-rguez/AntiOOM-AI written to /workspace/builds/worker-4-tc2/source/Cargo.toml
[INFO] validating manifest of git repo https://github.com/adem-rguez/AntiOOM-AI on toolchain 3154cc1a3e6424e44f438a95007d043ed5ceaaf6
[INFO] running `Command { std: CARGO_HOME="/workspace/cargo-home" RUSTUP_HOME="/workspace/rustup-home" "/workspace/cargo-home/bin/cargo" "+3154cc1a3e6424e44f438a95007d043ed5ceaaf6" "metadata" "--manifest-path" "Cargo.toml" "--no-deps", kill_on_drop: false }`
[INFO] crate git repo https://github.com/adem-rguez/AntiOOM-AI already has a lockfile, it will not be regenerated
[INFO] running `Command { std: CARGO_HOME="/workspace/cargo-home" RUSTUP_HOME="/workspace/rustup-home" "/workspace/cargo-home/bin/cargo" "+3154cc1a3e6424e44f438a95007d043ed5ceaaf6" "fetch" "--manifest-path" "Cargo.toml", kill_on_drop: false }`
[INFO] [stderr] warning: unused field `authors` in `workspace.package`
[INFO] [stderr]   --> Cargo.toml:30:1
[INFO] [stderr]    |
[INFO] [stderr] 30 | authors = ["DisposAI Team"]
[INFO] [stderr]    | ^^^^^^^
[INFO] [stderr]    |
[INFO] [stderr]    = note: `cargo::unused_workspace_package_fields` is set to `warn` by default
[INFO] [stderr] help: consider removing the field `workspace.package.authors`
[INFO] [stderr] warning: workspace (manifest) generated 1 warning
[INFO] running `Command { std: "docker" "create" "-v" "/var/lib/crater-agent-workspace/builds/worker-4-tc2/source:/opt/rustwide/workdir:ro,Z" "-v" "/var/lib/crater-agent-workspace/builds/worker-4-tc2/target:/opt/rustwide/target:rw,Z" "-v" "/var/lib/crater-agent-workspace/cargo-home:/opt/rustwide/cargo-home:ro,Z" "-v" "/var/lib/crater-agent-workspace/rustup-home:/opt/rustwide/rustup-home:ro,Z" "-m" "1610612736" "--network" "none" "ghcr.io/rust-lang/crates-build-env/linux@sha256:77db811e55d90add9212f6832c23229e3de5f1c1f9905e8cb07319ea15df73ac" "sleep" "infinity", kill_on_drop: false }`
[INFO] [stdout] c9e6ed1da4c4e231bb6364ec95abee80ee78fd476034fdb06e25130180b83891
[INFO] running `Command { std: "docker" "start" "c9e6ed1da4c4e231bb6364ec95abee80ee78fd476034fdb06e25130180b83891", kill_on_drop: false }`
[INFO] running `Command { std: "docker" "inspect" "c9e6ed1da4c4e231bb6364ec95abee80ee78fd476034fdb06e25130180b83891", kill_on_drop: false }`
[INFO] running `Command { std: "docker" "exec" "-e" "SOURCE_DIR=/opt/rustwide/workdir" "-e" "CARGO_HOME=/opt/rustwide/cargo-home" "-e" "RUSTUP_HOME=/opt/rustwide/rustup-home" "-e" "CARGO_TARGET_DIR=/opt/rustwide/target" "-w" "/opt/rustwide/workdir" "--user" "0:0" "c9e6ed1da4c4e231bb6364ec95abee80ee78fd476034fdb06e25130180b83891" "/opt/rustwide/cargo-home/bin/cargo" "+3154cc1a3e6424e44f438a95007d043ed5ceaaf6" "metadata" "--no-deps" "--format-version=1", kill_on_drop: false }`
[INFO] running `Command { std: "docker" "inspect" "c9e6ed1da4c4e231bb6364ec95abee80ee78fd476034fdb06e25130180b83891", kill_on_drop: false }`
[INFO] running `Command { std: "docker" "exec" "-e" "SOURCE_DIR=/opt/rustwide/workdir" "-e" "CARGO_HOME=/opt/rustwide/cargo-home" "-e" "RUSTUP_HOME=/opt/rustwide/rustup-home" "-e" "CARGO_TARGET_DIR=/opt/rustwide/target" "-e" "CARGO_INCREMENTAL=0" "-e" "RUST_BACKTRACE=full" "-e" "RUSTFLAGS=--cap-lints=forbid" "-e" "RUSTDOCFLAGS=--cap-lints=forbid" "-w" "/opt/rustwide/workdir" "--user" "0:0" "c9e6ed1da4c4e231bb6364ec95abee80ee78fd476034fdb06e25130180b83891" "/opt/rustwide/cargo-home/bin/cargo" "+3154cc1a3e6424e44f438a95007d043ed5ceaaf6" "check" "--frozen" "--all" "--all-targets" "--message-format=json", kill_on_drop: false }`
[INFO] [stderr] warning: unused field `authors` in `workspace.package`
[INFO] [stderr]   --> Cargo.toml:30:1
[INFO] [stderr]    |
[INFO] [stderr] 30 | authors = ["DisposAI Team"]
[INFO] [stderr]    | ^^^^^^^
[INFO] [stderr]    |
[INFO] [stderr]    = note: `cargo::unused_workspace_package_fields` is set to `warn` by default
[INFO] [stderr] help: consider removing the field `workspace.package.authors`
[INFO] [stderr] warning: workspace (manifest) generated 1 warning
[INFO] [stderr]     Checking futures-sink v0.3.34
[INFO] [stderr]    Compiling syn v3.0.3
[INFO] [stderr]     Checking parking_lot_core v0.9.12
[INFO] [stderr]     Checking futures-io v0.3.34
[INFO] [stderr]     Checking serde_json v1.0.151
[INFO] [stderr]     Checking zerofrom v0.1.8
[INFO] [stderr]     Checking sync_wrapper v1.0.2
[INFO] [stderr]     Checking ipnet v2.12.1
[INFO] [stderr]    Compiling find-msvc-tools v0.1.10
[INFO] [stderr]     Checking futures-channel v0.3.34
[INFO] [stderr]     Checking yoke v0.8.3
[INFO] [stderr]     Checking litemap v0.8.2
[INFO] [stderr]     Checking writeable v0.6.3
[INFO] [stderr]    Compiling icu_properties_data v2.2.0
[INFO] [stderr]     Checking parking_lot v0.12.5
[INFO] [stderr]     Checking zerovec v0.11.6
[INFO] [stderr]    Compiling cc v1.4.2
[INFO] [stderr]    Compiling icu_normalizer_data v2.2.0
[INFO] [stderr]     Checking bitflags v2.13.1
[INFO] [stderr]    Compiling openssl v0.10.81
[INFO] [stderr]    Compiling openssl-macros v0.1.1
[INFO] [stderr]    Compiling native-tls v0.2.18
[INFO] [stderr]     Checking openssl-probe v0.2.1
[INFO] [stderr]    Compiling either v1.17.0
[INFO] [stderr]    Compiling libc v0.2.189
[INFO] [stderr]     Checking zeroize v1.9.0
[INFO] [stderr]    Compiling zerocopy v0.8.56
[INFO] [stderr]     Checking rustls-pki-types v1.15.1
[INFO] [stderr]    Compiling itertools v0.14.0
[INFO] [stderr]    Compiling rustix v1.1.4
[INFO] [stderr]    Compiling prettyplease v0.2.37
[INFO] [stderr]     Checking potential_utf v0.1.5
[INFO] [stderr]    Compiling regex-syntax v0.8.11
[INFO] [stderr]    Compiling bytes v1.12.1
[INFO] [stderr]     Checking getrandom v0.2.17
[INFO] [stderr]    Compiling fixedbitset v0.5.7
[INFO] [stderr]    Compiling rustversion v1.0.23
[INFO] [stderr]    Compiling openssl-sys v0.9.117
[INFO] [stderr]    Compiling getrandom v0.4.3
[INFO] [stderr]    Compiling fastrand v2.5.0
[INFO] [stderr]    Compiling petgraph v0.7.1
[INFO] [stderr]    Compiling indexmap v1.9.3
[INFO] [stderr]     Checking rand_core v0.6.4
[INFO] [stderr]    Compiling prost-derive v0.13.5
[INFO] [stderr]    Compiling regex-automata v0.4.18
[INFO] [stderr]    Compiling tempfile v3.27.0
[INFO] [stderr]    Compiling multimap v0.10.1
[INFO] [stderr]    Compiling pin-project-internal v1.1.13
[INFO] [stderr]    Compiling protoc-bin-vendored-macos-x86_64 v3.2.0
[INFO] [stderr]    Compiling protoc-bin-vendored-linux-x86_64 v3.2.0
[INFO] [stderr]    Compiling protoc-bin-vendored-linux-s390_64 v3.2.0
[INFO] [stderr]    Compiling protoc-bin-vendored-linux-aarch_64 v3.2.0
[INFO] [stderr]    Compiling tokio-macros v2.7.2
[INFO] [stderr]    Compiling futures-macro v0.3.34
[INFO] [stderr]    Compiling serde_derive v1.0.229
[INFO] [stderr]    Compiling async-trait v0.1.92
[INFO] [stderr]     Checking tokio v1.53.1
[INFO] [stderr]    Compiling displaydoc v0.2.7
[INFO] [stderr]     Checking futures-util v0.3.34
[INFO] [stderr]     Checking tinystr v0.8.3
[INFO] [stderr]     Checking zerotrie v0.2.4
[INFO] [stderr]     Checking icu_locale_core v2.2.0
[INFO] [stderr]     Checking icu_collections v2.2.0
[INFO] [stderr]    Compiling prost v0.13.5
[INFO] [stderr]    Compiling regex v1.13.1
[INFO] [stderr]     Checking icu_provider v2.2.0
[INFO] [stderr]     Checking icu_properties v2.2.0
[INFO] [stderr]     Checking icu_normalizer v2.2.0
[INFO] [stderr]    Compiling prost-types v0.13.5
[INFO] [stderr]     Checking ppv-lite86 v0.2.21
[INFO] [stderr]    Compiling protoc-bin-vendored-win32 v3.2.0
[INFO] [stderr]    Compiling protoc-bin-vendored-macos-aarch_64 v3.2.0
[INFO] [stderr]    Compiling protoc-bin-vendored-linux-x86_32 v3.2.0
[INFO] [stderr]    Compiling protoc-bin-vendored-linux-ppcle_64 v3.2.0
[INFO] [stderr]     Checking pin-project v1.1.13
[INFO] [stderr]    Compiling protoc-bin-vendored v3.2.0
[INFO] [stderr]     Checking serde_path_to_error v0.1.20
[INFO] [stderr]     Checking rand_chacha v0.3.1
[INFO] [stderr]     Checking rand v0.8.7
[INFO] [stderr]    Compiling async-stream-impl v0.3.6
[INFO] [stderr]     Checking idna_adapter v1.2.2
[INFO] [stderr]     Checking futures-executor v0.3.34
[INFO] [stderr]     Checking idna v1.1.0
[INFO] [stderr]     Checking futures v0.3.34
[INFO] [stderr]     Checking axum-core v0.4.5
[INFO] [stderr]     Checking async-stream v0.3.6
[INFO] [stderr]    Compiling prost-build v0.13.5
[INFO] [stderr]     Checking socket2 v0.5.10
[INFO] [stderr]     Checking url v2.5.8
[INFO] [stderr]     Checking serde v1.0.229
[INFO] [stderr]     Checking tracing-subscriber v0.3.23
[INFO] [stderr]     Checking sysinfo v0.31.4
[INFO] [stderr]     Checking serde_urlencoded v0.7.1
[INFO] [stderr]    Compiling tonic-build v0.12.3
[INFO] [stderr]    Compiling proto v0.1.0 (/opt/rustwide/workdir/crates/proto)
[INFO] [stderr]     Checking tokio-util v0.7.19
[INFO] [stderr]     Checking tower v0.5.3
[INFO] [stderr]     Checking backend-trait v0.1.0 (/opt/rustwide/workdir/crates/backend-trait)
[INFO] [stderr]     Checking tokio-native-tls v0.3.1
[INFO] [stderr]     Checking tokio-stream v0.1.19
[INFO] [stderr]     Checking tower-http v0.6.11
[INFO] [stderr]     Checking h2 v0.4.15
[INFO] [stderr]     Checking tower v0.4.13
[INFO] [stderr]     Checking moe-cache v0.1.0 (/opt/rustwide/workdir/crates/moe-cache)
[INFO] [stderr]     Checking spec-decode v0.1.0 (/opt/rustwide/workdir/crates/spec-decode)
[INFO] [stdout] warning: unused import: `tracing::info`
[INFO] [stdout]  --> crates/moe-cache/src/lib.rs:4:5
[INFO] [stdout]   |
[INFO] [stdout] 4 | use tracing::info;
[INFO] [stdout]   |     ^^^^^^^^^^^^^
[INFO] [stdout]   |
[INFO] [stdout]   = note: `#[warn(unused_imports)]` (part of `#[warn(unused)]`) on by default
[INFO] [stdout] 
[INFO] [stdout] 
[INFO] [stdout] warning: unused import: `tracing::info`
[INFO] [stdout]  --> crates/moe-cache/src/lib.rs:4:5
[INFO] [stdout]   |
[INFO] [stdout] 4 | use tracing::info;
[INFO] [stdout]   |     ^^^^^^^^^^^^^
[INFO] [stdout]   |
[INFO] [stdout]   = note: `#[warn(unused_imports)]` (part of `#[warn(unused)]`) on by default
[INFO] [stdout] 
[INFO] [stdout] 
[INFO] [stdout] warning: field `k_steps` is never read
[INFO] [stdout]   --> crates/spec-decode/src/lib.rs:13:5
[INFO] [stdout]    |
[INFO] [stdout] 12 | pub struct SpeculativeDecodeManager {
[INFO] [stdout]    |            ------------------------ field in this struct
[INFO] [stdout] 13 |     k_steps: u32,
[INFO] [stdout]    |     ^^^^^^^
[INFO] [stdout]    |
[INFO] [stdout]    = note: `#[warn(dead_code)]` (part of `#[warn(unused)]`) on by default
[INFO] [stdout] 
[INFO] [stdout] 
[INFO] [stdout] warning: field `k_steps` is never read
[INFO] [stdout]   --> crates/spec-decode/src/lib.rs:13:5
[INFO] [stdout]    |
[INFO] [stdout] 12 | pub struct SpeculativeDecodeManager {
[INFO] [stdout]    |            ------------------------ field in this struct
[INFO] [stdout] 13 |     k_steps: u32,
[INFO] [stdout]    |     ^^^^^^^
[INFO] [stdout]    |
[INFO] [stdout]    = note: `#[warn(dead_code)]` (part of `#[warn(unused)]`) on by default
[INFO] [stdout] 
[INFO] [stdout] 
[INFO] [stderr]     Checking hyper v1.11.0
[INFO] [stderr]     Checking hyper-util v0.1.20
[INFO] [stderr]     Checking hyper-tls v0.6.0
[INFO] [stderr]     Checking axum v0.7.9
[INFO] [stderr]     Checking hyper-timeout v0.5.2
[INFO] [stderr]     Checking reqwest v0.12.28
[INFO] [stderr]     Checking mesh-backend v0.1.0 (/opt/rustwide/workdir/crates/backends/mesh-backend)
[INFO] [stderr]     Checking video-backend v0.1.0 (/opt/rustwide/workdir/crates/backends/video-backend)
[INFO] [stderr]     Checking llama-backend v0.1.0 (/opt/rustwide/workdir/crates/backends/llama-backend)
[INFO] [stderr]     Checking sd-backend v0.1.0 (/opt/rustwide/workdir/crates/backends/sd-backend)
[INFO] [stderr]     Checking whisper-backend v0.1.0 (/opt/rustwide/workdir/crates/backends/whisper-backend)
[INFO] [stderr]     Checking tts-backend v0.1.0 (/opt/rustwide/workdir/crates/backends/tts-backend)
[INFO] [stdout] warning: unused import: `ChatMessage`
[INFO] [stdout]  --> crates/backends/llama-backend/src/lib.rs:4:19
[INFO] [stdout]   |
[INFO] [stdout] 4 |     BackendError, ChatMessage, InferenceBackend, InferenceChunk, InferenceRequest, InferenceResponse,
[INFO] [stdout]   |                   ^^^^^^^^^^^
[INFO] [stdout]   |
[INFO] [stdout]   = note: `#[warn(unused_imports)]` (part of `#[warn(unused)]`) on by default
[INFO] [stdout] 
[INFO] [stdout] 
[INFO] [stdout] warning: unused import: `ChatMessage`
[INFO] [stdout]  --> crates/backends/llama-backend/src/lib.rs:4:19
[INFO] [stdout]   |
[INFO] [stdout] 4 |     BackendError, ChatMessage, InferenceBackend, InferenceChunk, InferenceRequest, InferenceResponse,
[INFO] [stdout]   |                   ^^^^^^^^^^^
[INFO] [stdout]   |
[INFO] [stdout]   = note: `#[warn(unused_imports)]` (part of `#[warn(unused)]`) on by default
[INFO] [stdout] 
[INFO] [stdout] 
[INFO] [stderr]     Checking tonic v0.12.3
[INFO] [stderr]     Checking pool-protocol v0.1.0 (/opt/rustwide/workdir/crates/pool-protocol)
[INFO] [stderr]     Checking client-sdk v0.1.0 (/opt/rustwide/workdir/crates/client-sdk)
[INFO] [stdout] warning: field `local_node_id` is never read
[INFO] [stdout]   --> crates/pool-protocol/src/lib.rs:17:5
[INFO] [stdout]    |
[INFO] [stdout] 16 | pub struct ClusterPoolManager {
[INFO] [stdout]    |            ------------------ field in this struct
[INFO] [stdout] 17 |     local_node_id: String,
[INFO] [stdout]    |     ^^^^^^^^^^^^^
[INFO] [stdout]    |
[INFO] [stdout]    = note: `#[warn(dead_code)]` (part of `#[warn(unused)]`) on by default
[INFO] [stdout] 
[INFO] [stdout] 
[INFO] [stdout] warning: field `local_node_id` is never read
[INFO] [stdout]   --> crates/pool-protocol/src/lib.rs:17:5
[INFO] [stdout]    |
[INFO] [stdout] 16 | pub struct ClusterPoolManager {
[INFO] [stdout]    |            ------------------ field in this struct
[INFO] [stdout] 17 |     local_node_id: String,
[INFO] [stdout]    |     ^^^^^^^^^^^^^
[INFO] [stdout]    |
[INFO] [stdout]    = note: `#[warn(dead_code)]` (part of `#[warn(unused)]`) on by default
[INFO] [stdout] 
[INFO] [stdout] 
[INFO] [stderr]     Checking daemon-core v0.1.0 (/opt/rustwide/workdir/crates/daemon-core)
[INFO] [stdout] error[E0433]: cannot find `windows` in `os`
[INFO] [stdout]     --> crates/daemon-core/src/http.rs:5512:22
[INFO] [stdout]      |
[INFO] [stdout] 5512 |         use std::os::windows::fs::FileExt;
[INFO] [stdout]      |                      ^^^^^^^ could not find `windows` in `os`
[INFO] [stdout]      |
[INFO] [stdout] note: found an item that was configured out
[INFO] [stdout]     --> /rustc/3154cc1a3e6424e44f438a95007d043ed5ceaaf6/library/std/src/os/mod.rs:62:4
[INFO] [stdout]      |
[INFO] [stdout]      = note: the item is gated behind the `windows` feature
[INFO] [stdout] 
[INFO] [stdout] 
[INFO] [stdout] warning: unused import: `warn`
[INFO] [stdout]  --> crates/daemon-core/src/vram.rs:3:21
[INFO] [stdout]   |
[INFO] [stdout] 3 | use tracing::{info, warn};
[INFO] [stdout]   |                     ^^^^
[INFO] [stdout]   |
[INFO] [stdout]   = note: `#[warn(unused_imports)]` (part of `#[warn(unused)]`) on by default
[INFO] [stdout] 
[INFO] [stdout] 
[INFO] [stdout] error[E0433]: cannot find `windows` in `os`
[INFO] [stdout]     --> crates/daemon-core/src/http.rs:5512:22
[INFO] [stdout]      |
[INFO] [stdout] 5512 |         use std::os::windows::fs::FileExt;
[INFO] [stdout]      |                      ^^^^^^^ could not find `windows` in `os`
[INFO] [stdout]      |
[INFO] [stdout] note: found an item that was configured out
[INFO] [stdout]     --> /rustc/3154cc1a3e6424e44f438a95007d043ed5ceaaf6/library/std/src/os/mod.rs:62:4
[INFO] [stdout]      |
[INFO] [stdout]      = note: the item is gated behind the `windows` feature
[INFO] [stdout] 
[INFO] [stdout] 
[INFO] [stdout] warning: unused import: `warn`
[INFO] [stdout]  --> crates/daemon-core/src/vram.rs:3:21
[INFO] [stdout]   |
[INFO] [stdout] 3 | use tracing::{info, warn};
[INFO] [stdout]   |                     ^^^^
[INFO] [stdout]   |
[INFO] [stdout]   = note: `#[warn(unused_imports)]` (part of `#[warn(unused)]`) on by default
[INFO] [stdout] 
[INFO] [stdout] 
[INFO] [stdout] error[E0599]: no method named `seek_write` found for struct `std::fs::File` in the current scope
[INFO] [stdout]     --> crates/daemon-core/src/http.rs:5521:18
[INFO] [stdout]      |
[INFO] [stdout] 5520 |             let n = file
[INFO] [stdout] 5521 |                 .seek_write(&buf[written..], offset)
[INFO] [stdout]      |                  ^^^^^^^^^^
[INFO] [stdout]      |
[INFO] [stdout] help: there is a method `write` with a similar name, but with different arguments
[INFO] [stdout]     --> /rustc/3154cc1a3e6424e44f438a95007d043ed5ceaaf6/library/core/src/io/write.rs:101:4
[INFO] [stdout] 
[INFO] [stdout] 
[INFO] [stdout] error[E0599]: no method named `seek_write` found for struct `std::fs::File` in the current scope
[INFO] [stdout]     --> crates/daemon-core/src/http.rs:5521:18
[INFO] [stdout]      |
[INFO] [stdout] 5520 |             let n = file
[INFO] [stdout] 5521 |                 .seek_write(&buf[written..], offset)
[INFO] [stdout]      |                  ^^^^^^^^^^
[INFO] [stdout]      |
[INFO] [stdout] help: there is a method `write` with a similar name, but with different arguments
[INFO] [stdout]     --> /rustc/3154cc1a3e6424e44f438a95007d043ed5ceaaf6/library/core/src/io/write.rs:101:4
[INFO] [stdout] 
[INFO] [stdout] 
[INFO] [stdout] Some errors have detailed explanations: E0433, E0599.
[INFO] [stdout] 
[INFO] [stdout] For more information about an error, try `rustc --explain E0433`.
[INFO] [stdout] 
[INFO] [stderr] error: could not compile `daemon-core` (bin "daemon-core") due to 2 previous errors; 1 warning emitted
[INFO] [stderr] warning: build failed, waiting for other jobs to finish...
[INFO] [stdout] Some errors have detailed explanations: E0433, E0599.
[INFO] [stdout] 
[INFO] [stdout] For more information about an error, try `rustc --explain E0433`.
[INFO] [stdout] 
[INFO] [stderr] error: could not compile `daemon-core` (bin "daemon-core" test) due to 2 previous errors; 1 warning emitted
[INFO] [stderr] warning: unused dependency `tokio`
[INFO] [stderr]   --> crates/backend-trait/Cargo.toml:12:1
[INFO] [stderr]    |
[INFO] [stderr] 12 | tokio.workspace = true
[INFO] [stderr]    | ^^^^^
[INFO] [stderr]    |
[INFO] [stderr]    = note: `cargo::unused_dependencies` is set to `warn` by default
[INFO] [stderr] help: consider removing the dependency on `tokio`
[INFO] [stderr] warning: unused dependency `tracing`
[INFO] [stderr]   --> crates/backend-trait/Cargo.toml:15:1
[INFO] [stderr]    |
[INFO] [stderr] 15 | tracing.workspace = true
[INFO] [stderr]    | ^^^^^^^
[INFO] [stderr]    |
[INFO] [stderr] help: consider removing the dependency on `tracing`
[INFO] [stderr] warning: `backend-trait` (manifest) generated 2 warnings
[INFO] [stderr] warning: unused dependency `anyhow`
[INFO] [stderr]   --> crates/client-sdk/Cargo.toml:12:1
[INFO] [stderr]    |
[INFO] [stderr] 12 | anyhow.workspace = true
[INFO] [stderr]    | ^^^^^^
[INFO] [stderr]    |
[INFO] [stderr]    = note: `cargo::unused_dependencies` is set to `warn` by default
[INFO] [stderr] help: consider removing the dependency on `anyhow`
[INFO] [stderr] warning: unused dependency `thiserror`
[INFO] [stderr]   --> crates/client-sdk/Cargo.toml:11:1
[INFO] [stderr]    |
[INFO] [stderr] 11 | thiserror.workspace = true
[INFO] [stderr]    | ^^^^^^^^^
[INFO] [stderr]    |
[INFO] [stderr] help: consider removing the dependency on `thiserror`
[INFO] [stderr] warning: `client-sdk` (manifest) generated 2 warnings
[INFO] [stderr] warning: unused dependency `anyhow`
[INFO] [stderr]   --> crates/daemon-core/Cargo.toml:25:1
[INFO] [stderr]    |
[INFO] [stderr] 25 | anyhow.workspace = true
[INFO] [stderr]    | ^^^^^^
[INFO] [stderr]    |
[INFO] [stderr]    = note: `cargo::unused_dependencies` is set to `warn` by default
[INFO] [stderr] help: consider removing the dependency on `anyhow`
[INFO] [stderr] warning: unused dependency `spec-decode`
[INFO] [stderr]   --> crates/daemon-core/Cargo.toml:16:1
[INFO] [stderr]    |
[INFO] [stderr] 16 | spec-decode = { path = "../spec-decode" }
[INFO] [stderr]    | ^^^^^^^^^^^^^^^^^^^^^^^^^^^^^^^^^^^^^^^^^
[INFO] [stderr]    |
[INFO] [stderr] help: consider removing the dependency on `spec-decode`
[INFO] [stderr] warning: `daemon-core` (manifest) generated 2 warnings
[INFO] [stderr] warning: unused dependency `backend-trait`
[INFO] [stderr]  --> crates/moe-cache/Cargo.toml:8:1
[INFO] [stderr]   |
[INFO] [stderr] 8 | backend-trait = { path = "../backend-trait" }
[INFO] [stderr]   | ^^^^^^^^^^^^^^^^^^^^^^^^^^^^^^^^^^^^^^^^^^^^^
[INFO] [stderr]   |
[INFO] [stderr]   = note: `cargo::unused_dependencies` is set to `warn` by default
[INFO] [stderr] help: consider removing the dependency on `backend-trait`
[INFO] [stderr] warning: `moe-cache` (manifest) generated 1 warning
[INFO] [stderr] warning: unused dependency `proto`
[INFO] [stderr]  --> crates/pool-protocol/Cargo.toml:8:1
[INFO] [stderr]   |
[INFO] [stderr] 8 | proto = { path = "../proto" }
[INFO] [stderr]   | ^^^^^^^^^^^^^^^^^^^^^^^^^^^^^
[INFO] [stderr]   |
[INFO] [stderr]   = note: `cargo::unused_dependencies` is set to `warn` by default
[INFO] [stderr] help: consider removing the dependency on `proto`
[INFO] [stderr] warning: `pool-protocol` (manifest) generated 1 warning
[INFO] [stderr] warning: unused dependency `backend-trait`
[INFO] [stderr]  --> crates/spec-decode/Cargo.toml:8:1
[INFO] [stderr]   |
[INFO] [stderr] 8 | backend-trait = { path = "../backend-trait" }
[INFO] [stderr]   | ^^^^^^^^^^^^^^^^^^^^^^^^^^^^^^^^^^^^^^^^^^^^^
[INFO] [stderr]   |
[INFO] [stderr]   = note: `cargo::unused_dependencies` is set to `warn` by default
[INFO] [stderr] help: consider removing the dependency on `backend-trait`
[INFO] [stderr] warning: `spec-decode` (manifest) generated 1 warning
[INFO] running `Command { std: "docker" "inspect" "c9e6ed1da4c4e231bb6364ec95abee80ee78fd476034fdb06e25130180b83891", kill_on_drop: false }`
[INFO] running `Command { std: "docker" "rm" "-f" "c9e6ed1da4c4e231bb6364ec95abee80ee78fd476034fdb06e25130180b83891", kill_on_drop: false }`
[INFO] [stdout] c9e6ed1da4c4e231bb6364ec95abee80ee78fd476034fdb06e25130180b83891
