[INFO] cloning repository https://github.com/adammurphy28/hello-from-rust
[INFO] running `Command { std: "git" "-c" "credential.helper=" "-c" "credential.helper=/workspace/cargo-home/bin/git-credential-null" "clone" "--bare" "https://github.com/adammurphy28/hello-from-rust" "/workspace/cache/git-repos/https%3A%2F%2Fgithub.com%2Fadammurphy28%2Fhello-from-rust", kill_on_drop: false }`
[INFO] [stderr] Cloning into bare repository '/workspace/cache/git-repos/https%3A%2F%2Fgithub.com%2Fadammurphy28%2Fhello-from-rust'...
[INFO] running `Command { std: "git" "rev-parse" "HEAD", kill_on_drop: false }`
[INFO] [stdout] 6585d90176355d522da6d31c15e76caef4401549
[INFO] checking adammurphy28/hello-from-rust against 3154cc1a3e6424e44f438a95007d043ed5ceaaf6+rustflags=-Znext-solver=coherence for pr-133502-30
[INFO] running `Command { std: "git" "clone" "/workspace/cache/git-repos/https%3A%2F%2Fgithub.com%2Fadammurphy28%2Fhello-from-rust" "/workspace/builds/worker-3-tc1/source", kill_on_drop: false }`
[INFO] [stderr] Cloning into '/workspace/builds/worker-3-tc1/source'...
[INFO] [stderr] done.
[INFO] started tweaking git repo https://github.com/adammurphy28/hello-from-rust
[INFO] finished tweaking git repo https://github.com/adammurphy28/hello-from-rust
[INFO] tweaked toml for git repo https://github.com/adammurphy28/hello-from-rust written to /workspace/builds/worker-3-tc1/source/Cargo.toml
[INFO] validating manifest of git repo https://github.com/adammurphy28/hello-from-rust on toolchain 3154cc1a3e6424e44f438a95007d043ed5ceaaf6
[INFO] running `Command { std: CARGO_HOME="/workspace/cargo-home" RUSTUP_HOME="/workspace/rustup-home" "/workspace/cargo-home/bin/cargo" "+3154cc1a3e6424e44f438a95007d043ed5ceaaf6" "metadata" "--manifest-path" "Cargo.toml" "--no-deps", kill_on_drop: false }`
[INFO] crate git repo https://github.com/adammurphy28/hello-from-rust already has a lockfile, it will not be regenerated
[INFO] running `Command { std: CARGO_HOME="/workspace/cargo-home" RUSTUP_HOME="/workspace/rustup-home" "/workspace/cargo-home/bin/cargo" "+3154cc1a3e6424e44f438a95007d043ed5ceaaf6" "fetch" "--manifest-path" "Cargo.toml", kill_on_drop: false }`
[INFO] [stderr]     Blocking waiting for file lock on package cache
[INFO] [stderr]     Updating crates.io index
[INFO] [stderr]     Blocking waiting for file lock on package cache
[INFO] [stderr]  Downloading crates ...
[INFO] [stderr]   Downloaded conductor-sdk v0.1.0
[INFO] [stderr]   Downloaded conductor-macros v0.1.0
[INFO] running `Command { std: "docker" "create" "-v" "/var/lib/crater-agent-workspace/builds/worker-3-tc1/source:/opt/rustwide/workdir:ro,Z" "-v" "/var/lib/crater-agent-workspace/builds/worker-3-tc1/target:/opt/rustwide/target:rw,Z" "-v" "/var/lib/crater-agent-workspace/cargo-home:/opt/rustwide/cargo-home:ro,Z" "-v" "/var/lib/crater-agent-workspace/rustup-home:/opt/rustwide/rustup-home:ro,Z" "-m" "1610612736" "--network" "none" "ghcr.io/rust-lang/crates-build-env/linux@sha256:77db811e55d90add9212f6832c23229e3de5f1c1f9905e8cb07319ea15df73ac" "sleep" "infinity", kill_on_drop: false }`
[INFO] [stdout] 4cf7cf09ee2e63e6a13becd46cf44c1fe6bbb7511042322421f02466798ecde9
[INFO] running `Command { std: "docker" "start" "4cf7cf09ee2e63e6a13becd46cf44c1fe6bbb7511042322421f02466798ecde9", kill_on_drop: false }`
[INFO] running `Command { std: "docker" "inspect" "4cf7cf09ee2e63e6a13becd46cf44c1fe6bbb7511042322421f02466798ecde9", kill_on_drop: false }`
[INFO] running `Command { std: "docker" "exec" "-e" "SOURCE_DIR=/opt/rustwide/workdir" "-e" "CARGO_HOME=/opt/rustwide/cargo-home" "-e" "RUSTUP_HOME=/opt/rustwide/rustup-home" "-e" "CARGO_TARGET_DIR=/opt/rustwide/target" "-w" "/opt/rustwide/workdir" "--user" "0:0" "4cf7cf09ee2e63e6a13becd46cf44c1fe6bbb7511042322421f02466798ecde9" "/opt/rustwide/cargo-home/bin/cargo" "+3154cc1a3e6424e44f438a95007d043ed5ceaaf6" "metadata" "--no-deps" "--format-version=1", kill_on_drop: false }`
[INFO] running `Command { std: "docker" "inspect" "4cf7cf09ee2e63e6a13becd46cf44c1fe6bbb7511042322421f02466798ecde9", kill_on_drop: false }`
[INFO] running `Command { std: "docker" "exec" "-e" "SOURCE_DIR=/opt/rustwide/workdir" "-e" "CARGO_HOME=/opt/rustwide/cargo-home" "-e" "RUSTUP_HOME=/opt/rustwide/rustup-home" "-e" "CARGO_TARGET_DIR=/opt/rustwide/target" "-e" "CARGO_INCREMENTAL=0" "-e" "RUST_BACKTRACE=full" "-e" "RUSTFLAGS=--cap-lints=forbid -Znext-solver=coherence" "-e" "RUSTDOCFLAGS=--cap-lints=forbid" "-w" "/opt/rustwide/workdir" "--user" "0:0" "4cf7cf09ee2e63e6a13becd46cf44c1fe6bbb7511042322421f02466798ecde9" "/opt/rustwide/cargo-home/bin/cargo" "+3154cc1a3e6424e44f438a95007d043ed5ceaaf6" "check" "--frozen" "--all" "--all-targets" "--message-format=json", kill_on_drop: false }`
[INFO] [stderr]    Compiling proc-macro2 v1.0.107
[INFO] [stderr]     Checking smallvec v1.15.2
[INFO] [stderr]     Checking futures-sink v0.3.33
[INFO] [stderr]    Compiling quote v1.0.47
[INFO] [stderr]    Compiling cc v1.4.0
[INFO] [stderr]     Checking bytes v1.12.1
[INFO] [stderr]     Checking futures-core v0.3.33
[INFO] [stderr]     Checking futures-task v0.3.33
[INFO] [stderr]     Checking futures-io v0.3.33
[INFO] [stderr]     Checking mio v1.2.2
[INFO] [stderr]     Checking getrandom v0.2.17
[INFO] [stderr]     Checking socket2 v0.6.5
[INFO] [stderr]     Checking hashbrown v0.17.1
[INFO] [stderr]    Compiling num-traits v0.2.19
[INFO] [stderr]     Checking socket2 v0.5.10
[INFO] [stderr]    Compiling getrandom v0.4.3
[INFO] [stderr]     Checking lazy_static v1.5.0
[INFO] [stderr]     Checking regex-syntax v0.8.11
[INFO] [stderr]    Compiling protobuf v2.28.0
[INFO] [stderr]    Compiling schemars v0.8.22
[INFO] [stderr]     Checking base64 v0.21.7
[INFO] [stderr]     Checking parking_lot_core v0.9.12
[INFO] [stderr]    Compiling anyhow v1.0.104
[INFO] [stderr]    Compiling prometheus v0.13.4
[INFO] [stderr]     Checking futures-channel v0.3.33
[INFO] [stderr]     Checking ryu v1.0.23
[INFO] [stderr]     Checking parking_lot v0.12.5
[INFO] [stderr]     Checking sharded-slab v0.1.7
[INFO] [stderr]     Checking tracing-log v0.2.0
[INFO] [stderr]     Checking thread_local v1.1.10
[INFO] [stderr]     Checking sync_wrapper v0.1.2
[INFO] [stderr]     Checking webpki-roots v0.25.4
[INFO] [stderr]     Checking match_cfg v0.1.0
[INFO] [stderr]     Checking rustls-pemfile v1.0.4
[INFO] [stderr]     Checking nu-ansi-term v0.50.3
[INFO] [stderr]     Checking iana-time-zone v0.1.65
[INFO] [stderr]     Checking hashbrown v0.14.5
[INFO] [stderr]     Checking hostname v0.3.1
[INFO] [stderr]     Checking uuid v1.24.0
[INFO] [stderr]     Checking urlencoding v2.1.3
[INFO] [stderr]     Checking inventory v0.3.24
[INFO] [stderr]     Checking dotenvy v0.15.7
[INFO] [stderr]     Checking http v0.2.12
[INFO] [stderr]    Compiling syn v2.0.119
[INFO] [stderr]    Compiling syn v3.0.3
[INFO] [stderr]    Compiling ring v0.17.14
[INFO] [stderr]     Checking regex-automata v0.4.16
[INFO] [stderr]     Checking indexmap v2.14.0
[INFO] [stderr]     Checking dashmap v5.5.3
[INFO] [stderr]     Checking http-body v0.4.6
[INFO] [stderr]     Checking matchers v0.2.0
[INFO] [stderr]    Compiling rustls v0.21.12
[INFO] [stderr]    Compiling displaydoc v0.2.7
[INFO] [stderr]    Compiling tokio-macros v2.7.2
[INFO] [stderr]    Compiling serde_derive v1.0.229
[INFO] [stderr]    Compiling async-trait v0.1.91
[INFO] [stderr]     Checking tokio v1.53.1
[INFO] [stderr]     Checking rustls-webpki v0.101.7
[INFO] [stderr]     Checking sct v0.7.1
[INFO] [stderr]    Compiling synstructure v0.13.2
[INFO] [stderr]    Compiling darling_core v0.20.11
[INFO] [stderr]    Compiling serde_derive_internals v0.29.1
[INFO] [stderr]    Compiling zerofrom-derive v0.1.7
[INFO] [stderr]    Compiling yoke-derive v0.8.2
[INFO] [stderr]    Compiling zerovec-derive v0.11.3
[INFO] [stderr]    Compiling futures-macro v0.3.33
[INFO] [stderr]    Compiling tracing-attributes v0.1.31
[INFO] [stderr]    Compiling thiserror-impl v1.0.69
[INFO] [stderr]    Compiling schemars_derive v0.8.22
[INFO] [stderr]     Checking futures-util v0.3.33
[INFO] [stderr]     Checking serde v1.0.229
[INFO] [stderr]     Checking zerofrom v0.1.8
[INFO] [stderr]     Checking tracing v0.1.44
[INFO] [stderr]     Checking thiserror v1.0.69
[INFO] [stderr]     Checking yoke v0.8.3
[INFO] [stderr]     Checking serde_urlencoded v0.7.1
[INFO] [stderr]     Checking chrono v0.4.45
[INFO] [stderr]     Checking tracing-subscriber v0.3.23
[INFO] [stderr]     Checking zerotrie v0.2.4
[INFO] [stderr]     Checking zerovec v0.11.6
[INFO] [stderr]    Compiling darling_macro v0.20.11
[INFO] [stderr]    Compiling darling v0.20.11
[INFO] [stderr]    Compiling conductor-macros v0.1.0
[INFO] [stderr]     Checking tinystr v0.8.3
[INFO] [stderr]     Checking potential_utf v0.1.5
[INFO] [stderr]     Checking tokio-util v0.7.19
[INFO] [stderr]     Checking tokio-rustls v0.24.1
[INFO] [stderr]     Checking icu_collections v2.2.0
[INFO] [stderr]     Checking icu_locale_core v2.2.0
[INFO] [stderr]     Checking icu_provider v2.2.0
[INFO] [stderr]     Checking icu_properties v2.2.0
[INFO] [stderr]     Checking icu_normalizer v2.2.0
[INFO] [stderr]     Checking h2 v0.3.27
[INFO] [stderr]     Checking futures-executor v0.3.33
[INFO] [stderr]     Checking futures v0.3.33
[INFO] [stderr]     Checking idna_adapter v1.2.2
[INFO] [stderr]     Checking idna v1.1.0
[INFO] [stderr]     Checking url v2.5.8
[INFO] [stderr]     Checking hyper v0.14.32
[INFO] [stderr]     Checking hyper-rustls v0.24.2
[INFO] [stderr]     Checking reqwest v0.11.27
[INFO] [stderr]     Checking conductor-sdk v0.1.0
[INFO] [stderr]     Checking hello-from-rust v0.1.0 (/opt/rustwide/workdir)
[INFO] [stdout] error[E0433]: cannot find type `WorkerConfig` in this scope
[INFO] [stdout]   --> src/main.rs:49:18
[INFO] [stdout]    |
[INFO] [stdout] 49 |     let config = WorkerConfig::new("process_order")
[INFO] [stdout]    |                  ^^^^^^^^^^^^ use of undeclared type `WorkerConfig`
[INFO] [stdout]    |
[INFO] [stdout] help: consider importing this struct
[INFO] [stdout]    |
[INFO] [stdout]  1 + use conductor::WorkerConfig;
[INFO] [stdout]    |
[INFO] [stdout] 
[INFO] [stdout] 
[INFO] [stdout] error[E0433]: cannot find type `WorkerConfig` in this scope
[INFO] [stdout]   --> src/main.rs:49:18
[INFO] [stdout]    |
[INFO] [stdout] 49 |     let config = WorkerConfig::new("process_order")
[INFO] [stdout]    |                  ^^^^^^^^^^^^ use of undeclared type `WorkerConfig`
[INFO] [stdout]    |
[INFO] [stdout] help: consider importing this struct
[INFO] [stdout]    |
[INFO] [stdout]  1 + use conductor::WorkerConfig;
[INFO] [stdout]    |
[INFO] [stdout] 
[INFO] [stdout] 
[INFO] [stdout] error[E0599]: no method named `and_then` found for reference `&HashMap<std::string::String, Value>` in the current scope
[INFO] [stdout]   --> src/main.rs:14:10
[INFO] [stdout]    |
[INFO] [stdout] 13 |     let order_id = input_data
[INFO] [stdout] 14 |         .and_then(|map| map.get("order_id"))
[INFO] [stdout]    |          ^^^^^^^^ method not found in `&HashMap<std::string::String, Value>`
[INFO] [stdout] 
[INFO] [stdout] 
[INFO] [stdout] error[E0599]: no associated function or constant named `from_task` found for struct `TaskResult` in the current scope
[INFO] [stdout]    --> src/main.rs:23:34
[INFO] [stdout]     |
[INFO] [stdout]  23 |     let mut result = TaskResult::from_task(&task);
[INFO] [stdout]     |                                  ^^^^^^^^^ associated function or constant not found in `TaskResult`
[INFO] [stdout]     |
[INFO] [stdout] note: if you're trying to build a new `TaskResult` consider using one of the following associated functions:
[INFO] [stdout]       TaskResult::completed
[INFO] [stdout]       TaskResult::failed
[INFO] [stdout]       TaskResult::in_progress
[INFO] [stdout]    --> /opt/rustwide/cargo-home/registry/src/index.crates.io-1949cf8c6b5b557f/conductor-sdk-0.1.0/src/models/task_result.rs:86:5
[INFO] [stdout]     |
[INFO] [stdout]  86 |       pub fn completed(task_id: impl Into<String>, workflow_instance_id: impl Into<String>) -> Self {
[INFO] [stdout]     |       ^^^^^^^^^^^^^^^^^^^^^^^^^^^^^^^^^^^^^^^^^^^^^^^^^^^^^^^^^^^^^^^^^^^^^^^^^^^^^^^^^^^^^^^^^^^^^
[INFO] [stdout] ...
[INFO] [stdout]  96 | /     pub fn failed(
[INFO] [stdout]  97 | |         task_id: impl Into<String>,
[INFO] [stdout]  98 | |         workflow_instance_id: impl Into<String>,
[INFO] [stdout]  99 | |         reason: impl Into<String>,
[INFO] [stdout] 100 | |     ) -> Self {
[INFO] [stdout]     | |_____________^
[INFO] [stdout] ...
[INFO] [stdout] 111 | /     pub fn in_progress(
[INFO] [stdout] 112 | |         task_id: impl Into<String>,
[INFO] [stdout] 113 | |         workflow_instance_id: impl Into<String>,
[INFO] [stdout] 114 | |         callback_after_seconds: i64,
[INFO] [stdout] 115 | |     ) -> Self {
[INFO] [stdout]     | |_____________^
[INFO] [stdout] 
[INFO] [stdout] 
[INFO] [stdout] error[E0433]: cannot find type `Status` in this scope
[INFO] [stdout]   --> src/main.rs:24:21
[INFO] [stdout]    |
[INFO] [stdout] 24 |     result.status = Status::Completed;
[INFO] [stdout]    |                     ^^^^^^ use of undeclared type `Status`
[INFO] [stdout] 
[INFO] [stdout] 
[INFO] [stdout] error[E0599]: no method named `and_then` found for reference `&HashMap<std::string::String, Value>` in the current scope
[INFO] [stdout]   --> src/main.rs:14:10
[INFO] [stdout]    |
[INFO] [stdout] 13 |     let order_id = input_data
[INFO] [stdout] 14 |         .and_then(|map| map.get("order_id"))
[INFO] [stdout]    |          ^^^^^^^^ method not found in `&HashMap<std::string::String, Value>`
[INFO] [stdout] 
[INFO] [stdout] 
[INFO] [stdout] error[E0308]: mismatched types
[INFO] [stdout]   --> src/main.rs:45:39
[INFO] [stdout]    |
[INFO] [stdout] 45 |     let client = ConductorClient::new(server_url)
[INFO] [stdout]    |                  -------------------- ^^^^^^^^^^ expected `Configuration`, found `String`
[INFO] [stdout]    |                  |
[INFO] [stdout]    |                  arguments to this function are incorrect
[INFO] [stdout]    |
[INFO] [stdout] note: associated function defined here
[INFO] [stdout]   --> /opt/rustwide/cargo-home/registry/src/index.crates.io-1949cf8c6b5b557f/conductor-sdk-0.1.0/src/client/conductor_client.rs:30:12
[INFO] [stdout]    |
[INFO] [stdout] 30 |     pub fn new(config: Configuration) -> Result<Self> {
[INFO] [stdout]    |            ^^^
[INFO] [stdout] 
[INFO] [stdout] 
[INFO] [stdout] error[E0599]: no associated function or constant named `from_task` found for struct `TaskResult` in the current scope
[INFO] [stdout]    --> src/main.rs:23:34
[INFO] [stdout]     |
[INFO] [stdout]  23 |     let mut result = TaskResult::from_task(&task);
[INFO] [stdout]     |                                  ^^^^^^^^^ associated function or constant not found in `TaskResult`
[INFO] [stdout]     |
[INFO] [stdout] note: if you're trying to build a new `TaskResult` consider using one of the following associated functions:
[INFO] [stdout]       TaskResult::completed
[INFO] [stdout]       TaskResult::failed
[INFO] [stdout]       TaskResult::in_progress
[INFO] [stdout]    --> /opt/rustwide/cargo-home/registry/src/index.crates.io-1949cf8c6b5b557f/conductor-sdk-0.1.0/src/models/task_result.rs:86:5
[INFO] [stdout]     |
[INFO] [stdout]  86 |       pub fn completed(task_id: impl Into<String>, workflow_instance_id: impl Into<String>) -> Self {
[INFO] [stdout]     |       ^^^^^^^^^^^^^^^^^^^^^^^^^^^^^^^^^^^^^^^^^^^^^^^^^^^^^^^^^^^^^^^^^^^^^^^^^^^^^^^^^^^^^^^^^^^^^
[INFO] [stdout] ...
[INFO] [stdout]  96 | /     pub fn failed(
[INFO] [stdout]  97 | |         task_id: impl Into<String>,
[INFO] [stdout]  98 | |         workflow_instance_id: impl Into<String>,
[INFO] [stdout]  99 | |         reason: impl Into<String>,
[INFO] [stdout] 100 | |     ) -> Self {
[INFO] [stdout]     | |_____________^
[INFO] [stdout] ...
[INFO] [stdout] 111 | /     pub fn in_progress(
[INFO] [stdout] 112 | |         task_id: impl Into<String>,
[INFO] [stdout] 113 | |         workflow_instance_id: impl Into<String>,
[INFO] [stdout] 114 | |         callback_after_seconds: i64,
[INFO] [stdout] 115 | |     ) -> Self {
[INFO] [stdout]     | |_____________^
[INFO] [stdout] 
[INFO] [stdout] 
[INFO] [stdout] error[E0433]: cannot find type `Status` in this scope
[INFO] [stdout]   --> src/main.rs:24:21
[INFO] [stdout]    |
[INFO] [stdout] 24 |     result.status = Status::Completed;
[INFO] [stdout]    |                     ^^^^^^ use of undeclared type `Status`
[INFO] [stdout] 
[INFO] [stdout] 
[INFO] [stdout] error[E0599]: no method named `with_credentials` found for enum `Result<T, E>` in the current scope
[INFO] [stdout]   --> src/main.rs:46:10
[INFO] [stdout]    |
[INFO] [stdout] 45 |     let client = ConductorClient::new(server_url)
[INFO] [stdout] 46 |         .with_credentials(auth_key, auth_secret);
[INFO] [stdout]    |          ^^^^^^^^^^^^^^^^ method not found in `Result<ConductorClient, ConductorError>`
[INFO] [stdout] 
[INFO] [stdout] 
[INFO] [stdout] error[E0061]: this function takes 3 arguments but 1 argument was supplied
[INFO] [stdout]   --> src/main.rs:56:22
[INFO] [stdout]    |
[INFO] [stdout] 56 |     let mut runner = TaskRunner::new(client);
[INFO] [stdout]    |                      ^^^^^^^^^^^^^^^-------- two arguments of type `TaskClient` and `EventDispatcher` are missing
[INFO] [stdout]    |
[INFO] [stdout] note: associated function defined here
[INFO] [stdout]   --> /opt/rustwide/cargo-home/registry/src/index.crates.io-1949cf8c6b5b557f/conductor-sdk-0.1.0/src/worker/task_runner.rs:64:12
[INFO] [stdout]    |
[INFO] [stdout] 64 |     pub fn new(
[INFO] [stdout]    |            ^^^
[INFO] [stdout] help: provide the arguments
[INFO] [stdout]    |
[INFO] [stdout] 56 |     let mut runner = TaskRunner::new(client, /* TaskClient */, /* EventDispatcher */);
[INFO] [stdout]    |                                            +++++++++++++++++++++++++++++++++++++++++
[INFO] [stdout] 
[INFO] [stdout] 
[INFO] [stdout] error[E0308]: mismatched types
[INFO] [stdout]   --> src/main.rs:45:39
[INFO] [stdout]    |
[INFO] [stdout] 45 |     let client = ConductorClient::new(server_url)
[INFO] [stdout]    |                  -------------------- ^^^^^^^^^^ expected `Configuration`, found `String`
[INFO] [stdout]    |                  |
[INFO] [stdout]    |                  arguments to this function are incorrect
[INFO] [stdout]    |
[INFO] [stdout] note: associated function defined here
[INFO] [stdout]   --> /opt/rustwide/cargo-home/registry/src/index.crates.io-1949cf8c6b5b557f/conductor-sdk-0.1.0/src/client/conductor_client.rs:30:12
[INFO] [stdout]    |
[INFO] [stdout] 30 |     pub fn new(config: Configuration) -> Result<Self> {
[INFO] [stdout]    |            ^^^
[INFO] [stdout] 
[INFO] [stdout] 
[INFO] [stdout] error[E0599]: no method named `register_worker` found for struct `TaskRunner` in the current scope
[INFO] [stdout]   --> src/main.rs:57:12
[INFO] [stdout]    |
[INFO] [stdout] 57 |     runner.register_worker(config, process_order_task);
[INFO] [stdout]    |            ^^^^^^^^^^^^^^^ method not found in `TaskRunner`
[INFO] [stdout] 
[INFO] [stdout] 
[INFO] [stdout] error[E0599]: no method named `start` found for struct `TaskRunner` in the current scope
[INFO] [stdout]   --> src/main.rs:60:12
[INFO] [stdout]    |
[INFO] [stdout] 60 |     runner.start().await?;
[INFO] [stdout]    |            ^^^^^ method not found in `TaskRunner`
[INFO] [stdout] 
[INFO] [stdout] 
[INFO] [stdout] error[E0599]: no method named `with_credentials` found for enum `Result<T, E>` in the current scope
[INFO] [stdout]   --> src/main.rs:46:10
[INFO] [stdout]    |
[INFO] [stdout] 45 |     let client = ConductorClient::new(server_url)
[INFO] [stdout] 46 |         .with_credentials(auth_key, auth_secret);
[INFO] [stdout]    |          ^^^^^^^^^^^^^^^^ method not found in `Result<ConductorClient, ConductorError>`
[INFO] [stdout] 
[INFO] [stdout] 
[INFO] [stdout] error[E0061]: this function takes 3 arguments but 1 argument was supplied
[INFO] [stdout]   --> src/main.rs:56:22
[INFO] [stdout]    |
[INFO] [stdout] 56 |     let mut runner = TaskRunner::new(client);
[INFO] [stdout]    |                      ^^^^^^^^^^^^^^^-------- two arguments of type `TaskClient` and `EventDispatcher` are missing
[INFO] [stdout]    |
[INFO] [stdout] note: associated function defined here
[INFO] [stdout]   --> /opt/rustwide/cargo-home/registry/src/index.crates.io-1949cf8c6b5b557f/conductor-sdk-0.1.0/src/worker/task_runner.rs:64:12
[INFO] [stdout]    |
[INFO] [stdout] 64 |     pub fn new(
[INFO] [stdout]    |            ^^^
[INFO] [stdout] help: provide the arguments
[INFO] [stdout]    |
[INFO] [stdout] 56 |     let mut runner = TaskRunner::new(client, /* TaskClient */, /* EventDispatcher */);
[INFO] [stdout]    |                                            +++++++++++++++++++++++++++++++++++++++++
[INFO] [stdout] 
[INFO] [stdout] 
[INFO] [stdout] Some errors have detailed explanations: E0061, E0308, E0433, E0599.
[INFO] [stdout] 
[INFO] [stdout] For more information about an error, try `rustc --explain E0061`.
[INFO] [stdout] 
[INFO] [stderr] error: could not compile `hello-from-rust` (bin "hello-from-rust" test) due to 9 previous errors
[INFO] [stderr] warning: build failed, waiting for other jobs to finish...
[INFO] [stdout] error[E0599]: no method named `register_worker` found for struct `TaskRunner` in the current scope
[INFO] [stdout]   --> src/main.rs:57:12
[INFO] [stdout]    |
[INFO] [stdout] 57 |     runner.register_worker(config, process_order_task);
[INFO] [stdout]    |            ^^^^^^^^^^^^^^^ method not found in `TaskRunner`
[INFO] [stdout] 
[INFO] [stdout] 
[INFO] [stdout] error[E0599]: no method named `start` found for struct `TaskRunner` in the current scope
[INFO] [stdout]   --> src/main.rs:60:12
[INFO] [stdout]    |
[INFO] [stdout] 60 |     runner.start().await?;
[INFO] [stdout]    |            ^^^^^ method not found in `TaskRunner`
[INFO] [stdout] 
[INFO] [stdout] 
[INFO] [stdout] Some errors have detailed explanations: E0061, E0308, E0433, E0599.
[INFO] [stdout] 
[INFO] [stdout] For more information about an error, try `rustc --explain E0061`.
[INFO] [stdout] 
[INFO] [stderr] error: could not compile `hello-from-rust` (bin "hello-from-rust") due to 9 previous errors
[INFO] [stderr] warning: unused dependency `conductor-macros`
[INFO] [stderr]  --> Cargo.toml:2:1
[INFO] [stderr]   |
[INFO] [stderr] 2 | conductor-macros = "0.1"
[INFO] [stderr]   | ^^^^^^^^^^^^^^^^^^^^^^^^
[INFO] [stderr]   |
[INFO] [stderr]   = note: `cargo::unused_dependencies` is set to `warn` by default
[INFO] [stderr] help: consider removing the dependency on `conductor-macros`
[INFO] [stderr] warning: `hello-from-rust` (manifest) generated 1 warning
[INFO] running `Command { std: "docker" "inspect" "4cf7cf09ee2e63e6a13becd46cf44c1fe6bbb7511042322421f02466798ecde9", kill_on_drop: false }`
[INFO] running `Command { std: "docker" "rm" "-f" "4cf7cf09ee2e63e6a13becd46cf44c1fe6bbb7511042322421f02466798ecde9", kill_on_drop: false }`
[INFO] [stdout] 4cf7cf09ee2e63e6a13becd46cf44c1fe6bbb7511042322421f02466798ecde9
