[INFO] cloning repository https://github.com/actions-marketplace-validations/workmule_codegraph
[INFO] running `Command { std: "git" "-c" "credential.helper=" "-c" "credential.helper=/workspace/cargo-home/bin/git-credential-null" "clone" "--bare" "https://github.com/actions-marketplace-validations/workmule_codegraph" "/workspace/cache/git-repos/https%3A%2F%2Fgithub.com%2Factions-marketplace-validations%2Fworkmule_codegraph", kill_on_drop: false }`
[INFO] [stderr] Cloning into bare repository '/workspace/cache/git-repos/https%3A%2F%2Fgithub.com%2Factions-marketplace-validations%2Fworkmule_codegraph'...
[INFO] running `Command { std: "git" "rev-parse" "HEAD", kill_on_drop: false }`
[INFO] [stdout] 83e97d761af0627ef4e32b10c70a8da283d08580
[INFO] checking actions-marketplace-validations/workmule_codegraph against 3154cc1a3e6424e44f438a95007d043ed5ceaaf6+rustflags=-Znext-solver=coherence for pr-133502-30
[INFO] running `Command { std: "git" "clone" "/workspace/cache/git-repos/https%3A%2F%2Fgithub.com%2Factions-marketplace-validations%2Fworkmule_codegraph" "/workspace/builds/worker-1-tc1/source", kill_on_drop: false }`
[INFO] [stderr] Cloning into '/workspace/builds/worker-1-tc1/source'...
[INFO] [stderr] done.
[INFO] started tweaking git repo https://github.com/actions-marketplace-validations/workmule_codegraph
[INFO] finished tweaking git repo https://github.com/actions-marketplace-validations/workmule_codegraph
[INFO] tweaked toml for git repo https://github.com/actions-marketplace-validations/workmule_codegraph written to /workspace/builds/worker-1-tc1/source/Cargo.toml
[INFO] validating manifest of git repo https://github.com/actions-marketplace-validations/workmule_codegraph on toolchain 3154cc1a3e6424e44f438a95007d043ed5ceaaf6
[INFO] running `Command { std: CARGO_HOME="/workspace/cargo-home" RUSTUP_HOME="/workspace/rustup-home" "/workspace/cargo-home/bin/cargo" "+3154cc1a3e6424e44f438a95007d043ed5ceaaf6" "metadata" "--manifest-path" "Cargo.toml" "--no-deps", kill_on_drop: false }`
[INFO] crate git repo https://github.com/actions-marketplace-validations/workmule_codegraph already has a lockfile, it will not be regenerated
[INFO] running `Command { std: CARGO_HOME="/workspace/cargo-home" RUSTUP_HOME="/workspace/rustup-home" "/workspace/cargo-home/bin/cargo" "+3154cc1a3e6424e44f438a95007d043ed5ceaaf6" "fetch" "--manifest-path" "Cargo.toml", kill_on_drop: false }`
[INFO] [stderr]     Updating crates.io index
[INFO] [stderr]  Downloading crates ...
[INFO] [stderr]   Downloaded tree-sitter-nix v0.3.0
[INFO] [stderr]   Downloaded sse-stream v0.2.1
[INFO] [stderr]   Downloaded tree-sitter-lua v0.2.0
[INFO] [stderr]   Downloaded tree-sitter-clojure-orchard v0.2.5
[INFO] [stderr]   Downloaded rmcp-macros v0.14.0
[INFO] [stderr]   Downloaded tree-sitter-erlang v0.14.0
[INFO] [stderr]   Downloaded tree-sitter-elm v5.9.0
[INFO] [stderr]   Downloaded notify-debouncer-full v0.5.0
[INFO] [stderr]   Downloaded tree-sitter-r v1.2.0
[INFO] [stderr]   Downloaded tree-sitter-zig v1.1.2
[INFO] [stderr]   Downloaded rmcp v0.14.0
[INFO] [stderr]   Downloaded sqlite-vec v0.1.6
[INFO] [stderr]   Downloaded tree-sitter-powershell v0.25.10
[INFO] [stderr]   Downloaded tree-sitter-dart-orchard v0.3.2
[INFO] [stderr]   Downloaded tree-sitter-groovy v0.1.2
[INFO] [stderr]   Downloaded tree-sitter-elixir v0.3.4
[INFO] [stderr]   Downloaded tree-sitter-swift v0.7.1
[INFO] [stderr]   Downloaded tree-sitter-haskell v0.23.1
[INFO] [stderr]   Downloaded tree-sitter-scala v0.23.4
[INFO] [stderr]   Downloaded tree-sitter-fortran v0.5.1
[INFO] [stderr]   Downloaded tree-sitter-verilog v1.0.3
[INFO] [stderr]   Downloaded tree-sitter-julia v0.23.1
[INFO] [stderr]   Downloaded dary_heap v0.3.8
[INFO] [stderr]   Downloaded tar v0.4.44
[INFO] running `Command { std: "docker" "create" "-v" "/var/lib/crater-agent-workspace/builds/worker-1-tc1/source:/opt/rustwide/workdir:ro,Z" "-v" "/var/lib/crater-agent-workspace/builds/worker-1-tc1/target:/opt/rustwide/target:rw,Z" "-v" "/var/lib/crater-agent-workspace/cargo-home:/opt/rustwide/cargo-home:ro,Z" "-v" "/var/lib/crater-agent-workspace/rustup-home:/opt/rustwide/rustup-home:ro,Z" "-m" "1610612736" "--network" "none" "ghcr.io/rust-lang/crates-build-env/linux@sha256:77db811e55d90add9212f6832c23229e3de5f1c1f9905e8cb07319ea15df73ac" "sleep" "infinity", kill_on_drop: false }`
[INFO] [stdout] 6489f730411053a508c056738235708191cadd98021af063dad776b905631d6c
[INFO] running `Command { std: "docker" "start" "6489f730411053a508c056738235708191cadd98021af063dad776b905631d6c", kill_on_drop: false }`
[INFO] running `Command { std: "docker" "inspect" "6489f730411053a508c056738235708191cadd98021af063dad776b905631d6c", kill_on_drop: false }`
[INFO] running `Command { std: "docker" "exec" "-e" "SOURCE_DIR=/opt/rustwide/workdir" "-e" "CARGO_HOME=/opt/rustwide/cargo-home" "-e" "RUSTUP_HOME=/opt/rustwide/rustup-home" "-e" "CARGO_TARGET_DIR=/opt/rustwide/target" "-w" "/opt/rustwide/workdir" "--user" "0:0" "6489f730411053a508c056738235708191cadd98021af063dad776b905631d6c" "/opt/rustwide/cargo-home/bin/cargo" "+3154cc1a3e6424e44f438a95007d043ed5ceaaf6" "metadata" "--no-deps" "--format-version=1", kill_on_drop: false }`
[INFO] running `Command { std: "docker" "inspect" "6489f730411053a508c056738235708191cadd98021af063dad776b905631d6c", kill_on_drop: false }`
[INFO] running `Command { std: "docker" "exec" "-e" "SOURCE_DIR=/opt/rustwide/workdir" "-e" "CARGO_HOME=/opt/rustwide/cargo-home" "-e" "RUSTUP_HOME=/opt/rustwide/rustup-home" "-e" "CARGO_TARGET_DIR=/opt/rustwide/target" "-e" "CARGO_INCREMENTAL=0" "-e" "RUST_BACKTRACE=full" "-e" "RUSTFLAGS=--cap-lints=forbid -Znext-solver=coherence" "-e" "RUSTDOCFLAGS=--cap-lints=forbid" "-w" "/opt/rustwide/workdir" "--user" "0:0" "6489f730411053a508c056738235708191cadd98021af063dad776b905631d6c" "/opt/rustwide/cargo-home/bin/cargo" "+3154cc1a3e6424e44f438a95007d043ed5ceaaf6" "check" "--frozen" "--all" "--all-targets" "--message-format=json", kill_on_drop: false }`
[INFO] [stderr]    Compiling tree-sitter-language v0.1.7
[INFO] [stderr]    Compiling displaydoc v0.2.5
[INFO] [stderr]    Compiling serde_core v1.0.228
[INFO] [stderr]    Compiling zerocopy v0.8.39
[INFO] [stderr]    Compiling zerocopy-derive v0.8.39
[INFO] [stderr]    Compiling zerofrom v0.1.6
[INFO] [stderr]     Checking mio v1.1.1
[INFO] [stderr]     Checking tracing-core v0.1.36
[INFO] [stderr]     Checking socket2 v0.6.2
[INFO] [stderr]    Compiling tracing-attributes v0.1.31
[INFO] [stderr]    Compiling libc v0.2.180
[INFO] [stderr]     Checking either v1.15.0
[INFO] [stderr]    Compiling litemap v0.8.1
[INFO] [stderr]    Compiling writeable v0.6.2
[INFO] [stderr]     Checking futures-util v0.3.31
[INFO] [stderr]    Compiling openssl-sys v0.9.111
[INFO] [stderr]    Compiling yoke v0.8.1
[INFO] [stderr]    Compiling serde_json v1.0.149
[INFO] [stderr]    Compiling zeroize v1.8.2
[INFO] [stderr]    Compiling rustls v0.23.36
[INFO] [stderr]    Compiling zerovec v0.11.5
[INFO] [stderr]    Compiling icu_properties_data v2.1.2
[INFO] [stderr]    Compiling icu_normalizer_data v2.1.1
[INFO] [stderr]     Checking regex-automata v0.4.14
[INFO] [stderr]     Checking rayon v1.11.0
[INFO] [stderr]    Compiling equator-macro v0.4.2
[INFO] [stderr]    Compiling openssl v0.10.75
[INFO] [stderr]    Compiling rustix v1.1.3
[INFO] [stderr]    Compiling rustls-pki-types v1.14.0
[INFO] [stderr]    Compiling native-tls v0.2.14
[INFO] [stderr]    Compiling linux-raw-sys v0.11.0
[INFO] [stderr]     Checking tokio v1.49.0
[INFO] [stderr]    Compiling percent-encoding v2.3.2
[INFO] [stderr]    Compiling potential_utf v0.1.4
[INFO] [stderr]     Checking equator v0.4.2
[INFO] [stderr]    Compiling tinystr v0.8.2
[INFO] [stderr]    Compiling zerotrie v0.2.3
[INFO] [stderr]    Compiling icu_collections v2.1.1
[INFO] [stderr]    Compiling icu_locale_core v2.1.1
[INFO] [stderr]    Compiling bitflags v2.10.0
[INFO] [stderr]     Checking aligned-vec v0.6.4
[INFO] [stderr]    Compiling form_urlencoded v1.2.2
[INFO] [stderr]    Compiling webpki-roots v1.0.6
[INFO] [stderr]    Compiling getrandom v0.2.17
[INFO] [stderr]    Compiling darling_core v0.20.11
[INFO] [stderr]     Checking num-bigint v0.4.6
[INFO] [stderr]    Compiling ahash v0.8.12
[INFO] [stderr]    Compiling icu_provider v2.1.1
[INFO] [stderr]    Compiling ring v0.17.14
[INFO] [stderr]    Compiling simd-adler32 v0.3.8
[INFO] [stderr]     Checking tracing v0.1.44
[INFO] [stderr]    Compiling miniz_oxide v0.8.9
[INFO] [stderr]    Compiling socks v0.3.4
[INFO] [stderr]     Checking flate2 v1.1.9
[INFO] [stderr]     Checking serde v1.0.228
[INFO] [stderr]    Compiling icu_normalizer v2.1.1
[INFO] [stderr]    Compiling icu_properties v2.1.2
[INFO] [stderr]    Compiling webpki-roots v0.26.11
[INFO] [stderr]    Compiling filetime v0.2.27
[INFO] [stderr]     Checking v_frame v0.3.9
[INFO] [stderr]    Compiling xattr v1.6.1
[INFO] [stderr]     Checking itertools v0.14.0
[INFO] [stderr]    Compiling zmij v1.0.19
[INFO] [stderr]     Checking as-slice v0.2.1
[INFO] [stderr]     Checking num-rational v0.4.2
[INFO] [stderr]    Compiling built v0.8.0
[INFO] [stderr]    Compiling av-scenechange v0.14.1
[INFO] [stderr]    Compiling memchr v2.8.0
[INFO] [stderr]    Compiling itoa v1.0.17
[INFO] [stderr]    Compiling rustls-webpki v0.103.9
[INFO] [stderr]     Checking aligned v0.4.3
[INFO] [stderr]    Compiling idna_adapter v1.2.1
[INFO] [stderr]    Compiling idna v1.1.0
[INFO] [stderr]    Compiling rav1e v0.8.1
[INFO] [stderr]    Compiling tar v0.4.44
[INFO] [stderr]     Checking serde_urlencoded v0.7.1
[INFO] [stderr]     Checking core2 v0.4.0
[INFO] [stderr]    Compiling onig_sys v69.9.1
[INFO] [stderr]    Compiling url v2.5.8
[INFO] [stderr]     Checking nom v8.0.0
[INFO] [stderr]    Compiling profiling-procmacros v1.0.17
[INFO] [stderr]    Compiling arg_enum_proc_macro v0.3.4
[INFO] [stderr]    Compiling pastey v0.1.1
[INFO] [stderr]     Checking y4m v0.8.0
[INFO] [stderr]     Checking console v0.15.11
[INFO] [stderr]    Compiling portable-atomic v1.13.1
[INFO] [stderr]     Checking profiling v1.0.17
[INFO] [stderr]     Checking bitstream-io v4.9.0
[INFO] [stderr]    Compiling darling_macro v0.20.11
[INFO] [stderr]     Checking maybe-rayon v0.1.1
[INFO] [stderr]     Checking regex v1.12.3
[INFO] [stderr]    Compiling darling v0.20.11
[INFO] [stderr]    Compiling darling_core v0.23.0
[INFO] [stderr]    Compiling fax_derive v0.2.0
[INFO] [stderr]    Compiling derive_builder_core v0.20.2
[INFO] [stderr]    Compiling simd_helpers v0.1.0
[INFO] [stderr]    Compiling esaxx-rs v0.1.10
[INFO] [stderr]     Checking imgref v1.12.0
[INFO] [stderr]    Compiling noop_proc_macro v0.3.0
[INFO] [stderr]     Checking fax v0.2.6
[INFO] [stderr]     Checking castaway v0.2.4
[INFO] [stderr]     Checking dirs-sys v0.5.0
[INFO] [stderr]     Checking loop9 v0.1.5
[INFO] [stderr]     Checking avif-serialize v0.8.6
[INFO] [stderr]     Checking zune-inflate v0.2.54
[INFO] [stderr]     Checking num-complex v0.4.6
[INFO] [stderr]    Compiling libsqlite3-sys v0.30.1
[INFO] [stderr]     Checking pxfm v0.1.27
[INFO] [stderr]     Checking inotify-sys v0.1.5
[INFO] [stderr]    Compiling ref-cast-impl v1.0.25
[INFO] [stderr]    Compiling monostate-impl v0.1.18
[INFO] [stderr]    Compiling serde_derive_internals v0.29.1
[INFO] [stderr]     Checking bytemuck v1.25.0
[INFO] [stderr]    Compiling derive_builder_macro v0.20.2
[INFO] [stderr]    Compiling macro_rules_attribute-proc_macro v0.2.2
[INFO] [stderr]     Checking lebe v0.5.3
[INFO] [stderr]     Checking rgb v0.8.52
[INFO] [stderr]     Checking zune-core v0.5.1
[INFO] [stderr]     Checking bit_field v0.10.3
[INFO] [stderr]     Checking compact_str v0.9.0
[INFO] [stderr]     Checking spm_precompiled v0.1.4
[INFO] [stderr]     Checking zune-jpeg v0.5.12
[INFO] [stderr]     Checking tokio-util v0.7.18
[INFO] [stderr]     Checking tower v0.5.3
[INFO] [stderr]     Checking tempfile v3.24.0
[INFO] [stderr]     Checking macro_rules_attribute v0.2.2
[INFO] [stderr]    Compiling schemars_derive v1.2.1
[INFO] [stderr]     Checking clap_builder v4.5.57
[INFO] [stderr]     Checking tokio-native-tls v0.3.1
[INFO] [stderr]     Checking derive_builder v0.20.2
[INFO] [stderr]     Checking ref-cast v1.0.25
[INFO] [stderr]     Checking indicatif v0.17.11
[INFO] [stderr]     Checking monostate v0.1.18
[INFO] [stderr]     Checking chrono v0.4.43
[INFO] [stderr]     Checking gif v0.14.1
[INFO] [stderr]     Checking ppv-lite86 v0.2.21
[INFO] [stderr]     Checking half v2.7.1
[INFO] [stderr]     Checking h2 v0.4.13
[INFO] [stderr]     Checking tower-http v0.6.8
[INFO] [stderr]    Compiling tree-sitter v0.25.10
[INFO] [stderr]     Checking hashbrown v0.14.5
[INFO] [stderr]     Checking qoi v0.4.1
[INFO] [stderr]     Checking ureq v2.12.1
[INFO] [stderr]     Checking image-webp v0.2.4
[INFO] [stderr]     Checking rand_chacha v0.9.0
[INFO] [stderr]     Checking av1-grain v0.2.5
[INFO] [stderr]     Checking rand v0.9.2
[INFO] [stderr]     Checking inotify v0.11.0
[INFO] [stderr]     Checking tiff v0.10.3
[INFO] [stderr]     Checking exr v1.74.0
[INFO] [stderr]     Checking ndarray v0.16.1
[INFO] [stderr]     Checking png v0.18.0
[INFO] [stderr]     Checking dirs v6.0.0
[INFO] [stderr]     Checking moxcms v0.7.11
[INFO] [stderr]     Checking crypto-common v0.1.7
[INFO] [stderr]     Checking rayon-cond v0.4.0
[INFO] [stderr]     Checking futures-executor v0.3.31
[INFO] [stderr]     Checking axum-core v0.5.6
[INFO] [stderr]     Checking dary_heap v0.3.8
[INFO] [stderr]     Checking serde_path_to_error v0.1.20
[INFO] [stderr]     Checking unicode-normalization-alignments v0.1.12
[INFO] [stderr]     Checking notify-types v2.1.0
[INFO] [stderr]    Compiling sqlite-vec v0.1.6
[INFO] [stderr]    Compiling tree-sitter-bash v0.23.3
[INFO] [stderr]    Compiling darling_macro v0.23.0
[INFO] [stderr]    Compiling tree-sitter-c v0.23.4
[INFO] [stderr]     Checking onig v6.5.1
[INFO] [stderr]    Compiling tree-sitter-c-sharp v0.23.1
[INFO] [stderr]    Compiling tree-sitter-clojure-orchard v0.2.5
[INFO] [stderr]    Compiling tree-sitter-cpp v0.23.4
[INFO] [stderr]    Compiling darling v0.23.0
[INFO] [stderr]    Compiling tree-sitter-dart-orchard v0.3.2
[INFO] [stderr]    Compiling tree-sitter-elixir v0.3.4
[INFO] [stderr]    Compiling tree-sitter-elm v5.9.0
[INFO] [stderr]    Compiling tree-sitter-erlang v0.14.0
[INFO] [stderr]    Compiling tree-sitter-fortran v0.5.1
[INFO] [stderr]    Compiling tree-sitter-go v0.23.4
[INFO] [stderr]    Compiling tree-sitter-groovy v0.1.2
[INFO] [stderr]    Compiling tree-sitter-haskell v0.23.1
[INFO] [stderr]    Compiling tree-sitter-java v0.23.5
[INFO] [stderr]    Compiling tree-sitter-javascript v0.23.1
[INFO] [stderr]    Compiling tree-sitter-julia v0.23.1
[INFO] [stderr]    Compiling tree-sitter-kotlin-ng v1.1.0
[INFO] [stderr]    Compiling tree-sitter-lua v0.2.0
[INFO] [stderr]    Compiling tree-sitter-nix v0.3.0
[INFO] [stderr]    Compiling tree-sitter-php v0.23.11
[INFO] [stderr]    Compiling tree-sitter-powershell v0.25.10
[INFO] [stderr]    Compiling tree-sitter-python v0.23.6
[INFO] [stderr]    Compiling tree-sitter-r v1.2.0
[INFO] [stderr]    Compiling tree-sitter-ruby v0.23.1
[INFO] [stderr]    Compiling tree-sitter-rust v0.23.3
[INFO] [stderr]    Compiling tree-sitter-scala v0.23.4
[INFO] [stderr]    Compiling tree-sitter-swift v0.7.1
[INFO] [stderr]    Compiling tree-sitter-typescript v0.23.2
[INFO] [stderr]    Compiling tree-sitter-verilog v1.0.3
[INFO] [stderr]    Compiling tree-sitter-zig v1.1.2
[INFO] [stderr]    Compiling rmcp v0.14.0
[INFO] [stderr]     Checking schemars v1.2.1
[INFO] [stderr]     Checking tokenizers v0.21.4
[INFO] [stderr]    Compiling ort-sys v2.0.0-rc.9
[INFO] [stderr] error: failed to run custom build command for `ort-sys v2.0.0-rc.9`
[INFO] [stderr] note: To improve backtraces for build dependencies, set the CARGO_PROFILE_DEV_BUILD_OVERRIDE_DEBUG=true environment variable to enable debug information generation.
[INFO] [stderr] 
[INFO] [stderr] Caused by:
[INFO] [stderr]   process didn't exit successfully: `/opt/rustwide/target/debug/build/ort-sys/9ba498ef2accdc99/out/build_script_build` (exit status: 101)
[INFO] [stderr]   --- stdout
[INFO] [stderr]   cargo:rerun-if-env-changed=LIBONNXRUNTIME_NO_PKG_CONFIG
[INFO] [stderr]   cargo:rerun-if-env-changed=PKG_CONFIG_x86_64-unknown-linux-gnu
[INFO] [stderr]   cargo:rerun-if-env-changed=PKG_CONFIG_x86_64_unknown_linux_gnu
[INFO] [stderr]   cargo:rerun-if-env-changed=HOST_PKG_CONFIG
[INFO] [stderr]   cargo:rerun-if-env-changed=PKG_CONFIG
[INFO] [stderr]   cargo:rerun-if-env-changed=LIBONNXRUNTIME_STATIC
[INFO] [stderr]   cargo:rerun-if-env-changed=LIBONNXRUNTIME_DYNAMIC
[INFO] [stderr]   cargo:rerun-if-env-changed=PKG_CONFIG_ALL_STATIC
[INFO] [stderr]   cargo:rerun-if-env-changed=PKG_CONFIG_ALL_DYNAMIC
[INFO] [stderr]   cargo:rerun-if-env-changed=PKG_CONFIG_PATH_x86_64-unknown-linux-gnu
[INFO] [stderr]   cargo:rerun-if-env-changed=PKG_CONFIG_PATH_x86_64_unknown_linux_gnu
[INFO] [stderr]   cargo:rerun-if-env-changed=HOST_PKG_CONFIG_PATH
[INFO] [stderr]   cargo:rerun-if-env-changed=PKG_CONFIG_PATH
[INFO] [stderr]   cargo:rerun-if-env-changed=PKG_CONFIG_LIBDIR_x86_64-unknown-linux-gnu
[INFO] [stderr]   cargo:rerun-if-env-changed=PKG_CONFIG_LIBDIR_x86_64_unknown_linux_gnu
[INFO] [stderr]   cargo:rerun-if-env-changed=HOST_PKG_CONFIG_LIBDIR
[INFO] [stderr]   cargo:rerun-if-env-changed=PKG_CONFIG_LIBDIR
[INFO] [stderr]   cargo:rerun-if-env-changed=PKG_CONFIG_SYSROOT_DIR_x86_64-unknown-linux-gnu
[INFO] [stderr]   cargo:rerun-if-env-changed=PKG_CONFIG_SYSROOT_DIR_x86_64_unknown_linux_gnu
[INFO] [stderr]   cargo:rerun-if-env-changed=HOST_PKG_CONFIG_SYSROOT_DIR
[INFO] [stderr]   cargo:rerun-if-env-changed=PKG_CONFIG_SYSROOT_DIR
[INFO] [stderr]   onnxruntime not found using pkg-config, falling back to manual setup.
[INFO] [stderr]   cargo:rerun-if-env-changed=ORT_LIB_LOCATION
[INFO] [stderr]   cargo:rerun-if-env-changed=ORT_LIB_PROFILE
[INFO] [stderr]   cargo:rerun-if-env-changed=ORT_PREFER_DYNAMIC_LINK
[INFO] [stderr]   cargo:rerun-if-env-changed=ORT_CXX_STDLIB
[INFO] [stderr]   cargo:rerun-if-env-changed=CXXSTDLIB
[INFO] [stderr]   selected feature set: none
[INFO] [stderr] 
[INFO] [stderr]   --- stderr
[INFO] [stderr] 
[INFO] [stderr]   thread 'main' (3156) panicked at /opt/rustwide/cargo-home/registry/src/index.crates.io-1949cf8c6b5b557f/ort-sys-2.0.0-rc.9/build.rs:31:31:
[INFO] [stderr]   Failed to GET `https://parcel.pyke.io/v2/delivery/ortrs/packages/msort-binary/1.20.0/ortrs_static-v1.20.0-x86_64-unknown-linux-gnu.tgz`: https://parcel.pyke.io/v2/delivery/ortrs/packages/msort-binary/1.20.0/ortrs_static-v1.20.0-x86_64-unknown-linux-gnu.tgz: Dns Failed: resolve dns name 'parcel.pyke.io:443': failed to lookup address information: Temporary failure in name resolution
[INFO] [stderr]   stack backtrace:
[INFO] [stderr]      0:     0x5f40f2c30161 - std[3164a59e47d3bde]::backtrace_rs::backtrace::libunwind::trace
[INFO] [stderr]                                  at /rustc/3154cc1a3e6424e44f438a95007d043ed5ceaaf6/library/std/src/../../backtrace/src/backtrace/libunwind.rs:117:9
[INFO] [stderr]      1:     0x5f40f2c30161 - std[3164a59e47d3bde]::backtrace_rs::backtrace::trace_unsynchronized::<std[3164a59e47d3bde]::sys::backtrace::_print_fmt::{closure#1}>
[INFO] [stderr]                                  at /rustc/3154cc1a3e6424e44f438a95007d043ed5ceaaf6/library/std/src/../../backtrace/src/backtrace/mod.rs:66:14
[INFO] [stderr]      2:     0x5f40f2c30161 - std[3164a59e47d3bde]::sys::backtrace::_print_fmt
[INFO] [stderr]                                  at /rustc/3154cc1a3e6424e44f438a95007d043ed5ceaaf6/library/std/src/sys/backtrace.rs:74:9
[INFO] [stderr]      3:     0x5f40f2c30161 - <<std[3164a59e47d3bde]::sys::backtrace::BacktraceLock>::print::DisplayBacktrace as core[934024a1e6126fb4]::fmt::Display>::fmt
[INFO] [stderr]                                  at /rustc/3154cc1a3e6424e44f438a95007d043ed5ceaaf6/library/std/src/sys/backtrace.rs:44:26
[INFO] [stderr]      4:     0x5f40f2c458ca - <core[934024a1e6126fb4]::fmt::rt::Argument>::fmt
[INFO] [stderr]                                  at /rustc/3154cc1a3e6424e44f438a95007d043ed5ceaaf6/library/core/src/fmt/rt.rs:152:76
[INFO] [stderr]      5:     0x5f40f2c458ca - core[934024a1e6126fb4]::fmt::write
[INFO] [stderr]      6:     0x5f40f2c34dac - core[934024a1e6126fb4]::io::write::default_write_fmt::<std[3164a59e47d3bde]::sys::stdio::unix::Stderr>
[INFO] [stderr]                                  at /rustc/3154cc1a3e6424e44f438a95007d043ed5ceaaf6/library/core/src/io/write.rs:402:11
[INFO] [stderr]      7:     0x5f40f2c34dac - <std[3164a59e47d3bde]::sys::stdio::unix::Stderr as core[934024a1e6126fb4]::io::write::Write>::write_fmt
[INFO] [stderr]                                  at /rustc/3154cc1a3e6424e44f438a95007d043ed5ceaaf6/library/core/src/io/write.rs:335:13
[INFO] [stderr]      8:     0x5f40f2c0cba6 - <std[3164a59e47d3bde]::sys::backtrace::BacktraceLock>::print
[INFO] [stderr]                                  at /rustc/3154cc1a3e6424e44f438a95007d043ed5ceaaf6/library/std/src/sys/backtrace.rs:47:9
[INFO] [stderr]      9:     0x5f40f2c0cba6 - std[3164a59e47d3bde]::panicking::default_hook::{closure#0}
[INFO] [stderr]                                  at /rustc/3154cc1a3e6424e44f438a95007d043ed5ceaaf6/library/std/src/panicking.rs:289:27
[INFO] [stderr]     10:     0x5f40f2c2a1e1 - std[3164a59e47d3bde]::panicking::default_hook
[INFO] [stderr]                                  at /rustc/3154cc1a3e6424e44f438a95007d043ed5ceaaf6/library/std/src/panicking.rs:316:9
[INFO] [stderr]     11:     0x5f40f2c2a39b - std[3164a59e47d3bde]::panicking::panic_with_hook
[INFO] [stderr]                                  at /rustc/3154cc1a3e6424e44f438a95007d043ed5ceaaf6/library/std/src/panicking.rs:811:13
[INFO] [stderr]     12:     0x5f40f2c0cc52 - std[3164a59e47d3bde]::panicking::panic_handler::{closure#0}
[INFO] [stderr]                                  at /rustc/3154cc1a3e6424e44f438a95007d043ed5ceaaf6/library/std/src/panicking.rs:685:13
[INFO] [stderr]     13:     0x5f40f2c056c9 - std[3164a59e47d3bde]::sys::backtrace::__rust_end_short_backtrace::<std[3164a59e47d3bde]::panicking::panic_handler::{closure#0}, !>
[INFO] [stderr]                                  at /rustc/3154cc1a3e6424e44f438a95007d043ed5ceaaf6/library/std/src/sys/backtrace.rs:182:18
[INFO] [stderr]     14:     0x5f40f2c0d91d - __rustc[2e7b49d4226056d3]::rust_begin_unwind
[INFO] [stderr]                                  at /rustc/3154cc1a3e6424e44f438a95007d043ed5ceaaf6/library/std/src/panicking.rs:676:5
[INFO] [stderr]     15:     0x5f40f2c460bc - core[934024a1e6126fb4]::panicking::panic_fmt
[INFO] [stderr]                                  at /rustc/3154cc1a3e6424e44f438a95007d043ed5ceaaf6/library/core/src/panicking.rs:80:14
[INFO] [stderr]     16:     0x5f40f291b31d - build_script_build[62038c1eae99d4de]::fetch_file::{closure#0}
[INFO] [stderr]     17:     0x5f40f2914f94 - <core[934024a1e6126fb4]::result::Result<ureq[a2ce7ea6e6f658b3]::response::Response, ureq[a2ce7ea6e6f658b3]::error::Error>>::unwrap_or_else::<build_script_build[62038c1eae99d4de]::fetch_file::{closure#0}>
[INFO] [stderr]     18:     0x5f40f291bc16 - build_script_build[62038c1eae99d4de]::fetch_file
[INFO] [stderr]     19:     0x5f40f2923021 - build_script_build[62038c1eae99d4de]::prepare_libort_dir
[INFO] [stderr]     20:     0x5f40f2924d01 - build_script_build[62038c1eae99d4de]::real_main
[INFO] [stderr]     21:     0x5f40f2924a6a - build_script_build[62038c1eae99d4de]::main
[INFO] [stderr]     22:     0x5f40f2919f93 - <fn() as core[934024a1e6126fb4]::ops::function::FnOnce<()>>::call_once
[INFO] [stderr]     23:     0x5f40f2910ac6 - std[3164a59e47d3bde]::sys::backtrace::__rust_begin_short_backtrace::<fn(), ()>
[INFO] [stderr]     24:     0x5f40f2916df9 - std[3164a59e47d3bde]::rt::lang_start::<()>::{closure#0}
[INFO] [stderr]     25:     0x5f40f2c29658 - <&dyn core[934024a1e6126fb4]::ops::function::Fn<(), Output = i32> + core[934024a1e6126fb4]::marker::Sync + core[934024a1e6126fb4]::panic::unwind_safe::RefUnwindSafe as core[934024a1e6126fb4]::ops::function::FnOnce<()>>::call_once
[INFO] [stderr]                                  at /rustc/3154cc1a3e6424e44f438a95007d043ed5ceaaf6/library/core/src/ops/function.rs:287:21
[INFO] [stderr]     26:     0x5f40f2c29658 - std[3164a59e47d3bde]::panicking::catch_unwind::do_call::<&dyn core[934024a1e6126fb4]::ops::function::Fn<(), Output = i32> + core[934024a1e6126fb4]::marker::Sync + core[934024a1e6126fb4]::panic::unwind_safe::RefUnwindSafe, i32>
[INFO] [stderr]                                  at /rustc/3154cc1a3e6424e44f438a95007d043ed5ceaaf6/library/std/src/panicking.rs:573:43
[INFO] [stderr]     27:     0x5f40f2c29658 - std[3164a59e47d3bde]::panicking::catch_unwind::<i32, &dyn core[934024a1e6126fb4]::ops::function::Fn<(), Output = i32> + core[934024a1e6126fb4]::marker::Sync + core[934024a1e6126fb4]::panic::unwind_safe::RefUnwindSafe>
[INFO] [stderr]                                  at /rustc/3154cc1a3e6424e44f438a95007d043ed5ceaaf6/library/std/src/panicking.rs:541:19
[INFO] [stderr]     28:     0x5f40f2c29658 - std[3164a59e47d3bde]::panic::catch_unwind::<&dyn core[934024a1e6126fb4]::ops::function::Fn<(), Output = i32> + core[934024a1e6126fb4]::marker::Sync + core[934024a1e6126fb4]::panic::unwind_safe::RefUnwindSafe, i32>
[INFO] [stderr]                                  at /rustc/3154cc1a3e6424e44f438a95007d043ed5ceaaf6/library/std/src/panic.rs:359:14
[INFO] [stderr]     29:     0x5f40f2c29658 - std[3164a59e47d3bde]::rt::lang_start_internal::{closure#0}
[INFO] [stderr]                                  at /rustc/3154cc1a3e6424e44f438a95007d043ed5ceaaf6/library/std/src/rt.rs:175:24
[INFO] [stderr]     30:     0x5f40f2c29658 - std[3164a59e47d3bde]::panicking::catch_unwind::do_call::<std[3164a59e47d3bde]::rt::lang_start_internal::{closure#0}, isize>
[INFO] [stderr]                                  at /rustc/3154cc1a3e6424e44f438a95007d043ed5ceaaf6/library/std/src/panicking.rs:573:43
[INFO] [stderr]     31:     0x5f40f2c29658 - std[3164a59e47d3bde]::panicking::catch_unwind::<isize, std[3164a59e47d3bde]::rt::lang_start_internal::{closure#0}>
[INFO] [stderr]                                  at /rustc/3154cc1a3e6424e44f438a95007d043ed5ceaaf6/library/std/src/panicking.rs:541:19
[INFO] [stderr]     32:     0x5f40f2c29658 - std[3164a59e47d3bde]::panic::catch_unwind::<std[3164a59e47d3bde]::rt::lang_start_internal::{closure#0}, isize>
[INFO] [stderr]                                  at /rustc/3154cc1a3e6424e44f438a95007d043ed5ceaaf6/library/std/src/panic.rs:359:14
[INFO] [stderr]     33:     0x5f40f2c29658 - std[3164a59e47d3bde]::rt::lang_start_internal
[INFO] [stderr]                                  at /rustc/3154cc1a3e6424e44f438a95007d043ed5ceaaf6/library/std/src/rt.rs:171:5
[INFO] [stderr]     34:     0x5f40f2916621 - std[3164a59e47d3bde]::rt::lang_start::<()>
[INFO] [stderr]     35:     0x5f40f29254a5 - main
[INFO] [stderr]     36:     0x71e008995601 - <unknown>
[INFO] [stderr]     37:     0x71e008995718 - __libc_start_main
[INFO] [stderr]     38:     0x5f40f290e465 - _start
[INFO] [stderr]     39:                0x0 - <unknown>
[INFO] [stderr] warning: build failed, waiting for other jobs to finish...
[INFO] [stderr] warning: libsqlite3-sys@0.30.1: cc: fatal error: Killed signal terminated program cc1
[INFO] [stderr] warning: libsqlite3-sys@0.30.1: compilation terminated.
[INFO] [stderr] error: failed to run custom build command for `libsqlite3-sys v0.30.1`
[INFO] [stderr] note: To improve backtraces for build dependencies, set the CARGO_PROFILE_DEV_BUILD_OVERRIDE_DEBUG=true environment variable to enable debug information generation.
[INFO] [stderr] 
[INFO] [stderr] Caused by:
[INFO] [stderr]   process didn't exit successfully: `/opt/rustwide/target/debug/build/libsqlite3-sys/98fee51c292f076a/out/build_script_build` (exit status: 1)
[INFO] [stderr]   --- stdout
[INFO] [stderr]   cargo:rerun-if-env-changed=LIBSQLITE3_SYS_USE_PKG_CONFIG
[INFO] [stderr]   cargo:include=/opt/rustwide/cargo-home/registry/src/index.crates.io-1949cf8c6b5b557f/libsqlite3-sys-0.30.1/sqlite3
[INFO] [stderr]   cargo:rerun-if-changed=sqlite3/sqlite3.c
[INFO] [stderr]   cargo:rerun-if-changed=sqlite3/wasm32-wasi-vfs.c
[INFO] [stderr]   cargo:rerun-if-env-changed=SQLITE_MAX_VARIABLE_NUMBER
[INFO] [stderr]   cargo:rerun-if-env-changed=SQLITE_MAX_EXPR_DEPTH
[INFO] [stderr]   cargo:rerun-if-env-changed=SQLITE_MAX_COLUMN
[INFO] [stderr]   cargo:rerun-if-env-changed=LIBSQLITE3_FLAGS
[INFO] [stderr]   OUT_DIR = Some(/opt/rustwide/target/debug/build/libsqlite3-sys/dd551195e6f04572/out)
[INFO] [stderr]   OPT_LEVEL = Some(0)
[INFO] [stderr]   TARGET = Some(x86_64-unknown-linux-gnu)
[INFO] [stderr]   CARGO_ENCODED_RUSTFLAGS = Some(--cap-lints=forbid-Znext-solver=coherence)
[INFO] [stderr]   HOST = Some(x86_64-unknown-linux-gnu)
[INFO] [stderr]   cargo:rerun-if-env-changed=CC_x86_64-unknown-linux-gnu
[INFO] [stderr]   CC_x86_64-unknown-linux-gnu = None
[INFO] [stderr]   cargo:rerun-if-env-changed=CC_x86_64_unknown_linux_gnu
[INFO] [stderr]   CC_x86_64_unknown_linux_gnu = None
[INFO] [stderr]   cargo:rerun-if-env-changed=HOST_CC
[INFO] [stderr]   HOST_CC = None
[INFO] [stderr]   cargo:rerun-if-env-changed=CC
[INFO] [stderr]   CC = None
[INFO] [stderr]   cargo:rerun-if-env-changed=CC_ENABLE_DEBUG_OUTPUT
[INFO] [stderr]   RUSTC_WRAPPER = None
[INFO] [stderr]   cargo:rerun-if-env-changed=CRATE_CC_NO_DEFAULTS
[INFO] [stderr]   CRATE_CC_NO_DEFAULTS = None
[INFO] [stderr]   DEBUG = Some(true)
[INFO] [stderr]   CARGO_CFG_TARGET_FEATURE = Some(fxsr,sse,sse2,x87)
[INFO] [stderr]   cargo:rerun-if-env-changed=CFLAGS
[INFO] [stderr]   CFLAGS = None
[INFO] [stderr]   cargo:rerun-if-env-changed=HOST_CFLAGS
[INFO] [stderr]   HOST_CFLAGS = None
[INFO] [stderr]   cargo:rerun-if-env-changed=CFLAGS_x86_64_unknown_linux_gnu
[INFO] [stderr]   CFLAGS_x86_64_unknown_linux_gnu = None
[INFO] [stderr]   cargo:rerun-if-env-changed=CFLAGS_x86_64-unknown-linux-gnu
[INFO] [stderr]   CFLAGS_x86_64-unknown-linux-gnu = None
[INFO] [stderr]   cargo:warning=cc: fatal error: Killed signal terminated program cc1
[INFO] [stderr]   cargo:warning=compilation terminated.
[INFO] [stderr] 
[INFO] [stderr]   --- stderr
[INFO] [stderr] 
[INFO] [stderr] 
[INFO] [stderr]   error occurred in cc-rs: command did not execute successfully (status code exit status: 1): LC_ALL="C" "cc" "-O0" "-ffunction-sections" "-fdata-sections" "-fPIC" "-g" "-gdwarf-4" "-fno-omit-frame-pointer" "-m64" "-w" "-DSQLITE_CORE" "-DSQLITE_DEFAULT_FOREIGN_KEYS=1" "-DSQLITE_ENABLE_API_ARMOR" "-DSQLITE_ENABLE_COLUMN_METADATA" "-DSQLITE_ENABLE_DBSTAT_VTAB" "-DSQLITE_ENABLE_FTS3" "-DSQLITE_ENABLE_FTS3_PARENTHESIS" "-DSQLITE_ENABLE_FTS5" "-DSQLITE_ENABLE_JSON1" "-DSQLITE_ENABLE_LOAD_EXTENSION=1" "-DSQLITE_ENABLE_MEMORY_MANAGEMENT" "-DSQLITE_ENABLE_RTREE" "-DSQLITE_ENABLE_STAT4" "-DSQLITE_SOUNDEX" "-DSQLITE_THREADSAFE=1" "-DSQLITE_USE_URI" "-DHAVE_USLEEP=1" "-DHAVE_ISNAN" "-D_POSIX_THREAD_SAFE_FUNCTIONS" "-DHAVE_LOCALTIME_R" "-o" "/opt/rustwide/target/debug/build/libsqlite3-sys/dd551195e6f04572/out/c877a2978823c39d-sqlite3.o" "-c" "sqlite3/sqlite3.c"
[INFO] [stderr] 
[INFO] [stderr] 
[INFO] running `Command { std: "docker" "inspect" "6489f730411053a508c056738235708191cadd98021af063dad776b905631d6c", kill_on_drop: false }`
[INFO] running `Command { std: "docker" "rm" "-f" "6489f730411053a508c056738235708191cadd98021af063dad776b905631d6c", kill_on_drop: false }`
[INFO] [stdout] 6489f730411053a508c056738235708191cadd98021af063dad776b905631d6c
