[INFO] cloning repository https://github.com/actiledev/actdb
[INFO] running `Command { std: "git" "-c" "credential.helper=" "-c" "credential.helper=/workspace/cargo-home/bin/git-credential-null" "clone" "--bare" "https://github.com/actiledev/actdb" "/workspace/cache/git-repos/https%3A%2F%2Fgithub.com%2Factiledev%2Factdb", kill_on_drop: false }`
[INFO] [stderr] Cloning into bare repository '/workspace/cache/git-repos/https%3A%2F%2Fgithub.com%2Factiledev%2Factdb'...
[INFO] running `Command { std: "git" "rev-parse" "HEAD", kill_on_drop: false }`
[INFO] [stdout] cdc155dbb3c9e9aa898b7109edb9c2b07566bb0d
[INFO] checking actiledev/actdb against 3154cc1a3e6424e44f438a95007d043ed5ceaaf6 for pr-133502-30
[INFO] running `Command { std: "git" "clone" "/workspace/cache/git-repos/https%3A%2F%2Fgithub.com%2Factiledev%2Factdb" "/workspace/builds/worker-2-tc2/source", kill_on_drop: false }`
[INFO] [stderr] Cloning into '/workspace/builds/worker-2-tc2/source'...
[INFO] [stderr] done.
[INFO] started tweaking git repo https://github.com/actiledev/actdb
[INFO] finished tweaking git repo https://github.com/actiledev/actdb
[INFO] tweaked toml for git repo https://github.com/actiledev/actdb written to /workspace/builds/worker-2-tc2/source/Cargo.toml
[INFO] validating manifest of git repo https://github.com/actiledev/actdb on toolchain 3154cc1a3e6424e44f438a95007d043ed5ceaaf6
[INFO] running `Command { std: CARGO_HOME="/workspace/cargo-home" RUSTUP_HOME="/workspace/rustup-home" "/workspace/cargo-home/bin/cargo" "+3154cc1a3e6424e44f438a95007d043ed5ceaaf6" "metadata" "--manifest-path" "Cargo.toml" "--no-deps", kill_on_drop: false }`
[INFO] crate git repo https://github.com/actiledev/actdb already has a lockfile, it will not be regenerated
[INFO] running `Command { std: CARGO_HOME="/workspace/cargo-home" RUSTUP_HOME="/workspace/rustup-home" "/workspace/cargo-home/bin/cargo" "+3154cc1a3e6424e44f438a95007d043ed5ceaaf6" "fetch" "--manifest-path" "Cargo.toml", kill_on_drop: false }`
[INFO] running `Command { std: "docker" "create" "-v" "/var/lib/crater-agent-workspace/builds/worker-2-tc2/source:/opt/rustwide/workdir:ro,Z" "-v" "/var/lib/crater-agent-workspace/builds/worker-2-tc2/target:/opt/rustwide/target:rw,Z" "-v" "/var/lib/crater-agent-workspace/cargo-home:/opt/rustwide/cargo-home:ro,Z" "-v" "/var/lib/crater-agent-workspace/rustup-home:/opt/rustwide/rustup-home:ro,Z" "-m" "1610612736" "--network" "none" "ghcr.io/rust-lang/crates-build-env/linux@sha256:77db811e55d90add9212f6832c23229e3de5f1c1f9905e8cb07319ea15df73ac" "sleep" "infinity", kill_on_drop: false }`
[INFO] [stdout] e8f2ef93c233706b60dc98c01e9f2f27db47cbde3703a2095751b875e0a8d260
[INFO] running `Command { std: "docker" "start" "e8f2ef93c233706b60dc98c01e9f2f27db47cbde3703a2095751b875e0a8d260", kill_on_drop: false }`
[INFO] running `Command { std: "docker" "inspect" "e8f2ef93c233706b60dc98c01e9f2f27db47cbde3703a2095751b875e0a8d260", kill_on_drop: false }`
[INFO] running `Command { std: "docker" "exec" "-e" "SOURCE_DIR=/opt/rustwide/workdir" "-e" "CARGO_HOME=/opt/rustwide/cargo-home" "-e" "RUSTUP_HOME=/opt/rustwide/rustup-home" "-e" "CARGO_TARGET_DIR=/opt/rustwide/target" "-w" "/opt/rustwide/workdir" "--user" "0:0" "e8f2ef93c233706b60dc98c01e9f2f27db47cbde3703a2095751b875e0a8d260" "/opt/rustwide/cargo-home/bin/cargo" "+3154cc1a3e6424e44f438a95007d043ed5ceaaf6" "metadata" "--no-deps" "--format-version=1", kill_on_drop: false }`
[INFO] running `Command { std: "docker" "inspect" "e8f2ef93c233706b60dc98c01e9f2f27db47cbde3703a2095751b875e0a8d260", kill_on_drop: false }`
[INFO] running `Command { std: "docker" "exec" "-e" "SOURCE_DIR=/opt/rustwide/workdir" "-e" "CARGO_HOME=/opt/rustwide/cargo-home" "-e" "RUSTUP_HOME=/opt/rustwide/rustup-home" "-e" "CARGO_TARGET_DIR=/opt/rustwide/target" "-e" "CARGO_INCREMENTAL=0" "-e" "RUST_BACKTRACE=full" "-e" "RUSTFLAGS=--cap-lints=forbid" "-e" "RUSTDOCFLAGS=--cap-lints=forbid" "-w" "/opt/rustwide/workdir" "--user" "0:0" "e8f2ef93c233706b60dc98c01e9f2f27db47cbde3703a2095751b875e0a8d260" "/opt/rustwide/cargo-home/bin/cargo" "+3154cc1a3e6424e44f438a95007d043ed5ceaaf6" "check" "--frozen" "--all" "--all-targets" "--message-format=json", kill_on_drop: false }`
[INFO] [stderr]    Compiling libc v0.2.189
[INFO] [stderr]     Checking once_cell v1.21.4
[INFO] [stderr]     Checking rustix v1.1.4
[INFO] [stderr]     Checking thiserror v2.0.19
[INFO] [stderr]     Checking actdb v0.1.3 (/opt/rustwide/workdir)
[INFO] [stdout] error[E0432]: unresolved import `crate::Storage`
[INFO] [stdout]  --> src/cache.rs:7:5
[INFO] [stdout]   |
[INFO] [stdout] 7 | use crate::Storage;
[INFO] [stdout]   |     ^^^^^^^-------
[INFO] [stdout]   |            |
[INFO] [stdout]   |            no `Storage` in the root
[INFO] [stdout]   |
[INFO] [stdout] help: consider importing this trait instead
[INFO] [stdout]   |
[INFO] [stdout] 7 | use crate::io::Storage;
[INFO] [stdout]   |            ++++
[INFO] [stdout] 
[INFO] [stdout] 
[INFO] [stdout] error[E0432]: unresolved import `crate::Storage`
[INFO] [stdout]  --> src/free.rs:7:5
[INFO] [stdout]   |
[INFO] [stdout] 7 | use crate::Storage;
[INFO] [stdout]   |     ^^^^^^^-------
[INFO] [stdout]   |            |
[INFO] [stdout]   |            no `Storage` in the root
[INFO] [stdout]   |
[INFO] [stdout] help: consider importing this trait instead
[INFO] [stdout]   |
[INFO] [stdout] 7 | use crate::io::Storage;
[INFO] [stdout]   |            ++++
[INFO] [stdout] 
[INFO] [stdout] 
[INFO] [stdout] error[E0432]: unresolved import `crate::Storage`
[INFO] [stdout]   --> src/tree.rs:11:5
[INFO] [stdout]    |
[INFO] [stdout] 11 | use crate::Storage;
[INFO] [stdout]    |     ^^^^^^^-------
[INFO] [stdout]    |            |
[INFO] [stdout]    |            no `Storage` in the root
[INFO] [stdout]    |
[INFO] [stdout] help: consider importing this trait instead
[INFO] [stdout]    |
[INFO] [stdout] 11 | use crate::io::Storage;
[INFO] [stdout]    |            ++++
[INFO] [stdout] 
[INFO] [stdout] 
[INFO] [stdout] error[E0432]: unresolved import `io::PageIo`
[INFO] [stdout]   --> src/lib.rs:43:5
[INFO] [stdout]    |
[INFO] [stdout] 43 | use io::PageIo;
[INFO] [stdout]    |     ^^^^------
[INFO] [stdout]    |         |
[INFO] [stdout]    |         no `PageIo` in `io`
[INFO] [stdout] 
[INFO] [stdout] 
[INFO] [stdout] error[E0405]: cannot find trait `PageIo` in this scope
[INFO] [stdout]   --> src/tree.rs:85:21
[INFO] [stdout]    |
[INFO] [stdout] 85 |     pub fn value<I: PageIo + ?Sized>(
[INFO] [stdout]    |                     ^^^^^^ not found in this scope
[INFO] [stdout] 
[INFO] [stdout] 
[INFO] [stdout] error[E0405]: cannot find trait `PageIo` in this scope
[INFO] [stdout]    --> src/tree.rs:185:38
[INFO] [stdout]     |
[INFO] [stdout] 185 | pub(crate) struct MutableTree<'a, I: PageIo + ?Sized> {
[INFO] [stdout]     |                                      ^^^^^^ not found in this scope
[INFO] [stdout] 
[INFO] [stdout] 
[INFO] [stdout] error[E0405]: cannot find trait `PageIo` in this scope
[INFO] [stdout]    --> src/tree.rs:228:13
[INFO] [stdout]     |
[INFO] [stdout] 228 | impl<'a, I: PageIo + ?Sized> MutableTree<'a, I> {
[INFO] [stdout]     |             ^^^^^^ not found in this scope
[INFO] [stdout] 
[INFO] [stdout] 
[INFO] [stdout] error[E0405]: cannot find trait `PageIo` in this scope
[INFO] [stdout]     --> src/tree.rs:1047:22
[INFO] [stdout]      |
[INFO] [stdout] 1047 | pub(crate) fn get<I: PageIo + ?Sized>(
[INFO] [stdout]      |                      ^^^^^^ not found in this scope
[INFO] [stdout] 
[INFO] [stdout] 
[INFO] [stdout] error[E0405]: cannot find trait `PageIo` in this scope
[INFO] [stdout]     --> src/tree.rs:1069:26
[INFO] [stdout]      |
[INFO] [stdout] 1069 | pub(crate) fn collect<I: PageIo + ?Sized>(
[INFO] [stdout]      |                          ^^^^^^ not found in this scope
[INFO] [stdout] 
[INFO] [stdout] 
[INFO] [stdout] error[E0405]: cannot find trait `PageIo` in this scope
[INFO] [stdout]     --> src/tree.rs:1088:19
[INFO] [stdout]      |
[INFO] [stdout] 1088 |     pub fn new<I: PageIo + ?Sized>(
[INFO] [stdout]      |                   ^^^^^^ not found in this scope
[INFO] [stdout] 
[INFO] [stdout] 
[INFO] [stdout] error[E0405]: cannot find trait `PageIo` in this scope
[INFO] [stdout]     --> src/tree.rs:1116:20
[INFO] [stdout]      |
[INFO] [stdout] 1116 |     pub fn seek<I: PageIo + ?Sized>(
[INFO] [stdout]      |                    ^^^^^^ not found in this scope
[INFO] [stdout] 
[INFO] [stdout] 
[INFO] [stdout] error[E0405]: cannot find trait `PageIo` in this scope
[INFO] [stdout]     --> src/tree.rs:1126:20
[INFO] [stdout]      |
[INFO] [stdout] 1126 |     pub fn next<I: PageIo + ?Sized>(
[INFO] [stdout]      |                    ^^^^^^ not found in this scope
[INFO] [stdout] 
[INFO] [stdout] 
[INFO] [stdout] error[E0405]: cannot find trait `PageIo` in this scope
[INFO] [stdout]     --> src/tree.rs:1192:22
[INFO] [stdout]      |
[INFO] [stdout] 1192 |     fn reposition<I: PageIo + ?Sized>(
[INFO] [stdout]      |                      ^^^^^^ not found in this scope
[INFO] [stdout] 
[INFO] [stdout] 
[INFO] [stdout] error[E0405]: cannot find trait `PageIo` in this scope
[INFO] [stdout]     --> src/tree.rs:1236:19
[INFO] [stdout]      |
[INFO] [stdout] 1236 |     fn descend<I: PageIo + ?Sized>(
[INFO] [stdout]      |                   ^^^^^^ not found in this scope
[INFO] [stdout] 
[INFO] [stdout] 
[INFO] [stdout] error[E0405]: cannot find trait `PageIo` in this scope
[INFO] [stdout]     --> src/tree.rs:1293:19
[INFO] [stdout]      |
[INFO] [stdout] 1293 |     fn advance<I: PageIo + ?Sized>(&mut self, file: &I, cache: &Cache) -> Result<()> {
[INFO] [stdout]      |                   ^^^^^^ not found in this scope
[INFO] [stdout] 
[INFO] [stdout] 
[INFO] [stdout] error[E0405]: cannot find trait `PageIo` in this scope
[INFO] [stdout]     --> src/tree.rs:1460:20
[INFO] [stdout]      |
[INFO] [stdout] 1460 | fn collect_node<I: PageIo + ?Sized>(
[INFO] [stdout]      |                    ^^^^^^ not found in this scope
[INFO] [stdout] 
[INFO] [stdout] 
[INFO] [stdout] error[E0405]: cannot find trait `PageIo` in this scope
[INFO] [stdout]     --> src/tree.rs:1552:24
[INFO] [stdout]      |
[INFO] [stdout] 1552 | pub(crate) fn build<I: PageIo + ?Sized>(
[INFO] [stdout]      |                        ^^^^^^ not found in this scope
[INFO] [stdout] 
[INFO] [stdout] 
[INFO] [stdout] error[E0405]: cannot find trait `PageIo` in this scope
[INFO] [stdout]     --> src/tree.rs:1575:20
[INFO] [stdout]      |
[INFO] [stdout] 1575 | fn build_leaves<I: PageIo + ?Sized>(
[INFO] [stdout]      |                    ^^^^^^ not found in this scope
[INFO] [stdout] 
[INFO] [stdout] 
[INFO] [stdout] error[E0405]: cannot find trait `PageIo` in this scope
[INFO] [stdout]     --> src/tree.rs:1631:28
[INFO] [stdout]      |
[INFO] [stdout] 1631 | fn build_internal_level<I: PageIo + ?Sized>(
[INFO] [stdout]      |                            ^^^^^^ not found in this scope
[INFO] [stdout] 
[INFO] [stdout] 
[INFO] [stdout] error[E0405]: cannot find trait `PageIo` in this scope
[INFO] [stdout]     --> src/tree.rs:1665:19
[INFO] [stdout]      |
[INFO] [stdout] 1665 | fn finish_node<I: PageIo + ?Sized>(
[INFO] [stdout]      |                   ^^^^^^ not found in this scope
[INFO] [stdout] 
[INFO] [stdout] 
[INFO] [stdout] error[E0405]: cannot find trait `PageIo` in this scope
[INFO] [stdout]     --> src/tree.rs:1675:22
[INFO] [stdout]      |
[INFO] [stdout] 1675 | fn write_overflow<I: PageIo + ?Sized>(writer: &mut PageWriter<'_, I>, value: &[u8]) -> Result<u64> {
[INFO] [stdout]      |                      ^^^^^^ not found in this scope
[INFO] [stdout] 
[INFO] [stdout] 
[INFO] [stdout] error[E0405]: cannot find trait `PageIo` in this scope
[INFO] [stdout]     --> src/tree.rs:1689:21
[INFO] [stdout]      |
[INFO] [stdout] 1689 | fn read_overflow<I: PageIo + ?Sized>(
[INFO] [stdout]      |                     ^^^^^^ not found in this scope
[INFO] [stdout] 
[INFO] [stdout] 
[INFO] [stdout] error[E0405]: cannot find trait `PageIo` in this scope
[INFO] [stdout]     --> src/tree.rs:1751:21
[INFO] [stdout]      |
[INFO] [stdout] 1751 | fn get_from_leaf<I: PageIo + ?Sized>(
[INFO] [stdout]      |                     ^^^^^^ not found in this scope
[INFO] [stdout] 
[INFO] [stdout] 
[INFO] [stdout] error[E0405]: cannot find trait `PageIo` in this scope
[INFO] [stdout]     --> src/tree.rs:2008:26
[INFO] [stdout]      |
[INFO] [stdout] 2008 | struct PageWriter<'a, I: PageIo + ?Sized> {
[INFO] [stdout]      |                          ^^^^^^ not found in this scope
[INFO] [stdout] 
[INFO] [stdout] 
[INFO] [stdout] error[E0405]: cannot find trait `PageIo` in this scope
[INFO] [stdout]     --> src/tree.rs:2013:9
[INFO] [stdout]      |
[INFO] [stdout] 2013 | impl<I: PageIo + ?Sized> PageWriter<'_, I> {
[INFO] [stdout]      |         ^^^^^^ not found in this scope
[INFO] [stdout] 
[INFO] [stdout] 
[INFO] [stdout] Some errors have detailed explanations: E0405, E0432.
[INFO] [stdout] 
[INFO] [stdout] For more information about an error, try `rustc --explain E0405`.
[INFO] [stdout] 
[INFO] [stderr] error: could not compile `actdb` (lib) due to 25 previous errors
[INFO] [stderr] warning: build failed, waiting for other jobs to finish...
[INFO] running `Command { std: "docker" "inspect" "e8f2ef93c233706b60dc98c01e9f2f27db47cbde3703a2095751b875e0a8d260", kill_on_drop: false }`
[INFO] running `Command { std: "docker" "rm" "-f" "e8f2ef93c233706b60dc98c01e9f2f27db47cbde3703a2095751b875e0a8d260", kill_on_drop: false }`
[INFO] [stdout] e8f2ef93c233706b60dc98c01e9f2f27db47cbde3703a2095751b875e0a8d260
