[INFO] cloning repository https://github.com/acgwzl/bluetooth-audio-switcher
[INFO] running `Command { std: "git" "-c" "credential.helper=" "-c" "credential.helper=/workspace/cargo-home/bin/git-credential-null" "clone" "--bare" "https://github.com/acgwzl/bluetooth-audio-switcher" "/workspace/cache/git-repos/https%3A%2F%2Fgithub.com%2Facgwzl%2Fbluetooth-audio-switcher", kill_on_drop: false }`
[INFO] [stderr] Cloning into bare repository '/workspace/cache/git-repos/https%3A%2F%2Fgithub.com%2Facgwzl%2Fbluetooth-audio-switcher'...
[INFO] running `Command { std: "git" "rev-parse" "HEAD", kill_on_drop: false }`
[INFO] [stdout] 680120522e2c7de63085332aec70509758eb5626
[INFO] checking acgwzl/bluetooth-audio-switcher against 3154cc1a3e6424e44f438a95007d043ed5ceaaf6+rustflags=-Znext-solver=coherence for pr-133502-30
[INFO] running `Command { std: "git" "clone" "/workspace/cache/git-repos/https%3A%2F%2Fgithub.com%2Facgwzl%2Fbluetooth-audio-switcher" "/workspace/builds/worker-5-tc1/source", kill_on_drop: false }`
[INFO] [stderr] Cloning into '/workspace/builds/worker-5-tc1/source'...
[INFO] [stderr] done.
[INFO] started tweaking git repo https://github.com/acgwzl/bluetooth-audio-switcher
[INFO] finished tweaking git repo https://github.com/acgwzl/bluetooth-audio-switcher
[INFO] tweaked toml for git repo https://github.com/acgwzl/bluetooth-audio-switcher written to /workspace/builds/worker-5-tc1/source/Cargo.toml
[INFO] validating manifest of git repo https://github.com/acgwzl/bluetooth-audio-switcher on toolchain 3154cc1a3e6424e44f438a95007d043ed5ceaaf6
[INFO] running `Command { std: CARGO_HOME="/workspace/cargo-home" RUSTUP_HOME="/workspace/rustup-home" "/workspace/cargo-home/bin/cargo" "+3154cc1a3e6424e44f438a95007d043ed5ceaaf6" "metadata" "--manifest-path" "Cargo.toml" "--no-deps", kill_on_drop: false }`
[INFO] crate git repo https://github.com/acgwzl/bluetooth-audio-switcher already has a lockfile, it will not be regenerated
[INFO] running `Command { std: CARGO_HOME="/workspace/cargo-home" RUSTUP_HOME="/workspace/rustup-home" "/workspace/cargo-home/bin/cargo" "+3154cc1a3e6424e44f438a95007d043ed5ceaaf6" "fetch" "--manifest-path" "Cargo.toml", kill_on_drop: false }`
[INFO] [stderr]  Downloading crates ...
[INFO] [stderr]   Downloaded tray-icon v0.19.3
[INFO] [stderr]   Downloaded muda v0.15.3
[INFO] running `Command { std: "docker" "create" "-v" "/var/lib/crater-agent-workspace/builds/worker-5-tc1/source:/opt/rustwide/workdir:ro,Z" "-v" "/var/lib/crater-agent-workspace/builds/worker-5-tc1/target:/opt/rustwide/target:rw,Z" "-v" "/var/lib/crater-agent-workspace/cargo-home:/opt/rustwide/cargo-home:ro,Z" "-v" "/var/lib/crater-agent-workspace/rustup-home:/opt/rustwide/rustup-home:ro,Z" "-m" "1610612736" "--network" "none" "ghcr.io/rust-lang/crates-build-env/linux@sha256:77db811e55d90add9212f6832c23229e3de5f1c1f9905e8cb07319ea15df73ac" "sleep" "infinity", kill_on_drop: false }`
[INFO] [stdout] ef9f44ee70d8602d249f3af371583291c33f6c722980e72218545ee6644ebdcd
[INFO] running `Command { std: "docker" "start" "ef9f44ee70d8602d249f3af371583291c33f6c722980e72218545ee6644ebdcd", kill_on_drop: false }`
[INFO] running `Command { std: "docker" "inspect" "ef9f44ee70d8602d249f3af371583291c33f6c722980e72218545ee6644ebdcd", kill_on_drop: false }`
[INFO] running `Command { std: "docker" "exec" "-e" "SOURCE_DIR=/opt/rustwide/workdir" "-e" "CARGO_HOME=/opt/rustwide/cargo-home" "-e" "RUSTUP_HOME=/opt/rustwide/rustup-home" "-e" "CARGO_TARGET_DIR=/opt/rustwide/target" "-w" "/opt/rustwide/workdir" "--user" "0:0" "ef9f44ee70d8602d249f3af371583291c33f6c722980e72218545ee6644ebdcd" "/opt/rustwide/cargo-home/bin/cargo" "+3154cc1a3e6424e44f438a95007d043ed5ceaaf6" "metadata" "--no-deps" "--format-version=1", kill_on_drop: false }`
[INFO] running `Command { std: "docker" "inspect" "ef9f44ee70d8602d249f3af371583291c33f6c722980e72218545ee6644ebdcd", kill_on_drop: false }`
[INFO] running `Command { std: "docker" "exec" "-e" "SOURCE_DIR=/opt/rustwide/workdir" "-e" "CARGO_HOME=/opt/rustwide/cargo-home" "-e" "RUSTUP_HOME=/opt/rustwide/rustup-home" "-e" "CARGO_TARGET_DIR=/opt/rustwide/target" "-e" "CARGO_INCREMENTAL=0" "-e" "RUST_BACKTRACE=full" "-e" "RUSTFLAGS=--cap-lints=forbid -Znext-solver=coherence" "-e" "RUSTDOCFLAGS=--cap-lints=forbid" "-w" "/opt/rustwide/workdir" "--user" "0:0" "ef9f44ee70d8602d249f3af371583291c33f6c722980e72218545ee6644ebdcd" "/opt/rustwide/cargo-home/bin/cargo" "+3154cc1a3e6424e44f438a95007d043ed5ceaaf6" "check" "--frozen" "--all" "--all-targets" "--message-format=json", kill_on_drop: false }`
[INFO] [stderr]    Compiling winnow v0.5.40
[INFO] [stderr]    Compiling target-lexicon v0.12.16
[INFO] [stderr]    Compiling smallvec v1.15.2
[INFO] [stderr]    Compiling serde v1.0.229
[INFO] [stderr]    Compiling indexmap v2.14.1
[INFO] [stderr]    Compiling version-compare v0.2.1
[INFO] [stderr]    Compiling syn v1.0.109
[INFO] [stderr]    Compiling proc-macro-error-attr v1.0.4
[INFO] [stderr]     Checking bitflags v2.13.1
[INFO] [stderr]     Checking futures-core v0.3.34
[INFO] [stderr]    Compiling futures-macro v0.3.34
[INFO] [stderr]     Checking futures-channel v0.3.34
[INFO] [stderr]    Compiling gio v0.18.4
[INFO] [stderr]    Compiling serde_derive v1.0.229
[INFO] [stderr]    Compiling proc-macro-error v1.0.4
[INFO] [stderr]     Checking futures-io v0.3.34
[INFO] [stderr]    Compiling memoffset v0.9.1
[INFO] [stderr]    Compiling cfg-expr v0.15.8
[INFO] [stderr]    Compiling windows_x86_64_gnu v0.52.6
[INFO] [stderr]    Compiling toml_datetime v0.6.3
[INFO] [stderr]    Compiling serde_spanned v0.6.9
[INFO] [stderr]    Compiling field-offset v0.3.6
[INFO] [stderr]    Compiling x11 v2.21.0
[INFO] [stderr]     Checking futures-util v0.3.34
[INFO] [stderr]     Checking miniz_oxide v0.9.1
[INFO] [stderr]    Compiling gtk v0.18.2
[INFO] [stderr]    Compiling libxdo-sys v0.11.0
[INFO] [stderr]     Checking windows-targets v0.52.6
[INFO] [stderr]     Checking regex-automata v0.4.18
[INFO] [stderr]     Checking windows-result v0.2.0
[INFO] [stderr]    Compiling toml v0.5.11
[INFO] [stderr]     Checking libloading v0.7.4
[INFO] [stderr]     Checking flate2 v1.1.10
[INFO] [stderr]     Checking windows-strings v0.1.0
[INFO] [stderr]    Compiling toml_edit v0.20.2
[INFO] [stderr]    Compiling toml_edit v0.19.15
[INFO] [stderr]     Checking libxdo v0.6.0
[INFO] [stderr]    Compiling winres v0.1.12
[INFO] [stderr]     Checking dirs-sys v0.5.0
[INFO] [stderr]    Compiling windows-implement v0.58.0
[INFO] [stderr]    Compiling windows-interface v0.58.0
[INFO] [stderr]    Compiling thiserror-impl v2.0.20
[INFO] [stderr]     Checking regex v1.13.1
[INFO] [stderr]     Checking jiff-core v0.1.0
[INFO] [stderr]     Checking anstream v1.0.0
[INFO] [stderr]     Checking futures-executor v0.3.34
[INFO] [stderr]     Checking env_filter v2.0.0
[INFO] [stderr]     Checking windows-core v0.58.0
[INFO] [stderr]     Checking png v0.17.16
[INFO] [stderr]    Compiling bluetooth-audio-switcher v0.1.0 (/opt/rustwide/workdir)
[INFO] [stdout] warning: unused imports: `env` and `path::PathBuf`
[INFO] [stdout]  --> build.rs:1:11
[INFO] [stdout]   |
[INFO] [stdout] 1 | use std::{env, path::PathBuf};
[INFO] [stdout]   |           ^^^  ^^^^^^^^^^^^^
[INFO] [stdout]   |
[INFO] [stdout]   = note: `#[warn(unused_imports)]` (part of `#[warn(unused)]`) on by default
[INFO] [stdout] 
[INFO] [stdout] 
[INFO] [stderr]     Checking dirs v6.0.0
[INFO] [stderr]     Checking png v0.18.1
[INFO] [stderr]     Checking jiff v0.2.35
[INFO] [stderr]    Compiling proc-macro-crate v1.3.1
[INFO] [stderr]     Checking thiserror v2.0.20
[INFO] [stderr]     Checking dirs-sys v0.4.1
[INFO] [stderr]     Checking bytemuck v1.25.2
[INFO] [stderr]     Checking dirs v5.0.1
[INFO] [stderr]     Checking windows v0.58.0
[INFO] [stderr]    Compiling toml v0.8.2
[INFO] [stderr]    Compiling proc-macro-crate v2.0.2
[INFO] [stderr]     Checking image v0.25.10
[INFO] [stderr]    Compiling system-deps v6.2.2
[INFO] [stderr]     Checking keyboard-types v0.7.0
[INFO] [stderr]    Compiling gtk3-macros v0.18.2
[INFO] [stderr]    Compiling glib-macros v0.18.5
[INFO] [stderr]    Compiling glib-sys v0.18.1
[INFO] [stderr]    Compiling gobject-sys v0.18.0
[INFO] [stderr]    Compiling gio-sys v0.18.1
[INFO] [stderr]    Compiling cairo-sys-rs v0.18.2
[INFO] [stderr]    Compiling gdk-sys v0.18.2
[INFO] [stderr]    Compiling atk-sys v0.18.2
[INFO] [stderr]    Compiling gdk-pixbuf-sys v0.18.0
[INFO] [stderr]    Compiling pango-sys v0.18.0
[INFO] [stderr]    Compiling gtk-sys v0.18.2
[INFO] [stderr]     Checking env_logger v0.11.11
[INFO] [stderr]     Checking glib v0.18.5
[INFO] [stderr]     Checking libappindicator-sys v0.9.0
[INFO] [stderr]     Checking cairo-rs v0.18.5
[INFO] [stderr]     Checking atk v0.18.2
[INFO] [stderr]     Checking pango v0.18.3
[INFO] [stderr]     Checking gdk-pixbuf v0.18.5
[INFO] [stderr]     Checking gdk v0.18.2
[INFO] [stderr]     Checking libappindicator v0.9.0
[INFO] [stderr]     Checking muda v0.15.3
[INFO] [stderr]     Checking tray-icon v0.19.3
[INFO] [stdout] error[E0433]: cannot find `Win32` in `windows`
[INFO] [stdout]   --> src/audio/bluetooth.rs:15:14
[INFO] [stdout]    |
[INFO] [stdout] 15 | use windows::Win32::Devices::Bluetooth::{
[INFO] [stdout]    |              ^^^^^ could not find `Win32` in `windows`
[INFO] [stdout] 
[INFO] [stdout] 
[INFO] [stdout] error[E0433]: cannot find `Win32` in `windows`
[INFO] [stdout]   --> src/audio/bluetooth.rs:21:14
[INFO] [stdout]    |
[INFO] [stdout] 21 | use windows::Win32::Foundation::{
[INFO] [stdout]    |              ^^^^^ could not find `Win32` in `windows`
[INFO] [stdout] 
[INFO] [stdout] 
[INFO] [stdout] error[E0432]: unresolved import `windows::core`
[INFO] [stdout]   --> src/audio/bluetooth.rs:14:14
[INFO] [stdout]    |
[INFO] [stdout] 14 | use windows::core::GUID;
[INFO] [stdout]    |              ^^^^ could not find `core` in `windows`
[INFO] [stdout] 
[INFO] [stdout] 
[INFO] [stdout] error[E0433]: cannot find `Win32` in `windows`
[INFO] [stdout]  --> src/audio/device.rs:6:14
[INFO] [stdout]   |
[INFO] [stdout] 6 | use windows::Win32::Devices::FunctionDiscovery::{
[INFO] [stdout]   |              ^^^^^ could not find `Win32` in `windows`
[INFO] [stdout] 
[INFO] [stdout] 
[INFO] [stdout] error[E0433]: cannot find `Win32` in `windows`
[INFO] [stdout]  --> src/audio/device.rs:9:14
[INFO] [stdout]   |
[INFO] [stdout] 9 | use windows::Win32::Media::Audio::*;
[INFO] [stdout]   |              ^^^^^ could not find `Win32` in `windows`
[INFO] [stdout] 
[INFO] [stdout] 
[INFO] [stdout] error[E0433]: cannot find `Win32` in `windows`
[INFO] [stdout]   --> src/audio/device.rs:10:14
[INFO] [stdout]    |
[INFO] [stdout] 10 | use windows::Win32::System::Com::*;
[INFO] [stdout]    |              ^^^^^ could not find `Win32` in `windows`
[INFO] [stdout] 
[INFO] [stdout] 
[INFO] [stdout] error[E0433]: cannot find `Win32` in `windows`
[INFO] [stdout]   --> src/audio/device.rs:11:14
[INFO] [stdout]    |
[INFO] [stdout] 11 | use windows::Win32::UI::Shell::PropertiesSystem::PROPERTYKEY;
[INFO] [stdout]    |              ^^^^^ could not find `Win32` in `windows`
[INFO] [stdout] 
[INFO] [stdout] 
[INFO] [stdout] error[E0432]: unresolved import `windows::core`
[INFO] [stdout]  --> src/audio/device.rs:5:14
[INFO] [stdout]   |
[INFO] [stdout] 5 | use windows::core::{Interface, BSTR, GUID, HSTRING, PCWSTR};
[INFO] [stdout]   |              ^^^^ could not find `core` in `windows`
[INFO] [stdout] 
[INFO] [stdout] 
[INFO] [stdout] error[E0433]: cannot find `Win32` in `windows`
[INFO] [stdout]    --> src/config/settings.rs:110:22
[INFO] [stdout]     |
[INFO] [stdout] 110 |         use windows::Win32::System::Registry::{
[INFO] [stdout]     |                      ^^^^^ could not find `Win32` in `windows`
[INFO] [stdout] 
[INFO] [stdout] 
[INFO] [stdout] error[E0432]: unresolved import `windows::core`
[INFO] [stdout]    --> src/config/settings.rs:109:22
[INFO] [stdout]     |
[INFO] [stdout] 109 |         use windows::core::{HSTRING, PCWSTR};
[INFO] [stdout]     |                      ^^^^ could not find `core` in `windows`
[INFO] [stdout] 
[INFO] [stdout] 
[INFO] [stdout] error[E0433]: cannot find `Win32` in `windows`
[INFO] [stdout]    --> src/config/settings.rs:143:30
[INFO] [stdout]     |
[INFO] [stdout] 143 |                     windows::Win32::System::Registry::REG_SZ,
[INFO] [stdout]     |                              ^^^^^ could not find `Win32` in `windows`
[INFO] [stdout] 
[INFO] [stdout] 
[INFO] [stdout] error[E0425]: cannot find type `IMMDeviceEnumerator` in this scope
[INFO] [stdout]    --> src/audio/device.rs:125:17
[INFO] [stdout]     |
[INFO] [stdout] 125 |     enumerator: IMMDeviceEnumerator,
[INFO] [stdout]     |                 ^^^^^^^^^^^^^^^^^^^ not found in this scope
[INFO] [stdout] 
[INFO] [stdout] 
[INFO] [stdout] error[E0425]: cannot find value `eConsole` in this scope
[INFO] [stdout]    --> src/audio/device.rs:134:9
[INFO] [stdout]     |
[INFO] [stdout] 134 |         eConsole.0 as u32,
[INFO] [stdout]     |         ^^^^^^^^ not found in this scope
[INFO] [stdout] 
[INFO] [stdout] 
[INFO] [stdout] error[E0425]: cannot find value `eMultimedia` in this scope
[INFO] [stdout]    --> src/audio/device.rs:135:9
[INFO] [stdout]     |
[INFO] [stdout] 135 |         eMultimedia.0 as u32,
[INFO] [stdout]     |         ^^^^^^^^^^^ not found in this scope
[INFO] [stdout] 
[INFO] [stdout] 
[INFO] [stdout] error[E0425]: cannot find value `eCommunications` in this scope
[INFO] [stdout]    --> src/audio/device.rs:136:9
[INFO] [stdout]     |
[INFO] [stdout] 136 |         eCommunications.0 as u32,
[INFO] [stdout]     |         ^^^^^^^^^^^^^^^ not found in this scope
[INFO] [stdout] 
[INFO] [stdout] 
[INFO] [stdout] error[E0425]: cannot find value `COINIT_APARTMENTTHREADED` in this scope
[INFO] [stdout]    --> src/audio/device.rs:146:34
[INFO] [stdout]     |
[INFO] [stdout] 146 |             CoInitializeEx(None, COINIT_APARTMENTTHREADED).ok()?;
[INFO] [stdout]     |                                  ^^^^^^^^^^^^^^^^^^^^^^^^ not found in this scope
[INFO] [stdout] 
[INFO] [stdout] 
[INFO] [stdout] error[E0425]: cannot find type `IMMDeviceEnumerator` in this scope
[INFO] [stdout]    --> src/audio/device.rs:147:29
[INFO] [stdout]     |
[INFO] [stdout] 147 |             let enumerator: IMMDeviceEnumerator =
[INFO] [stdout]     |                             ^^^^^^^^^^^^^^^^^^^ not found in this scope
[INFO] [stdout] 
[INFO] [stdout] 
[INFO] [stdout] error[E0425]: cannot find value `MMDeviceEnumerator` in this scope
[INFO] [stdout]    --> src/audio/device.rs:148:35
[INFO] [stdout]     |
[INFO] [stdout] 148 |                 CoCreateInstance(&MMDeviceEnumerator, None, CLSCTX_ALL)?;
[INFO] [stdout]     |                                   ^^^^^^^^^^^^^^^^^^ not found in this scope
[INFO] [stdout] 
[INFO] [stdout] 
[INFO] [stdout] error[E0425]: cannot find value `CLSCTX_ALL` in this scope
[INFO] [stdout]    --> src/audio/device.rs:148:61
[INFO] [stdout]     |
[INFO] [stdout] 148 |                 CoCreateInstance(&MMDeviceEnumerator, None, CLSCTX_ALL)?;
[INFO] [stdout]     |                                                             ^^^^^^^^^^ not found in this scope
[INFO] [stdout] 
[INFO] [stdout] 
[INFO] [stdout] error[E0425]: cannot find value `CLSCTX_ALL` in this scope
[INFO] [stdout]    --> src/audio/device.rs:150:62
[INFO] [stdout]     |
[INFO] [stdout] 150 |                 CoCreateInstance(&CLSID_POLICY_CONFIG, None, CLSCTX_ALL).ok();
[INFO] [stdout]     |                                                              ^^^^^^^^^^ not found in this scope
[INFO] [stdout] 
[INFO] [stdout] 
[INFO] [stdout] error[E0425]: cannot find value `eAll` in this scope
[INFO] [stdout]    --> src/audio/device.rs:162:37
[INFO] [stdout]     |
[INFO] [stdout] 162 |                 .EnumAudioEndpoints(eAll, DEVICE_STATE_ACTIVE)?;
[INFO] [stdout]     |                                     ^^^^ not found in this scope
[INFO] [stdout] 
[INFO] [stdout] 
[INFO] [stdout] error[E0425]: cannot find value `DEVICE_STATE_ACTIVE` in this scope
[INFO] [stdout]    --> src/audio/device.rs:162:43
[INFO] [stdout]     |
[INFO] [stdout] 162 |                 .EnumAudioEndpoints(eAll, DEVICE_STATE_ACTIVE)?;
[INFO] [stdout]     |                                           ^^^^^^^^^^^^^^^^^^^ not found in this scope
[INFO] [stdout] 
[INFO] [stdout] 
[INFO] [stdout] error[E0425]: cannot find value `STGM_READ` in this scope
[INFO] [stdout]    --> src/audio/device.rs:169:59
[INFO] [stdout]     |
[INFO] [stdout] 169 |                 let properties = device.OpenPropertyStore(STGM_READ)?;
[INFO] [stdout]     |                                                           ^^^^^^^^^ not found in this scope
[INFO] [stdout] 
[INFO] [stdout] 
[INFO] [stdout] error[E0425]: cannot find value `eRender` in this scope
[INFO] [stdout]    --> src/audio/device.rs:222:37
[INFO] [stdout]     |
[INFO] [stdout] 222 |                 .EnumAudioEndpoints(eRender, DEVICE_STATE(DEVICE_STATEMASK_ALL))?;
[INFO] [stdout]     |                                     ^^^^^^^ not found in this scope
[INFO] [stdout] 
[INFO] [stdout] 
[INFO] [stdout] error[E0425]: cannot find value `DEVICE_STATEMASK_ALL` in this scope
[INFO] [stdout]    --> src/audio/device.rs:222:59
[INFO] [stdout]     |
[INFO] [stdout] 222 |                 .EnumAudioEndpoints(eRender, DEVICE_STATE(DEVICE_STATEMASK_ALL))?;
[INFO] [stdout]     |                                                           ^^^^^^^^^^^^^^^^^^^^ not found in this scope
[INFO] [stdout] 
[INFO] [stdout] 
[INFO] [stdout] error[E0425]: cannot find type `IMMDeviceCollection` in this scope
[INFO] [stdout]    --> src/audio/device.rs:240:22
[INFO] [stdout]     |
[INFO] [stdout] 240 |         collection: &IMMDeviceCollection,
[INFO] [stdout]     |                      ^^^^^^^^^^^^^^^^^^^ not found in this scope
[INFO] [stdout] 
[INFO] [stdout] 
[INFO] [stdout] error[E0425]: cannot find value `DEVICE_STATE_ACTIVE` in this scope
[INFO] [stdout]    --> src/audio/device.rs:244:44
[INFO] [stdout]     |
[INFO] [stdout] 244 |         let active = device.GetState()? == DEVICE_STATE_ACTIVE;
[INFO] [stdout]     |                                            ^^^^^^^^^^^^^^^^^^^ not found in this scope
[INFO] [stdout] 
[INFO] [stdout] 
[INFO] [stdout] error[E0425]: cannot find value `STGM_READ` in this scope
[INFO] [stdout]    --> src/audio/device.rs:246:51
[INFO] [stdout]     |
[INFO] [stdout] 246 |         let properties = device.OpenPropertyStore(STGM_READ)?;
[INFO] [stdout]     |                                                   ^^^^^^^^^ not found in this scope
[INFO] [stdout] 
[INFO] [stdout] 
[INFO] [stdout] error[E0425]: cannot find value `eRender` in this scope
[INFO] [stdout]    --> src/audio/device.rs:256:59
[INFO] [stdout]     |
[INFO] [stdout] 256 |             match self.enumerator.GetDefaultAudioEndpoint(eRender, eConsole) {
[INFO] [stdout]     |                                                           ^^^^^^^ not found in this scope
[INFO] [stdout] 
[INFO] [stdout] 
[INFO] [stdout] error[E0425]: cannot find value `eConsole` in this scope
[INFO] [stdout]    --> src/audio/device.rs:256:68
[INFO] [stdout]     |
[INFO] [stdout] 256 |             match self.enumerator.GetDefaultAudioEndpoint(eRender, eConsole) {
[INFO] [stdout]     |                                                                    ^^^^^^^^ not found in this scope
[INFO] [stdout] 
[INFO] [stdout] 
[INFO] [stdout] error[E0433]: cannot find `Win32` in `windows`
[INFO] [stdout]   --> src/audio/bluetooth.rs:15:14
[INFO] [stdout]    |
[INFO] [stdout] 15 | use windows::Win32::Devices::Bluetooth::{
[INFO] [stdout]    |              ^^^^^ could not find `Win32` in `windows`
[INFO] [stdout] 
[INFO] [stdout] 
[INFO] [stdout] error[E0433]: cannot find `Win32` in `windows`
[INFO] [stdout]   --> src/audio/bluetooth.rs:21:14
[INFO] [stdout]    |
[INFO] [stdout] 21 | use windows::Win32::Foundation::{
[INFO] [stdout]    |              ^^^^^ could not find `Win32` in `windows`
[INFO] [stdout] 
[INFO] [stdout] 
[INFO] [stdout] error[E0432]: unresolved import `windows::core`
[INFO] [stdout]   --> src/audio/bluetooth.rs:14:14
[INFO] [stdout]    |
[INFO] [stdout] 14 | use windows::core::GUID;
[INFO] [stdout]    |              ^^^^ could not find `core` in `windows`
[INFO] [stdout] 
[INFO] [stdout] 
[INFO] [stdout] error[E0433]: cannot find `Win32` in `windows`
[INFO] [stdout]  --> src/audio/device.rs:6:14
[INFO] [stdout]   |
[INFO] [stdout] 6 | use windows::Win32::Devices::FunctionDiscovery::{
[INFO] [stdout]   |              ^^^^^ could not find `Win32` in `windows`
[INFO] [stdout] 
[INFO] [stdout] 
[INFO] [stdout] error[E0433]: cannot find `Win32` in `windows`
[INFO] [stdout]  --> src/audio/device.rs:9:14
[INFO] [stdout]   |
[INFO] [stdout] 9 | use windows::Win32::Media::Audio::*;
[INFO] [stdout]   |              ^^^^^ could not find `Win32` in `windows`
[INFO] [stdout] 
[INFO] [stdout] 
[INFO] [stdout] error[E0433]: cannot find `Win32` in `windows`
[INFO] [stdout]   --> src/audio/device.rs:10:14
[INFO] [stdout]    |
[INFO] [stdout] 10 | use windows::Win32::System::Com::*;
[INFO] [stdout]    |              ^^^^^ could not find `Win32` in `windows`
[INFO] [stdout] 
[INFO] [stdout] 
[INFO] [stdout] error[E0433]: cannot find `Win32` in `windows`
[INFO] [stdout]   --> src/audio/device.rs:11:14
[INFO] [stdout]    |
[INFO] [stdout] 11 | use windows::Win32::UI::Shell::PropertiesSystem::PROPERTYKEY;
[INFO] [stdout]    |              ^^^^^ could not find `Win32` in `windows`
[INFO] [stdout] 
[INFO] [stdout] 
[INFO] [stdout] error[E0432]: unresolved import `windows::core`
[INFO] [stdout]  --> src/audio/device.rs:5:14
[INFO] [stdout]   |
[INFO] [stdout] 5 | use windows::core::{Interface, BSTR, GUID, HSTRING, PCWSTR};
[INFO] [stdout]   |              ^^^^ could not find `core` in `windows`
[INFO] [stdout] 
[INFO] [stdout] 
[INFO] [stdout] error[E0433]: cannot find `Win32` in `windows`
[INFO] [stdout]    --> src/config/settings.rs:110:22
[INFO] [stdout]     |
[INFO] [stdout] 110 |         use windows::Win32::System::Registry::{
[INFO] [stdout]     |                      ^^^^^ could not find `Win32` in `windows`
[INFO] [stdout] 
[INFO] [stdout] 
[INFO] [stdout] error[E0432]: unresolved import `windows::core`
[INFO] [stdout]    --> src/config/settings.rs:109:22
[INFO] [stdout]     |
[INFO] [stdout] 109 |         use windows::core::{HSTRING, PCWSTR};
[INFO] [stdout]     |                      ^^^^ could not find `core` in `windows`
[INFO] [stdout] 
[INFO] [stdout] 
[INFO] [stdout] error[E0433]: cannot find `Win32` in `windows`
[INFO] [stdout]    --> src/audio/bluetooth.rs:264:22
[INFO] [stdout]     |
[INFO] [stdout] 264 |         use windows::Win32::Devices::Bluetooth::*;
[INFO] [stdout]     |                      ^^^^^ could not find `Win32` in `windows`
[INFO] [stdout] 
[INFO] [stdout] 
[INFO] [stdout] error[E0433]: cannot find `Win32` in `windows`
[INFO] [stdout]    --> src/audio/bluetooth.rs:265:22
[INFO] [stdout]     |
[INFO] [stdout] 265 |         use windows::Win32::Foundation::{CloseHandle, BOOL, HANDLE};
[INFO] [stdout]     |                      ^^^^^ could not find `Win32` in `windows`
[INFO] [stdout] 
[INFO] [stdout] 
[INFO] [stdout] error[E0432]: unresolved import `windows::core`
[INFO] [stdout]    --> src/audio/bluetooth.rs:263:22
[INFO] [stdout]     |
[INFO] [stdout] 263 |         use windows::core::GUID;
[INFO] [stdout]     |                      ^^^^ could not find `core` in `windows`
[INFO] [stdout] 
[INFO] [stdout] 
[INFO] [stdout] error[E0425]: cannot find function, tuple struct or tuple variant `CoInitializeEx` in this scope
[INFO] [stdout]    --> src/audio/device.rs:146:13
[INFO] [stdout]     |
[INFO] [stdout] 146 |             CoInitializeEx(None, COINIT_APARTMENTTHREADED).ok()?;
[INFO] [stdout]     |             ^^^^^^^^^^^^^^ not found in this scope
[INFO] [stdout] 
[INFO] [stdout] 
[INFO] [stdout] error[E0425]: cannot find function, tuple struct or tuple variant `CoCreateInstance` in this scope
[INFO] [stdout]    --> src/audio/device.rs:148:17
[INFO] [stdout]     |
[INFO] [stdout] 148 |                 CoCreateInstance(&MMDeviceEnumerator, None, CLSCTX_ALL)?;
[INFO] [stdout]     |                 ^^^^^^^^^^^^^^^^ not found in this scope
[INFO] [stdout] 
[INFO] [stdout] 
[INFO] [stdout] error[E0425]: cannot find function, tuple struct or tuple variant `CoCreateInstance` in this scope
[INFO] [stdout]    --> src/audio/device.rs:150:17
[INFO] [stdout]     |
[INFO] [stdout] 150 |                 CoCreateInstance(&CLSID_POLICY_CONFIG, None, CLSCTX_ALL).ok();
[INFO] [stdout]     |                 ^^^^^^^^^^^^^^^^ not found in this scope
[INFO] [stdout] 
[INFO] [stdout] 
[INFO] [stdout] error[E0425]: cannot find function, tuple struct or tuple variant `DEVICE_STATE` in this scope
[INFO] [stdout]    --> src/audio/device.rs:222:46
[INFO] [stdout]     |
[INFO] [stdout] 222 |                 .EnumAudioEndpoints(eRender, DEVICE_STATE(DEVICE_STATEMASK_ALL))?;
[INFO] [stdout]     |                                              ^^^^^^^^^^^^ not found in this scope
[INFO] [stdout] 
[INFO] [stdout] 
[INFO] [stdout] Some errors have detailed explanations: E0425, E0432, E0433.
[INFO] [stdout] 
[INFO] [stdout] For more information about an error, try `rustc --explain E0425`.
[INFO] [stdout] 
[INFO] [stderr] error: could not compile `bluetooth-audio-switcher` (lib) due to 34 previous errors
[INFO] [stderr] warning: build failed, waiting for other jobs to finish...
[INFO] [stdout] error[E0433]: cannot find `Win32` in `windows`
[INFO] [stdout]    --> src/config/settings.rs:143:30
[INFO] [stdout]     |
[INFO] [stdout] 143 |                     windows::Win32::System::Registry::REG_SZ,
[INFO] [stdout]     |                              ^^^^^ could not find `Win32` in `windows`
[INFO] [stdout] 
[INFO] [stdout] 
[INFO] [stdout] error[E0422]: cannot find struct, variant or union type `BLUETOOTH_FIND_RADIO_PARAMS` in this scope
[INFO] [stdout]    --> src/audio/bluetooth.rs:280:26
[INFO] [stdout]     |
[INFO] [stdout] 280 |             let params = BLUETOOTH_FIND_RADIO_PARAMS {
[INFO] [stdout]     |                          ^^^^^^^^^^^^^^^^^^^^^^^^^^^ not found in this scope
[INFO] [stdout] 
[INFO] [stdout] 
[INFO] [stdout] error[E0425]: cannot find type `BLUETOOTH_FIND_RADIO_PARAMS` in this scope
[INFO] [stdout]    --> src/audio/bluetooth.rs:281:45
[INFO] [stdout]     |
[INFO] [stdout] 281 |                 dwSize: std::mem::size_of::<BLUETOOTH_FIND_RADIO_PARAMS>() as u32,
[INFO] [stdout]     |                                             ^^^^^^^^^^^^^^^^^^^^^^^^^^^ not found in this scope
[INFO] [stdout]     |
[INFO] [stdout] help: you might be missing a type parameter
[INFO] [stdout]     |
[INFO] [stdout] 262 |     fn reports_installed_services<BLUETOOTH_FIND_RADIO_PARAMS>() {
[INFO] [stdout]     |                                  +++++++++++++++++++++++++++++
[INFO] [stdout] 
[INFO] [stdout] 
[INFO] [stdout] error[E0422]: cannot find struct, variant or union type `BLUETOOTH_DEVICE_SEARCH_PARAMS` in this scope
[INFO] [stdout]    --> src/audio/bluetooth.rs:286:26
[INFO] [stdout]     |
[INFO] [stdout] 286 |             let search = BLUETOOTH_DEVICE_SEARCH_PARAMS {
[INFO] [stdout]     |                          ^^^^^^^^^^^^^^^^^^^^^^^^^^^^^^ not found in this scope
[INFO] [stdout] 
[INFO] [stdout] 
[INFO] [stdout] error[E0425]: cannot find type `BLUETOOTH_DEVICE_SEARCH_PARAMS` in this scope
[INFO] [stdout]    --> src/audio/bluetooth.rs:287:45
[INFO] [stdout]     |
[INFO] [stdout] 287 |                 dwSize: std::mem::size_of::<BLUETOOTH_DEVICE_SEARCH_PARAMS>() as u32,
[INFO] [stdout]     |                                             ^^^^^^^^^^^^^^^^^^^^^^^^^^^^^^ not found in this scope
[INFO] [stdout]     |
[INFO] [stdout] help: you might be missing a type parameter
[INFO] [stdout]     |
[INFO] [stdout] 262 |     fn reports_installed_services<BLUETOOTH_DEVICE_SEARCH_PARAMS>() {
[INFO] [stdout]     |                                  ++++++++++++++++++++++++++++++++
[INFO] [stdout] 
[INFO] [stdout] 
[INFO] [stdout] error[E0422]: cannot find struct, variant or union type `BLUETOOTH_DEVICE_INFO` in this scope
[INFO] [stdout]    --> src/audio/bluetooth.rs:296:28
[INFO] [stdout]     |
[INFO] [stdout] 296 |             let mut info = BLUETOOTH_DEVICE_INFO {
[INFO] [stdout]     |                            ^^^^^^^^^^^^^^^^^^^^^ not found in this scope
[INFO] [stdout] 
[INFO] [stdout] 
[INFO] [stdout] error[E0425]: cannot find type `BLUETOOTH_DEVICE_INFO` in this scope
[INFO] [stdout]    --> src/audio/bluetooth.rs:297:45
[INFO] [stdout]     |
[INFO] [stdout] 297 |                 dwSize: std::mem::size_of::<BLUETOOTH_DEVICE_INFO>() as u32,
[INFO] [stdout]     |                                             ^^^^^^^^^^^^^^^^^^^^^ not found in this scope
[INFO] [stdout]     |
[INFO] [stdout] help: you might be missing a type parameter
[INFO] [stdout]     |
[INFO] [stdout] 262 |     fn reports_installed_services<BLUETOOTH_DEVICE_INFO>() {
[INFO] [stdout]     |                                  +++++++++++++++++++++++
[INFO] [stdout] 
[INFO] [stdout] 
[INFO] [stdout] error[E0425]: cannot find type `IMMDeviceEnumerator` in this scope
[INFO] [stdout]    --> src/audio/device.rs:125:17
[INFO] [stdout]     |
[INFO] [stdout] 125 |     enumerator: IMMDeviceEnumerator,
[INFO] [stdout]     |                 ^^^^^^^^^^^^^^^^^^^ not found in this scope
[INFO] [stdout] 
[INFO] [stdout] 
[INFO] [stdout] error[E0425]: cannot find value `eConsole` in this scope
[INFO] [stdout]    --> src/audio/device.rs:134:9
[INFO] [stdout]     |
[INFO] [stdout] 134 |         eConsole.0 as u32,
[INFO] [stdout]     |         ^^^^^^^^ not found in this scope
[INFO] [stdout] 
[INFO] [stdout] 
[INFO] [stdout] error[E0425]: cannot find value `eMultimedia` in this scope
[INFO] [stdout]    --> src/audio/device.rs:135:9
[INFO] [stdout]     |
[INFO] [stdout] 135 |         eMultimedia.0 as u32,
[INFO] [stdout]     |         ^^^^^^^^^^^ not found in this scope
[INFO] [stdout] 
[INFO] [stdout] 
[INFO] [stdout] error[E0425]: cannot find value `eCommunications` in this scope
[INFO] [stdout]    --> src/audio/device.rs:136:9
[INFO] [stdout]     |
[INFO] [stdout] 136 |         eCommunications.0 as u32,
[INFO] [stdout]     |         ^^^^^^^^^^^^^^^ not found in this scope
[INFO] [stdout] 
[INFO] [stdout] 
[INFO] [stdout] error[E0425]: cannot find value `COINIT_APARTMENTTHREADED` in this scope
[INFO] [stdout]    --> src/audio/device.rs:146:34
[INFO] [stdout]     |
[INFO] [stdout] 146 |             CoInitializeEx(None, COINIT_APARTMENTTHREADED).ok()?;
[INFO] [stdout]     |                                  ^^^^^^^^^^^^^^^^^^^^^^^^ not found in this scope
[INFO] [stdout] 
[INFO] [stdout] 
[INFO] [stdout] error[E0425]: cannot find type `IMMDeviceEnumerator` in this scope
[INFO] [stdout]    --> src/audio/device.rs:147:29
[INFO] [stdout]     |
[INFO] [stdout] 147 |             let enumerator: IMMDeviceEnumerator =
[INFO] [stdout]     |                             ^^^^^^^^^^^^^^^^^^^ not found in this scope
[INFO] [stdout] 
[INFO] [stdout] 
[INFO] [stdout] error[E0425]: cannot find value `MMDeviceEnumerator` in this scope
[INFO] [stdout]    --> src/audio/device.rs:148:35
[INFO] [stdout]     |
[INFO] [stdout] 148 |                 CoCreateInstance(&MMDeviceEnumerator, None, CLSCTX_ALL)?;
[INFO] [stdout]     |                                   ^^^^^^^^^^^^^^^^^^ not found in this scope
[INFO] [stdout] 
[INFO] [stdout] 
[INFO] [stdout] error[E0425]: cannot find value `CLSCTX_ALL` in this scope
[INFO] [stdout]    --> src/audio/device.rs:148:61
[INFO] [stdout]     |
[INFO] [stdout] 148 |                 CoCreateInstance(&MMDeviceEnumerator, None, CLSCTX_ALL)?;
[INFO] [stdout]     |                                                             ^^^^^^^^^^ not found in this scope
[INFO] [stdout] 
[INFO] [stdout] 
[INFO] [stdout] error[E0425]: cannot find value `CLSCTX_ALL` in this scope
[INFO] [stdout]    --> src/audio/device.rs:150:62
[INFO] [stdout]     |
[INFO] [stdout] 150 |                 CoCreateInstance(&CLSID_POLICY_CONFIG, None, CLSCTX_ALL).ok();
[INFO] [stdout]     |                                                              ^^^^^^^^^^ not found in this scope
[INFO] [stdout] 
[INFO] [stdout] 
[INFO] [stdout] error[E0425]: cannot find value `eAll` in this scope
[INFO] [stdout]    --> src/audio/device.rs:162:37
[INFO] [stdout]     |
[INFO] [stdout] 162 |                 .EnumAudioEndpoints(eAll, DEVICE_STATE_ACTIVE)?;
[INFO] [stdout]     |                                     ^^^^ not found in this scope
[INFO] [stdout] 
[INFO] [stdout] 
[INFO] [stdout] error[E0425]: cannot find value `DEVICE_STATE_ACTIVE` in this scope
[INFO] [stdout]    --> src/audio/device.rs:162:43
[INFO] [stdout]     |
[INFO] [stdout] 162 |                 .EnumAudioEndpoints(eAll, DEVICE_STATE_ACTIVE)?;
[INFO] [stdout]     |                                           ^^^^^^^^^^^^^^^^^^^ not found in this scope
[INFO] [stdout] 
[INFO] [stdout] 
[INFO] [stdout] error[E0425]: cannot find value `STGM_READ` in this scope
[INFO] [stdout]    --> src/audio/device.rs:169:59
[INFO] [stdout]     |
[INFO] [stdout] 169 |                 let properties = device.OpenPropertyStore(STGM_READ)?;
[INFO] [stdout]     |                                                           ^^^^^^^^^ not found in this scope
[INFO] [stdout] 
[INFO] [stdout] 
[INFO] [stdout] error[E0425]: cannot find value `eRender` in this scope
[INFO] [stdout]    --> src/audio/device.rs:222:37
[INFO] [stdout]     |
[INFO] [stdout] 222 |                 .EnumAudioEndpoints(eRender, DEVICE_STATE(DEVICE_STATEMASK_ALL))?;
[INFO] [stdout]     |                                     ^^^^^^^ not found in this scope
[INFO] [stdout] 
[INFO] [stdout] 
[INFO] [stdout] error[E0425]: cannot find value `DEVICE_STATEMASK_ALL` in this scope
[INFO] [stdout]    --> src/audio/device.rs:222:59
[INFO] [stdout]     |
[INFO] [stdout] 222 |                 .EnumAudioEndpoints(eRender, DEVICE_STATE(DEVICE_STATEMASK_ALL))?;
[INFO] [stdout]     |                                                           ^^^^^^^^^^^^^^^^^^^^ not found in this scope
[INFO] [stdout] 
[INFO] [stdout] 
[INFO] [stdout] error[E0425]: cannot find type `IMMDeviceCollection` in this scope
[INFO] [stdout]    --> src/audio/device.rs:240:22
[INFO] [stdout]     |
[INFO] [stdout] 240 |         collection: &IMMDeviceCollection,
[INFO] [stdout]     |                      ^^^^^^^^^^^^^^^^^^^ not found in this scope
[INFO] [stdout] 
[INFO] [stdout] 
[INFO] [stdout] error[E0425]: cannot find value `DEVICE_STATE_ACTIVE` in this scope
[INFO] [stdout]    --> src/audio/device.rs:244:44
[INFO] [stdout]     |
[INFO] [stdout] 244 |         let active = device.GetState()? == DEVICE_STATE_ACTIVE;
[INFO] [stdout]     |                                            ^^^^^^^^^^^^^^^^^^^ not found in this scope
[INFO] [stdout] 
[INFO] [stdout] 
[INFO] [stdout] error[E0425]: cannot find value `STGM_READ` in this scope
[INFO] [stdout]    --> src/audio/device.rs:246:51
[INFO] [stdout]     |
[INFO] [stdout] 246 |         let properties = device.OpenPropertyStore(STGM_READ)?;
[INFO] [stdout]     |                                                   ^^^^^^^^^ not found in this scope
[INFO] [stdout] 
[INFO] [stdout] 
[INFO] [stdout] error[E0425]: cannot find value `eRender` in this scope
[INFO] [stdout]    --> src/audio/device.rs:256:59
[INFO] [stdout]     |
[INFO] [stdout] 256 |             match self.enumerator.GetDefaultAudioEndpoint(eRender, eConsole) {
[INFO] [stdout]     |                                                           ^^^^^^^ not found in this scope
[INFO] [stdout] 
[INFO] [stdout] 
[INFO] [stdout] error[E0425]: cannot find value `eConsole` in this scope
[INFO] [stdout]    --> src/audio/device.rs:256:68
[INFO] [stdout]     |
[INFO] [stdout] 256 |             match self.enumerator.GetDefaultAudioEndpoint(eRender, eConsole) {
[INFO] [stdout]     |                                                                    ^^^^^^^^ not found in this scope
[INFO] [stdout] 
[INFO] [stdout] 
[INFO] [stdout] error[E0425]: cannot find value `eConsole` in this scope
[INFO] [stdout]    --> src/audio/device.rs:301:44
[INFO] [stdout]     |
[INFO] [stdout] 301 |                 ("endpoint-id".to_owned(), eConsole.0 as u32),
[INFO] [stdout]     |                                            ^^^^^^^^ not found in this scope
[INFO] [stdout] 
[INFO] [stdout] 
[INFO] [stdout] error[E0425]: cannot find value `eMultimedia` in this scope
[INFO] [stdout]    --> src/audio/device.rs:302:44
[INFO] [stdout]     |
[INFO] [stdout] 302 |                 ("endpoint-id".to_owned(), eMultimedia.0 as u32),
[INFO] [stdout]     |                                            ^^^^^^^^^^^ not found in this scope
[INFO] [stdout] 
[INFO] [stdout] 
[INFO] [stdout] error[E0425]: cannot find value `eCommunications` in this scope
[INFO] [stdout]    --> src/audio/device.rs:303:44
[INFO] [stdout]     |
[INFO] [stdout] 303 |                 ("endpoint-id".to_owned(), eCommunications.0 as u32),
[INFO] [stdout]     |                                            ^^^^^^^^^^^^^^^ not found in this scope
[INFO] [stdout] 
[INFO] [stdout] 
[INFO] [stdout] error[E0425]: cannot find function, tuple struct or tuple variant `BluetoothFindFirstRadio` in this scope
[INFO] [stdout]    --> src/audio/bluetooth.rs:284:30
[INFO] [stdout]     |
[INFO] [stdout] 284 |             let radio_find = BluetoothFindFirstRadio(&params, &mut radio).unwrap();
[INFO] [stdout]     |                              ^^^^^^^^^^^^^^^^^^^^^^^ not found in this scope
[INFO] [stdout] 
[INFO] [stdout] 
[INFO] [stdout] error[E0425]: cannot find function, tuple struct or tuple variant `BluetoothFindFirstDevice` in this scope
[INFO] [stdout]    --> src/audio/bluetooth.rs:301:31
[INFO] [stdout]     |
[INFO] [stdout] 301 |             let device_find = BluetoothFindFirstDevice(&search, &mut info).unwrap();
[INFO] [stdout]     |                               ^^^^^^^^^^^^^^^^^^^^^^^^ not found in this scope
[INFO] [stdout] 
[INFO] [stdout] 
[INFO] [stdout] error[E0425]: cannot find function, tuple struct or tuple variant `BluetoothEnumerateInstalledServices` in this scope
[INFO] [stdout]    --> src/audio/bluetooth.rs:307:32
[INFO] [stdout]     |
[INFO] [stdout] 307 |                     let code = BluetoothEnumerateInstalledServices(
[INFO] [stdout]     |                                ^^^^^^^^^^^^^^^^^^^^^^^^^^^^^^^^^^^ not found in this scope
[INFO] [stdout] 
[INFO] [stdout] 
[INFO] [stdout] error[E0425]: cannot find function, tuple struct or tuple variant `BluetoothFindNextDevice` in this scope
[INFO] [stdout]    --> src/audio/bluetooth.rs:324:20
[INFO] [stdout]     |
[INFO] [stdout] 324 |                 if BluetoothFindNextDevice(device_find, &mut info).is_err() {
[INFO] [stdout]     |                    ^^^^^^^^^^^^^^^^^^^^^^^ not found in this scope
[INFO] [stdout] 
[INFO] [stdout] 
[INFO] [stdout] error[E0425]: cannot find function, tuple struct or tuple variant `BluetoothFindDeviceClose` in this scope
[INFO] [stdout]    --> src/audio/bluetooth.rs:329:21
[INFO] [stdout]     |
[INFO] [stdout] 329 |             let _ = BluetoothFindDeviceClose(device_find);
[INFO] [stdout]     |                     ^^^^^^^^^^^^^^^^^^^^^^^^ not found in this scope
[INFO] [stdout] 
[INFO] [stdout] 
[INFO] [stdout] error[E0425]: cannot find function, tuple struct or tuple variant `BluetoothFindRadioClose` in this scope
[INFO] [stdout]    --> src/audio/bluetooth.rs:331:21
[INFO] [stdout]     |
[INFO] [stdout] 331 |             let _ = BluetoothFindRadioClose(radio_find);
[INFO] [stdout]     |                     ^^^^^^^^^^^^^^^^^^^^^^^ not found in this scope
[INFO] [stdout] 
[INFO] [stdout] 
[INFO] [stdout] error[E0425]: cannot find function, tuple struct or tuple variant `CoInitializeEx` in this scope
[INFO] [stdout]    --> src/audio/device.rs:146:13
[INFO] [stdout]     |
[INFO] [stdout] 146 |             CoInitializeEx(None, COINIT_APARTMENTTHREADED).ok()?;
[INFO] [stdout]     |             ^^^^^^^^^^^^^^ not found in this scope
[INFO] [stdout] 
[INFO] [stdout] 
[INFO] [stdout] error[E0425]: cannot find function, tuple struct or tuple variant `CoCreateInstance` in this scope
[INFO] [stdout]    --> src/audio/device.rs:148:17
[INFO] [stdout]     |
[INFO] [stdout] 148 |                 CoCreateInstance(&MMDeviceEnumerator, None, CLSCTX_ALL)?;
[INFO] [stdout]     |                 ^^^^^^^^^^^^^^^^ not found in this scope
[INFO] [stdout] 
[INFO] [stdout] 
[INFO] [stdout] error[E0425]: cannot find function, tuple struct or tuple variant `CoCreateInstance` in this scope
[INFO] [stdout]    --> src/audio/device.rs:150:17
[INFO] [stdout]     |
[INFO] [stdout] 150 |                 CoCreateInstance(&CLSID_POLICY_CONFIG, None, CLSCTX_ALL).ok();
[INFO] [stdout]     |                 ^^^^^^^^^^^^^^^^ not found in this scope
[INFO] [stdout] 
[INFO] [stdout] 
[INFO] [stdout] error[E0425]: cannot find function, tuple struct or tuple variant `DEVICE_STATE` in this scope
[INFO] [stdout]    --> src/audio/device.rs:222:46
[INFO] [stdout]     |
[INFO] [stdout] 222 |                 .EnumAudioEndpoints(eRender, DEVICE_STATE(DEVICE_STATEMASK_ALL))?;
[INFO] [stdout]     |                                              ^^^^^^^^^^^^ not found in this scope
[INFO] [stdout] 
[INFO] [stdout] 
[INFO] [stdout] Some errors have detailed explanations: E0422, E0425, E0432, E0433.
[INFO] [stdout] 
[INFO] [stdout] For more information about an error, try `rustc --explain E0422`.
[INFO] [stdout] 
[INFO] [stderr] error: could not compile `bluetooth-audio-switcher` (lib test) due to 52 previous errors
[INFO] [stderr] warning: unused dependency `winres`
[INFO] [stderr]  --> Cargo.toml:2:1
[INFO] [stderr]   |
[INFO] [stderr] 2 | winres = "0.1"
[INFO] [stderr]   | ^^^^^^^^^^^^^^
[INFO] [stderr]   |
[INFO] [stderr]   = note: `cargo::unused_dependencies` is set to `warn` by default
[INFO] [stderr] help: consider removing the dependency on `winres`
[INFO] [stderr] warning: `bluetooth-audio-switcher` (manifest) generated 1 warning
[INFO] running `Command { std: "docker" "inspect" "ef9f44ee70d8602d249f3af371583291c33f6c722980e72218545ee6644ebdcd", kill_on_drop: false }`
[INFO] running `Command { std: "docker" "rm" "-f" "ef9f44ee70d8602d249f3af371583291c33f6c722980e72218545ee6644ebdcd", kill_on_drop: false }`
[INFO] [stdout] ef9f44ee70d8602d249f3af371583291c33f6c722980e72218545ee6644ebdcd
