[INFO] cloning repository https://github.com/abhigeddam/Query-engine
[INFO] running `Command { std: "git" "-c" "credential.helper=" "-c" "credential.helper=/workspace/cargo-home/bin/git-credential-null" "clone" "--bare" "https://github.com/abhigeddam/Query-engine" "/workspace/cache/git-repos/https%3A%2F%2Fgithub.com%2Fabhigeddam%2FQuery-engine", kill_on_drop: false }`
[INFO] [stderr] Cloning into bare repository '/workspace/cache/git-repos/https%3A%2F%2Fgithub.com%2Fabhigeddam%2FQuery-engine'...
[INFO] running `Command { std: "git" "rev-parse" "HEAD", kill_on_drop: false }`
[INFO] [stdout] 4cc0c479633c30c5d1122a77cd11294973255d64
[INFO] checking abhigeddam/Query-engine against 3154cc1a3e6424e44f438a95007d043ed5ceaaf6 for pr-133502-30
[INFO] running `Command { std: "git" "clone" "/workspace/cache/git-repos/https%3A%2F%2Fgithub.com%2Fabhigeddam%2FQuery-engine" "/workspace/builds/worker-1-tc2/source", kill_on_drop: false }`
[INFO] [stderr] Cloning into '/workspace/builds/worker-1-tc2/source'...
[INFO] [stderr] done.
[INFO] started tweaking git repo https://github.com/abhigeddam/Query-engine
[INFO] finished tweaking git repo https://github.com/abhigeddam/Query-engine
[INFO] tweaked toml for git repo https://github.com/abhigeddam/Query-engine written to /workspace/builds/worker-1-tc2/source/Cargo.toml
[INFO] validating manifest of git repo https://github.com/abhigeddam/Query-engine on toolchain 3154cc1a3e6424e44f438a95007d043ed5ceaaf6
[INFO] running `Command { std: CARGO_HOME="/workspace/cargo-home" RUSTUP_HOME="/workspace/rustup-home" "/workspace/cargo-home/bin/cargo" "+3154cc1a3e6424e44f438a95007d043ed5ceaaf6" "metadata" "--manifest-path" "Cargo.toml" "--no-deps", kill_on_drop: false }`
[INFO] crate git repo https://github.com/abhigeddam/Query-engine already has a lockfile, it will not be regenerated
[INFO] running `Command { std: CARGO_HOME="/workspace/cargo-home" RUSTUP_HOME="/workspace/rustup-home" "/workspace/cargo-home/bin/cargo" "+3154cc1a3e6424e44f438a95007d043ed5ceaaf6" "fetch" "--manifest-path" "Cargo.toml", kill_on_drop: false }`
[INFO] running `Command { std: "docker" "create" "-v" "/var/lib/crater-agent-workspace/builds/worker-1-tc2/source:/opt/rustwide/workdir:ro,Z" "-v" "/var/lib/crater-agent-workspace/builds/worker-1-tc2/target:/opt/rustwide/target:rw,Z" "-v" "/var/lib/crater-agent-workspace/cargo-home:/opt/rustwide/cargo-home:ro,Z" "-v" "/var/lib/crater-agent-workspace/rustup-home:/opt/rustwide/rustup-home:ro,Z" "-m" "1610612736" "--network" "none" "ghcr.io/rust-lang/crates-build-env/linux@sha256:77db811e55d90add9212f6832c23229e3de5f1c1f9905e8cb07319ea15df73ac" "sleep" "infinity", kill_on_drop: false }`
[INFO] [stdout] 205220e5c7ba06ff9400dd6c258d41b4b97f4f40d9681eccb08f582a4c788d61
[INFO] running `Command { std: "docker" "start" "205220e5c7ba06ff9400dd6c258d41b4b97f4f40d9681eccb08f582a4c788d61", kill_on_drop: false }`
[INFO] running `Command { std: "docker" "inspect" "205220e5c7ba06ff9400dd6c258d41b4b97f4f40d9681eccb08f582a4c788d61", kill_on_drop: false }`
[INFO] running `Command { std: "docker" "exec" "-e" "SOURCE_DIR=/opt/rustwide/workdir" "-e" "CARGO_HOME=/opt/rustwide/cargo-home" "-e" "RUSTUP_HOME=/opt/rustwide/rustup-home" "-e" "CARGO_TARGET_DIR=/opt/rustwide/target" "-w" "/opt/rustwide/workdir" "--user" "0:0" "205220e5c7ba06ff9400dd6c258d41b4b97f4f40d9681eccb08f582a4c788d61" "/opt/rustwide/cargo-home/bin/cargo" "+3154cc1a3e6424e44f438a95007d043ed5ceaaf6" "metadata" "--no-deps" "--format-version=1", kill_on_drop: false }`
[INFO] running `Command { std: "docker" "inspect" "205220e5c7ba06ff9400dd6c258d41b4b97f4f40d9681eccb08f582a4c788d61", kill_on_drop: false }`
[INFO] running `Command { std: "docker" "exec" "-e" "SOURCE_DIR=/opt/rustwide/workdir" "-e" "CARGO_HOME=/opt/rustwide/cargo-home" "-e" "RUSTUP_HOME=/opt/rustwide/rustup-home" "-e" "CARGO_TARGET_DIR=/opt/rustwide/target" "-e" "CARGO_INCREMENTAL=0" "-e" "RUST_BACKTRACE=full" "-e" "RUSTFLAGS=--cap-lints=forbid" "-e" "RUSTDOCFLAGS=--cap-lints=forbid" "-w" "/opt/rustwide/workdir" "--user" "0:0" "205220e5c7ba06ff9400dd6c258d41b4b97f4f40d9681eccb08f582a4c788d61" "/opt/rustwide/cargo-home/bin/cargo" "+3154cc1a3e6424e44f438a95007d043ed5ceaaf6" "check" "--frozen" "--all" "--all-targets" "--message-format=json", kill_on_drop: false }`
[INFO] [stderr]    Compiling zerocopy v0.8.54
[INFO] [stderr]     Checking arrow-schema v54.3.1
[INFO] [stderr]    Compiling libc v0.2.186
[INFO] [stderr]    Compiling ahash v0.8.12
[INFO] [stderr]     Checking hashbrown v0.15.5
[INFO] [stderr]     Checking lexical-util v1.0.7
[INFO] [stderr]    Compiling object v0.39.1
[INFO] [stderr]     Checking getrandom v0.3.4
[INFO] [stderr]    Compiling syn v2.0.119
[INFO] [stderr]     Checking num-integer v0.1.46
[INFO] [stderr]     Checking num-complex v0.4.6
[INFO] [stderr]     Checking chrono v0.4.45
[INFO] [stderr]     Checking regex-syntax v0.8.11
[INFO] [stderr]     Checking atoi v2.0.0
[INFO] [stderr]    Compiling flatbuffers v24.12.23
[INFO] [stderr]     Checking serde_json v1.0.150
[INFO] [stderr]    Compiling zstd-safe v7.2.4
[INFO] [stderr]     Checking csv-core v0.1.13
[INFO] [stderr]    Compiling snap v1.1.2
[INFO] [stderr]     Checking simdutf8 v0.1.5
[INFO] [stderr]     Checking brotli-decompressor v4.0.3
[INFO] [stderr]     Checking num-bigint v0.4.8
[INFO] [stderr]     Checking num-iter v0.1.46
[INFO] [stderr]     Checking csv v1.4.0
[INFO] [stderr]     Checking twox-hash v2.1.3
[INFO] [stderr]     Checking either v1.16.0
[INFO] [stderr]     Checking integer-encoding v3.0.4
[INFO] [stderr]     Checking twox-hash v1.6.3
[INFO] [stderr]     Checking thrift v0.17.0
[INFO] [stderr]     Checking lz4_flex v0.11.6
[INFO] [stderr]     Checking flate2 v1.1.9
[INFO] [stderr]     Checking lexical-parse-integer v1.0.6
[INFO] [stderr]     Checking lexical-write-integer v1.0.6
[INFO] [stderr]    Compiling seq-macro v0.3.6
[INFO] [stderr]     Checking lexical-parse-float v1.0.6
[INFO] [stderr]     Checking clap_builder v4.6.2
[INFO] [stderr]     Checking itertools v0.10.5
[INFO] [stderr]     Checking rayon v1.12.0
[INFO] [stderr]     Checking lexical-write-float v1.0.6
[INFO] [stderr]     Checking plotters v0.3.7
[INFO] [stderr]     Checking is-terminal v0.4.17
[INFO] [stderr]    Compiling jobserver v0.1.35
[INFO] [stderr]     Checking lexical-core v1.0.6
[INFO] [stderr]    Compiling cc v1.4.0
[INFO] [stderr]     Checking num-rational v0.4.2
[INFO] [stderr]     Checking brotli v7.0.0
[INFO] [stderr]     Checking num v0.4.3
[INFO] [stderr]     Checking regex-automata v0.4.16
[INFO] [stderr]     Checking criterion-plot v0.5.0
[INFO] [stderr]    Compiling zstd-sys v2.0.16+zstd.1.5.7
[INFO] [stderr]    Compiling stacker v0.1.25
[INFO] [stderr]     Checking clap v4.6.2
[INFO] [stderr]    Compiling zerocopy-derive v0.8.54
[INFO] [stderr]    Compiling serde_derive v1.0.228
[INFO] [stderr]    Compiling recursive-proc-macro-impl v0.1.1
[INFO] [stderr]     Checking regex v1.13.1
[INFO] [stderr]    Compiling ar_archive_writer v0.5.3
[INFO] [stderr]    Compiling psm v0.1.32
[INFO] [stderr]     Checking recursive v0.1.1
[INFO] [stderr]     Checking sqlparser v0.54.0
[INFO] [stderr]     Checking serde v1.0.228
[INFO] [stderr]     Checking serde_yaml v0.9.34+deprecated
[INFO] [stderr]     Checking tinytemplate v1.2.1
[INFO] [stderr]     Checking zstd v0.13.3
[INFO] [stderr]     Checking half v2.7.1
[INFO] [stderr]     Checking arrow-buffer v54.3.1
[INFO] [stderr]     Checking ciborium-ll v0.2.2
[INFO] [stderr]     Checking ciborium v0.2.2
[INFO] [stderr]     Checking arrow-data v54.3.1
[INFO] [stderr]     Checking criterion v0.5.1
[INFO] [stderr]     Checking arrow-array v54.3.1
[INFO] [stderr]     Checking arrow-select v54.3.1
[INFO] [stderr]     Checking arrow-ipc v54.3.1
[INFO] [stderr]     Checking arrow-arith v54.3.1
[INFO] [stderr]     Checking arrow-row v54.3.1
[INFO] [stderr]     Checking arrow-cast v54.3.1
[INFO] [stderr]     Checking arrow-ord v54.3.1
[INFO] [stderr]     Checking arrow-string v54.3.1
[INFO] [stderr]     Checking arrow-json v54.3.1
[INFO] [stderr]     Checking arrow-csv v54.3.1
[INFO] [stderr]     Checking parquet v54.3.1
[INFO] [stderr]     Checking arrow v54.3.1
[INFO] [stderr]     Checking rust_aggregator v0.1.0 (/opt/rustwide/workdir)
[INFO] [stdout] error[E0583]: file not found for module `yaml_plan`
[INFO] [stdout]  --> src/lib.rs:9:1
[INFO] [stdout]   |
[INFO] [stdout] 9 | pub mod yaml_plan;
[INFO] [stdout]   | ^^^^^^^^^^^^^^^^^^
[INFO] [stdout]   |
[INFO] [stdout]   = help: to create the module `yaml_plan`, create file "src/yaml_plan.rs" or "src/yaml_plan/mod.rs"
[INFO] [stdout]   = note: if there is a `mod yaml_plan` elsewhere in the crate already, import it with `use crate::...` instead
[INFO] [stdout] 
[INFO] [stdout] 
[INFO] [stdout] error[E0583]: file not found for module `sql`
[INFO] [stdout]   --> src/lib.rs:10:1
[INFO] [stdout]    |
[INFO] [stdout] 10 | pub mod sql;
[INFO] [stdout]    | ^^^^^^^^^^^^
[INFO] [stdout]    |
[INFO] [stdout]    = help: to create the module `sql`, create file "src/sql.rs" or "src/sql/mod.rs"
[INFO] [stdout]    = note: if there is a `mod sql` elsewhere in the crate already, import it with `use crate::...` instead
[INFO] [stdout] 
[INFO] [stdout] 
[INFO] [stdout] error[E0583]: file not found for module `parquet_io`
[INFO] [stdout]   --> src/lib.rs:11:1
[INFO] [stdout]    |
[INFO] [stdout] 11 | pub mod parquet_io;
[INFO] [stdout]    | ^^^^^^^^^^^^^^^^^^^
[INFO] [stdout]    |
[INFO] [stdout]    = help: to create the module `parquet_io`, create file "src/parquet_io.rs" or "src/parquet_io/mod.rs"
[INFO] [stdout]    = note: if there is a `mod parquet_io` elsewhere in the crate already, import it with `use crate::...` instead
[INFO] [stdout] 
[INFO] [stdout] 
[INFO] [stdout] error[E0583]: file not found for module `pipeline`
[INFO] [stdout]   --> src/lib.rs:13:1
[INFO] [stdout]    |
[INFO] [stdout] 13 | pub mod pipeline;
[INFO] [stdout]    | ^^^^^^^^^^^^^^^^^
[INFO] [stdout]    |
[INFO] [stdout]    = help: to create the module `pipeline`, create file "src/pipeline.rs" or "src/pipeline/mod.rs"
[INFO] [stdout]    = note: if there is a `mod pipeline` elsewhere in the crate already, import it with `use crate::...` instead
[INFO] [stdout] 
[INFO] [stdout] 
[INFO] [stdout] error[E0583]: file not found for module `yaml_plan`
[INFO] [stdout]  --> src/lib.rs:9:1
[INFO] [stdout]   |
[INFO] [stdout] 9 | pub mod yaml_plan;
[INFO] [stdout]   | ^^^^^^^^^^^^^^^^^^
[INFO] [stdout]   |
[INFO] [stdout]   = help: to create the module `yaml_plan`, create file "src/yaml_plan.rs" or "src/yaml_plan/mod.rs"
[INFO] [stdout]   = note: if there is a `mod yaml_plan` elsewhere in the crate already, import it with `use crate::...` instead
[INFO] [stdout] 
[INFO] [stdout] 
[INFO] [stdout] error[E0583]: file not found for module `sql`
[INFO] [stdout]   --> src/lib.rs:10:1
[INFO] [stdout]    |
[INFO] [stdout] 10 | pub mod sql;
[INFO] [stdout]    | ^^^^^^^^^^^^
[INFO] [stdout]    |
[INFO] [stdout]    = help: to create the module `sql`, create file "src/sql.rs" or "src/sql/mod.rs"
[INFO] [stdout]    = note: if there is a `mod sql` elsewhere in the crate already, import it with `use crate::...` instead
[INFO] [stdout] 
[INFO] [stdout] 
[INFO] [stdout] error[E0583]: file not found for module `parquet_io`
[INFO] [stdout]   --> src/lib.rs:11:1
[INFO] [stdout]    |
[INFO] [stdout] 11 | pub mod parquet_io;
[INFO] [stdout]    | ^^^^^^^^^^^^^^^^^^^
[INFO] [stdout]    |
[INFO] [stdout]    = help: to create the module `parquet_io`, create file "src/parquet_io.rs" or "src/parquet_io/mod.rs"
[INFO] [stdout]    = note: if there is a `mod parquet_io` elsewhere in the crate already, import it with `use crate::...` instead
[INFO] [stdout] 
[INFO] [stdout] 
[INFO] [stdout] error[E0583]: file not found for module `pipeline`
[INFO] [stdout]   --> src/lib.rs:13:1
[INFO] [stdout]    |
[INFO] [stdout] 13 | pub mod pipeline;
[INFO] [stdout]    | ^^^^^^^^^^^^^^^^^
[INFO] [stdout]    |
[INFO] [stdout]    = help: to create the module `pipeline`, create file "src/pipeline.rs" or "src/pipeline/mod.rs"
[INFO] [stdout]    = note: if there is a `mod pipeline` elsewhere in the crate already, import it with `use crate::...` instead
[INFO] [stdout] 
[INFO] [stdout] 
[INFO] [stdout] For more information about this error, try `rustc --explain E0583`.
[INFO] [stdout] 
[INFO] [stderr] error: could not compile `rust_aggregator` (lib test) due to 4 previous errors
[INFO] [stderr] warning: build failed, waiting for other jobs to finish...
[INFO] [stdout] For more information about this error, try `rustc --explain E0583`.
[INFO] [stdout] 
[INFO] [stderr] error: could not compile `rust_aggregator` (lib) due to 4 previous errors
[INFO] running `Command { std: "docker" "inspect" "205220e5c7ba06ff9400dd6c258d41b4b97f4f40d9681eccb08f582a4c788d61", kill_on_drop: false }`
[INFO] running `Command { std: "docker" "rm" "-f" "205220e5c7ba06ff9400dd6c258d41b4b97f4f40d9681eccb08f582a4c788d61", kill_on_drop: false }`
[INFO] [stdout] 205220e5c7ba06ff9400dd6c258d41b4b97f4f40d9681eccb08f582a4c788d61
