[INFO] cloning repository https://github.com/abelsonlive/tarpit
[INFO] running `Command { std: "git" "-c" "credential.helper=" "-c" "credential.helper=/workspace/cargo-home/bin/git-credential-null" "clone" "--bare" "https://github.com/abelsonlive/tarpit" "/workspace/cache/git-repos/https%3A%2F%2Fgithub.com%2Fabelsonlive%2Ftarpit", kill_on_drop: false }`
[INFO] [stderr] Cloning into bare repository '/workspace/cache/git-repos/https%3A%2F%2Fgithub.com%2Fabelsonlive%2Ftarpit'...
[INFO] running `Command { std: "git" "rev-parse" "HEAD", kill_on_drop: false }`
[INFO] [stdout] 6a25b057f92a90987a3e2763c175ec389bd36013
[INFO] checking abelsonlive/tarpit against 3154cc1a3e6424e44f438a95007d043ed5ceaaf6+rustflags=-Znext-solver=coherence for pr-133502-30
[INFO] running `Command { std: "git" "clone" "/workspace/cache/git-repos/https%3A%2F%2Fgithub.com%2Fabelsonlive%2Ftarpit" "/workspace/builds/worker-3-tc1/source", kill_on_drop: false }`
[INFO] [stderr] Cloning into '/workspace/builds/worker-3-tc1/source'...
[INFO] [stderr] done.
[INFO] started tweaking git repo https://github.com/abelsonlive/tarpit
[INFO] finished tweaking git repo https://github.com/abelsonlive/tarpit
[INFO] tweaked toml for git repo https://github.com/abelsonlive/tarpit written to /workspace/builds/worker-3-tc1/source/Cargo.toml
[INFO] validating manifest of git repo https://github.com/abelsonlive/tarpit on toolchain 3154cc1a3e6424e44f438a95007d043ed5ceaaf6
[INFO] running `Command { std: CARGO_HOME="/workspace/cargo-home" RUSTUP_HOME="/workspace/rustup-home" "/workspace/cargo-home/bin/cargo" "+3154cc1a3e6424e44f438a95007d043ed5ceaaf6" "metadata" "--manifest-path" "Cargo.toml" "--no-deps", kill_on_drop: false }`
[INFO] crate git repo https://github.com/abelsonlive/tarpit already has a lockfile, it will not be regenerated
[INFO] running `Command { std: CARGO_HOME="/workspace/cargo-home" RUSTUP_HOME="/workspace/rustup-home" "/workspace/cargo-home/bin/cargo" "+3154cc1a3e6424e44f438a95007d043ed5ceaaf6" "fetch" "--manifest-path" "Cargo.toml", kill_on_drop: false }`
[INFO] [stderr]     Blocking waiting for file lock on package cache
[INFO] [stderr]     Blocking waiting for file lock on package cache
[INFO] running `Command { std: "docker" "create" "-v" "/var/lib/crater-agent-workspace/builds/worker-3-tc1/source:/opt/rustwide/workdir:ro,Z" "-v" "/var/lib/crater-agent-workspace/builds/worker-3-tc1/target:/opt/rustwide/target:rw,Z" "-v" "/var/lib/crater-agent-workspace/cargo-home:/opt/rustwide/cargo-home:ro,Z" "-v" "/var/lib/crater-agent-workspace/rustup-home:/opt/rustwide/rustup-home:ro,Z" "-m" "1610612736" "--network" "none" "ghcr.io/rust-lang/crates-build-env/linux@sha256:77db811e55d90add9212f6832c23229e3de5f1c1f9905e8cb07319ea15df73ac" "sleep" "infinity", kill_on_drop: false }`
[INFO] [stdout] 003231d225fafdea86dd085451392b84b9b54ead4a2a0cde96da19b55ba69952
[INFO] running `Command { std: "docker" "start" "003231d225fafdea86dd085451392b84b9b54ead4a2a0cde96da19b55ba69952", kill_on_drop: false }`
[INFO] running `Command { std: "docker" "inspect" "003231d225fafdea86dd085451392b84b9b54ead4a2a0cde96da19b55ba69952", kill_on_drop: false }`
[INFO] running `Command { std: "docker" "exec" "-e" "SOURCE_DIR=/opt/rustwide/workdir" "-e" "CARGO_HOME=/opt/rustwide/cargo-home" "-e" "RUSTUP_HOME=/opt/rustwide/rustup-home" "-e" "CARGO_TARGET_DIR=/opt/rustwide/target" "-w" "/opt/rustwide/workdir" "--user" "0:0" "003231d225fafdea86dd085451392b84b9b54ead4a2a0cde96da19b55ba69952" "/opt/rustwide/cargo-home/bin/cargo" "+3154cc1a3e6424e44f438a95007d043ed5ceaaf6" "metadata" "--no-deps" "--format-version=1", kill_on_drop: false }`
[INFO] running `Command { std: "docker" "inspect" "003231d225fafdea86dd085451392b84b9b54ead4a2a0cde96da19b55ba69952", kill_on_drop: false }`
[INFO] running `Command { std: "docker" "exec" "-e" "SOURCE_DIR=/opt/rustwide/workdir" "-e" "CARGO_HOME=/opt/rustwide/cargo-home" "-e" "RUSTUP_HOME=/opt/rustwide/rustup-home" "-e" "CARGO_TARGET_DIR=/opt/rustwide/target" "-e" "CARGO_INCREMENTAL=0" "-e" "RUST_BACKTRACE=full" "-e" "RUSTFLAGS=--cap-lints=forbid -Znext-solver=coherence" "-e" "RUSTDOCFLAGS=--cap-lints=forbid" "-w" "/opt/rustwide/workdir" "--user" "0:0" "003231d225fafdea86dd085451392b84b9b54ead4a2a0cde96da19b55ba69952" "/opt/rustwide/cargo-home/bin/cargo" "+3154cc1a3e6424e44f438a95007d043ed5ceaaf6" "check" "--frozen" "--all" "--all-targets" "--message-format=json", kill_on_drop: false }`
[INFO] [stderr]    Compiling serde v1.0.229
[INFO] [stderr]     Checking bitflags v2.13.1
[INFO] [stderr]    Compiling wayland-sys v0.31.11
[INFO] [stderr]    Compiling cfg-expr v0.15.8
[INFO] [stderr]    Compiling cc v1.4.0
[INFO] [stderr]    Compiling proc-macro-error-attr v1.0.4
[INFO] [stderr]    Compiling syn v1.0.109
[INFO] [stderr]    Compiling gio v0.18.4
[INFO] [stderr]    Compiling futures-macro v0.3.33
[INFO] [stderr]    Compiling syn v3.0.3
[INFO] [stderr]     Checking thiserror v1.0.69
[INFO] [stderr]    Compiling gtk v0.18.2
[INFO] [stderr]    Compiling libxdo-sys v0.11.0
[INFO] [stderr]     Checking x11 v2.21.0
[INFO] [stderr]     Checking xcursor v0.3.10
[INFO] [stderr]     Checking bytemuck v1.25.2
[INFO] [stderr]    Compiling zstd-safe v7.2.4
[INFO] [stderr]     Checking dpi v0.1.2
[INFO] [stderr]    Compiling winit v0.30.13
[INFO] [stderr]     Checking rustix v1.1.4
[INFO] [stderr]     Checking rustix v0.38.44
[INFO] [stderr]     Checking tracing-core v0.1.36
[INFO] [stderr]    Compiling rfd v0.17.2
[INFO] [stderr]     Checking regex-automata v0.4.16
[INFO] [stderr]     Checking tiny-skia-path v0.11.4
[INFO] [stderr]     Checking png v0.18.1
[INFO] [stderr]     Checking ahash v0.8.12
[INFO] [stderr]     Checking x11-dl v2.21.0
[INFO] [stderr]    Compiling proc-macro-error v1.0.4
[INFO] [stderr]     Checking xkbcommon-dl v0.4.2
[INFO] [stderr]     Checking filetime v0.2.29
[INFO] [stderr]     Checking tracing v0.1.44
[INFO] [stderr]     Checking futures-util v0.3.33
[INFO] [stderr]    Compiling toml_datetime v0.6.3
[INFO] [stderr]    Compiling serde_spanned v0.6.9
[INFO] [stderr]    Compiling toml_edit v0.20.2
[INFO] [stderr]    Compiling toml_edit v0.19.15
[INFO] [stderr]     Checking tiny-skia v0.11.4
[INFO] [stderr]     Checking bstr v1.13.0
[INFO] [stderr]     Checking libxdo v0.6.0
[INFO] [stderr]     Checking opener v0.8.5
[INFO] [stderr]    Compiling wayland-backend v0.3.16
[INFO] [stderr]    Compiling zstd-sys v2.0.16+zstd.1.5.7
[INFO] [stderr]    Compiling serde_derive v1.0.229
[INFO] [stderr]    Compiling thiserror-impl v2.0.19
[INFO] [stderr]    Compiling proc-macro-crate v1.3.1
[INFO] [stderr]     Checking thiserror v2.0.19
[INFO] [stderr]     Checking futures-executor v0.3.33
[INFO] [stderr]    Compiling gtk3-macros v0.18.2
[INFO] [stderr]    Compiling toml v0.8.2
[INFO] [stderr]    Compiling proc-macro-crate v2.0.2
[INFO] [stderr]    Compiling glib-macros v0.18.5
[INFO] [stderr]    Compiling system-deps v6.2.2
[INFO] [stderr]    Compiling glib-sys v0.18.1
[INFO] [stderr]    Compiling gobject-sys v0.18.0
[INFO] [stderr]    Compiling gio-sys v0.18.1
[INFO] [stderr]    Compiling pango-sys v0.18.0
[INFO] [stderr]    Compiling gdk-sys v0.18.2
[INFO] [stderr]    Compiling cairo-sys-rs v0.18.2
[INFO] [stderr]    Compiling atk-sys v0.18.2
[INFO] [stderr]    Compiling gdk-pixbuf-sys v0.18.0
[INFO] [stderr]    Compiling gtk-sys v0.18.2
[INFO] [stderr]     Checking polling v3.11.0
[INFO] [stderr]     Checking gethostname v1.1.0
[INFO] [stderr]     Checking xattr v1.6.1
[INFO] [stderr]     Checking tempfile v3.27.0
[INFO] [stderr]     Checking tar v0.4.46
[INFO] [stderr]     Checking x11rb v0.13.2
[INFO] [stderr]     Checking calloop v0.13.0
[INFO] [stderr]     Checking keyboard-types v0.7.0
[INFO] [stderr]     Checking wayland-client v0.31.15
[INFO] [stderr]     Checking wayland-csd-frame v0.3.0
[INFO] [stderr]     Checking zstd v0.13.3
[INFO] [stderr]     Checking glib v0.18.5
[INFO] [stderr]     Checking wayland-protocols v0.32.13
[INFO] [stderr]     Checking calloop-wayland-source v0.3.0
[INFO] [stderr]     Checking wayland-cursor v0.31.14
[INFO] [stderr]     Checking libappindicator-sys v0.9.0
[INFO] [stderr]     Checking cairo-rs v0.18.5
[INFO] [stderr]     Checking atk v0.18.2
[INFO] [stderr]     Checking wayland-protocols-wlr v0.3.12
[INFO] [stderr]     Checking wayland-protocols-plasma v0.3.12
[INFO] [stderr]     Checking smithay-client-toolkit v0.19.2
[INFO] [stderr]     Checking sctk-adwaita v0.10.1
[INFO] [stderr]     Checking pango v0.18.3
[INFO] [stderr]     Checking gdk-pixbuf v0.18.5
[INFO] [stderr]     Checking gdk v0.18.2
[INFO] [stderr]     Checking muda v0.19.3
[INFO] [stderr]     Checking libappindicator v0.9.0
[INFO] [stderr]     Checking tray-icon v0.24.2
[INFO] [stderr]     Checking tarpit v0.1.0 (/opt/rustwide/workdir)
[INFO] [stdout] error[E0432]: unresolved import `winit::platform::macos`
[INFO] [stdout]   --> src/main.rs:30:22
[INFO] [stdout]    |
[INFO] [stdout] 30 | use winit::platform::macos::{ActivationPolicy, EventLoopBuilderExtMacOS};
[INFO] [stdout]    |                      ^^^^^ could not find `macos` in `platform`
[INFO] [stdout]    |
[INFO] [stdout] note: found an item that was configured out
[INFO] [stdout]   --> /opt/rustwide/cargo-home/registry/src/index.crates.io-1949cf8c6b5b557f/winit-0.30.13/src/platform/mod.rs:10:9
[INFO] [stdout]    |
[INFO] [stdout]  9 | #[cfg(any(macos_platform, docsrs))]
[INFO] [stdout]    |          ------------------------ the item is gated here
[INFO] [stdout] 10 | pub mod macos;
[INFO] [stdout]    |         ^^^^^
[INFO] [stdout] 
[INFO] [stdout] 
[INFO] [stdout] error[E0432]: unresolved import `winit::platform::macos`
[INFO] [stdout]   --> src/main.rs:30:22
[INFO] [stdout]    |
[INFO] [stdout] 30 | use winit::platform::macos::{ActivationPolicy, EventLoopBuilderExtMacOS};
[INFO] [stdout]    |                      ^^^^^ could not find `macos` in `platform`
[INFO] [stdout]    |
[INFO] [stdout] note: found an item that was configured out
[INFO] [stdout]   --> /opt/rustwide/cargo-home/registry/src/index.crates.io-1949cf8c6b5b557f/winit-0.30.13/src/platform/mod.rs:10:9
[INFO] [stdout]    |
[INFO] [stdout]  9 | #[cfg(any(macos_platform, docsrs))]
[INFO] [stdout]    |          ------------------------ the item is gated here
[INFO] [stdout] 10 | pub mod macos;
[INFO] [stdout]    |         ^^^^^
[INFO] [stdout] 
[INFO] [stdout] 
[INFO] [stdout] error[E0599]: no method named `with_activation_policy` found for struct `EventLoopBuilder<T>` in the current scope
[INFO] [stdout]    --> src/main.rs:573:10
[INFO] [stdout]     |
[INFO] [stdout] 572 |     let event_loop = EventLoop::builder()
[INFO] [stdout] 573 |         .with_activation_policy(ActivationPolicy::Accessory) // no Dock icon
[INFO] [stdout]     |          ^^^^^^^^^^^^^^^^^^^^^^ method not found in `EventLoopBuilder<()>`
[INFO] [stdout] 
[INFO] [stdout] 
[INFO] [stdout] error[E0599]: no method named `with_activation_policy` found for struct `EventLoopBuilder<T>` in the current scope
[INFO] [stdout]    --> src/main.rs:573:10
[INFO] [stdout]     |
[INFO] [stdout] 572 |     let event_loop = EventLoop::builder()
[INFO] [stdout] 573 |         .with_activation_policy(ActivationPolicy::Accessory) // no Dock icon
[INFO] [stdout]     |          ^^^^^^^^^^^^^^^^^^^^^^ method not found in `EventLoopBuilder<()>`
[INFO] [stdout] 
[INFO] [stdout] 
[INFO] [stdout] Some errors have detailed explanations: E0432, E0599.
[INFO] [stdout] 
[INFO] [stdout] For more information about an error, try `rustc --explain E0432`.
[INFO] [stdout] 
[INFO] [stdout] Some errors have detailed explanations: E0432, E0599.
[INFO] [stdout] 
[INFO] [stdout] For more information about an error, try `rustc --explain E0432`.
[INFO] [stdout] 
[INFO] [stderr] error: could not compile `tarpit` (bin "tarpit" test) due to 2 previous errors
[INFO] [stderr] warning: build failed, waiting for other jobs to finish...
[INFO] [stderr] error: could not compile `tarpit` (bin "tarpit") due to 2 previous errors
[INFO] running `Command { std: "docker" "inspect" "003231d225fafdea86dd085451392b84b9b54ead4a2a0cde96da19b55ba69952", kill_on_drop: false }`
[INFO] running `Command { std: "docker" "rm" "-f" "003231d225fafdea86dd085451392b84b9b54ead4a2a0cde96da19b55ba69952", kill_on_drop: false }`
[INFO] [stdout] 003231d225fafdea86dd085451392b84b9b54ead4a2a0cde96da19b55ba69952
