[INFO] cloning repository https://github.com/abdulazizishaq212-prog/StarForge
[INFO] running `Command { std: "git" "-c" "credential.helper=" "-c" "credential.helper=/workspace/cargo-home/bin/git-credential-null" "clone" "--bare" "https://github.com/abdulazizishaq212-prog/StarForge" "/workspace/cache/git-repos/https%3A%2F%2Fgithub.com%2Fabdulazizishaq212-prog%2FStarForge", kill_on_drop: false }`
[INFO] [stderr] Cloning into bare repository '/workspace/cache/git-repos/https%3A%2F%2Fgithub.com%2Fabdulazizishaq212-prog%2FStarForge'...
[INFO] running `Command { std: "git" "rev-parse" "HEAD", kill_on_drop: false }`
[INFO] [stdout] 99de1c0bad1279295ad585f5e53aafa079ae495c
[INFO] checking abdulazizishaq212-prog/StarForge against 3154cc1a3e6424e44f438a95007d043ed5ceaaf6+rustflags=-Znext-solver=coherence for pr-133502-30
[INFO] running `Command { std: "git" "clone" "/workspace/cache/git-repos/https%3A%2F%2Fgithub.com%2Fabdulazizishaq212-prog%2FStarForge" "/workspace/builds/worker-3-tc1/source", kill_on_drop: false }`
[INFO] [stderr] Cloning into '/workspace/builds/worker-3-tc1/source'...
[INFO] [stderr] done.
[INFO] removed /workspace/builds/worker-3-tc1/source/.cargo/config.toml
[INFO] started tweaking git repo https://github.com/abdulazizishaq212-prog/StarForge
[INFO] finished tweaking git repo https://github.com/abdulazizishaq212-prog/StarForge
[INFO] tweaked toml for git repo https://github.com/abdulazizishaq212-prog/StarForge written to /workspace/builds/worker-3-tc1/source/Cargo.toml
[INFO] validating manifest of git repo https://github.com/abdulazizishaq212-prog/StarForge on toolchain 3154cc1a3e6424e44f438a95007d043ed5ceaaf6
[INFO] running `Command { std: CARGO_HOME="/workspace/cargo-home" RUSTUP_HOME="/workspace/rustup-home" "/workspace/cargo-home/bin/cargo" "+3154cc1a3e6424e44f438a95007d043ed5ceaaf6" "metadata" "--manifest-path" "Cargo.toml" "--no-deps", kill_on_drop: false }`
[INFO] crate git repo https://github.com/abdulazizishaq212-prog/StarForge already has a lockfile, it will not be regenerated
[INFO] running `Command { std: CARGO_HOME="/workspace/cargo-home" RUSTUP_HOME="/workspace/rustup-home" "/workspace/cargo-home/bin/cargo" "+3154cc1a3e6424e44f438a95007d043ed5ceaaf6" "fetch" "--manifest-path" "Cargo.toml", kill_on_drop: false }`
[INFO] [stderr] warning: `package.homepage` is redundant with `package.repository`
[INFO] [stderr]    --> Cargo.toml:168:12
[INFO] [stderr]     |
[INFO] [stderr] 168 | homepage = "https://github.com/onajidavid87-web/StarForge"
[INFO] [stderr]     |            ^^^^^^^^^^^^^^^^^^^^^^^^^^^^^^^^^^^^^^^^^^^^^^^
[INFO] [stderr] ...
[INFO] [stderr] 172 | repository = "https://github.com/onajidavid87-web/StarForge"
[INFO] [stderr]     |              -----------------------------------------------
[INFO] [stderr]     |
[INFO] [stderr]     = note: `cargo::redundant_homepage` is set to `warn` by default
[INFO] [stderr] help: consider removing `package.homepage`
[INFO] [stderr] warning: `starforge` (manifest) generated 1 warning
[INFO] [stderr]     Updating crates.io index
[INFO] [stderr]  Downloading crates ...
[INFO] [stderr]   Downloaded fancy-regex v0.13.0
[INFO] [stderr]   Downloaded bzip2 v0.4.4
[INFO] [stderr]   Downloaded soroban-spec-rust v22.0.7
[INFO] [stderr]   Downloaded zstd-safe v5.0.2+zstd.1.5.2
[INFO] [stderr]   Downloaded zstd v0.11.2+zstd.1.5.2
[INFO] [stderr]   Downloaded stellar-strkey v0.0.9
[INFO] [stderr]   Downloaded soroban-spec v22.0.7
[INFO] [stderr]   Downloaded wasmi_arena v0.4.1
[INFO] [stderr]   Downloaded wasm-bindgen-test-shared v0.2.127
[INFO] [stderr]   Downloaded ctor v0.2.9
[INFO] [stderr]   Downloaded soroban-env-macros v22.1.3
[INFO] [stderr]   Downloaded crate-git-revision v0.0.6
[INFO] [stderr]   Downloaded soroban-ledger-snapshot v22.0.7
[INFO] [stderr]   Downloaded wasm-bindgen-test-macro v0.3.77
[INFO] [stderr]   Downloaded soroban-builtin-sdk-macros v22.1.3
[INFO] [stderr]   Downloaded derive_arbitrary v1.3.2
[INFO] [stderr]   Downloaded escape-bytes v0.1.1
[INFO] [stderr]   Downloaded soroban-env-guest v22.1.3
[INFO] [stderr]   Downloaded bytes-lit v0.0.5
[INFO] [stderr]   Downloaded nibble_vec v0.1.0
[INFO] [stderr]   Downloaded endian-type v0.1.2
[INFO] [stderr]   Downloaded wasmi_core v0.13.0
[INFO] [stderr]   Downloaded toml v0.8.8
[INFO] [stderr]   Downloaded zerovec-derive v0.10.4
[INFO] [stderr]   Downloaded rusb v0.9.4
[INFO] [stderr]   Downloaded minicov v0.3.9
[INFO] [stderr]   Downloaded tokio-tungstenite v0.24.0
[INFO] [stderr]   Downloaded clap_lex v0.6.0
[INFO] [stderr]   Downloaded clap_mangen v0.2.21
[INFO] [stderr]   Downloaded roff v0.2.2
[INFO] [stderr]   Downloaded tungstenite v0.24.0
[INFO] [stderr]   Downloaded mockito v1.7.2
[INFO] [stderr]   Downloaded indexmap v2.11.4
[INFO] [stderr]   Downloaded dialoguer v0.11.0
[INFO] [stderr]   Downloaded soroban-sdk-macros v22.0.7
[INFO] [stderr]   Downloaded clap_derive v4.4.7
[INFO] [stderr]   Downloaded soroban-env-common v22.1.3
[INFO] [stderr]   Downloaded ethnum v1.5.3
[INFO] [stderr]   Downloaded colored v3.1.1
[INFO] [stderr]   Downloaded wasm-bindgen-test v0.3.77
[INFO] [stderr]   Downloaded uuid v1.20.0
[INFO] [stderr]   Downloaded soroban-wasmi v0.31.1-soroban.20.0.1
[INFO] [stderr]   Downloaded clap_complete v4.4.10
[INFO] [stderr]   Downloaded clap v4.4.18
[INFO] [stderr]   Downloaded soroban-sdk v22.0.7
[INFO] [stderr]   Downloaded bitcoin_hashes v0.14.101
[INFO] [stderr]   Downloaded comfy-table v7.2.2
[INFO] [stderr]   Downloaded rustyline v13.0.0
[INFO] [stderr]   Downloaded hidapi v2.6.7
[INFO] [stderr]   Downloaded minijinja v1.0.22
[INFO] [stderr]   Downloaded wasmparser v0.116.1
[INFO] [stderr]   Downloaded clap_builder v4.4.18
[INFO] [stderr]   Downloaded proptest v1.8.0
[INFO] [stderr]   Downloaded radix_trie v0.2.1
[INFO] [stderr]   Downloaded libusb1-sys v0.7.0
[INFO] [stderr]   Downloaded zxcvbn v3.1.0
[INFO] [stderr]   Downloaded trezor-client v0.1.6
[INFO] [stderr]   Downloaded soroban-env-host v22.1.3
[INFO] [stderr]   Downloaded stellar-xdr v22.1.0
[INFO] running `Command { std: "docker" "create" "-v" "/var/lib/crater-agent-workspace/builds/worker-3-tc1/source:/opt/rustwide/workdir:ro,Z" "-v" "/var/lib/crater-agent-workspace/builds/worker-3-tc1/target:/opt/rustwide/target:rw,Z" "-v" "/var/lib/crater-agent-workspace/cargo-home:/opt/rustwide/cargo-home:ro,Z" "-v" "/var/lib/crater-agent-workspace/rustup-home:/opt/rustwide/rustup-home:ro,Z" "-m" "1610612736" "--network" "none" "ghcr.io/rust-lang/crates-build-env/linux@sha256:77db811e55d90add9212f6832c23229e3de5f1c1f9905e8cb07319ea15df73ac" "sleep" "infinity", kill_on_drop: false }`
[INFO] [stdout] b3a27100082f5dacf17d6cb91a21ccfc8bfe4b4a0af44406255773e735e36565
[INFO] running `Command { std: "docker" "start" "b3a27100082f5dacf17d6cb91a21ccfc8bfe4b4a0af44406255773e735e36565", kill_on_drop: false }`
[INFO] running `Command { std: "docker" "inspect" "b3a27100082f5dacf17d6cb91a21ccfc8bfe4b4a0af44406255773e735e36565", kill_on_drop: false }`
[INFO] running `Command { std: "docker" "exec" "-e" "SOURCE_DIR=/opt/rustwide/workdir" "-e" "CARGO_HOME=/opt/rustwide/cargo-home" "-e" "RUSTUP_HOME=/opt/rustwide/rustup-home" "-e" "CARGO_TARGET_DIR=/opt/rustwide/target" "-w" "/opt/rustwide/workdir" "--user" "0:0" "b3a27100082f5dacf17d6cb91a21ccfc8bfe4b4a0af44406255773e735e36565" "/opt/rustwide/cargo-home/bin/cargo" "+3154cc1a3e6424e44f438a95007d043ed5ceaaf6" "metadata" "--no-deps" "--format-version=1", kill_on_drop: false }`
[INFO] running `Command { std: "docker" "inspect" "b3a27100082f5dacf17d6cb91a21ccfc8bfe4b4a0af44406255773e735e36565", kill_on_drop: false }`
[INFO] running `Command { std: "docker" "exec" "-e" "SOURCE_DIR=/opt/rustwide/workdir" "-e" "CARGO_HOME=/opt/rustwide/cargo-home" "-e" "RUSTUP_HOME=/opt/rustwide/rustup-home" "-e" "CARGO_TARGET_DIR=/opt/rustwide/target" "-e" "CARGO_INCREMENTAL=0" "-e" "RUST_BACKTRACE=full" "-e" "RUSTFLAGS=--cap-lints=forbid -Znext-solver=coherence" "-e" "RUSTDOCFLAGS=--cap-lints=forbid" "-w" "/opt/rustwide/workdir" "--user" "0:0" "b3a27100082f5dacf17d6cb91a21ccfc8bfe4b4a0af44406255773e735e36565" "/opt/rustwide/cargo-home/bin/cargo" "+3154cc1a3e6424e44f438a95007d043ed5ceaaf6" "check" "--frozen" "--all" "--all-targets" "--message-format=json", kill_on_drop: false }`
[INFO] [stderr] warning: `package.homepage` is redundant with `package.repository`
[INFO] [stderr]    --> Cargo.toml:168:12
[INFO] [stderr]     |
[INFO] [stderr] 168 | homepage = "https://github.com/onajidavid87-web/StarForge"
[INFO] [stderr]     |            ^^^^^^^^^^^^^^^^^^^^^^^^^^^^^^^^^^^^^^^^^^^^^^^
[INFO] [stderr] ...
[INFO] [stderr] 172 | repository = "https://github.com/onajidavid87-web/StarForge"
[INFO] [stderr]     |              -----------------------------------------------
[INFO] [stderr]     |
[INFO] [stderr]     = note: `cargo::redundant_homepage` is set to `warn` by default
[INFO] [stderr] help: consider removing `package.homepage`
[INFO] [stderr] warning: `starforge` (manifest) generated 1 warning
[INFO] [stderr]    Compiling libc v0.2.189
[INFO] [stderr]     Checking subtle v2.6.1
[INFO] [stderr]    Compiling serde_core v1.0.229
[INFO] [stderr]     Checking smallvec v1.15.2
[INFO] [stderr]     Checking const-oid v0.9.6
[INFO] [stderr]    Compiling generic-array v0.14.7
[INFO] [stderr]    Compiling serde v1.0.229
[INFO] [stderr]    Compiling serde_json v1.0.151
[INFO] [stderr]    Compiling memchr v2.8.3
[INFO] [stderr]    Compiling syn v3.0.4
[INFO] [stderr]     Checking zerocopy v0.8.56
[INFO] [stderr]    Compiling zeroize_derive v1.4.3
[INFO] [stderr]    Compiling libm v0.2.16
[INFO] [stderr]    Compiling num-traits v0.2.19
[INFO] [stderr]    Compiling thiserror-impl v1.0.69
[INFO] [stderr]     Checking hashbrown v0.16.1
[INFO] [stderr]     Checking futures-sink v0.3.34
[INFO] [stderr]    Compiling darling_core v0.21.3
[INFO] [stderr]    Compiling synstructure v0.13.2
[INFO] [stderr]    Compiling semver v1.0.28
[INFO] [stderr]     Checking futures-channel v0.3.34
[INFO] [stderr]     Checking tracing-core v0.1.36
[INFO] [stderr]     Checking zeroize v1.8.2
[INFO] [stderr]     Checking either v1.18.0
[INFO] [stderr]     Checking bitflags v2.13.1
[INFO] [stderr]     Checking stable_deref_trait v1.2.1
[INFO] [stderr]    Compiling rustc_version v0.4.1
[INFO] [stderr]    Compiling zerovec-derive v0.10.4
[INFO] [stderr]    Compiling ahash v0.8.12
[INFO] [stderr]    Compiling syn v1.0.109
[INFO] [stderr]    Compiling getrandom v0.3.4
[INFO] [stderr]    Compiling zerofrom-derive v0.1.7
[INFO] [stderr]    Compiling yoke-derive v0.7.5
[INFO] [stderr]     Checking indexmap v2.11.4
[INFO] [stderr]    Compiling tracing-attributes v0.1.31
[INFO] [stderr]     Checking futures-io v0.3.34
[INFO] [stderr]     Checking block-buffer v0.10.4
[INFO] [stderr]    Compiling jobserver v0.1.34
[INFO] [stderr]    Compiling rustix v1.1.4
[INFO] [stderr]     Checking regex-syntax v0.8.11
[INFO] [stderr]    Compiling cc v1.4.4
[INFO] [stderr]    Compiling wasm-bindgen-shared v0.2.127
[INFO] [stderr]    Compiling thiserror v1.0.69
[INFO] [stderr]     Checking aho-corasick v1.1.5
[INFO] [stderr]    Compiling heck v0.4.1
[INFO] [stderr]    Compiling icu_locid_transform_data v1.5.1
[INFO] [stderr]    Compiling data-encoding v2.11.1
[INFO] [stderr]     Checking writeable v0.5.5
[INFO] [stderr]     Checking litemap v0.7.4
[INFO] [stderr]    Compiling crossbeam-utils v0.8.22
[INFO] [stderr]    Compiling clap_derive v4.4.7
[INFO] [stderr]    Compiling num-integer v0.1.47
[INFO] [stderr]     Checking zerofrom v0.1.8
[INFO] [stderr]     Checking yoke v0.7.5
[INFO] [stderr]     Checking tracing v0.1.44
[INFO] [stderr]     Checking getrandom v0.2.17
[INFO] [stderr]     Checking parking_lot_core v0.9.12
[INFO] [stderr]     Checking errno v0.3.14
[INFO] [stderr]     Checking mio v1.2.2
[INFO] [stderr]     Checking socket2 v0.6.5
[INFO] [stderr]     Checking signal-hook-registry v1.4.8
[INFO] [stderr]     Checking rand_core v0.6.4
[INFO] [stderr]     Checking zerovec v0.10.4
[INFO] [stderr]     Checking parking_lot v0.12.5
[INFO] [stderr]     Checking crypto-common v0.1.7
[INFO] [stderr]    Compiling darling_core v0.20.11
[INFO] [stderr]    Compiling icu_provider_macros v1.5.0
[INFO] [stderr]    Compiling escape-bytes v0.1.1
[INFO] [stderr]     Checking digest v0.10.7
[INFO] [stderr]     Checking hmac v0.12.1
[INFO] [stderr]     Checking sha2 v0.10.9
[INFO] [stderr]     Checking signature v2.2.0
[INFO] [stderr]    Compiling utf8parse v0.2.2
[INFO] [stderr]    Compiling icu_properties_data v1.5.1
[INFO] [stderr]    Compiling rustversion v1.0.23
[INFO] [stderr]    Compiling anstyle-parse v0.2.7
[INFO] [stderr]     Checking ff v0.13.1
[INFO] [stderr]    Compiling num-bigint v0.4.8
[INFO] [stderr]     Checking itertools v0.10.5
[INFO] [stderr]    Compiling ring v0.17.14
[INFO] [stderr]     Checking regex-automata v0.4.18
[INFO] [stderr]     Checking der v0.7.10
[INFO] [stderr]    Compiling darling_macro v0.21.3
[INFO] [stderr]     Checking rustls-pki-types v1.15.1
[INFO] [stderr]    Compiling is_terminal_polyfill v1.70.2
[INFO] [stderr]     Checking base16ct v0.2.0
[INFO] [stderr]    Compiling icu_normalizer_data v1.5.1
[INFO] [stderr]    Compiling colorchoice v1.0.5
[INFO] [stderr]    Compiling darling v0.21.3
[INFO] [stderr]    Compiling serde_with_macros v3.16.1
[INFO] [stderr]    Compiling anstyle-query v1.1.5
[INFO] [stderr]    Compiling anstyle v1.0.14
[INFO] [stderr]    Compiling anstream v0.6.21
[INFO] [stderr]     Checking sec1 v0.7.3
[INFO] [stderr]    Compiling zstd-sys v2.0.16+zstd.1.5.7
[INFO] [stderr]     Checking group v0.13.0
[INFO] [stderr]     Checking crypto-bigint v0.5.5
[INFO] [stderr]    Compiling curve25519-dalek v4.1.3
[INFO] [stderr]    Compiling derive_arbitrary v1.3.2
[INFO] [stderr]    Compiling strsim v0.10.0
[INFO] [stderr]    Compiling clap_lex v0.6.0
[INFO] [stderr]    Compiling serde_with v3.16.1
[INFO] [stderr]    Compiling bumpalo v3.20.3
[INFO] [stderr]    Compiling clap_builder v4.4.18
[INFO] [stderr]    Compiling wasm-bindgen v0.2.127
[INFO] [stderr]     Checking arbitrary v1.3.2
[INFO] [stderr]     Checking ppv-lite86 v0.2.21
[INFO] [stderr]    Compiling wasm-bindgen-macro-support v0.2.127
[INFO] [stderr]     Checking inout v0.1.4
[INFO] [stderr]     Checking http v0.2.12
[INFO] [stderr]    Compiling curve25519-dalek-derive v0.1.1
[INFO] [stderr]     Checking rand_chacha v0.3.1
[INFO] [stderr]    Compiling darling_macro v0.20.11
[INFO] [stderr]    Compiling serde_derive v1.0.229
[INFO] [stderr]    Compiling tokio-macros v2.7.2
[INFO] [stderr]     Checking rand v0.8.8
[INFO] [stderr]    Compiling futures-macro v0.3.34
[INFO] [stderr]    Compiling displaydoc v0.2.7
[INFO] [stderr]    Compiling darling v0.20.11
[INFO] [stderr]    Compiling rustls v0.23.43
[INFO] [stderr]     Checking elliptic-curve v0.13.8
[INFO] [stderr]     Checking utf16_iter v1.0.5
[INFO] [stderr]     Checking ryu v1.0.23
[INFO] [stderr]     Checking tokio v1.53.1
[INFO] [stderr]     Checking base64ct v1.6.0
[INFO] [stderr]     Checking unicode-ident v1.0.24
[INFO] [stderr]    Compiling rustls v0.21.12
[INFO] [stderr]     Checking write16 v1.0.0
[INFO] [stderr]     Checking tinystr v0.7.6
[INFO] [stderr]     Checking icu_collections v1.5.0
[INFO] [stderr]     Checking icu_locid v1.5.0
[INFO] [stderr]     Checking cipher v0.4.4
[INFO] [stderr]     Checking ark-std v0.4.0
[INFO] [stderr]     Checking hashbrown v0.13.2
[INFO] [stderr]     Checking futures-util v0.3.34
[INFO] [stderr]     Checking rustls-webpki v0.103.15
[INFO] [stderr]    Compiling bzip2-sys v0.1.13+1.0.8
[INFO] [stderr]     Checking ed25519 v2.2.3
[INFO] [stderr]     Checking rfc6979 v0.4.0
[INFO] [stderr]    Compiling num-derive v0.4.2
[INFO] [stderr]     Checking thread_local v1.1.10
[INFO] [stderr]     Checking unicode-width v0.2.2
[INFO] [stderr]     Checking icu_provider v1.5.0
[INFO] [stderr]     Checking indexmap-nostd v0.4.0
[INFO] [stderr]    Compiling zstd-safe v5.0.2+zstd.1.5.2
[INFO] [stderr]    Compiling crc32fast v1.5.1
[INFO] [stderr]     Checking downcast-rs v1.2.1
[INFO] [stderr]    Compiling crossbeam-epoch v0.9.20
[INFO] [stderr]     Checking icu_locid_transform v1.5.0
[INFO] [stderr]     Checking fastrand v2.5.0
[INFO] [stderr]    Compiling nix v0.31.3
[INFO] [stderr]     Checking tempfile v3.27.0
[INFO] [stderr]     Checking wasmi_core v0.13.0
[INFO] [stderr]    Compiling clap v4.4.18
[INFO] [stderr]     Checking time v0.3.41
[INFO] [stderr]     Checking icu_properties v1.5.1
[INFO] [stderr]    Compiling libsqlite3-sys v0.30.1
[INFO] [stderr]     Checking wasmparser-nostd v0.100.2
[INFO] [stderr]    Compiling ark-serialize-derive v0.4.2
[INFO] [stderr]    Compiling derivative v2.2.0
[INFO] [stderr]    Compiling ark-ff-asm v0.4.2
[INFO] [stderr]    Compiling ark-ff-macros v0.4.2
[INFO] [stderr]     Checking ark-serialize v0.4.2
[INFO] [stderr]     Checking ed25519-dalek v2.1.1
[INFO] [stderr]     Checking rustls-webpki v0.101.7
[INFO] [stderr]     Checking sct v0.7.1
[INFO] [stderr]     Checking regex v1.13.1
[INFO] [stderr]     Checking ecdsa v0.16.9
[INFO] [stderr]     Checking http-body v0.4.6
[INFO] [stderr]    Compiling derive_builder_core v0.20.2
[INFO] [stderr]     Checking sha1 v0.10.7
[INFO] [stderr]     Checking universal-hash v0.5.1
[INFO] [stderr]     Checking rand_core v0.9.5
[INFO] [stderr]     Checking socket2 v0.5.10
[INFO] [stderr]     Checking arrayvec v0.7.8
[INFO] [stderr]     Checking simd-adler32 v0.3.10
[INFO] [stderr]     Checking nu-ansi-term v0.50.3
[INFO] [stderr]     Checking wasmi_arena v0.4.1
[INFO] [stderr]    Compiling portable-atomic v1.15.0
[INFO] [stderr]    Compiling prettyplease v0.2.37
[INFO] [stderr]     Checking spin v0.9.9
[INFO] [stderr]    Compiling roff v0.2.2
[INFO] [stderr]    Compiling crossbeam-deque v0.8.7
[INFO] [stderr]     Checking hex-conservative v0.2.2
[INFO] [stderr]    Compiling clap_mangen v0.2.21
[INFO] [stderr]     Checking polyval v0.6.2
[INFO] [stderr]     Checking miniz_oxide v0.9.1
[INFO] [stderr]     Checking bit-set v0.5.3
[INFO] [stderr]     Checking ark-ff v0.4.2
[INFO] [stderr]    Compiling wasmparser v0.116.1
[INFO] [stderr]    Compiling clap_complete v4.4.10
[INFO] [stderr]     Checking hex v0.4.3
[INFO] [stderr]     Checking toml_datetime v0.6.11
[INFO] [stderr]    Compiling crate-git-revision v0.0.6
[INFO] [stderr]     Checking icu_normalizer v1.5.0
[INFO] [stderr]     Checking tracing-serde v0.2.0
[INFO] [stderr]    Compiling derive_builder_macro v0.20.2
[INFO] [stderr]     Checking serde_urlencoded v0.7.1
[INFO] [stderr]    Compiling stellar-strkey v0.0.9
[INFO] [stderr]    Compiling stellar-xdr v22.1.0
[INFO] [stderr]    Compiling wasm-bindgen-macro v0.2.127
[INFO] [stderr]    Compiling soroban-env-common v22.1.3
[INFO] [stderr]     Checking serde_spanned v0.6.9
[INFO] [stderr]     Checking console v0.15.11
[INFO] [stderr]     Checking matchers v0.2.0
[INFO] [stderr]     Checking idna_adapter v1.2.0
[INFO] [stderr]     Checking aes v0.8.4
[INFO] [stderr]     Checking password-hash v0.4.2
[INFO] [stderr]     Checking primeorder v0.13.6
[INFO] [stderr]     Checking idna v1.1.0
[INFO] [stderr]    Compiling thiserror-impl v2.0.20
[INFO] [stderr]     Checking hashbrown v0.14.5
[INFO] [stderr]     Checking webpki-roots v1.0.9
[INFO] [stderr]     Checking tracing-log v0.2.0
[INFO] [stderr]     Checking nibble_vec v0.1.0
[INFO] [stderr]     Checking soroban-wasmi v0.31.1-soroban.20.0.1
[INFO] [stderr]     Checking unicode-segmentation v1.12.0
[INFO] [stderr]    Compiling anyhow v1.0.104
[INFO] [stderr]    Compiling soroban-env-host v22.1.3
[INFO] [stderr]     Checking option-ext v0.2.0
[INFO] [stderr]     Checking ethnum v1.5.3
[INFO] [stderr]    Compiling base64 v0.13.1
[INFO] [stderr]     Checking endian-type v0.1.2
[INFO] [stderr]     Checking winnow v0.5.40
[INFO] [stderr]    Compiling rayon-core v1.13.0
[INFO] [stderr]     Checking tokio-util v0.7.19
[INFO] [stderr]     Checking tokio-rustls v0.24.1
[INFO] [stderr]     Checking keccak v0.1.6
[INFO] [stderr]     Checking tokio-rustls v0.26.4
[INFO] [stderr]     Checking sha3 v0.10.9
[INFO] [stderr]     Checking hashlink v0.9.1
[INFO] [stderr]     Checking radix_trie v0.2.1
[INFO] [stderr]     Checking dirs-sys v0.4.1
[INFO] [stderr]     Checking tungstenite v0.24.0
[INFO] [stderr]     Checking rustls-pemfile v1.0.4
[INFO] [stderr]     Checking tracing-subscriber v0.3.23
[INFO] [stderr]     Checking url v2.5.8
[INFO] [stderr]     Checking webpki-roots v0.26.11
[INFO] [stderr]     Checking p256 v0.13.2
[INFO] [stderr]     Checking pbkdf2 v0.11.0
[INFO] [stderr]     Checking flate2 v1.1.10
[INFO] [stderr]     Checking h2 v0.3.27
[INFO] [stderr]     Checking h2 v0.4.19
[INFO] [stderr]    Compiling starforge v0.1.0 (/opt/rustwide/workdir)
[INFO] [stderr]     Checking derive_builder v0.20.2
[INFO] [stderr]    Compiling soroban-sdk-macros v22.0.7
[INFO] [stdout] error[E0277]: the trait bound `Vec<std::string::String>: FromArgMatches` is not satisfied
[INFO] [stdout]    --> build.rs:63:14
[INFO] [stdout]     |
[INFO] [stdout]  63 |     External(Vec<String>),
[INFO] [stdout]     |              ^^^^^^^^^^^ the trait `FromArgMatches` is not implemented for `Vec<std::string::String>`
[INFO] [stdout]     |
[INFO] [stdout] help: the following other types implement trait `FromArgMatches`
[INFO] [stdout]    --> build.rs:7:10
[INFO] [stdout]     |
[INFO] [stdout]   7 | #[derive(Parser)]
[INFO] [stdout]     |          ^^^^^^ `Cli`
[INFO] [stdout] ...
[INFO] [stdout]  24 | #[derive(Subcommand)]
[INFO] [stdout]     |          ^^^^^^^^^^ `Commands`
[INFO] [stdout]     |
[INFO] [stdout]    ::: /opt/rustwide/cargo-home/registry/src/index.crates.io-1949cf8c6b5b557f/clap_builder-4.4.18/src/derive.rs:322:1
[INFO] [stdout]     |
[INFO] [stdout] 322 | impl<T: FromArgMatches> FromArgMatches for Box<T> {
[INFO] [stdout]     | ^^^^^^^^^^^^^^^^^^^^^^^^^^^^^^^^^^^^^^^^^^^^^^^^^ `Box<T>`
[INFO] [stdout]     = note: this error originates in the derive macro `Parser` which comes from the expansion of the derive macro `Subcommand` (in Nightly builds, run with -Z macro-backtrace for more info)
[INFO] [stdout] 
[INFO] [stdout] 
[INFO] [stdout] error[E0277]: the trait bound `Vec<std::string::String>: FromArgMatches` is not satisfied
[INFO] [stdout]    --> build.rs:24:10
[INFO] [stdout]     |
[INFO] [stdout]  24 | #[derive(Subcommand)]
[INFO] [stdout]     |          ^^^^^^^^^^ the trait `FromArgMatches` is not implemented for `Vec<std::string::String>`
[INFO] [stdout]     |
[INFO] [stdout] help: the following other types implement trait `FromArgMatches`
[INFO] [stdout]    --> build.rs:7:10
[INFO] [stdout]     |
[INFO] [stdout]   7 | #[derive(Parser)]
[INFO] [stdout]     |          ^^^^^^ `Cli`
[INFO] [stdout] ...
[INFO] [stdout]  24 | #[derive(Subcommand)]
[INFO] [stdout]     |          ^^^^^^^^^^ `Commands`
[INFO] [stdout]     |
[INFO] [stdout]    ::: /opt/rustwide/cargo-home/registry/src/index.crates.io-1949cf8c6b5b557f/clap_builder-4.4.18/src/derive.rs:322:1
[INFO] [stdout]     |
[INFO] [stdout] 322 | impl<T: FromArgMatches> FromArgMatches for Box<T> {
[INFO] [stdout]     | ^^^^^^^^^^^^^^^^^^^^^^^^^^^^^^^^^^^^^^^^^^^^^^^^^ `Box<T>`
[INFO] [stdout]     = note: this error originates in the derive macro `Subcommand` (in Nightly builds, run with -Z macro-backtrace for more info)
[INFO] [stdout] 
[INFO] [stdout] 
[INFO] [stderr]     Checking thiserror v2.0.20
[INFO] [stdout] error[E0277]: the trait bound `Vec<std::string::String>: clap::Args` is not satisfied
[INFO] [stdout]    --> build.rs:63:14
[INFO] [stdout]     |
[INFO] [stdout]  63 |     External(Vec<String>),
[INFO] [stdout]     |              ^^^^^^^^^^^ the trait `clap::Args` is not implemented for `Vec<std::string::String>`
[INFO] [stdout]     |
[INFO] [stdout] help: the following other types implement trait `clap::Args`
[INFO] [stdout]    --> build.rs:7:10
[INFO] [stdout]     |
[INFO] [stdout]   7 | #[derive(Parser)]
[INFO] [stdout]     |          ^^^^^^ `Cli`
[INFO] [stdout]     |
[INFO] [stdout]    ::: /opt/rustwide/cargo-home/registry/src/index.crates.io-1949cf8c6b5b557f/clap_builder-4.4.18/src/derive.rs:337:1
[INFO] [stdout]     |
[INFO] [stdout] 337 | impl<T: Args> Args for Box<T> {
[INFO] [stdout]     | ^^^^^^^^^^^^^^^^^^^^^^^^^^^^^ `Box<T>`
[INFO] [stdout]     = note: this error originates in the derive macro `Parser` (in Nightly builds, run with -Z macro-backtrace for more info)
[INFO] [stdout] 
[INFO] [stdout] 
[INFO] [stderr]     Checking fancy-regex v0.13.0
[INFO] [stdout] For more information about this error, try `rustc --explain E0277`.
[INFO] [stdout] 
[INFO] [stderr] error: could not compile `starforge` (build script) due to 3 previous errors
[INFO] [stderr] warning: build failed, waiting for other jobs to finish...
[INFO] [stderr] error: could not compile `stellar-xdr` (lib)
[INFO] [stderr] 
[INFO] [stderr] Caused by:
[INFO] [stderr]   process didn't exit successfully: `/opt/rustwide/rustup-home/toolchains/3154cc1a3e6424e44f438a95007d043ed5ceaaf6/bin/rustc --crate-name stellar_xdr --edition=2021 /opt/rustwide/cargo-home/registry/src/index.crates.io-1949cf8c6b5b557f/stellar-xdr-22.1.0/src/lib.rs --error-format=json --json=diagnostic-rendered-ansi,artifacts,future-incompat,unused-externs-silent --crate-type lib --emit=dep-info,metadata,link -Z embed-metadata=no -C embed-bitcode=no --cfg 'feature="alloc"' --cfg 'feature="curr"' --cfg 'feature="hex"' --cfg 'feature="serde"' --cfg 'feature="std"' --check-cfg 'cfg(docsrs,test)' --check-cfg 'cfg(feature, values("alloc", "arbitrary", "base64", "cli", "curr", "default", "hex", "next", "schemars", "serde", "serde_json", "std"))' -C metadata=fd0975cdb9f99bd6 -C extra-filename=-7d3cb5fedbfa3d4d --out-dir /opt/rustwide/target/debug/build/stellar-xdr/7d3cb5fedbfa3d4d/out -L dependency=/opt/rustwide/target/debug/build/data-encoding/2297ff86538d6808/out -L dependency=/opt/rustwide/target/debug/build/serde/74387ccacd9c29d3/out -L dependency=/opt/rustwide/target/debug/build/serde_core/7e59fe56621b153f/out -L dependency=/opt/rustwide/target/debug/build/serde_derive/0615982d79b845d9/out -L dependency=/opt/rustwide/target/debug/build/serde_with_macros/d8aeef44e7581145/out -L dependency=/opt/rustwide/target/debug/build/thiserror-impl/a6ec092c8f24d472/out -L dependency=/opt/rustwide/target/debug/build/thiserror/ea006d1c45fc940b/out --extern escape_bytes=/opt/rustwide/target/debug/build/escape-bytes/db84cf9a5023dfdf/out/libescape_bytes-db84cf9a5023dfdf.rmeta --extern hex=/opt/rustwide/target/debug/build/hex/88ca28acb0f27a1e/out/libhex-88ca28acb0f27a1e.rmeta --extern serde=/opt/rustwide/target/debug/build/serde/74387ccacd9c29d3/out/libserde-74387ccacd9c29d3.rmeta --extern serde_with=/opt/rustwide/target/debug/build/serde_with/70df9cddaa688adf/out/libserde_with-70df9cddaa688adf.rmeta --extern stellar_strkey=/opt/rustwide/target/debug/build/stellar-strkey/584321b3aa039f63/out/libstellar_strkey-584321b3aa039f63.rmeta --cap-lints allow --cap-lints=forbid -Znext-solver=coherence --force-warn=unused_crate_dependencies --check-cfg 'cfg(docs)'` (signal: 9, SIGKILL: kill)
[INFO] [stderr] error: could not compile `ark-ff` (lib)
[INFO] [stderr] 
[INFO] [stderr] Caused by:
[INFO] [stderr]   process didn't exit successfully: `/opt/rustwide/rustup-home/toolchains/3154cc1a3e6424e44f438a95007d043ed5ceaaf6/bin/rustc --crate-name ark_ff --edition=2021 /opt/rustwide/cargo-home/registry/src/index.crates.io-1949cf8c6b5b557f/ark-ff-0.4.2/src/lib.rs --error-format=json --json=diagnostic-rendered-ansi,artifacts,future-incompat,unused-externs-silent --crate-type lib --emit=dep-info,metadata -C embed-bitcode=no -C debuginfo=2 --cfg 'feature="default"' --check-cfg 'cfg(docsrs,test)' --check-cfg 'cfg(feature, values("asm", "default", "parallel", "rayon", "std"))' -C metadata=301d8a1aa85aadf6 -C extra-filename=-b35cab5f0b870d03 --out-dir /opt/rustwide/target/debug/build/ark-ff/b35cab5f0b870d03/out -L dependency=/opt/rustwide/target/debug/build/ark-serialize-derive/fb0606dbebf2200d/out -L dependency=/opt/rustwide/target/debug/build/ark-std/c82ec488dc7e105b/out -L dependency=/opt/rustwide/target/debug/build/block-buffer/3fed2b31e48e5fc5/out -L dependency=/opt/rustwide/target/debug/build/cfg-if/455a21b2886a1534/out -L dependency=/opt/rustwide/target/debug/build/const-oid/44e5b4d64fbafe41/out -L dependency=/opt/rustwide/target/debug/build/crypto-common/c6ff33f1ce27c348/out -L dependency=/opt/rustwide/target/debug/build/digest/5a430ec268bfa71c/out -L dependency=/opt/rustwide/target/debug/build/either/edeb62f2d11c8744/out -L dependency=/opt/rustwide/target/debug/build/generic-array/df5e9f3956e9c071/out -L dependency=/opt/rustwide/target/debug/build/getrandom/d70640cd8c08ecc3/out -L dependency=/opt/rustwide/target/debug/build/libc/daa9f44ce5c0c2cf/out -L dependency=/opt/rustwide/target/debug/build/libm/2e0fe817bf4c866c/out -L dependency=/opt/rustwide/target/debug/build/num-bigint/1bb2ebb05286efec/out -L dependency=/opt/rustwide/target/debug/build/num-integer/85c6ac6870d32665/out -L dependency=/opt/rustwide/target/debug/build/num-traits/b1d7c630e2f033f6/out -L dependency=/opt/rustwide/target/debug/build/ppv-lite86/1954a8c48aefb616/out -L dependency=/opt/rustwide/target/debug/build/rand/a7d3825afd00de25/out -L dependency=/opt/rustwide/target/debug/build/rand_chacha/8db4da480debaa60/out -L dependency=/opt/rustwide/target/debug/build/rand_core/e445952930904af2/out -L dependency=/opt/rustwide/target/debug/build/subtle/9108c656ab3dab30/out -L dependency=/opt/rustwide/target/debug/build/typenum/9cf2777d6d699e5b/out -L dependency=/opt/rustwide/target/debug/build/zerocopy/bc27e93b97b3e913/out -L dependency=/opt/rustwide/target/debug/build/zeroize/2ce6f7daa196db43/out -L dependency=/opt/rustwide/target/debug/build/zeroize_derive/b178d7e949cca82b/out --extern ark_ff_asm=/opt/rustwide/target/debug/build/ark-ff-asm/3b22eb166ef30af9/out/libark_ff_asm-3b22eb166ef30af9.so --extern ark_ff_macros=/opt/rustwide/target/debug/build/ark-ff-macros/533d444c1d610bbd/out/libark_ff_macros-533d444c1d610bbd.so --extern ark_serialize=/opt/rustwide/target/debug/build/ark-serialize/01ed99a4a6793ee3/out/libark_serialize-01ed99a4a6793ee3.rmeta --extern ark_std=/opt/rustwide/target/debug/build/ark-std/c82ec488dc7e105b/out/libark_std-c82ec488dc7e105b.rmeta --extern derivative=/opt/rustwide/target/debug/build/derivative/1432154b4ddf6593/out/libderivative-1432154b4ddf6593.so --extern digest=/opt/rustwide/target/debug/build/digest/5a430ec268bfa71c/out/libdigest-5a430ec268bfa71c.rmeta --extern itertools=/opt/rustwide/target/debug/build/itertools/ab2c456838cb0ff4/out/libitertools-ab2c456838cb0ff4.rmeta --extern num_bigint=/opt/rustwide/target/debug/build/num-bigint/1bb2ebb05286efec/out/libnum_bigint-1bb2ebb05286efec.rmeta --extern num_traits=/opt/rustwide/target/debug/build/num-traits/b1d7c630e2f033f6/out/libnum_traits-b1d7c630e2f033f6.rmeta --extern paste=/opt/rustwide/target/debug/build/paste/ed0d01cb7994f7d7/out/libpaste-ed0d01cb7994f7d7.so --extern zeroize=/opt/rustwide/target/debug/build/zeroize/2ce6f7daa196db43/out/libzeroize-2ce6f7daa196db43.rmeta --cap-lints allow --cap-lints=forbid -Znext-solver=coherence --force-warn=unused_crate_dependencies` (signal: 9, SIGKILL: kill)
[INFO] running `Command { std: "docker" "inspect" "b3a27100082f5dacf17d6cb91a21ccfc8bfe4b4a0af44406255773e735e36565", kill_on_drop: false }`
[INFO] running `Command { std: "docker" "rm" "-f" "b3a27100082f5dacf17d6cb91a21ccfc8bfe4b4a0af44406255773e735e36565", kill_on_drop: false }`
[INFO] [stdout] b3a27100082f5dacf17d6cb91a21ccfc8bfe4b4a0af44406255773e735e36565
