[INFO] cloning repository https://github.com/a9uabit/mysoundboard
[INFO] running `Command { std: "git" "-c" "credential.helper=" "-c" "credential.helper=/workspace/cargo-home/bin/git-credential-null" "clone" "--bare" "https://github.com/a9uabit/mysoundboard" "/workspace/cache/git-repos/https%3A%2F%2Fgithub.com%2Fa9uabit%2Fmysoundboard", kill_on_drop: false }`
[INFO] [stderr] Cloning into bare repository '/workspace/cache/git-repos/https%3A%2F%2Fgithub.com%2Fa9uabit%2Fmysoundboard'...
[INFO] running `Command { std: "git" "rev-parse" "HEAD", kill_on_drop: false }`
[INFO] [stdout] 7c5e478e61b8d1e3a456354a44c3250cca2edb6f
[INFO] checking a9uabit/mysoundboard against 3154cc1a3e6424e44f438a95007d043ed5ceaaf6+rustflags=-Znext-solver=coherence for pr-133502-30
[INFO] running `Command { std: "git" "clone" "/workspace/cache/git-repos/https%3A%2F%2Fgithub.com%2Fa9uabit%2Fmysoundboard" "/workspace/builds/worker-3-tc1/source", kill_on_drop: false }`
[INFO] [stderr] Cloning into '/workspace/builds/worker-3-tc1/source'...
[INFO] [stderr] done.
[INFO] started tweaking git repo https://github.com/a9uabit/mysoundboard
[INFO] finished tweaking git repo https://github.com/a9uabit/mysoundboard
[INFO] tweaked toml for git repo https://github.com/a9uabit/mysoundboard written to /workspace/builds/worker-3-tc1/source/Cargo.toml
[INFO] validating manifest of git repo https://github.com/a9uabit/mysoundboard on toolchain 3154cc1a3e6424e44f438a95007d043ed5ceaaf6
[INFO] running `Command { std: CARGO_HOME="/workspace/cargo-home" RUSTUP_HOME="/workspace/rustup-home" "/workspace/cargo-home/bin/cargo" "+3154cc1a3e6424e44f438a95007d043ed5ceaaf6" "metadata" "--manifest-path" "Cargo.toml" "--no-deps", kill_on_drop: false }`
[INFO] crate git repo https://github.com/a9uabit/mysoundboard already has a lockfile, it will not be regenerated
[INFO] running `Command { std: CARGO_HOME="/workspace/cargo-home" RUSTUP_HOME="/workspace/rustup-home" "/workspace/cargo-home/bin/cargo" "+3154cc1a3e6424e44f438a95007d043ed5ceaaf6" "fetch" "--manifest-path" "Cargo.toml", kill_on_drop: false }`
[INFO] [stderr]     Updating crates.io index
[INFO] [stderr]  Downloading crates ...
[INFO] [stderr]   Downloaded symphonia-bundle-mp3 v0.5.5
[INFO] [stderr]   Downloaded symphonia-codec-vorbis v0.5.5
[INFO] [stderr]   Downloaded symphonia-utils-xiph v0.5.5
[INFO] [stderr]   Downloaded symphonia-format-ogg v0.5.5
[INFO] [stderr]   Downloaded symphonia-format-mkv v0.5.5
[INFO] [stderr]   Downloaded shorthand v0.1.1
[INFO] [stderr]   Downloaded openmls_rust_crypto v0.5.1
[INFO] [stderr]   Downloaded libcrux-secrets v0.0.5
[INFO] [stderr]   Downloaded darling_core v0.10.2
[INFO] [stderr]   Downloaded streamcatcher v1.0.1
[INFO] [stderr]   Downloaded strum v0.17.1
[INFO] [stderr]   Downloaded from_map v0.1.0
[INFO] [stderr]   Downloaded darling v0.10.2
[INFO] [stderr]   Downloaded darling_macro v0.10.2
[INFO] [stderr]   Downloaded typesize-derive v0.1.11
[INFO] [stderr]   Downloaded typemap_rev v0.3.0
[INFO] [stderr]   Downloaded tungstenite v0.21.0
[INFO] [stderr]   Downloaded serde_cow v0.1.2
[INFO] [stderr]   Downloaded pnet_macros_support v0.34.0
[INFO] [stderr]   Downloaded pnet_base v0.34.0
[INFO] [stderr]   Downloaded hpke-rs-crypto v0.6.1
[INFO] [stderr]   Downloaded strsim v0.9.3
[INFO] [stderr]   Downloaded no-std-net v0.6.0
[INFO] [stderr]   Downloaded hashmap_derive v0.1.0
[INFO] [stderr]   Downloaded libcrux-intrinsics v0.0.6
[INFO] [stderr]   Downloaded twilight-gateway-queue v0.17.0
[INFO] [stderr]   Downloaded derive_builder_core v0.9.0
[INFO] [stderr]   Downloaded serenity-voice-model v0.3.0
[INFO] [stderr]   Downloaded tokio-tungstenite v0.21.0
[INFO] [stderr]   Downloaded ringbuf v0.4.8
[INFO] [stderr]   Downloaded libcrux-aead v0.0.7
[INFO] [stderr]   Downloaded erased v0.1.2
[INFO] [stderr]   Downloaded strum_macros v0.17.1
[INFO] [stderr]   Downloaded libcrux-kem v0.0.7
[INFO] [stderr]   Downloaded openmls_traits v0.5.0
[INFO] [stderr]   Downloaded libcrux-platform v0.0.3
[INFO] [stderr]   Downloaded libcrux-hmac v0.0.6
[INFO] [stderr]   Downloaded openmls_basic_credential v0.5.0
[INFO] [stderr]   Downloaded drain_filter_polyfill v0.1.3
[INFO] [stderr]   Downloaded openmls_memory_storage v0.5.0
[INFO] [stderr]   Downloaded hax-lib-macros-types v0.3.6
[INFO] [stderr]   Downloaded hpke-rs-libcrux v0.6.1
[INFO] [stderr]   Downloaded next_tuple v0.1.0
[INFO] [stderr]   Downloaded wasm_split_helpers v0.2.3
[INFO] [stderr]   Downloaded libcrux-sha2 v0.0.6
[INFO] [stderr]   Downloaded libcrux-hkdf v0.0.6
[INFO] [stderr]   Downloaded trim-in-place v0.1.7
[INFO] [stderr]   Downloaded throw_error v0.3.1
[INFO] [stderr]   Downloaded reactive_stores_macro v0.4.3
[INFO] [stderr]   Downloaded or_poisoned v0.1.0
[INFO] [stderr]   Downloaded any_spawner v0.3.0
[INFO] [stderr]   Downloaded either_of v0.1.9
[INFO] [stderr]   Downloaded const_str_slice_concat v0.1.0
[INFO] [stderr]   Downloaded libcrux-curve25519 v0.0.6
[INFO] [stderr]   Downloaded libcrux-poly1305 v0.0.5
[INFO] [stderr]   Downloaded hydration_context v0.3.1
[INFO] [stderr]   Downloaded guardian v1.3.0
[INFO] [stderr]   Downloaded symphonia-bundle-flac v0.5.5
[INFO] [stderr]   Downloaded patricia_tree v0.8.0
[INFO] [stderr]   Downloaded serde-aux v4.7.0
[INFO] [stderr]   Downloaded rusty_pool v0.7.0
[INFO] [stderr]   Downloaded realfft v3.5.0
[INFO] [stderr]   Downloaded opus2 v0.4.0
[INFO] [stderr]   Downloaded pnet_macros v0.34.0
[INFO] [stderr]   Downloaded leptos_router_macro v0.8.6
[INFO] [stderr]   Downloaded generator v0.7.5
[INFO] [stderr]   Downloaded stream_lib v0.5.2
[INFO] [stderr]   Downloaded hpke-rs-rust-crypto v0.6.1
[INFO] [stderr]   Downloaded discortp v0.6.0
[INFO] [stderr]   Downloaded hax-lib-macros v0.3.6
[INFO] [stderr]   Downloaded crossbeam-deque v0.8.8
[INFO] [stderr]   Downloaded dashmap v6.2.1
[INFO] [stderr]   Downloaded libcrux-traits v0.0.6
[INFO] [stderr]   Downloaded core-models v0.0.5
[INFO] [stderr]   Downloaded libcrux-p256 v0.0.6
[INFO] [stderr]   Downloaded libcrux-macros v0.0.3
[INFO] [stderr]   Downloaded libcrux-chacha20poly1305 v0.0.7
[INFO] [stderr]   Downloaded fluvio-wasm-timer v0.2.5
[INFO] [stderr]   Downloaded poise_macros v0.7.0
[INFO] [stderr]   Downloaded oco_ref v0.2.1
[INFO] [stderr]   Downloaded typed-builder v0.23.2
[INFO] [stderr]   Downloaded leptos_meta v0.8.6
[INFO] [stderr]   Downloaded proc-macro-utils v0.10.0
[INFO] [stderr]   Downloaded quote-use-macros v0.8.4
[INFO] [stderr]   Downloaded server_fn_macro_default v0.8.5
[INFO] [stderr]   Downloaded twilight-gateway v0.17.1
[INFO] [stderr]   Downloaded derive_builder v0.9.0
[INFO] [stderr]   Downloaded typesize v0.1.15
[INFO] [stderr]   Downloaded hpke-rs v0.6.1
[INFO] [stderr]   Downloaded libcrux-sha3 v0.0.8
[INFO] [stderr]   Downloaded rand_chacha v0.10.0
[INFO] [stderr]   Downloaded libcrux-hacl-rs v0.0.4
[INFO] [stderr]   Downloaded html-escape v0.2.15
[INFO] [stderr]   Downloaded hls_m3u8 v0.4.2
[INFO] [stderr]   Downloaded stable-vec v0.4.3
[INFO] [stderr]   Downloaded triomphe v0.1.16
[INFO] [stderr]   Downloaded davey v0.1.4
[INFO] [stderr]   Downloaded libcrux-aesgcm v0.0.7
[INFO] [stderr]   Downloaded crossbeam-epoch v0.9.21
[INFO] [stderr]   Downloaded leptos_router v0.8.15
[INFO] [stderr]   Downloaded reactive_stores v0.4.3
[INFO] [stderr]   Downloaded base16 v0.2.1
[INFO] [stderr]   Downloaded gloo-net v0.6.0
[INFO] [stderr]   Downloaded gloo-utils v0.2.0
[INFO] [stderr]   Downloaded leptos_server v0.8.7
[INFO] [stderr]   Downloaded syn_derive v0.2.0
[INFO] [stderr]   Downloaded leptos_hot_reload v0.8.6
[INFO] [stderr]   Downloaded convert_case_extras v0.2.0
[INFO] [stderr]   Downloaded attribute-derive v0.10.5
[INFO] [stderr]   Downloaded quote-use v0.8.4
[INFO] [stderr]   Downloaded leptos_dom v0.8.8
[INFO] [stderr]   Downloaded loom v0.5.6
[INFO] [stderr]   Downloaded rubato v0.16.2
[INFO] [stderr]   Downloaded libcrux-ecdh v0.0.6
[INFO] [stderr]   Downloaded qrcode v0.14.1
[INFO] [stderr]   Downloaded leptos v0.8.20
[INFO] [stderr]   Downloaded wasm_split_macros v0.2.2
[INFO] [stderr]   Downloaded codee v0.3.5
[INFO] [stderr]   Downloaded rstml v0.12.1
[INFO] [stderr]   Downloaded manyhow-macros v0.11.4
[INFO] [stderr]   Downloaded attribute-derive-macro v0.10.5
[INFO] [stderr]   Downloaded reactive_graph v0.2.14
[INFO] [stderr]   Downloaded server_fn_macro v0.8.10
[INFO] [stderr]   Downloaded serde_qs v0.15.0
[INFO] [stderr]   Downloaded const-str v1.1.0
[INFO] [stderr]   Downloaded leptos_macro v0.8.17
[INFO] [stderr]   Downloaded manyhow v0.11.4
[INFO] [stderr]   Downloaded config v0.15.25
[INFO] [stderr]   Downloaded leptos_axum v0.8.10
[INFO] [stderr]   Downloaded leptos_integration_utils v0.8.8
[INFO] [stderr]   Downloaded pulldown-cmark v0.9.6
[INFO] [stderr]   Downloaded typed-builder-macro v0.23.2
[INFO] [stderr]   Downloaded server_fn v0.8.13
[INFO] [stderr]   Downloaded leptos_config v0.8.10
[INFO] [stderr]   Downloaded libcrux-ml-kem v0.0.8
[INFO] [stderr]   Downloaded tachys v0.2.18
[INFO] [stderr]   Downloaded poise v0.7.0
[INFO] [stderr]   Downloaded songbird v0.6.0
[INFO] [stderr]   Downloaded hax-lib v0.3.6
[INFO] [stderr]   Downloaded twilight-model v0.17.1
[INFO] [stderr]   Downloaded tokio-websockets v0.11.4
[INFO] [stderr]   Downloaded openmls v0.8.1
[INFO] [stderr]   Downloaded serenity v0.12.5
[INFO] [stderr]   Downloaded libopus_sys v0.3.3
[INFO] running `Command { std: "docker" "create" "-v" "/var/lib/crater-agent-workspace/builds/worker-3-tc1/source:/opt/rustwide/workdir:ro,Z" "-v" "/var/lib/crater-agent-workspace/builds/worker-3-tc1/target:/opt/rustwide/target:rw,Z" "-v" "/var/lib/crater-agent-workspace/cargo-home:/opt/rustwide/cargo-home:ro,Z" "-v" "/var/lib/crater-agent-workspace/rustup-home:/opt/rustwide/rustup-home:ro,Z" "-m" "1610612736" "--network" "none" "ghcr.io/rust-lang/crates-build-env/linux@sha256:77db811e55d90add9212f6832c23229e3de5f1c1f9905e8cb07319ea15df73ac" "sleep" "infinity", kill_on_drop: false }`
[INFO] [stdout] 0d55836684011550fcb28fa52542ce4311696917c5315297cf5b0c8c24d0ec0c
[INFO] running `Command { std: "docker" "start" "0d55836684011550fcb28fa52542ce4311696917c5315297cf5b0c8c24d0ec0c", kill_on_drop: false }`
[INFO] running `Command { std: "docker" "inspect" "0d55836684011550fcb28fa52542ce4311696917c5315297cf5b0c8c24d0ec0c", kill_on_drop: false }`
[INFO] running `Command { std: "docker" "exec" "-e" "SOURCE_DIR=/opt/rustwide/workdir" "-e" "CARGO_HOME=/opt/rustwide/cargo-home" "-e" "RUSTUP_HOME=/opt/rustwide/rustup-home" "-e" "CARGO_TARGET_DIR=/opt/rustwide/target" "-w" "/opt/rustwide/workdir" "--user" "0:0" "0d55836684011550fcb28fa52542ce4311696917c5315297cf5b0c8c24d0ec0c" "/opt/rustwide/cargo-home/bin/cargo" "+3154cc1a3e6424e44f438a95007d043ed5ceaaf6" "metadata" "--no-deps" "--format-version=1", kill_on_drop: false }`
[INFO] running `Command { std: "docker" "inspect" "0d55836684011550fcb28fa52542ce4311696917c5315297cf5b0c8c24d0ec0c", kill_on_drop: false }`
[INFO] running `Command { std: "docker" "exec" "-e" "SOURCE_DIR=/opt/rustwide/workdir" "-e" "CARGO_HOME=/opt/rustwide/cargo-home" "-e" "RUSTUP_HOME=/opt/rustwide/rustup-home" "-e" "CARGO_TARGET_DIR=/opt/rustwide/target" "-e" "CARGO_INCREMENTAL=0" "-e" "RUST_BACKTRACE=full" "-e" "RUSTFLAGS=--cap-lints=forbid -Znext-solver=coherence" "-e" "RUSTDOCFLAGS=--cap-lints=forbid" "-w" "/opt/rustwide/workdir" "--user" "0:0" "0d55836684011550fcb28fa52542ce4311696917c5315297cf5b0c8c24d0ec0c" "/opt/rustwide/cargo-home/bin/cargo" "+3154cc1a3e6424e44f438a95007d043ed5ceaaf6" "check" "--frozen" "--all" "--all-targets" "--message-format=json", kill_on_drop: false }`
[INFO] [stderr]    Compiling proc-macro2 v1.0.107
[INFO] [stderr]    Compiling quote v1.0.47
[INFO] [stderr]    Compiling wasm-bindgen-shared v0.2.128
[INFO] [stderr]    Compiling thiserror v2.0.20
[INFO] [stderr]     Checking slab v0.4.12
[INFO] [stderr]     Checking futures-io v0.3.34
[INFO] [stderr]    Compiling bumpalo v3.20.3
[INFO] [stderr]    Compiling wasm-bindgen v0.2.128
[INFO] [stderr]    Compiling convert_case v0.11.0
[INFO] [stderr]     Checking log v0.4.34
[INFO] [stderr]     Checking litemap v0.8.3
[INFO] [stderr]     Checking writeable v0.6.4
[INFO] [stderr]     Checking bytemuck v1.25.2
[INFO] [stderr]     Checking arrayvec v0.7.8
[INFO] [stderr]    Compiling encoding_rs v0.8.41
[INFO] [stderr]    Compiling proc-macro2-diagnostics v0.10.1
[INFO] [stderr]    Compiling smallvec v1.16.0
[INFO] [stderr]    Compiling unicode-xid v0.2.6
[INFO] [stderr]     Checking or_poisoned v0.1.0
[INFO] [stderr]    Compiling icu_properties_data v2.3.0
[INFO] [stderr]    Compiling icu_normalizer_data v2.3.0
[INFO] [stderr]     Checking event-listener v5.4.2
[INFO] [stderr]    Compiling generic-array v0.14.7
[INFO] [stderr]     Checking throw_error v0.3.1
[INFO] [stderr]    Compiling slotmap v1.1.1
[INFO] [stderr]     Checking core_detect v1.0.0
[INFO] [stderr]     Checking symphonia-core v0.5.5
[INFO] [stderr]    Compiling konst_macro_rules v0.2.19
[INFO] [stderr]    Compiling multiversion_no_op v1.0.0
[INFO] [stderr]     Checking simdutf8 v0.1.5
[INFO] [stderr]    Compiling konst v0.2.20
[INFO] [stderr]     Checking indexmap v2.14.2
[INFO] [stderr]     Checking event-listener-strategy v0.5.4
[INFO] [stderr]     Checking send_wrapper v0.6.0
[INFO] [stderr]    Compiling reactive_graph v0.2.14
[INFO] [stderr]    Compiling server_fn_macro v0.8.10
[INFO] [stderr]    Compiling camino v1.2.5
[INFO] [stderr]     Checking async-lock v3.4.2
[INFO] [stderr]     Checking serde_json v1.0.151
[INFO] [stderr]    Compiling syn v3.0.5
[INFO] [stderr]    Compiling syn v2.0.119
[INFO] [stderr]    Compiling proc-macro-utils v0.10.0
[INFO] [stderr]    Compiling proc-macro-error-attr2 v2.0.0
[INFO] [stderr]    Compiling const_format_proc_macros v0.2.34
[INFO] [stderr]     Checking either v1.18.0
[INFO] [stderr]     Checking rustc-hash v2.1.3
[INFO] [stderr]     Checking guardian v1.3.0
[INFO] [stderr]    Compiling xxhash-rust v0.8.18
[INFO] [stderr]    Compiling serde_core v1.0.229
[INFO] [stderr]     Checking itertools v0.14.0
[INFO] [stderr]    Compiling manyhow-macros v0.11.4
[INFO] [stderr]    Compiling crypto-common v0.1.7
[INFO] [stderr]    Compiling block-buffer v0.10.4
[INFO] [stderr]    Compiling tachys v0.2.18
[INFO] [stderr]    Compiling yansi v1.0.1
[INFO] [stderr]     Checking winnow v1.0.4
[INFO] [stderr]    Compiling getrandom v0.4.3
[INFO] [stderr]     Checking http v1.5.0
[INFO] [stderr]    Compiling serde v1.0.229
[INFO] [stderr]    Compiling digest v0.10.7
[INFO] [stderr]    Compiling const_format v0.2.36
[INFO] [stderr]     Checking form_urlencoded v1.2.2
[INFO] [stderr]     Checking either_of v0.1.9
[INFO] [stderr]     Checking toml_datetime v1.1.1+spec-1.1.0
[INFO] [stderr]     Checking serde_spanned v1.1.1
[INFO] [stderr]     Checking aho-corasick v1.1.5
[INFO] [stderr]     Checking toml_parser v1.1.3+spec-1.1.0
[INFO] [stderr]    Compiling server_fn v0.8.13
[INFO] [stderr]     Checking html-escape v0.2.15
[INFO] [stderr]    Compiling interpolator v0.5.0
[INFO] [stderr]     Checking erased v0.1.2
[INFO] [stderr]     Checking const_str_slice_concat v0.1.0
[INFO] [stderr]     Checking drain_filter_polyfill v0.1.3
[INFO] [stderr]     Checking next_tuple v0.1.0
[INFO] [stderr]    Compiling collection_literals v1.0.3
[INFO] [stderr]    Compiling same-file v1.0.6
[INFO] [stderr]     Checking unicode-segmentation v1.13.3
[INFO] [stderr]    Compiling walkdir v2.5.0
[INFO] [stderr]    Compiling sha2 v0.10.9
[INFO] [stderr]     Checking regex-automata v0.4.18
[INFO] [stderr]     Checking convert_case v0.6.0
[INFO] [stderr]     Checking toml v1.1.5+spec-1.1.0
[INFO] [stderr]    Compiling leptos_macro v0.8.17
[INFO] [stderr]     Checking const-str v1.1.0
[INFO] [stderr]    Compiling base16 v0.2.1
[INFO] [stderr]     Checking config v0.15.25
[INFO] [stderr]    Compiling uuid v1.26.1
[INFO] [stderr]    Compiling wasm-bindgen-macro-support v0.2.128
[INFO] [stderr]    Compiling convert_case_extras v0.2.0
[INFO] [stderr]    Compiling leptos v0.8.20
[INFO] [stderr]     Checking async-once-cell v0.5.4
[INFO] [stderr]    Compiling synstructure v0.13.2
[INFO] [stderr]    Compiling proc-macro-error2 v2.0.1
[INFO] [stderr]    Compiling manyhow v0.11.4
[INFO] [stderr]     Checking regex v1.13.1
[INFO] [stderr]    Compiling prettyplease v0.2.37
[INFO] [stderr]    Compiling leptos_router v0.8.15
[INFO] [stderr]     Checking extended v0.1.0
[INFO] [stderr]     Checking symphonia-codec-adpcm v0.5.5
[INFO] [stderr]     Checking symphonia-codec-pcm v0.5.5
[INFO] [stderr]    Compiling serde_derive v1.0.229
[INFO] [stderr]    Compiling thiserror-impl v2.0.20
[INFO] [stderr]    Compiling futures-macro v0.3.34
[INFO] [stderr]    Compiling zerofrom-derive v0.1.7
[INFO] [stderr]    Compiling yoke-derive v0.8.2
[INFO] [stderr]    Compiling zerovec-derive v0.11.6
[INFO] [stderr]    Compiling displaydoc v0.2.7
[INFO] [stderr]    Compiling multiversion-macros v0.9.0
[INFO] [stderr]     Checking futures-util v0.3.34
[INFO] [stderr]    Compiling derive-where v1.6.1
[INFO] [stderr]    Compiling syn_derive v0.2.0
[INFO] [stderr]    Compiling quote-use-macros v0.8.4
[INFO] [stderr]     Checking zerofrom v0.1.8
[INFO] [stderr]     Checking yoke v0.8.3
[INFO] [stderr]     Checking zerovec v0.11.8
[INFO] [stderr]     Checking zerotrie v0.2.5
[INFO] [stderr]    Compiling pin-project-internal v1.1.13
[INFO] [stderr]     Checking multiversion v0.9.0
[INFO] [stderr]    Compiling thiserror-impl v1.0.69
[INFO] [stderr]    Compiling reactive_stores_macro v0.4.3
[INFO] [stderr]     Checking tinystr v0.8.4
[INFO] [stderr]     Checking icu_locale_core v2.3.0
[INFO] [stderr]     Checking potential_utf v0.1.6
[INFO] [stderr]     Checking pin-project v1.1.13
[INFO] [stderr]     Checking icu_collections v2.3.0
[INFO] [stderr]    Compiling quote-use v0.8.4
[INFO] [stderr]     Checking symphonia-metadata v0.5.5
[INFO] [stderr]    Compiling async-trait v0.1.92
[INFO] [stderr]     Checking thiserror v1.0.69
[INFO] [stderr]    Compiling rstml v0.12.1
[INFO] [stderr]    Compiling attribute-derive-macro v0.10.5
[INFO] [stderr]     Checking icu_provider v2.3.1
[INFO] [stderr]     Checking symphonia-utils-xiph v0.5.5
[INFO] [stderr]    Compiling server_fn_macro_default v0.8.5
[INFO] [stderr]    Compiling typed-builder-macro v0.23.2
[INFO] [stderr]     Checking icu_properties v2.3.0
[INFO] [stderr]     Checking icu_normalizer v2.3.0
[INFO] [stderr]     Checking futures-executor v0.3.34
[INFO] [stderr]     Checking futures v0.3.34
[INFO] [stderr]     Checking hydration_context v0.3.1
[INFO] [stderr]     Checking oco_ref v0.2.1
[INFO] [stderr]     Checking serde_qs v0.15.0
[INFO] [stderr]    Compiling attribute-derive v0.10.5
[INFO] [stderr]     Checking idna_adapter v1.2.2
[INFO] [stderr]     Checking idna v1.1.0
[INFO] [stderr]    Compiling leptos_hot_reload v0.8.6
[INFO] [stderr]     Checking codee v0.3.5
[INFO] [stderr]    Compiling wasm_split_macros v0.2.2
[INFO] [stderr]     Checking symphonia-codec-vorbis v0.5.5
[INFO] [stderr]     Checking url v2.5.8
[INFO] [stderr]     Checking wasm_split_helpers v0.2.3
[INFO] [stderr]    Compiling wasm-bindgen-macro v0.2.128
[INFO] [stderr]     Checking symphonia-format-ogg v0.5.5
[INFO] [stderr]     Checking symphonia-format-mkv v0.5.5
[INFO] [stderr]     Checking typed-builder v0.23.2
[INFO] [stderr]     Checking leptos_config v0.8.10
[INFO] [stderr]     Checking symphonia-bundle-flac v0.5.5
[INFO] [stderr]     Checking symphonia-bundle-mp3 v0.5.5
[INFO] [stderr]     Checking symphonia-format-riff v0.5.5
[INFO] [stderr]    Compiling leptos_router_macro v0.8.6
[INFO] [stderr]     Checking symphonia v0.5.5
[INFO] [stderr]     Checking js-sys v0.3.105
[INFO] [stderr]     Checking wasm-bindgen-futures v0.4.78
[INFO] [stderr]     Checking web-sys v0.3.105
[INFO] [stderr]     Checking any_spawner v0.3.0
[INFO] [stderr]     Checking reactive_stores v0.4.3
[INFO] [stderr]     Checking gloo-utils v0.2.0
[INFO] [stderr]     Checking wasm-streams v0.5.0
[INFO] [stderr]     Checking gloo-net v0.6.0
[INFO] [stderr]     Checking leptos_server v0.8.7
[INFO] [stderr]     Checking leptos_dom v0.8.8
[INFO] [stderr]     Checking leptos_meta v0.8.6
[INFO] [stderr]     Checking mysoundboard v0.1.0 (/opt/rustwide/workdir)
[INFO] [stdout] error[E0432]: unresolved imports `mysoundboard::app::WebAppContext`, `mysoundboard::bot`, `mysoundboard::sounds`
[INFO] [stdout]   --> src/main.rs:3:20
[INFO] [stdout]    |
[INFO] [stdout]  3 | use mysoundboard::{app::WebAppContext, bot::SignalFromWeb, sounds::Sounds};
[INFO] [stdout]    |                    ^^^^^-------------  ^^^                 ^^^^^^ could not find `sounds` in `mysoundboard`
[INFO] [stdout]    |                         |              |
[INFO] [stdout]    |                         |              could not find `bot` in `mysoundboard`
[INFO] [stdout]    |                         no `WebAppContext` in `app`
[INFO] [stdout]    |
[INFO] [stdout] note: found an item that was configured out
[INFO] [stdout]   --> src/app.rs:25:12
[INFO] [stdout]    |
[INFO] [stdout] 23 | #[cfg(feature = "backend")]
[INFO] [stdout]    |       ------------------- the item is gated behind the `backend` feature
[INFO] [stdout] 24 | #[derive(Clone)]
[INFO] [stdout] 25 | pub struct WebAppContext {
[INFO] [stdout]    |            ^^^^^^^^^^^^^
[INFO] [stdout] note: found an item that was configured out
[INFO] [stdout]   --> src/lib.rs:4:9
[INFO] [stdout]    |
[INFO] [stdout]  3 | #[cfg(feature = "backend")]
[INFO] [stdout]    |       ------------------- the item is gated behind the `backend` feature
[INFO] [stdout]  4 | pub mod bot;
[INFO] [stdout]    |         ^^^
[INFO] [stdout] note: found an item that was configured out
[INFO] [stdout]   --> src/lib.rs:7:9
[INFO] [stdout]    |
[INFO] [stdout]  6 | #[cfg(feature = "backend")]
[INFO] [stdout]    |       ------------------- the item is gated behind the `backend` feature
[INFO] [stdout]  7 | pub mod sounds;
[INFO] [stdout]    |         ^^^^^^
[INFO] [stdout] 
[INFO] [stdout] 
[INFO] [stdout] error[E0433]: cannot find module or crate `tokio` in this scope
[INFO] [stdout]  --> src/main.rs:6:5
[INFO] [stdout]   |
[INFO] [stdout] 6 | use tokio::sync::mpsc::Sender;
[INFO] [stdout]   |     ^^^^^ use of unresolved module or unlinked crate `tokio`
[INFO] [stdout]   |
[INFO] [stdout]   = help: if you wanted to use a crate named `tokio`, use `cargo add tokio` to add it to your `Cargo.toml`
[INFO] [stdout] 
[INFO] [stdout] 
[INFO] [stdout] error[E0432]: unresolved import `poise`
[INFO] [stdout]  --> src/main.rs:4:5
[INFO] [stdout]   |
[INFO] [stdout] 4 | use poise::serenity_prelude as serenity;
[INFO] [stdout]   |     ^^^^^ use of unresolved module or unlinked crate `poise`
[INFO] [stdout]   |
[INFO] [stdout]   = help: if you wanted to use a crate named `poise`, use `cargo add poise` to add it to your `Cargo.toml`
[INFO] [stdout] 
[INFO] [stdout] 
[INFO] [stdout] error[E0432]: unresolved import `axum`
[INFO] [stdout]   --> src/main.rs:70:9
[INFO] [stdout]    |
[INFO] [stdout] 70 |     use axum::Router;
[INFO] [stdout]    |         ^^^^ use of unresolved module or unlinked crate `axum`
[INFO] [stdout]    |
[INFO] [stdout]    = help: if you wanted to use a crate named `axum`, use `cargo add axum` to add it to your `Cargo.toml`
[INFO] [stdout] 
[INFO] [stdout] 
[INFO] [stdout] error[E0432]: unresolved import `leptos_axum`
[INFO] [stdout]   --> src/main.rs:72:9
[INFO] [stdout]    |
[INFO] [stdout] 72 |     use leptos_axum::{LeptosRoutes, generate_route_list};
[INFO] [stdout]    |         ^^^^^^^^^^^ use of unresolved module or unlinked crate `leptos_axum`
[INFO] [stdout]    |
[INFO] [stdout]    = help: if you wanted to use a crate named `leptos_axum`, use `cargo add leptos_axum` to add it to your `Cargo.toml`
[INFO] [stdout] 
[INFO] [stdout] 
[INFO] [stdout] error[E0432]: unresolved import `local_ip_address`
[INFO] [stdout]   --> src/main.rs:73:9
[INFO] [stdout]    |
[INFO] [stdout] 73 |     use local_ip_address::local_ip;
[INFO] [stdout]    |         ^^^^^^^^^^^^^^^^ use of unresolved module or unlinked crate `local_ip_address`
[INFO] [stdout]    |
[INFO] [stdout]    = help: if you wanted to use a crate named `local_ip_address`, use `cargo add local_ip_address` to add it to your `Cargo.toml`
[INFO] [stdout] 
[INFO] [stdout] 
[INFO] [stdout] error[E0432]: unresolved import `qrcode`
[INFO] [stdout]   --> src/main.rs:74:9
[INFO] [stdout]    |
[INFO] [stdout] 74 |     use qrcode::QrCode;
[INFO] [stdout]    |         ^^^^^^ use of unresolved module or unlinked crate `qrcode`
[INFO] [stdout]    |
[INFO] [stdout]    = help: if you wanted to use a crate named `qrcode`, use `cargo add qrcode` to add it to your `Cargo.toml`
[INFO] [stdout] 
[INFO] [stdout] 
[INFO] [stdout] error[E0433]: cannot find module or crate `qrcode` in this scope
[INFO] [stdout]    --> src/main.rs:112:30
[INFO] [stdout]     |
[INFO] [stdout] 112 |     let string = qr.render::<qrcode::render::unicode::Dense1x2>().build();
[INFO] [stdout]     |                              ^^^^^^ use of unresolved module or unlinked crate `qrcode`
[INFO] [stdout]     |
[INFO] [stdout]     = help: if you wanted to use a crate named `qrcode`, use `cargo add qrcode` to add it to your `Cargo.toml`
[INFO] [stdout] 
[INFO] [stdout] 
[INFO] [stdout] error[E0433]: cannot find module or crate `tokio` in this scope
[INFO] [stdout]    --> src/main.rs:115:20
[INFO] [stdout]     |
[INFO] [stdout] 115 |     let listener = tokio::net::TcpListener::bind(&addr).await?;
[INFO] [stdout]     |                    ^^^^^ use of unresolved module or unlinked crate `tokio`
[INFO] [stdout]     |
[INFO] [stdout]     = help: if you wanted to use a crate named `tokio`, use `cargo add tokio` to add it to your `Cargo.toml`
[INFO] [stdout] help: consider importing this struct
[INFO] [stdout]     |
[INFO] [stdout]   1 + use std::net::TcpListener;
[INFO] [stdout]     |
[INFO] [stdout] help: if you import `TcpListener`, refer to it directly
[INFO] [stdout]     |
[INFO] [stdout] 115 -     let listener = tokio::net::TcpListener::bind(&addr).await?;
[INFO] [stdout] 115 +     let listener = TcpListener::bind(&addr).await?;
[INFO] [stdout]     |
[INFO] [stdout] 
[INFO] [stdout] 
[INFO] [stdout] error[E0433]: cannot find module or crate `leptos_axum` in this scope
[INFO] [stdout]    --> src/main.rs:102:19
[INFO] [stdout]     |
[INFO] [stdout] 102 |         .fallback(leptos_axum::file_and_error_handler_with_context(
[INFO] [stdout]     |                   ^^^^^^^^^^^ use of unresolved module or unlinked crate `leptos_axum`
[INFO] [stdout]     |
[INFO] [stdout]     = help: if you wanted to use a crate named `leptos_axum`, use `cargo add leptos_axum` to add it to your `Cargo.toml`
[INFO] [stdout] 
[INFO] [stdout] 
[INFO] [stdout] error[E0433]: cannot find module or crate `axum` in this scope
[INFO] [stdout]    --> src/main.rs:117:5
[INFO] [stdout]     |
[INFO] [stdout] 117 |     axum::serve(listener, app.into_make_service()).await?;
[INFO] [stdout]     |     ^^^^ use of unresolved module or unlinked crate `axum`
[INFO] [stdout]     |
[INFO] [stdout]     = help: if you wanted to use a crate named `axum`, use `cargo add axum` to add it to your `Cargo.toml`
[INFO] [stdout] 
[INFO] [stdout] 
[INFO] [stdout] Some errors have detailed explanations: E0432, E0433.
[INFO] [stdout] 
[INFO] [stdout] For more information about an error, try `rustc --explain E0432`.
[INFO] [stdout] 
[INFO] [stderr] error: could not compile `mysoundboard` (bin "mysoundboard") due to 11 previous errors
[INFO] [stderr] warning: build failed, waiting for other jobs to finish...
[INFO] [stdout] error[E0432]: unresolved imports `mysoundboard::app::WebAppContext`, `mysoundboard::bot`, `mysoundboard::sounds`
[INFO] [stdout]   --> src/main.rs:3:20
[INFO] [stdout]    |
[INFO] [stdout]  3 | use mysoundboard::{app::WebAppContext, bot::SignalFromWeb, sounds::Sounds};
[INFO] [stdout]    |                    ^^^^^-------------  ^^^                 ^^^^^^ could not find `sounds` in `mysoundboard`
[INFO] [stdout]    |                         |              |
[INFO] [stdout]    |                         |              could not find `bot` in `mysoundboard`
[INFO] [stdout]    |                         no `WebAppContext` in `app`
[INFO] [stdout]    |
[INFO] [stdout] note: found an item that was configured out
[INFO] [stdout]   --> src/app.rs:25:12
[INFO] [stdout]    |
[INFO] [stdout] 23 | #[cfg(feature = "backend")]
[INFO] [stdout]    |       ------------------- the item is gated behind the `backend` feature
[INFO] [stdout] 24 | #[derive(Clone)]
[INFO] [stdout] 25 | pub struct WebAppContext {
[INFO] [stdout]    |            ^^^^^^^^^^^^^
[INFO] [stdout] note: found an item that was configured out
[INFO] [stdout]   --> src/lib.rs:4:9
[INFO] [stdout]    |
[INFO] [stdout]  3 | #[cfg(feature = "backend")]
[INFO] [stdout]    |       ------------------- the item is gated behind the `backend` feature
[INFO] [stdout]  4 | pub mod bot;
[INFO] [stdout]    |         ^^^
[INFO] [stdout] note: found an item that was configured out
[INFO] [stdout]   --> src/lib.rs:7:9
[INFO] [stdout]    |
[INFO] [stdout]  6 | #[cfg(feature = "backend")]
[INFO] [stdout]    |       ------------------- the item is gated behind the `backend` feature
[INFO] [stdout]  7 | pub mod sounds;
[INFO] [stdout]    |         ^^^^^^
[INFO] [stdout] 
[INFO] [stdout] 
[INFO] [stdout] error[E0433]: cannot find module or crate `tokio` in this scope
[INFO] [stdout]  --> src/main.rs:6:5
[INFO] [stdout]   |
[INFO] [stdout] 6 | use tokio::sync::mpsc::Sender;
[INFO] [stdout]   |     ^^^^^ use of unresolved module or unlinked crate `tokio`
[INFO] [stdout]   |
[INFO] [stdout]   = help: if you wanted to use a crate named `tokio`, use `cargo add tokio` to add it to your `Cargo.toml`
[INFO] [stdout] 
[INFO] [stdout] 
[INFO] [stdout] error[E0432]: unresolved import `poise`
[INFO] [stdout]  --> src/main.rs:4:5
[INFO] [stdout]   |
[INFO] [stdout] 4 | use poise::serenity_prelude as serenity;
[INFO] [stdout]   |     ^^^^^ use of unresolved module or unlinked crate `poise`
[INFO] [stdout]   |
[INFO] [stdout]   = help: if you wanted to use a crate named `poise`, use `cargo add poise` to add it to your `Cargo.toml`
[INFO] [stdout] 
[INFO] [stdout] 
[INFO] [stdout] error[E0432]: unresolved import `axum`
[INFO] [stdout]   --> src/main.rs:70:9
[INFO] [stdout]    |
[INFO] [stdout] 70 |     use axum::Router;
[INFO] [stdout]    |         ^^^^ use of unresolved module or unlinked crate `axum`
[INFO] [stdout]    |
[INFO] [stdout]    = help: if you wanted to use a crate named `axum`, use `cargo add axum` to add it to your `Cargo.toml`
[INFO] [stdout] 
[INFO] [stdout] 
[INFO] [stdout] error[E0432]: unresolved import `leptos_axum`
[INFO] [stdout]   --> src/main.rs:72:9
[INFO] [stdout]    |
[INFO] [stdout] 72 |     use leptos_axum::{LeptosRoutes, generate_route_list};
[INFO] [stdout]    |         ^^^^^^^^^^^ use of unresolved module or unlinked crate `leptos_axum`
[INFO] [stdout]    |
[INFO] [stdout]    = help: if you wanted to use a crate named `leptos_axum`, use `cargo add leptos_axum` to add it to your `Cargo.toml`
[INFO] [stdout] 
[INFO] [stdout] 
[INFO] [stdout] error[E0432]: unresolved import `local_ip_address`
[INFO] [stdout]   --> src/main.rs:73:9
[INFO] [stdout]    |
[INFO] [stdout] 73 |     use local_ip_address::local_ip;
[INFO] [stdout]    |         ^^^^^^^^^^^^^^^^ use of unresolved module or unlinked crate `local_ip_address`
[INFO] [stdout]    |
[INFO] [stdout]    = help: if you wanted to use a crate named `local_ip_address`, use `cargo add local_ip_address` to add it to your `Cargo.toml`
[INFO] [stdout] 
[INFO] [stdout] 
[INFO] [stdout] error[E0432]: unresolved import `qrcode`
[INFO] [stdout]   --> src/main.rs:74:9
[INFO] [stdout]    |
[INFO] [stdout] 74 |     use qrcode::QrCode;
[INFO] [stdout]    |         ^^^^^^ use of unresolved module or unlinked crate `qrcode`
[INFO] [stdout]    |
[INFO] [stdout]    = help: if you wanted to use a crate named `qrcode`, use `cargo add qrcode` to add it to your `Cargo.toml`
[INFO] [stdout] 
[INFO] [stdout] 
[INFO] [stdout] error[E0433]: cannot find module or crate `qrcode` in this scope
[INFO] [stdout]    --> src/main.rs:112:30
[INFO] [stdout]     |
[INFO] [stdout] 112 |     let string = qr.render::<qrcode::render::unicode::Dense1x2>().build();
[INFO] [stdout]     |                              ^^^^^^ use of unresolved module or unlinked crate `qrcode`
[INFO] [stdout]     |
[INFO] [stdout]     = help: if you wanted to use a crate named `qrcode`, use `cargo add qrcode` to add it to your `Cargo.toml`
[INFO] [stdout] 
[INFO] [stdout] 
[INFO] [stdout] error[E0433]: cannot find module or crate `tokio` in this scope
[INFO] [stdout]    --> src/main.rs:115:20
[INFO] [stdout]     |
[INFO] [stdout] 115 |     let listener = tokio::net::TcpListener::bind(&addr).await?;
[INFO] [stdout]     |                    ^^^^^ use of unresolved module or unlinked crate `tokio`
[INFO] [stdout]     |
[INFO] [stdout]     = help: if you wanted to use a crate named `tokio`, use `cargo add tokio` to add it to your `Cargo.toml`
[INFO] [stdout] help: consider importing this struct
[INFO] [stdout]     |
[INFO] [stdout]   1 + use std::net::TcpListener;
[INFO] [stdout]     |
[INFO] [stdout] help: if you import `TcpListener`, refer to it directly
[INFO] [stdout]     |
[INFO] [stdout] 115 -     let listener = tokio::net::TcpListener::bind(&addr).await?;
[INFO] [stdout] 115 +     let listener = TcpListener::bind(&addr).await?;
[INFO] [stdout]     |
[INFO] [stdout] 
[INFO] [stdout] 
[INFO] [stdout] error[E0433]: cannot find module or crate `leptos_axum` in this scope
[INFO] [stdout]    --> src/main.rs:102:19
[INFO] [stdout]     |
[INFO] [stdout] 102 |         .fallback(leptos_axum::file_and_error_handler_with_context(
[INFO] [stdout]     |                   ^^^^^^^^^^^ use of unresolved module or unlinked crate `leptos_axum`
[INFO] [stdout]     |
[INFO] [stdout]     = help: if you wanted to use a crate named `leptos_axum`, use `cargo add leptos_axum` to add it to your `Cargo.toml`
[INFO] [stdout] 
[INFO] [stdout] 
[INFO] [stdout] error[E0433]: cannot find module or crate `axum` in this scope
[INFO] [stdout]    --> src/main.rs:117:5
[INFO] [stdout]     |
[INFO] [stdout] 117 |     axum::serve(listener, app.into_make_service()).await?;
[INFO] [stdout]     |     ^^^^ use of unresolved module or unlinked crate `axum`
[INFO] [stdout]     |
[INFO] [stdout]     = help: if you wanted to use a crate named `axum`, use `cargo add axum` to add it to your `Cargo.toml`
[INFO] [stdout] 
[INFO] [stdout] 
[INFO] [stdout] Some errors have detailed explanations: E0432, E0433.
[INFO] [stdout] 
[INFO] [stdout] For more information about an error, try `rustc --explain E0432`.
[INFO] [stdout] 
[INFO] [stderr] error: could not compile `mysoundboard` (bin "mysoundboard" test) due to 11 previous errors
[INFO] [stderr] warning: unused dependency `symphonia`
[INFO] [stderr]   --> Cargo.toml:44:15
[INFO] [stderr]    |
[INFO] [stderr] 44 | [dependencies.symphonia]
[INFO] [stderr]    |               ^^^^^^^^^^
[INFO] [stderr]    |
[INFO] [stderr]    = note: `cargo::unused_dependencies` is set to `warn` by default
[INFO] [stderr] help: consider removing the dependency on `symphonia`
[INFO] [stderr] warning: `mysoundboard` (manifest) generated 1 warning
[INFO] running `Command { std: "docker" "inspect" "0d55836684011550fcb28fa52542ce4311696917c5315297cf5b0c8c24d0ec0c", kill_on_drop: false }`
[INFO] running `Command { std: "docker" "rm" "-f" "0d55836684011550fcb28fa52542ce4311696917c5315297cf5b0c8c24d0ec0c", kill_on_drop: false }`
[INFO] [stdout] 0d55836684011550fcb28fa52542ce4311696917c5315297cf5b0c8c24d0ec0c
