[INFO] cloning repository https://github.com/a492219408/EldenRing-UnlockTheFps
[INFO] running `Command { std: "git" "-c" "credential.helper=" "-c" "credential.helper=/workspace/cargo-home/bin/git-credential-null" "clone" "--bare" "https://github.com/a492219408/EldenRing-UnlockTheFps" "/workspace/cache/git-repos/https%3A%2F%2Fgithub.com%2Fa492219408%2FEldenRing-UnlockTheFps", kill_on_drop: false }`
[INFO] [stderr] Cloning into bare repository '/workspace/cache/git-repos/https%3A%2F%2Fgithub.com%2Fa492219408%2FEldenRing-UnlockTheFps'...
[INFO] running `Command { std: "git" "rev-parse" "HEAD", kill_on_drop: false }`
[INFO] [stdout] 4785ee08e6be242d6a25a78ed4be8551180f18b0
[INFO] checking a492219408/EldenRing-UnlockTheFps against 3154cc1a3e6424e44f438a95007d043ed5ceaaf6+rustflags=-Znext-solver=coherence for pr-133502-30
[INFO] running `Command { std: "git" "clone" "/workspace/cache/git-repos/https%3A%2F%2Fgithub.com%2Fa492219408%2FEldenRing-UnlockTheFps" "/workspace/builds/worker-3-tc1/source", kill_on_drop: false }`
[INFO] [stderr] Cloning into '/workspace/builds/worker-3-tc1/source'...
[INFO] [stderr] done.
[INFO] started tweaking git repo https://github.com/a492219408/EldenRing-UnlockTheFps
[INFO] finished tweaking git repo https://github.com/a492219408/EldenRing-UnlockTheFps
[INFO] tweaked toml for git repo https://github.com/a492219408/EldenRing-UnlockTheFps written to /workspace/builds/worker-3-tc1/source/Cargo.toml
[INFO] validating manifest of git repo https://github.com/a492219408/EldenRing-UnlockTheFps on toolchain 3154cc1a3e6424e44f438a95007d043ed5ceaaf6
[INFO] running `Command { std: CARGO_HOME="/workspace/cargo-home" RUSTUP_HOME="/workspace/rustup-home" "/workspace/cargo-home/bin/cargo" "+3154cc1a3e6424e44f438a95007d043ed5ceaaf6" "metadata" "--manifest-path" "Cargo.toml" "--no-deps", kill_on_drop: false }`
[INFO] crate git repo https://github.com/a492219408/EldenRing-UnlockTheFps already has a lockfile, it will not be regenerated
[INFO] running `Command { std: CARGO_HOME="/workspace/cargo-home" RUSTUP_HOME="/workspace/rustup-home" "/workspace/cargo-home/bin/cargo" "+3154cc1a3e6424e44f438a95007d043ed5ceaaf6" "fetch" "--manifest-path" "Cargo.toml", kill_on_drop: false }`
[INFO] running `Command { std: "docker" "create" "-v" "/var/lib/crater-agent-workspace/builds/worker-3-tc1/source:/opt/rustwide/workdir:ro,Z" "-v" "/var/lib/crater-agent-workspace/builds/worker-3-tc1/target:/opt/rustwide/target:rw,Z" "-v" "/var/lib/crater-agent-workspace/cargo-home:/opt/rustwide/cargo-home:ro,Z" "-v" "/var/lib/crater-agent-workspace/rustup-home:/opt/rustwide/rustup-home:ro,Z" "-m" "1610612736" "--network" "none" "ghcr.io/rust-lang/crates-build-env/linux@sha256:77db811e55d90add9212f6832c23229e3de5f1c1f9905e8cb07319ea15df73ac" "sleep" "infinity", kill_on_drop: false }`
[INFO] [stdout] 68bb72ceaa86881ace95d72fb2891bae0ee0cc00f5514cebada80bbee9d304ce
[INFO] running `Command { std: "docker" "start" "68bb72ceaa86881ace95d72fb2891bae0ee0cc00f5514cebada80bbee9d304ce", kill_on_drop: false }`
[INFO] running `Command { std: "docker" "inspect" "68bb72ceaa86881ace95d72fb2891bae0ee0cc00f5514cebada80bbee9d304ce", kill_on_drop: false }`
[INFO] running `Command { std: "docker" "exec" "-e" "SOURCE_DIR=/opt/rustwide/workdir" "-e" "CARGO_HOME=/opt/rustwide/cargo-home" "-e" "RUSTUP_HOME=/opt/rustwide/rustup-home" "-e" "CARGO_TARGET_DIR=/opt/rustwide/target" "-w" "/opt/rustwide/workdir" "--user" "0:0" "68bb72ceaa86881ace95d72fb2891bae0ee0cc00f5514cebada80bbee9d304ce" "/opt/rustwide/cargo-home/bin/cargo" "+3154cc1a3e6424e44f438a95007d043ed5ceaaf6" "metadata" "--no-deps" "--format-version=1", kill_on_drop: false }`
[INFO] running `Command { std: "docker" "inspect" "68bb72ceaa86881ace95d72fb2891bae0ee0cc00f5514cebada80bbee9d304ce", kill_on_drop: false }`
[INFO] running `Command { std: "docker" "exec" "-e" "SOURCE_DIR=/opt/rustwide/workdir" "-e" "CARGO_HOME=/opt/rustwide/cargo-home" "-e" "RUSTUP_HOME=/opt/rustwide/rustup-home" "-e" "CARGO_TARGET_DIR=/opt/rustwide/target" "-e" "CARGO_INCREMENTAL=0" "-e" "RUST_BACKTRACE=full" "-e" "RUSTFLAGS=--cap-lints=forbid -Znext-solver=coherence" "-e" "RUSTDOCFLAGS=--cap-lints=forbid" "-w" "/opt/rustwide/workdir" "--user" "0:0" "68bb72ceaa86881ace95d72fb2891bae0ee0cc00f5514cebada80bbee9d304ce" "/opt/rustwide/cargo-home/bin/cargo" "+3154cc1a3e6424e44f438a95007d043ed5ceaaf6" "check" "--frozen" "--all" "--all-targets" "--message-format=json", kill_on_drop: false }`
[INFO] [stderr]     Checking unlock-the-fps v0.4.3 (/opt/rustwide/workdir)
[INFO] [stdout] error[E0433]: cannot find `windows` in `os`
[INFO] [stdout]  --> src/windows.rs:3:9
[INFO] [stdout]   |
[INFO] [stdout] 3 |     os::windows::ffi::OsStringExt,
[INFO] [stdout]   |         ^^^^^^^ could not find `windows` in `os`
[INFO] [stdout]   |
[INFO] [stdout] note: found an item that was configured out
[INFO] [stdout]  --> /rustc/3154cc1a3e6424e44f438a95007d043ed5ceaaf6/library/std/src/os/mod.rs:62:4
[INFO] [stdout]   |
[INFO] [stdout]   = note: the item is gated behind the `windows` feature
[INFO] [stdout] 
[INFO] [stdout] 
[INFO] [stdout] error[E0433]: cannot find `windows` in `os`
[INFO] [stdout]  --> src/windows.rs:3:9
[INFO] [stdout]   |
[INFO] [stdout] 3 |     os::windows::ffi::OsStringExt,
[INFO] [stdout]   |         ^^^^^^^ could not find `windows` in `os`
[INFO] [stdout]   |
[INFO] [stdout] note: found an item that was configured out
[INFO] [stdout]  --> /rustc/3154cc1a3e6424e44f438a95007d043ed5ceaaf6/library/std/src/os/mod.rs:62:4
[INFO] [stdout]   |
[INFO] [stdout]   = note: the item is gated behind the `windows` feature
[INFO] [stdout] 
[INFO] [stdout] 
[INFO] [stdout] error[E0599]: no associated function or constant named `from_wide` found for struct `OsString` in the current scope
[INFO] [stdout]    --> src/windows.rs:145:47
[INFO] [stdout]     |
[INFO] [stdout] 145 |             return Ok(PathBuf::from(OsString::from_wide(&buffer)));
[INFO] [stdout]     |                                               ^^^^^^^^^ associated function or constant not found in `OsString`
[INFO] [stdout]     |
[INFO] [stdout] note: if you're trying to build a new `OsString` consider using one of the following associated functions:
[INFO] [stdout]       OsString::new
[INFO] [stdout]       OsString::from_encoded_bytes_unchecked
[INFO] [stdout]       OsString::with_capacity
[INFO] [stdout]    --> /rustc/3154cc1a3e6424e44f438a95007d043ed5ceaaf6/library/std/src/ffi/os_str.rs:134:4
[INFO] [stdout] help: there is an associated function `from_iter` with a similar name
[INFO] [stdout]     |
[INFO] [stdout] 145 -             return Ok(PathBuf::from(OsString::from_wide(&buffer)));
[INFO] [stdout] 145 +             return Ok(PathBuf::from(OsString::from_iter(&buffer)));
[INFO] [stdout]     |
[INFO] [stdout] 
[INFO] [stdout] 
[INFO] [stdout] Some errors have detailed explanations: E0433, E0599.
[INFO] [stdout] 
[INFO] [stdout] For more information about an error, try `rustc --explain E0433`.
[INFO] [stdout] 
[INFO] [stderr] error: could not compile `unlock-the-fps` (lib) due to 2 previous errors
[INFO] [stderr] warning: build failed, waiting for other jobs to finish...
[INFO] [stdout] error[E0599]: no associated function or constant named `from_wide` found for struct `OsString` in the current scope
[INFO] [stdout]    --> src/windows.rs:145:47
[INFO] [stdout]     |
[INFO] [stdout] 145 |             return Ok(PathBuf::from(OsString::from_wide(&buffer)));
[INFO] [stdout]     |                                               ^^^^^^^^^ associated function or constant not found in `OsString`
[INFO] [stdout]     |
[INFO] [stdout] note: if you're trying to build a new `OsString` consider using one of the following associated functions:
[INFO] [stdout]       OsString::new
[INFO] [stdout]       OsString::from_encoded_bytes_unchecked
[INFO] [stdout]       OsString::with_capacity
[INFO] [stdout]    --> /rustc/3154cc1a3e6424e44f438a95007d043ed5ceaaf6/library/std/src/ffi/os_str.rs:134:4
[INFO] [stdout] help: there is an associated function `from_iter` with a similar name
[INFO] [stdout]     |
[INFO] [stdout] 145 -             return Ok(PathBuf::from(OsString::from_wide(&buffer)));
[INFO] [stdout] 145 +             return Ok(PathBuf::from(OsString::from_iter(&buffer)));
[INFO] [stdout]     |
[INFO] [stdout] 
[INFO] [stdout] 
[INFO] [stdout] Some errors have detailed explanations: E0433, E0599.
[INFO] [stdout] 
[INFO] [stdout] For more information about an error, try `rustc --explain E0433`.
[INFO] [stdout] 
[INFO] [stderr] error: could not compile `unlock-the-fps` (lib test) due to 2 previous errors
[INFO] running `Command { std: "docker" "inspect" "68bb72ceaa86881ace95d72fb2891bae0ee0cc00f5514cebada80bbee9d304ce", kill_on_drop: false }`
[INFO] running `Command { std: "docker" "rm" "-f" "68bb72ceaa86881ace95d72fb2891bae0ee0cc00f5514cebada80bbee9d304ce", kill_on_drop: false }`
[INFO] [stdout] 68bb72ceaa86881ace95d72fb2891bae0ee0cc00f5514cebada80bbee9d304ce
