[INFO] cloning repository https://github.com/a182860089-pixel/codex-witcher-lm
[INFO] running `Command { std: "git" "-c" "credential.helper=" "-c" "credential.helper=/workspace/cargo-home/bin/git-credential-null" "clone" "--bare" "https://github.com/a182860089-pixel/codex-witcher-lm" "/workspace/cache/git-repos/https%3A%2F%2Fgithub.com%2Fa182860089-pixel%2Fcodex-witcher-lm", kill_on_drop: false }`
[INFO] [stderr] Cloning into bare repository '/workspace/cache/git-repos/https%3A%2F%2Fgithub.com%2Fa182860089-pixel%2Fcodex-witcher-lm'...
[INFO] running `Command { std: "git" "rev-parse" "HEAD", kill_on_drop: false }`
[INFO] [stdout] 208456063212577397ea2af282b1919726a1a6a5
[INFO] checking a182860089-pixel/codex-witcher-lm against 3154cc1a3e6424e44f438a95007d043ed5ceaaf6+rustflags=-Znext-solver=coherence for pr-133502-30
[INFO] running `Command { std: "git" "clone" "/workspace/cache/git-repos/https%3A%2F%2Fgithub.com%2Fa182860089-pixel%2Fcodex-witcher-lm" "/workspace/builds/worker-3-tc1/source", kill_on_drop: false }`
[INFO] [stderr] Cloning into '/workspace/builds/worker-3-tc1/source'...
[INFO] [stderr] done.
[INFO] removed /workspace/builds/worker-3-tc1/source/rust-toolchain.toml
[INFO] started tweaking git repo https://github.com/a182860089-pixel/codex-witcher-lm
[INFO] finished tweaking git repo https://github.com/a182860089-pixel/codex-witcher-lm
[INFO] tweaked toml for git repo https://github.com/a182860089-pixel/codex-witcher-lm written to /workspace/builds/worker-3-tc1/source/Cargo.toml
[INFO] validating manifest of git repo https://github.com/a182860089-pixel/codex-witcher-lm on toolchain 3154cc1a3e6424e44f438a95007d043ed5ceaaf6
[INFO] running `Command { std: CARGO_HOME="/workspace/cargo-home" RUSTUP_HOME="/workspace/rustup-home" "/workspace/cargo-home/bin/cargo" "+3154cc1a3e6424e44f438a95007d043ed5ceaaf6" "metadata" "--manifest-path" "Cargo.toml" "--no-deps", kill_on_drop: false }`
[INFO] crate git repo https://github.com/a182860089-pixel/codex-witcher-lm already has a lockfile, it will not be regenerated
[INFO] running `Command { std: CARGO_HOME="/workspace/cargo-home" RUSTUP_HOME="/workspace/rustup-home" "/workspace/cargo-home/bin/cargo" "+3154cc1a3e6424e44f438a95007d043ed5ceaaf6" "fetch" "--manifest-path" "Cargo.toml", kill_on_drop: false }`
[INFO] [stderr]  Downloading crates ...
[INFO] [stderr]   Downloaded secret-service v5.1.0
[INFO] [stderr]   Downloaded zbus-secret-service-keyring-store v1.0.0
[INFO] [stderr]   Downloaded keyring v4.1.5
[INFO] [stderr]   Downloaded apple-native-keyring-store v1.0.1
[INFO] running `Command { std: "docker" "create" "-v" "/var/lib/crater-agent-workspace/builds/worker-3-tc1/source:/opt/rustwide/workdir:ro,Z" "-v" "/var/lib/crater-agent-workspace/builds/worker-3-tc1/target:/opt/rustwide/target:rw,Z" "-v" "/var/lib/crater-agent-workspace/cargo-home:/opt/rustwide/cargo-home:ro,Z" "-v" "/var/lib/crater-agent-workspace/rustup-home:/opt/rustwide/rustup-home:ro,Z" "-m" "1610612736" "--network" "none" "ghcr.io/rust-lang/crates-build-env/linux@sha256:77db811e55d90add9212f6832c23229e3de5f1c1f9905e8cb07319ea15df73ac" "sleep" "infinity", kill_on_drop: false }`
[INFO] [stdout] f83ecc15d30a9ef16241f486e2a4750134da92e1e3abf4a5b65b058aba39adcd
[INFO] running `Command { std: "docker" "start" "f83ecc15d30a9ef16241f486e2a4750134da92e1e3abf4a5b65b058aba39adcd", kill_on_drop: false }`
[INFO] running `Command { std: "docker" "inspect" "f83ecc15d30a9ef16241f486e2a4750134da92e1e3abf4a5b65b058aba39adcd", kill_on_drop: false }`
[INFO] running `Command { std: "docker" "exec" "-e" "SOURCE_DIR=/opt/rustwide/workdir" "-e" "CARGO_HOME=/opt/rustwide/cargo-home" "-e" "RUSTUP_HOME=/opt/rustwide/rustup-home" "-e" "CARGO_TARGET_DIR=/opt/rustwide/target" "-w" "/opt/rustwide/workdir" "--user" "0:0" "f83ecc15d30a9ef16241f486e2a4750134da92e1e3abf4a5b65b058aba39adcd" "/opt/rustwide/cargo-home/bin/cargo" "+3154cc1a3e6424e44f438a95007d043ed5ceaaf6" "metadata" "--no-deps" "--format-version=1", kill_on_drop: false }`
[INFO] running `Command { std: "docker" "inspect" "f83ecc15d30a9ef16241f486e2a4750134da92e1e3abf4a5b65b058aba39adcd", kill_on_drop: false }`
[INFO] running `Command { std: "docker" "exec" "-e" "SOURCE_DIR=/opt/rustwide/workdir" "-e" "CARGO_HOME=/opt/rustwide/cargo-home" "-e" "RUSTUP_HOME=/opt/rustwide/rustup-home" "-e" "CARGO_TARGET_DIR=/opt/rustwide/target" "-e" "CARGO_INCREMENTAL=0" "-e" "RUST_BACKTRACE=full" "-e" "RUSTFLAGS=--cap-lints=forbid -Znext-solver=coherence" "-e" "RUSTDOCFLAGS=--cap-lints=forbid" "-w" "/opt/rustwide/workdir" "--user" "0:0" "f83ecc15d30a9ef16241f486e2a4750134da92e1e3abf4a5b65b058aba39adcd" "/opt/rustwide/cargo-home/bin/cargo" "+3154cc1a3e6424e44f438a95007d043ed5ceaaf6" "check" "--frozen" "--all" "--all-targets" "--message-format=json", kill_on_drop: false }`
[INFO] [stderr]     Checking futures-core v0.3.33
[INFO] [stderr]    Compiling serde_core v1.0.229
[INFO] [stderr]    Compiling syn v2.0.119
[INFO] [stderr]    Compiling syn v3.0.3
[INFO] [stderr]     Checking futures-sink v0.3.33
[INFO] [stderr]     Checking futures-task v0.3.33
[INFO] [stderr]    Compiling cfg-expr v0.15.8
[INFO] [stderr]    Compiling thiserror v2.0.19
[INFO] [stderr]    Compiling toml_parser v1.1.2+spec-1.1.0
[INFO] [stderr]     Checking futures-io v0.3.33
[INFO] [stderr]    Compiling cc v1.3.0
[INFO] [stderr]     Checking http v1.4.2
[INFO] [stderr]    Compiling crossbeam-utils v0.8.22
[INFO] [stderr]    Compiling parking_lot_core v0.9.12
[INFO] [stderr]    Compiling icu_properties_data v2.2.0
[INFO] [stderr]    Compiling icu_normalizer_data v2.2.0
[INFO] [stderr]    Compiling web_atoms v0.2.5
[INFO] [stderr]     Checking futures-channel v0.3.33
[INFO] [stderr]    Compiling uuid v1.24.0
[INFO] [stderr]    Compiling aho-corasick v1.1.4
[INFO] [stderr]    Compiling camino v1.2.4
[INFO] [stderr]    Compiling time v0.3.54
[INFO] [stderr]    Compiling parking_lot v0.12.5
[INFO] [stderr]    Compiling gtk v0.18.2
[INFO] [stderr]    Compiling toml v1.1.3+spec-1.1.0
[INFO] [stderr]    Compiling cfb v0.7.3
[INFO] [stderr]     Checking concurrent-queue v2.5.0
[INFO] [stderr]    Compiling string_cache v0.9.0
[INFO] [stderr]    Compiling toml v0.9.12+spec-1.1.0
[INFO] [stderr]     Checking sync_wrapper v1.0.2
[INFO] [stderr]    Compiling x11 v2.21.0
[INFO] [stderr]    Compiling generic-array v0.14.7
[INFO] [stderr]    Compiling toml_edit v0.25.13+spec-1.1.0
[INFO] [stderr]     Checking http-body v1.1.0
[INFO] [stderr]     Checking http-body-util v0.1.4
[INFO] [stderr]     Checking event-listener v5.4.1
[INFO] [stderr]    Compiling regex-automata v0.4.16
[INFO] [stderr]    Compiling infer v0.19.0
[INFO] [stderr]     Checking hybrid-array v0.4.13
[INFO] [stderr]    Compiling embed-resource v3.0.11
[INFO] [stderr]    Compiling proc-macro-crate v3.5.0
[INFO] [stderr]    Compiling x11-dl v2.21.0
[INFO] [stderr]    Compiling openssl-sys v0.9.117
[INFO] [stderr]    Compiling cookie v0.18.1
[INFO] [stderr]    Compiling tauri-winres v0.3.6
[INFO] [stderr]    Compiling libdbus-sys v0.2.7
[INFO] [stderr]    Compiling block-buffer v0.10.4
[INFO] [stderr]    Compiling crypto-common v0.1.7
[INFO] [stderr]     Checking event-listener-strategy v0.5.4
[INFO] [stderr]     Checking futures-lite v2.6.1
[INFO] [stderr]     Checking crossbeam-channel v0.5.16
[INFO] [stderr]     Checking quick-xml v0.41.0
[INFO] [stderr]    Compiling digest v0.10.7
[INFO] [stderr]     Checking crypto-common v0.2.2
[INFO] [stderr]     Checking block-buffer v0.12.1
[INFO] [stderr]     Checking libloading v0.7.4
[INFO] [stderr]    Compiling wry v0.55.1
[INFO] [stderr]    Compiling openssl v0.10.81
[INFO] [stderr]    Compiling native-tls v0.2.18
[INFO] [stderr]     Checking semver v1.0.28
[INFO] [stderr]     Checking sha2 v0.10.9
[INFO] [stderr]    Compiling tauri-runtime v2.11.3
[INFO] [stderr]     Checking dbus v0.9.12
[INFO] [stderr]    Compiling ico v0.5.0
[INFO] [stderr]     Checking bitflags v2.13.1
[INFO] [stderr]     Checking serde_json v1.0.151
[INFO] [stderr]     Checking rustix v1.1.4
[INFO] [stderr]     Checking toml_datetime v1.1.1+spec-1.1.0
[INFO] [stderr]     Checking erased-serde v0.4.10
[INFO] [stderr]     Checking serde_spanned v1.1.1
[INFO] [stderr]     Checking chacha20 v0.10.1
[INFO] [stderr]     Checking digest v0.11.3
[INFO] [stderr]    Compiling tauri-runtime-wry v2.11.4
[INFO] [stderr]    Compiling zerocopy v0.8.55
[INFO] [stderr]     Checking sha1 v0.11.0
[INFO] [stderr]     Checking rand v0.10.2
[INFO] [stderr]     Checking png v0.18.1
[INFO] [stderr]     Checking serde-untagged v0.1.9
[INFO] [stderr]     Checking serde_path_to_error v0.1.20
[INFO] [stderr]     Checking async-channel v2.5.0
[INFO] [stderr]     Checking arc-swap v1.9.2
[INFO] [stderr]     Checking async-lock v3.4.2
[INFO] [stderr]     Checking piper v0.2.5
[INFO] [stderr]     Checking dirs-sys v0.3.7
[INFO] [stderr]     Checking heck v0.5.0
[INFO] [stderr]     Checking blocking v1.6.2
[INFO] [stderr]     Checking dirs v4.0.0
[INFO] [stderr]     Checking async-executor v1.14.0
[INFO] [stderr]     Checking rand_core v0.9.5
[INFO] [stderr]     Checking async-broadcast v0.7.2
[INFO] [stderr]     Checking ordered-stream v0.2.0
[INFO] [stderr]     Checking directories v6.0.0
[INFO] [stderr]     Checking codex-provider-switcher-credentials v0.3.25 (/opt/rustwide/workdir/crates/credential-store)
[INFO] [stderr]    Compiling regex v1.13.1
[INFO] [stderr]    Compiling serde_derive v1.0.229
[INFO] [stderr]    Compiling thiserror-impl v2.0.19
[INFO] [stderr]    Compiling serde_repr v0.1.21
[INFO] [stderr]    Compiling async-trait v0.1.91
[INFO] [stderr]    Compiling synstructure v0.13.2
[INFO] [stderr]    Compiling darling_core v0.23.0
[INFO] [stderr]    Compiling serde_derive_internals v0.29.1
[INFO] [stderr]     Checking tungstenite v0.30.0
[INFO] [stderr]    Compiling zerofrom-derive v0.1.7
[INFO] [stderr]    Compiling yoke-derive v0.8.2
[INFO] [stderr]    Compiling zerovec-derive v0.11.3
[INFO] [stderr]    Compiling displaydoc v0.2.6
[INFO] [stderr]    Compiling thiserror-impl v1.0.69
[INFO] [stderr]    Compiling futures-macro v0.3.33
[INFO] [stderr]    Compiling phf_macros v0.13.1
[INFO] [stderr]    Compiling tokio-macros v2.7.1
[INFO] [stderr]    Compiling tracing-attributes v0.1.31
[INFO] [stderr]    Compiling cssparser-macros v0.6.1
[INFO] [stderr]    Compiling derive_more-impl v2.1.1
[INFO] [stderr]    Compiling openssl-macros v0.1.1
[INFO] [stderr]    Compiling schemars_derive v0.8.22
[INFO] [stderr]     Checking tokio v1.53.1
[INFO] [stderr]    Compiling phf v0.13.1
[INFO] [stderr]    Compiling cssparser v0.36.0
[INFO] [stderr]     Checking futures-util v0.3.33
[INFO] [stderr]    Compiling enumflags2_derive v0.7.12
[INFO] [stderr]    Compiling markup5ever v0.38.0
[INFO] [stderr]    Compiling dlopen2_derive v0.4.3
[INFO] [stderr]     Checking thiserror v1.0.69
[INFO] [stderr]     Checking zerofrom v0.1.8
[INFO] [stderr]     Checking yoke v0.8.3
[INFO] [stderr]    Compiling html5ever v0.38.0
[INFO] [stderr]     Checking polling v3.11.0
[INFO] [stderr]     Checking zerovec v0.11.6
[INFO] [stderr]     Checking zerotrie v0.2.4
[INFO] [stderr]     Checking async-io v2.6.0
[INFO] [stderr]     Checking tracing v0.1.44
[INFO] [stderr]    Compiling derive_more v2.1.1
[INFO] [stderr]    Compiling serialize-to-javascript-impl v0.1.2
[INFO] [stderr]     Checking axum-core v0.5.6
[INFO] [stderr]     Checking async-signal v0.2.14
[INFO] [stderr]     Checking dlopen2 v0.8.2
[INFO] [stderr]     Checking fs4 v1.1.0
[INFO] [stderr]    Compiling selectors v0.36.1
[INFO] [stderr]     Checking async-process v2.5.0
[INFO] [stderr]     Checking tempfile v3.27.0
[INFO] [stderr]    Compiling async-recursion v1.1.1
[INFO] [stderr]     Checking auto-launch v0.5.0
[INFO] [stderr]     Checking tinystr v0.8.3
[INFO] [stderr]     Checking potential_utf v0.1.5
[INFO] [stderr]     Checking icu_collections v2.2.0
[INFO] [stderr]     Checking icu_locale_core v2.2.0
[INFO] [stderr]    Compiling darling_macro v0.23.0
[INFO] [stderr]    Compiling serde v1.0.229
[INFO] [stderr]    Compiling darling v0.23.0
[INFO] [stderr]    Compiling serde_with_macros v3.21.0
[INFO] [stderr]     Checking icu_provider v2.2.0
[INFO] [stderr]    Compiling dom_query v0.27.0
[INFO] [stderr]     Checking dpi v0.1.2
[INFO] [stderr]     Checking jsonptr v0.6.3
[INFO] [stderr]     Checking plist v1.10.0
[INFO] [stderr]     Checking keyboard-types v0.7.0
[INFO] [stderr]     Checking serde_urlencoded v0.7.1
[INFO] [stderr]     Checking enumflags2 v0.7.12
[INFO] [stderr]     Checking icu_properties v2.2.0
[INFO] [stderr]    Compiling toml_datetime v0.6.3
[INFO] [stderr]    Compiling serde_spanned v0.6.9
[INFO] [stderr]     Checking icu_normalizer v2.2.0
[INFO] [stderr]    Compiling toml_edit v0.20.2
[INFO] [stderr]    Compiling indexmap v1.9.3
[INFO] [stderr]    Compiling cargo-platform v0.1.9
[INFO] [stderr]     Checking futures-executor v0.3.33
[INFO] [stderr]    Compiling json-patch v3.0.1
[INFO] [stderr]    Compiling toml_edit v0.19.15
[INFO] [stderr]    Compiling serde_with v3.21.0
[INFO] [stderr]    Compiling cargo_metadata v0.19.2
[INFO] [stderr]    Compiling cargo_toml v0.22.3
[INFO] [stderr]    Compiling zvariant_utils v3.5.0
[INFO] [stderr]     Checking idna_adapter v1.2.2
[INFO] [stderr]     Checking serialize-to-javascript v0.1.2
[INFO] [stderr]     Checking idna v1.1.0
[INFO] [stderr]    Compiling zvariant_derive v5.13.1
[INFO] [stderr]     Checking ppv-lite86 v0.2.21
[INFO] [stderr]     Checking url v2.5.8
[INFO] [stderr]     Checking rand_chacha v0.9.0
[INFO] [stderr]     Checking urlpattern v0.3.0
[INFO] [stderr]     Checking codex-provider-switcher-launcher v0.3.25 (/opt/rustwide/workdir/crates/platform-launcher)
[INFO] [stdout] warning: constant `OFFICIAL_CODEX_PACKAGE_FAMILY` is never used
[INFO] [stdout]   --> crates/platform-launcher/src/lib.rs:10:7
[INFO] [stdout]    |
[INFO] [stdout] 10 | const OFFICIAL_CODEX_PACKAGE_FAMILY: &str = "OpenAI.Codex_2p2nqsd0c76g0";
[INFO] [stdout]    |       ^^^^^^^^^^^^^^^^^^^^^^^^^^^^^
[INFO] [stdout]    |
[INFO] [stdout]    = note: `#[warn(dead_code)]` (part of `#[warn(unused)]`) on by default
[INFO] [stdout] 
[INFO] [stdout] 
[INFO] [stdout] warning: constant `OFFICIAL_CODEX_PACKAGE_NAME` is never used
[INFO] [stdout]   --> crates/platform-launcher/src/lib.rs:11:7
[INFO] [stdout]    |
[INFO] [stdout] 11 | const OFFICIAL_CODEX_PACKAGE_NAME: &str = "OpenAI.Codex";
[INFO] [stdout]    |       ^^^^^^^^^^^^^^^^^^^^^^^^^^^
[INFO] [stdout] 
[INFO] [stdout] 
[INFO] [stdout] warning: constant `CODEX_OPEN_FAILED` is never used
[INFO] [stdout]   --> crates/platform-launcher/src/lib.rs:12:7
[INFO] [stdout]    |
[INFO] [stdout] 12 | const CODEX_OPEN_FAILED: &str =
[INFO] [stdout]    |       ^^^^^^^^^^^^^^^^^
[INFO] [stdout] 
[INFO] [stdout] 
[INFO] [stderr]     Checking rand v0.9.5
[INFO] [stdout] warning: constant `OFFICIAL_CODEX_PACKAGE_FAMILY` is never used
[INFO] [stdout]   --> crates/platform-launcher/src/lib.rs:10:7
[INFO] [stdout]    |
[INFO] [stdout] 10 | const OFFICIAL_CODEX_PACKAGE_FAMILY: &str = "OpenAI.Codex_2p2nqsd0c76g0";
[INFO] [stdout]    |       ^^^^^^^^^^^^^^^^^^^^^^^^^^^^^
[INFO] [stdout]    |
[INFO] [stdout]    = note: `#[warn(dead_code)]` (part of `#[warn(unused)]`) on by default
[INFO] [stdout] 
[INFO] [stdout] 
[INFO] [stdout] warning: constant `OFFICIAL_CODEX_PACKAGE_NAME` is never used
[INFO] [stdout]   --> crates/platform-launcher/src/lib.rs:11:7
[INFO] [stdout]    |
[INFO] [stdout] 11 | const OFFICIAL_CODEX_PACKAGE_NAME: &str = "OpenAI.Codex";
[INFO] [stdout]    |       ^^^^^^^^^^^^^^^^^^^^^^^^^^^
[INFO] [stdout] 
[INFO] [stdout] 
[INFO] [stdout] warning: constant `CODEX_OPEN_FAILED` is never used
[INFO] [stdout]   --> crates/platform-launcher/src/lib.rs:12:7
[INFO] [stdout]    |
[INFO] [stdout] 12 | const CODEX_OPEN_FAILED: &str =
[INFO] [stdout]    |       ^^^^^^^^^^^^^^^^^
[INFO] [stdout] 
[INFO] [stdout] 
[INFO] [stderr]    Compiling zvariant v5.13.1
[INFO] [stderr]     Checking tauri-utils v2.9.3
[INFO] [stderr]    Compiling toml v0.8.2
[INFO] [stderr]    Compiling proc-macro-crate v2.0.2
[INFO] [stderr]    Compiling system-deps v6.2.2
[INFO] [stderr]    Compiling glib-macros v0.18.5
[INFO] [stderr]     Checking tokio-util v0.7.19
[INFO] [stderr]     Checking tower v0.5.3
[INFO] [stderr]     Checking tokio-native-tls v0.3.1
[INFO] [stderr]     Checking tokio-tungstenite v0.30.0
[INFO] [stderr]    Compiling proc-macro-crate v1.3.1
[INFO] [stderr]    Compiling glib-sys v0.18.1
[INFO] [stderr]    Compiling gobject-sys v0.18.0
[INFO] [stderr]    Compiling gio-sys v0.18.1
[INFO] [stderr]    Compiling gdk-sys v0.18.2
[INFO] [stderr]    Compiling cairo-sys-rs v0.18.2
[INFO] [stderr]    Compiling pango-sys v0.18.0
[INFO] [stderr]    Compiling gdk-pixbuf-sys v0.18.0
[INFO] [stderr]    Compiling atk-sys v0.18.2
[INFO] [stderr]    Compiling gtk-sys v0.18.2
[INFO] [stderr]    Compiling schemars v0.8.22
[INFO] [stderr]    Compiling gtk3-macros v0.18.2
[INFO] [stderr]    Compiling soup3-sys v0.5.0
[INFO] [stderr]    Compiling javascriptcore-rs-sys v1.1.1
[INFO] [stderr]     Checking h2 v0.4.15
[INFO] [stderr]    Compiling webkit2gtk-sys v2.0.2
[INFO] [stderr]    Compiling gdkx11-sys v0.18.2
[INFO] [stderr]     Checking tower-http v0.6.11
[INFO] [stderr]     Checking zbus_names v4.3.4
[INFO] [stderr]     Checking glib v0.18.5
[INFO] [stderr]     Checking gdkwayland-sys v0.18.2
[INFO] [stderr]    Compiling zbus_macros v5.18.0
[INFO] [stderr]     Checking libappindicator-sys v0.9.0
[INFO] [stderr]     Checking zbus v5.18.0
[INFO] [stderr]     Checking hyper v1.11.0
[INFO] [stderr]     Checking hyper-util v0.1.20
[INFO] [stderr]     Checking hyper-tls v0.6.0
[INFO] [stderr]     Checking axum v0.8.9
[INFO] [stderr]     Checking reqwest v0.13.4
[INFO] [stderr]    Compiling tauri-build v2.6.3
[INFO] [stderr]    Compiling tauri-codegen v2.6.3
[INFO] [stderr]    Compiling tauri-plugin v2.6.3
[INFO] [stderr]     Checking codex-provider-switcher-core v0.3.25 (/opt/rustwide/workdir/crates/switcher-core)
[INFO] [stderr]     Checking gio v0.18.4
[INFO] [stderr]     Checking cairo-rs v0.18.5
[INFO] [stderr]     Checking atk v0.18.2
[INFO] [stderr]     Checking javascriptcore-rs v1.1.2
[INFO] [stderr]    Compiling tauri v2.11.5
[INFO] [stderr]    Compiling tauri-plugin-autostart v2.5.1
[INFO] [stderr]    Compiling tauri-macros v2.6.3
[INFO] [stderr]    Compiling codex-provider-switcher-desktop v0.3.25 (/opt/rustwide/workdir/src-tauri)
[INFO] [stderr]     Checking codex-provider-switcher-local-proxy v0.3.25 (/opt/rustwide/workdir/crates/local-proxy)
[INFO] [stderr] error: failed to run custom build command for `codex-provider-switcher-desktop v0.3.25 (/opt/rustwide/workdir/src-tauri)`
[INFO] [stderr] note: To improve backtraces for build dependencies, set the CARGO_PROFILE_DEV_BUILD_OVERRIDE_DEBUG=true environment variable to enable debug information generation.
[INFO] [stderr] 
[INFO] [stderr] Caused by:
[INFO] [stderr]   process didn't exit successfully: `/opt/rustwide/target/debug/build/codex-provider-switcher-desktop/e677fdaaff07750d/out/build_script_build` (exit status: 1)
[INFO] [stderr]   --- stdout
[INFO] [stderr]   cargo:rerun-if-env-changed=TAURI_CONFIG
[INFO] [stderr]   cargo:rustc-check-cfg=cfg(desktop)
[INFO] [stderr]   cargo:rustc-cfg=desktop
[INFO] [stderr]   cargo:rustc-check-cfg=cfg(mobile)
[INFO] [stderr]   cargo:rerun-if-changed=/opt/rustwide/workdir/src-tauri/tauri.conf.json
[INFO] [stderr]   cargo:rustc-env=TAURI_ANDROID_PACKAGE_NAME_APP_NAME=desktop
[INFO] [stderr]   cargo:rustc-env=TAURI_ANDROID_PACKAGE_NAME_PREFIX=dev_codex_1provider_1switcher
[INFO] [stderr]   cargo:rustc-check-cfg=cfg(dev)
[INFO] [stderr]   cargo:rustc-cfg=dev
[INFO] [stderr]   cargo:PERMISSION_FILES_PATH=/opt/rustwide/target/debug/build/codex-provider-switcher-desktop/d19b8ffe81bceaa2/out/app-manifest/__app__-permission-files
[INFO] [stderr]   Read-only file system (os error 30)
[INFO] [stderr] warning: build failed, waiting for other jobs to finish...
[INFO] [stdout] warning: associated items `new` and `resolve` are never used
[INFO] [stdout]     --> crates/local-proxy/src/lib.rs:1017:8
[INFO] [stdout]      |
[INFO] [stdout] 1016 | impl RouteTable {
[INFO] [stdout]      | --------------- associated items in this implementation
[INFO] [stdout] 1017 |     fn new(max_pinned_turns: usize) -> Self {
[INFO] [stdout]      |        ^^^
[INFO] [stdout] ...
[INFO] [stdout] 1160 |     fn resolve(
[INFO] [stdout]      |        ^^^^^^^
[INFO] [stdout]      |
[INFO] [stdout]      = note: `#[warn(dead_code)]` (part of `#[warn(unused)]`) on by default
[INFO] [stdout] 
[INFO] [stdout] 
[INFO] [stdout] warning: function `parse_windows_proxy_server` is never used
[INFO] [stdout]     --> crates/local-proxy/src/lib.rs:3852:4
[INFO] [stdout]      |
[INFO] [stdout] 3852 | fn parse_windows_proxy_server(raw: &str) -> Option<String> {
[INFO] [stdout]      |    ^^^^^^^^^^^^^^^^^^^^^^^^^^
[INFO] [stdout] 
[INFO] [stdout] 
[INFO] [stdout] warning: method `allows_nudge` is never used
[INFO] [stdout]    --> crates/local-proxy/src/agent_loop.rs:110:12
[INFO] [stdout]     |
[INFO] [stdout] 101 | impl AgentLoopGuard {
[INFO] [stdout]     | ------------------- method in this implementation
[INFO] [stdout] ...
[INFO] [stdout] 110 |     pub fn allows_nudge(self) -> bool {
[INFO] [stdout]     |            ^^^^^^^^^^^^
[INFO] [stdout] 
[INFO] [stdout] 
[INFO] [stdout] warning: function `has_tool_result` is never used
[INFO] [stdout]    --> crates/local-proxy/src/agent_loop.rs:258:8
[INFO] [stdout]     |
[INFO] [stdout] 258 | pub fn has_tool_result(body: &Value) -> bool {
[INFO] [stdout]     |        ^^^^^^^^^^^^^^^
[INFO] [stdout] 
[INFO] [stdout] 
[INFO] [stdout] warning: function `is_assistant_text_event` is never used
[INFO] [stdout]    --> crates/local-proxy/src/agent_loop.rs:502:8
[INFO] [stdout]     |
[INFO] [stdout] 502 | pub fn is_assistant_text_event(event: &[u8]) -> bool {
[INFO] [stdout]     |        ^^^^^^^^^^^^^^^^^^^^^^^
[INFO] [stdout] 
[INFO] [stdout] 
[INFO] [stdout] warning: method `allows_nudge` is never used
[INFO] [stdout]    --> crates/local-proxy/src/agent_loop.rs:110:12
[INFO] [stdout]     |
[INFO] [stdout] 101 | impl AgentLoopGuard {
[INFO] [stdout]     | ------------------- method in this implementation
[INFO] [stdout] ...
[INFO] [stdout] 110 |     pub fn allows_nudge(self) -> bool {
[INFO] [stdout]     |            ^^^^^^^^^^^^
[INFO] [stdout]     |
[INFO] [stdout]     = note: `#[warn(dead_code)]` (part of `#[warn(unused)]`) on by default
[INFO] [stdout] 
[INFO] [stdout] 
[INFO] [stdout] warning: function `is_assistant_text_event` is never used
[INFO] [stdout]    --> crates/local-proxy/src/agent_loop.rs:502:8
[INFO] [stdout]     |
[INFO] [stdout] 502 | pub fn is_assistant_text_event(event: &[u8]) -> bool {
[INFO] [stdout]     |        ^^^^^^^^^^^^^^^^^^^^^^^
[INFO] [stdout] 
[INFO] [stdout] 
[INFO] running `Command { std: "docker" "inspect" "f83ecc15d30a9ef16241f486e2a4750134da92e1e3abf4a5b65b058aba39adcd", kill_on_drop: false }`
[INFO] running `Command { std: "docker" "rm" "-f" "f83ecc15d30a9ef16241f486e2a4750134da92e1e3abf4a5b65b058aba39adcd", kill_on_drop: false }`
[INFO] [stdout] f83ecc15d30a9ef16241f486e2a4750134da92e1e3abf4a5b65b058aba39adcd
