[INFO] cloning repository https://github.com/Zzj-klwgxdz/TUIMusicPlayerByZzj
[INFO] running `Command { std: "git" "-c" "credential.helper=" "-c" "credential.helper=/workspace/cargo-home/bin/git-credential-null" "clone" "--bare" "https://github.com/Zzj-klwgxdz/TUIMusicPlayerByZzj" "/workspace/cache/git-repos/https%3A%2F%2Fgithub.com%2FZzj-klwgxdz%2FTUIMusicPlayerByZzj", kill_on_drop: false }`
[INFO] [stderr] Cloning into bare repository '/workspace/cache/git-repos/https%3A%2F%2Fgithub.com%2FZzj-klwgxdz%2FTUIMusicPlayerByZzj'...
[INFO] running `Command { std: "git" "rev-parse" "HEAD", kill_on_drop: false }`
[INFO] [stdout] 7f10a06ff59bc6b0de0ebfcb3b69f304982fc853
[INFO] checking Zzj-klwgxdz/TUIMusicPlayerByZzj against 3154cc1a3e6424e44f438a95007d043ed5ceaaf6+rustflags=-Znext-solver=coherence for pr-133502-30
[INFO] running `Command { std: "git" "clone" "/workspace/cache/git-repos/https%3A%2F%2Fgithub.com%2FZzj-klwgxdz%2FTUIMusicPlayerByZzj" "/workspace/builds/worker-7-tc1/source", kill_on_drop: false }`
[INFO] [stderr] Cloning into '/workspace/builds/worker-7-tc1/source'...
[INFO] [stderr] done.
[INFO] started tweaking git repo https://github.com/Zzj-klwgxdz/TUIMusicPlayerByZzj
[INFO] finished tweaking git repo https://github.com/Zzj-klwgxdz/TUIMusicPlayerByZzj
[INFO] tweaked toml for git repo https://github.com/Zzj-klwgxdz/TUIMusicPlayerByZzj written to /workspace/builds/worker-7-tc1/source/Cargo.toml
[INFO] validating manifest of git repo https://github.com/Zzj-klwgxdz/TUIMusicPlayerByZzj on toolchain 3154cc1a3e6424e44f438a95007d043ed5ceaaf6
[INFO] running `Command { std: CARGO_HOME="/workspace/cargo-home" RUSTUP_HOME="/workspace/rustup-home" "/workspace/cargo-home/bin/cargo" "+3154cc1a3e6424e44f438a95007d043ed5ceaaf6" "metadata" "--manifest-path" "Cargo.toml" "--no-deps", kill_on_drop: false }`
[INFO] crate git repo https://github.com/Zzj-klwgxdz/TUIMusicPlayerByZzj already has a lockfile, it will not be regenerated
[INFO] running `Command { std: CARGO_HOME="/workspace/cargo-home" RUSTUP_HOME="/workspace/rustup-home" "/workspace/cargo-home/bin/cargo" "+3154cc1a3e6424e44f438a95007d043ed5ceaaf6" "fetch" "--manifest-path" "Cargo.toml", kill_on_drop: false }`
[INFO] [stderr]     Updating crates.io index
[INFO] [stderr]  Downloading crates ...
[INFO] [stderr]   Downloaded rtrb v0.3.5
[INFO] [stderr]   Downloaded rodio v0.22.2
[INFO] [stderr]   Downloaded pest_derive v2.9.0
[INFO] [stderr]   Downloaded pest_generator v2.9.0
[INFO] [stderr]   Downloaded pest_meta v2.9.0
[INFO] [stderr]   Downloaded owo-colors v4.3.0
[INFO] [stderr]   Downloaded lofty_attr v0.13.0
[INFO] [stderr]   Downloaded color-spantrace v0.3.0
[INFO] [stderr]   Downloaded ogg_pager v0.7.2
[INFO] [stderr]   Downloaded tracing-error v0.2.1
[INFO] [stderr]   Downloaded eyre v0.6.14
[INFO] [stderr]   Downloaded color-eyre v0.6.5
[INFO] [stderr]   Downloaded lofty v0.25.1
[INFO] running `Command { std: "docker" "create" "-v" "/var/lib/crater-agent-workspace/builds/worker-7-tc1/source:/opt/rustwide/workdir:ro,Z" "-v" "/var/lib/crater-agent-workspace/builds/worker-7-tc1/target:/opt/rustwide/target:rw,Z" "-v" "/var/lib/crater-agent-workspace/cargo-home:/opt/rustwide/cargo-home:ro,Z" "-v" "/var/lib/crater-agent-workspace/rustup-home:/opt/rustwide/rustup-home:ro,Z" "-m" "1610612736" "--network" "none" "ghcr.io/rust-lang/crates-build-env/linux@sha256:77db811e55d90add9212f6832c23229e3de5f1c1f9905e8cb07319ea15df73ac" "sleep" "infinity", kill_on_drop: false }`
[INFO] [stdout] 27b30698da7d3519ff4fbccd7bc08ca24ff0d7547d0d77a6f32e1fcc0d61143b
[INFO] running `Command { std: "docker" "start" "27b30698da7d3519ff4fbccd7bc08ca24ff0d7547d0d77a6f32e1fcc0d61143b", kill_on_drop: false }`
[INFO] running `Command { std: "docker" "inspect" "27b30698da7d3519ff4fbccd7bc08ca24ff0d7547d0d77a6f32e1fcc0d61143b", kill_on_drop: false }`
[INFO] running `Command { std: "docker" "exec" "-e" "SOURCE_DIR=/opt/rustwide/workdir" "-e" "CARGO_HOME=/opt/rustwide/cargo-home" "-e" "RUSTUP_HOME=/opt/rustwide/rustup-home" "-e" "CARGO_TARGET_DIR=/opt/rustwide/target" "-w" "/opt/rustwide/workdir" "--user" "0:0" "27b30698da7d3519ff4fbccd7bc08ca24ff0d7547d0d77a6f32e1fcc0d61143b" "/opt/rustwide/cargo-home/bin/cargo" "+3154cc1a3e6424e44f438a95007d043ed5ceaaf6" "metadata" "--no-deps" "--format-version=1", kill_on_drop: false }`
[INFO] running `Command { std: "docker" "inspect" "27b30698da7d3519ff4fbccd7bc08ca24ff0d7547d0d77a6f32e1fcc0d61143b", kill_on_drop: false }`
[INFO] running `Command { std: "docker" "exec" "-e" "SOURCE_DIR=/opt/rustwide/workdir" "-e" "CARGO_HOME=/opt/rustwide/cargo-home" "-e" "RUSTUP_HOME=/opt/rustwide/rustup-home" "-e" "CARGO_TARGET_DIR=/opt/rustwide/target" "-e" "CARGO_INCREMENTAL=0" "-e" "RUST_BACKTRACE=full" "-e" "RUSTFLAGS=--cap-lints=forbid -Znext-solver=coherence" "-e" "RUSTDOCFLAGS=--cap-lints=forbid" "-w" "/opt/rustwide/workdir" "--user" "0:0" "27b30698da7d3519ff4fbccd7bc08ca24ff0d7547d0d77a6f32e1fcc0d61143b" "/opt/rustwide/cargo-home/bin/cargo" "+3154cc1a3e6424e44f438a95007d043ed5ceaaf6" "check" "--frozen" "--all" "--all-targets" "--message-format=json", kill_on_drop: false }`
[INFO] [stderr]    Compiling serde_core v1.0.229
[INFO] [stderr]    Compiling stable_deref_trait v1.2.1
[INFO] [stderr]    Compiling zerofrom v0.1.8
[INFO] [stderr]     Checking bytemuck v1.25.2
[INFO] [stderr]    Compiling smallvec v1.15.2
[INFO] [stderr]     Checking mio v1.2.2
[INFO] [stderr]    Compiling pin-project-lite v0.2.17
[INFO] [stderr]    Compiling futures-core v0.3.34
[INFO] [stderr]     Checking hashbrown v0.17.1
[INFO] [stderr]     Checking encoding_rs v0.8.35
[INFO] [stderr]    Compiling yoke v0.8.3
[INFO] [stderr]    Compiling rustls v0.23.43
[INFO] [stderr]     Checking symphonia-core v0.5.5
[INFO] [stderr]    Compiling zeroize v1.9.0
[INFO] [stderr]    Compiling zerovec v0.11.8
[INFO] [stderr]    Compiling zerotrie v0.2.5
[INFO] [stderr]    Compiling rustls-pki-types v1.15.1
[INFO] [stderr]    Compiling rustix v1.1.4
[INFO] [stderr]    Compiling futures-sink v0.3.34
[INFO] [stderr]    Compiling libsqlite3-sys v0.30.1
[INFO] [stderr]     Checking tracing v0.1.44
[INFO] [stderr]    Compiling tinystr v0.8.4
[INFO] [stderr]    Compiling potential_utf v0.1.6
[INFO] [stderr]    Compiling icu_collections v2.3.0
[INFO] [stderr]    Compiling getrandom v0.2.17
[INFO] [stderr]    Compiling icu_locale_core v2.3.0
[INFO] [stderr]    Compiling percent-encoding v2.3.2
[INFO] [stderr]    Compiling untrusted v0.9.0
[INFO] [stderr]    Compiling crossbeam-utils v0.8.22
[INFO] [stderr]    Compiling darling_core v0.24.1
[INFO] [stderr]    Compiling ring v0.17.14
[INFO] [stderr]    Compiling form_urlencoded v1.2.2
[INFO] [stderr]     Checking symphonia-metadata v0.5.5
[INFO] [stderr]    Compiling parking_lot_core v0.9.12
[INFO] [stderr]    Compiling icu_provider v2.3.1
[INFO] [stderr]    Compiling socket2 v0.6.5
[INFO] [stderr]    Compiling icu_normalizer v2.3.0
[INFO] [stderr]     Checking serde v1.0.229
[INFO] [stderr]    Compiling icu_properties v2.3.0
[INFO] [stderr]    Compiling num-traits v0.2.19
[INFO] [stderr]    Compiling futures-task v0.3.34
[INFO] [stderr]    Compiling allocator-api2 v0.2.21
[INFO] [stderr]    Compiling futures-io v0.3.34
[INFO] [stderr]     Checking either v1.18.0
[INFO] [stderr]    Compiling foldhash v0.1.5
[INFO] [stderr]    Compiling slab v0.4.12
[INFO] [stderr]     Checking itertools v0.14.0
[INFO] [stderr]    Compiling hashbrown v0.15.5
[INFO] [stderr]    Compiling futures-util v0.3.34
[INFO] [stderr]    Compiling tokio v1.53.1
[INFO] [stderr]     Checking regex-automata v0.4.18
[INFO] [stderr]    Compiling idna_adapter v1.2.2
[INFO] [stderr]    Compiling idna v1.1.0
[INFO] [stderr]    Compiling darling_macro v0.24.1
[INFO] [stderr]    Compiling rustls-webpki v0.103.15
[INFO] [stderr]    Compiling parking_lot v0.12.5
[INFO] [stderr]     Checking castaway v0.2.4
[INFO] [stderr]     Checking symphonia-utils-xiph v0.5.5
[INFO] [stderr]    Compiling tracing-core v0.1.36
[INFO] [stderr]    Compiling webpki-roots v1.0.9
[INFO] [stderr]     Checking futures-channel v0.3.34
[INFO] [stderr]    Compiling strum_macros v0.28.0
[INFO] [stderr]    Compiling wayland-sys v0.31.11
[INFO] [stderr]    Compiling subtle v2.6.1
[INFO] [stderr]    Compiling instability v0.3.13
[INFO] [stderr]    Compiling parking v2.2.1
[INFO] [stderr]    Compiling crc-catalog v2.5.0
[INFO] [stderr]     Checking unicode-truncate v2.0.1
[INFO] [stderr]    Compiling event-listener v5.4.2
[INFO] [stderr]    Compiling crc v3.4.0
[INFO] [stderr]     Checking compact_str v0.9.1
[INFO] [stderr]     Checking matchers v0.2.0
[INFO] [stderr]     Checking kasuari v0.4.12
[INFO] [stderr]    Compiling serde_json v1.0.151
[INFO] [stderr]    Compiling crossbeam-queue v0.3.13
[INFO] [stderr]    Compiling webpki-roots v0.26.11
[INFO] [stderr]    Compiling futures-intrusive v0.5.0
[INFO] [stderr]    Compiling darling v0.24.1
[INFO] [stderr]    Compiling url v2.5.8
[INFO] [stderr]     Checking strum v0.28.0
[INFO] [stderr]     Checking signal-hook v0.3.18
[INFO] [stderr]    Compiling hashlink v0.10.0
[INFO] [stderr]    Compiling tokio-stream v0.1.18
[INFO] [stderr]     Checking crypto-common v0.1.7
[INFO] [stderr]     Checking lru v0.18.2
[INFO] [stderr]    Compiling spin v0.9.9
[INFO] [stderr]    Compiling thiserror v2.0.20
[INFO] [stderr]    Compiling wayland-backend v0.3.17
[INFO] [stderr]     Checking num_threads v0.1.7
[INFO] [stderr]     Checking critical-section v1.2.0
[INFO] [stderr]    Compiling indoc v2.0.7
[INFO] [stderr]    Compiling ryu v1.0.23
[INFO] [stderr]     Checking simd-adler32 v0.3.10
[INFO] [stderr]    Compiling base64 v0.22.1
[INFO] [stderr]     Checking time v0.3.55
[INFO] [stderr]    Compiling serde_urlencoded v0.7.1
[INFO] [stderr]     Checking miniz_oxide v0.8.9
[INFO] [stderr]     Checking ratatui-core v0.1.2
[INFO] [stderr]     Checking tracing-subscriber v0.3.23
[INFO] [stderr]    Compiling flume v0.11.1
[INFO] [stderr]    Compiling atoi v2.0.0
[INFO] [stderr]     Checking digest v0.10.7
[INFO] [stderr]    Compiling sqlx-core v0.8.6
[INFO] [stderr]     Checking signal-hook-mio v0.2.5
[INFO] [stderr]    Compiling futures-executor v0.3.34
[INFO] [stderr]    Compiling owo-colors v4.3.0
[INFO] [stderr]    Compiling object v0.37.3
[INFO] [stderr]     Checking sha2 v0.10.9
[INFO] [stderr]     Checking chacha20 v0.10.1
[INFO] [stderr]     Checking alsa-sys v0.4.0
[INFO] [stderr]     Checking crossbeam-epoch v0.9.21
[INFO] [stderr]     Checking indexmap v2.14.0
[INFO] [stderr]     Checking line-clipping v0.3.8
[INFO] [stderr]    Compiling eyre v0.6.14
[INFO] [stderr]    Compiling cpal v0.17.3
[INFO] [stderr]    Compiling rustix v0.38.44
[INFO] [stderr]    Compiling color-spantrace v0.3.0
[INFO] [stderr]     Checking extended v0.1.0
[INFO] [stderr]     Checking gimli v0.32.3
[INFO] [stderr]    Compiling dotenvy v0.15.7
[INFO] [stderr]     Checking symphonia-format-riff v0.5.5
[INFO] [stderr]     Checking alsa v0.11.0
[INFO] [stderr]     Checking ratatui-widgets v0.3.2
[INFO] [stderr]     Checking crossbeam-deque v0.8.8
[INFO] [stderr]     Checking rand v0.10.2
[INFO] [stderr]     Checking wayland-client v0.31.15
[INFO] [stderr]     Checking crossterm v0.29.0
[INFO] [stderr]    Compiling sqlx-sqlite v0.8.6
[INFO] [stderr]     Checking tracing-error v0.2.1
[INFO] [stderr]     Checking symphonia-bundle-flac v0.5.5
[INFO] [stderr]     Checking symphonia-format-isomp4 v0.5.5
[INFO] [stderr]     Checking symphonia-format-ogg v0.5.5
[INFO] [stderr]     Checking symphonia-codec-vorbis v0.5.5
[INFO] [stderr]     Checking symphonia-bundle-mp3 v0.5.5
[INFO] [stderr]     Checking symphonia-codec-aac v0.5.5
[INFO] [stderr]     Checking symphonia-codec-pcm v0.5.5
[INFO] [stderr]    Compiling rfd v0.17.2
[INFO] [stderr]     Checking linux-raw-sys v0.4.15
[INFO] [stderr]     Checking rustc-demangle v0.1.28
[INFO] [stderr]     Checking indenter v0.3.4
[INFO] [stderr]     Checking symphonia v0.5.5
[INFO] [stderr]     Checking addr2line v0.25.1
[INFO] [stderr]     Checking ogg_pager v0.7.2
[INFO] [stderr]     Checking wayland-protocols v0.32.13
[INFO] [stderr]     Checking ratatui-macros v0.7.2
[INFO] [stderr]     Checking flate2 v1.1.9
[INFO] [stderr]     Checking ratatui-crossterm v0.1.2
[INFO] [stderr]     Checking rand_distr v0.6.0
[INFO] [stderr]     Checking rayon-core v1.13.0
[INFO] [stderr]     Checking crossbeam-channel v0.5.16
[INFO] [stderr]     Checking num-complex v0.4.6
[INFO] [stderr]    Compiling lofty_attr v0.13.0
[INFO] [stderr]     Checking pollster v0.4.0
[INFO] [stderr]     Checking symlink v0.1.0
[INFO] [stderr]     Checking rtrb v0.3.5
[INFO] [stderr]     Checking tracing-appender v0.2.5
[INFO] [stderr]     Checking rodio v0.22.2
[INFO] [stderr]    Compiling sqlx-macros-core v0.8.6
[INFO] [stderr]     Checking rustfft v6.4.1
[INFO] [stderr]     Checking lofty v0.25.1
[INFO] [stderr]     Checking crossterm v0.28.1
[INFO] [stderr]     Checking rayon v1.12.0
[INFO] [stderr]     Checking ratatui v0.30.2
[INFO] [stderr]     Checking backtrace v0.3.76
[INFO] [stderr]    Compiling sqlx-macros v0.8.6
[INFO] [stderr]     Checking futures v0.3.34
[INFO] [stderr]     Checking tokio-util v0.7.19
[INFO] [stderr]     Checking color-eyre v0.6.5
[INFO] [stderr]     Checking sqlx v0.8.6
[INFO] [stderr]     Checking music-player v0.1.0 (/opt/rustwide/workdir)
[INFO] [stdout] error: error returned from database: (code: 14) unable to open database file
[INFO] [stdout]   --> src/database.rs:78:18
[INFO] [stdout]    |
[INFO] [stdout] 78 |       let result = sqlx::query!(
[INFO] [stdout]    |  __________________^
[INFO] [stdout] 79 | |         r#"delete from music_meta where path = ?1"#,
[INFO] [stdout] 80 | |         path
[INFO] [stdout] 81 | |     )
[INFO] [stdout]    | |_____^
[INFO] [stdout]    |
[INFO] [stdout]    = note: this error originates in the macro `$crate::sqlx_macros::expand_query` which comes from the expansion of the macro `sqlx::query` (in Nightly builds, run with -Z macro-backtrace for more info)
[INFO] [stdout] 
[INFO] [stdout] 
[INFO] [stdout] error: error returned from database: (code: 14) unable to open database file
[INFO] [stdout]    --> src/database.rs:133:18
[INFO] [stdout]     |
[INFO] [stdout] 133 |       let result = sqlx::query_scalar!(
[INFO] [stdout]     |  __________________^
[INFO] [stdout] 134 | |         r#"select path from music_meta"#
[INFO] [stdout] 135 | |     )
[INFO] [stdout]     | |_____^
[INFO] [stdout]     |
[INFO] [stdout]     = note: this error originates in the macro `$crate::sqlx_macros::expand_query` which comes from the expansion of the macro `sqlx::query_scalar` (in Nightly builds, run with -Z macro-backtrace for more info)
[INFO] [stdout] 
[INFO] [stdout] 
[INFO] [stdout] error: error returned from database: (code: 14) unable to open database file
[INFO] [stdout]    --> src/database.rs:141:18
[INFO] [stdout]     |
[INFO] [stdout] 141 |       let result = sqlx::query!(
[INFO] [stdout]     |  __________________^
[INFO] [stdout] 142 | |         r#"
[INFO] [stdout] 143 | |         update music_meta
[INFO] [stdout] 144 | |         set in_list = ?1
[INFO] [stdout] 145 | |         where id = ?2
[INFO] [stdout] 146 | |         "#, status , id
[INFO] [stdout] 147 | |     ).execute(pool).await?;
[INFO] [stdout]     | |_____^
[INFO] [stdout]     |
[INFO] [stdout]     = note: this error originates in the macro `$crate::sqlx_macros::expand_query` which comes from the expansion of the macro `sqlx::query` (in Nightly builds, run with -Z macro-backtrace for more info)
[INFO] [stdout] 
[INFO] [stdout] 
[INFO] [stdout] error: error returned from database: (code: 14) unable to open database file
[INFO] [stdout]   --> src/database.rs:78:18
[INFO] [stdout]    |
[INFO] [stdout] 78 |       let result = sqlx::query!(
[INFO] [stdout]    |  __________________^
[INFO] [stdout] 79 | |         r#"delete from music_meta where path = ?1"#,
[INFO] [stdout] 80 | |         path
[INFO] [stdout] 81 | |     )
[INFO] [stdout]    | |_____^
[INFO] [stdout]    |
[INFO] [stdout]    = note: this error originates in the macro `$crate::sqlx_macros::expand_query` which comes from the expansion of the macro `sqlx::query` (in Nightly builds, run with -Z macro-backtrace for more info)
[INFO] [stdout] 
[INFO] [stdout] 
[INFO] [stdout] error: error returned from database: (code: 14) unable to open database file
[INFO] [stdout]    --> src/database.rs:133:18
[INFO] [stdout]     |
[INFO] [stdout] 133 |       let result = sqlx::query_scalar!(
[INFO] [stdout]     |  __________________^
[INFO] [stdout] 134 | |         r#"select path from music_meta"#
[INFO] [stdout] 135 | |     )
[INFO] [stdout]     | |_____^
[INFO] [stdout]     |
[INFO] [stdout]     = note: this error originates in the macro `$crate::sqlx_macros::expand_query` which comes from the expansion of the macro `sqlx::query_scalar` (in Nightly builds, run with -Z macro-backtrace for more info)
[INFO] [stdout] 
[INFO] [stdout] 
[INFO] [stdout] error: error returned from database: (code: 14) unable to open database file
[INFO] [stdout]    --> src/database.rs:141:18
[INFO] [stdout]     |
[INFO] [stdout] 141 |       let result = sqlx::query!(
[INFO] [stdout]     |  __________________^
[INFO] [stdout] 142 | |         r#"
[INFO] [stdout] 143 | |         update music_meta
[INFO] [stdout] 144 | |         set in_list = ?1
[INFO] [stdout] 145 | |         where id = ?2
[INFO] [stdout] 146 | |         "#, status , id
[INFO] [stdout] 147 | |     ).execute(pool).await?;
[INFO] [stdout]     | |_____^
[INFO] [stdout]     |
[INFO] [stdout]     = note: this error originates in the macro `$crate::sqlx_macros::expand_query` which comes from the expansion of the macro `sqlx::query` (in Nightly builds, run with -Z macro-backtrace for more info)
[INFO] [stdout] 
[INFO] [stdout] 
[INFO] [stderr] error: could not compile `music-player` (bin "music-player" test) due to 3 previous errors
[INFO] [stderr] warning: build failed, waiting for other jobs to finish...
[INFO] [stderr] error: could not compile `music-player` (bin "music-player") due to 3 previous errors
[INFO] running `Command { std: "docker" "inspect" "27b30698da7d3519ff4fbccd7bc08ca24ff0d7547d0d77a6f32e1fcc0d61143b", kill_on_drop: false }`
[INFO] running `Command { std: "docker" "rm" "-f" "27b30698da7d3519ff4fbccd7bc08ca24ff0d7547d0d77a6f32e1fcc0d61143b", kill_on_drop: false }`
[INFO] [stdout] 27b30698da7d3519ff4fbccd7bc08ca24ff0d7547d0d77a6f32e1fcc0d61143b
