[INFO] cloning repository https://github.com/Zhanyuanium/TronHawk
[INFO] running `Command { std: "git" "-c" "credential.helper=" "-c" "credential.helper=/workspace/cargo-home/bin/git-credential-null" "clone" "--bare" "https://github.com/Zhanyuanium/TronHawk" "/workspace/cache/git-repos/https%3A%2F%2Fgithub.com%2FZhanyuanium%2FTronHawk", kill_on_drop: false }`
[INFO] [stderr] Cloning into bare repository '/workspace/cache/git-repos/https%3A%2F%2Fgithub.com%2FZhanyuanium%2FTronHawk'...
[INFO] running `Command { std: "git" "rev-parse" "HEAD", kill_on_drop: false }`
[INFO] [stdout] 2e7fd5050d466a00844983d009579f6106928fd1
[INFO] checking Zhanyuanium/TronHawk against 3154cc1a3e6424e44f438a95007d043ed5ceaaf6+rustflags=-Znext-solver=coherence for pr-133502-30
[INFO] running `Command { std: "git" "clone" "/workspace/cache/git-repos/https%3A%2F%2Fgithub.com%2FZhanyuanium%2FTronHawk" "/workspace/builds/worker-3-tc1/source", kill_on_drop: false }`
[INFO] [stderr] Cloning into '/workspace/builds/worker-3-tc1/source'...
[INFO] [stderr] done.
[INFO] started tweaking git repo https://github.com/Zhanyuanium/TronHawk
[INFO] finished tweaking git repo https://github.com/Zhanyuanium/TronHawk
[INFO] tweaked toml for git repo https://github.com/Zhanyuanium/TronHawk written to /workspace/builds/worker-3-tc1/source/Cargo.toml
[INFO] validating manifest of git repo https://github.com/Zhanyuanium/TronHawk on toolchain 3154cc1a3e6424e44f438a95007d043ed5ceaaf6
[INFO] running `Command { std: CARGO_HOME="/workspace/cargo-home" RUSTUP_HOME="/workspace/rustup-home" "/workspace/cargo-home/bin/cargo" "+3154cc1a3e6424e44f438a95007d043ed5ceaaf6" "metadata" "--manifest-path" "Cargo.toml" "--no-deps", kill_on_drop: false }`
[INFO] crate git repo https://github.com/Zhanyuanium/TronHawk already has a lockfile, it will not be regenerated
[INFO] running `Command { std: CARGO_HOME="/workspace/cargo-home" RUSTUP_HOME="/workspace/rustup-home" "/workspace/cargo-home/bin/cargo" "+3154cc1a3e6424e44f438a95007d043ed5ceaaf6" "fetch" "--manifest-path" "Cargo.toml", kill_on_drop: false }`
[INFO] [stderr] warning: `package.homepage` is redundant with `package.repository`
[INFO] [stderr]  --> vendor/electron-hook/Cargo.toml:7:12
[INFO] [stderr]   |
[INFO] [stderr] 7 | homepage = "https://github.com/meguminsama/electron-hook"
[INFO] [stderr]   |            ^^^^^^^^^^^^^^^^^^^^^^^^^^^^^^^^^^^^^^^^^^^^^^
[INFO] [stderr] 8 | repository = "https://github.com/meguminsama/electron-hook"
[INFO] [stderr]   |              ----------------------------------------------
[INFO] [stderr]   |
[INFO] [stderr]   = note: `cargo::redundant_homepage` is set to `warn` by default
[INFO] [stderr] help: consider removing `package.homepage`
[INFO] [stderr] warning: `electron-hook` (manifest) generated 1 warning
[INFO] [stderr] warning: crates/package/Cargo.toml: file `/workspace/builds/worker-3-tc1/source/crates/package/src/bin/pack.rs` found to be present in multiple build targets:
[INFO] [stderr]   * `bin` target `pack`
[INFO] [stderr]   * `bin` target `tronhawk-pack`
[INFO] [stderr] warning: `package.homepage` is redundant with `package.repository`
[INFO] [stderr]  --> crates/package/Cargo.toml:8:12
[INFO] [stderr]   |
[INFO] [stderr] 7 | repository = "https://github.com/Zhanyuanium/TronHawk"
[INFO] [stderr]   |              -----------------------------------------
[INFO] [stderr] 8 | homepage = "https://github.com/Zhanyuanium/TronHawk"
[INFO] [stderr]   |            ^^^^^^^^^^^^^^^^^^^^^^^^^^^^^^^^^^^^^^^^^
[INFO] [stderr]   |
[INFO] [stderr]   = note: `cargo::redundant_homepage` is set to `warn` by default
[INFO] [stderr] help: consider removing `package.homepage`
[INFO] [stderr] warning: `tronhawk-package` (manifest) generated 2 warnings
[INFO] [stderr] warning: `package.homepage` is redundant with `package.repository`
[INFO] [stderr]  --> vendor/electron-hook/vendor/detours-sys/Cargo.toml:6:12
[INFO] [stderr]   |
[INFO] [stderr] 6 | homepage = "https://github.com/meguminsama/electron-hook"
[INFO] [stderr]   |            ^^^^^^^^^^^^^^^^^^^^^^^^^^^^^^^^^^^^^^^^^^^^^^
[INFO] [stderr] 7 | repository = "https://github.com/meguminsama/electron-hook"
[INFO] [stderr]   |              ----------------------------------------------
[INFO] [stderr]   |
[INFO] [stderr]   = note: `cargo::redundant_homepage` is set to `warn` by default
[INFO] [stderr] help: consider removing `package.homepage`
[INFO] [stderr] warning: `electron-hook-detours-sys` (manifest) generated 1 warning
[INFO] [stderr]     Updating crates.io index
[INFO] [stderr]     Updating git repository `https://github.com/Hpmason/retour-rs`
[INFO] [stderr]  Downloading crates ...
[INFO] [stderr]   Downloaded pori v0.0.0
[INFO] [stderr]   Downloaded asar v0.3.0
[INFO] [stderr]   Downloaded wax v0.6.0
[INFO] running `Command { std: "docker" "create" "-v" "/var/lib/crater-agent-workspace/builds/worker-3-tc1/source:/opt/rustwide/workdir:ro,Z" "-v" "/var/lib/crater-agent-workspace/builds/worker-3-tc1/target:/opt/rustwide/target:rw,Z" "-v" "/var/lib/crater-agent-workspace/cargo-home:/opt/rustwide/cargo-home:ro,Z" "-v" "/var/lib/crater-agent-workspace/rustup-home:/opt/rustwide/rustup-home:ro,Z" "-m" "1610612736" "--network" "none" "ghcr.io/rust-lang/crates-build-env/linux@sha256:77db811e55d90add9212f6832c23229e3de5f1c1f9905e8cb07319ea15df73ac" "sleep" "infinity", kill_on_drop: false }`
[INFO] [stdout] 9e6f5e7593b3347858ed0612bcf347dd33f97b1e771696fccc68852e63a68f0c
[INFO] running `Command { std: "docker" "start" "9e6f5e7593b3347858ed0612bcf347dd33f97b1e771696fccc68852e63a68f0c", kill_on_drop: false }`
[INFO] running `Command { std: "docker" "inspect" "9e6f5e7593b3347858ed0612bcf347dd33f97b1e771696fccc68852e63a68f0c", kill_on_drop: false }`
[INFO] running `Command { std: "docker" "exec" "-e" "SOURCE_DIR=/opt/rustwide/workdir" "-e" "CARGO_HOME=/opt/rustwide/cargo-home" "-e" "RUSTUP_HOME=/opt/rustwide/rustup-home" "-e" "CARGO_TARGET_DIR=/opt/rustwide/target" "-w" "/opt/rustwide/workdir" "--user" "0:0" "9e6f5e7593b3347858ed0612bcf347dd33f97b1e771696fccc68852e63a68f0c" "/opt/rustwide/cargo-home/bin/cargo" "+3154cc1a3e6424e44f438a95007d043ed5ceaaf6" "metadata" "--no-deps" "--format-version=1", kill_on_drop: false }`
[INFO] running `Command { std: "docker" "inspect" "9e6f5e7593b3347858ed0612bcf347dd33f97b1e771696fccc68852e63a68f0c", kill_on_drop: false }`
[INFO] running `Command { std: "docker" "exec" "-e" "SOURCE_DIR=/opt/rustwide/workdir" "-e" "CARGO_HOME=/opt/rustwide/cargo-home" "-e" "RUSTUP_HOME=/opt/rustwide/rustup-home" "-e" "CARGO_TARGET_DIR=/opt/rustwide/target" "-e" "CARGO_INCREMENTAL=0" "-e" "RUST_BACKTRACE=full" "-e" "RUSTFLAGS=--cap-lints=forbid -Znext-solver=coherence" "-e" "RUSTDOCFLAGS=--cap-lints=forbid" "-w" "/opt/rustwide/workdir" "--user" "0:0" "9e6f5e7593b3347858ed0612bcf347dd33f97b1e771696fccc68852e63a68f0c" "/opt/rustwide/cargo-home/bin/cargo" "+3154cc1a3e6424e44f438a95007d043ed5ceaaf6" "check" "--frozen" "--all" "--all-targets" "--message-format=json", kill_on_drop: false }`
[INFO] [stderr] warning: `package.homepage` is redundant with `package.repository`
[INFO] [stderr]  --> vendor/electron-hook/vendor/detours-sys/Cargo.toml:6:12
[INFO] [stderr]   |
[INFO] [stderr] 6 | homepage = "https://github.com/meguminsama/electron-hook"
[INFO] [stderr]   |            ^^^^^^^^^^^^^^^^^^^^^^^^^^^^^^^^^^^^^^^^^^^^^^
[INFO] [stderr] 7 | repository = "https://github.com/meguminsama/electron-hook"
[INFO] [stderr]   |              ----------------------------------------------
[INFO] [stderr]   |
[INFO] [stderr]   = note: `cargo::redundant_homepage` is set to `warn` by default
[INFO] [stderr] help: consider removing `package.homepage`
[INFO] [stderr] warning: `electron-hook-detours-sys` (manifest) generated 1 warning
[INFO] [stderr] warning: crates/package/Cargo.toml: file `/opt/rustwide/workdir/crates/package/src/bin/pack.rs` found to be present in multiple build targets:
[INFO] [stderr]   * `bin` target `pack`
[INFO] [stderr]   * `bin` target `tronhawk-pack`
[INFO] [stderr] warning: `package.homepage` is redundant with `package.repository`
[INFO] [stderr]  --> crates/package/Cargo.toml:8:12
[INFO] [stderr]   |
[INFO] [stderr] 7 | repository = "https://github.com/Zhanyuanium/TronHawk"
[INFO] [stderr]   |              -----------------------------------------
[INFO] [stderr] 8 | homepage = "https://github.com/Zhanyuanium/TronHawk"
[INFO] [stderr]   |            ^^^^^^^^^^^^^^^^^^^^^^^^^^^^^^^^^^^^^^^^^
[INFO] [stderr]   |
[INFO] [stderr]   = note: `cargo::redundant_homepage` is set to `warn` by default
[INFO] [stderr] help: consider removing `package.homepage`
[INFO] [stderr] warning: `tronhawk-package` (manifest) generated 2 warnings
[INFO] [stderr] warning: `package.homepage` is redundant with `package.repository`
[INFO] [stderr]  --> vendor/electron-hook/Cargo.toml:7:12
[INFO] [stderr]   |
[INFO] [stderr] 7 | homepage = "https://github.com/meguminsama/electron-hook"
[INFO] [stderr]   |            ^^^^^^^^^^^^^^^^^^^^^^^^^^^^^^^^^^^^^^^^^^^^^^
[INFO] [stderr] 8 | repository = "https://github.com/meguminsama/electron-hook"
[INFO] [stderr]   |              ----------------------------------------------
[INFO] [stderr]   |
[INFO] [stderr]   = note: `cargo::redundant_homepage` is set to `warn` by default
[INFO] [stderr] help: consider removing `package.homepage`
[INFO] [stderr] warning: `electron-hook` (manifest) generated 1 warning
[INFO] [stderr]    Compiling syn v3.0.3
[INFO] [stderr]    Compiling syn v2.0.119
[INFO] [stderr]    Compiling jobserver v0.1.35
[INFO] [stderr]     Checking digest v0.10.7
[INFO] [stderr]     Checking bitflags v2.13.1
[INFO] [stderr]    Compiling uuid v1.25.0
[INFO] [stderr]     Checking simd-adler32 v0.3.10
[INFO] [stderr]    Compiling zerocopy v0.8.56
[INFO] [stderr]     Checking getrandom v0.3.4
[INFO] [stderr]    Compiling zstd-safe v7.2.4
[INFO] [stderr]     Checking crc-catalog v2.5.0
[INFO] [stderr]     Checking cipher v0.4.4
[INFO] [stderr]    Compiling zip v2.4.2
[INFO] [stderr]    Compiling flate2 v1.1.9
[INFO] [stderr]     Checking miniz_oxide v0.8.9
[INFO] [stderr]     Checking zopfli v0.8.3
[INFO] [stderr]     Checking hmac v0.12.1
[INFO] [stderr]     Checking sha2 v0.10.9
[INFO] [stderr]     Checking sha1 v0.10.7
[INFO] [stderr]    Compiling cc v1.4.4
[INFO] [stderr]     Checking crc v3.4.0
[INFO] [stderr]    Compiling cfb v0.7.3
[INFO] [stderr]     Checking pbkdf2 v0.12.2
[INFO] [stderr]     Checking deflate64 v0.1.12
[INFO] [stderr]     Checking tracing-subscriber v0.3.23
[INFO] [stderr]     Checking libdbus-sys v0.2.7
[INFO] [stderr]     Checking aes v0.8.4
[INFO] [stderr]     Checking konst_macro_rules v0.2.19
[INFO] [stderr]    Compiling png v0.17.16
[INFO] [stderr]    Compiling const_format_proc_macros v0.2.34
[INFO] [stderr]     Checking nom v7.1.3
[INFO] [stderr]     Checking dbus v0.9.12
[INFO] [stderr]     Checking lzma-rs v0.3.0
[INFO] [stderr]     Checking konst v0.2.20
[INFO] [stderr]    Compiling eyre v0.6.14
[INFO] [stderr]     Checking backtrace v0.3.76
[INFO] [stderr]    Compiling infer v0.19.0
[INFO] [stderr]     Checking itertools v0.11.0
[INFO] [stderr]    Compiling dtor-proc-macro v0.0.5
[INFO] [stderr]     Checking iced-x86 v1.21.0
[INFO] [stderr]     Checking region v3.0.2
[INFO] [stderr]     Checking mmap-fixed-fixed v0.1.3
[INFO] [stderr]    Compiling rustls v0.23.43
[INFO] [stderr]    Compiling rfd v0.16.0
[INFO] [stderr]     Checking dtor v0.0.6
[INFO] [stderr]     Checking slice-pool2 v0.4.3
[INFO] [stderr]    Compiling ctor-proc-macro v0.0.6
[INFO] [stderr]    Compiling bindgen v0.71.1
[INFO] [stderr]    Compiling either v1.18.0
[INFO] [stderr]     Checking tracing-error v0.2.1
[INFO] [stderr]     Checking tronhawk-runtime v0.1.1 (/opt/rustwide/workdir/crates/runtime)
[INFO] [stderr]    Compiling itertools v0.13.0
[INFO] [stderr]     Checking const_format v0.2.36
[INFO] [stderr]     Checking ctor v0.4.3
[INFO] [stderr]     Checking color-spantrace v0.3.0
[INFO] [stderr]     Checking color-eyre v0.6.5
[INFO] [stderr]    Compiling ico v0.5.0
[INFO] [stderr]    Compiling embed-resource v3.0.11
[INFO] [stderr]    Compiling cmake v0.1.58
[INFO] [stderr]    Compiling tauri-winres v0.3.6
[INFO] [stderr]    Compiling zstd-sys v2.0.16+zstd.1.5.7
[INFO] [stderr]    Compiling bzip2-sys v0.1.13+1.0.8
[INFO] [stderr]    Compiling lzma-sys v0.1.20
[INFO] [stderr]    Compiling ring v0.17.14
[INFO] [stderr]     Checking bzip2 v0.5.2
[INFO] [stderr]     Checking xz2 v0.1.7
[INFO] [stderr]     Checking pori v0.0.0
[INFO] [stderr]    Compiling synstructure v0.13.2
[INFO] [stderr]    Compiling darling_core v0.23.0
[INFO] [stderr]    Compiling serde_derive_internals v0.29.1
[INFO] [stderr]    Compiling prettyplease v0.2.37
[INFO] [stderr]    Compiling serde_derive v1.0.229
[INFO] [stderr]    Compiling displaydoc v0.2.7
[INFO] [stderr]    Compiling zerovec-derive v0.11.6
[INFO] [stderr]    Compiling thiserror-impl v2.0.20
[INFO] [stderr]    Compiling zerofrom-derive v0.1.7
[INFO] [stderr]    Compiling yoke-derive v0.8.2
[INFO] [stderr]    Compiling thiserror-impl v1.0.69
[INFO] [stderr]    Compiling phf_macros v0.13.1
[INFO] [stderr]    Compiling futures-macro v0.3.34
[INFO] [stderr]    Compiling derive_more-impl v2.1.1
[INFO] [stderr]    Compiling cssparser-macros v0.6.1
[INFO] [stderr]    Compiling schemars_derive v0.8.22
[INFO] [stderr]    Compiling phf v0.13.1
[INFO] [stderr]    Compiling zeroize_derive v1.5.0
[INFO] [stderr]    Compiling tokio-macros v2.7.2
[INFO] [stderr]     Checking futures-util v0.3.34
[INFO] [stderr]    Compiling web_atoms v0.2.6
[INFO] [stderr]    Compiling cssparser v0.36.0
[INFO] [stderr]    Compiling derive_more v2.1.1
[INFO] [stderr]     Checking thiserror v2.0.20
[INFO] [stderr]     Checking zeroize v1.9.0
[INFO] [stderr]    Compiling dlopen2_derive v0.4.3
[INFO] [stderr]    Compiling serialize-to-javascript-impl v0.1.2
[INFO] [stderr]    Compiling clap_derive v4.6.4
[INFO] [stderr]     Checking tokio v1.53.1
[INFO] [stderr]    Compiling zerofrom v0.1.8
[INFO] [stderr]    Compiling yoke v0.8.3
[INFO] [stderr]    Compiling serde_repr v0.1.21
[INFO] [stderr]     Checking thiserror v1.0.69
[INFO] [stderr]     Checking rustls-pki-types v1.15.1
[INFO] [stderr]     Checking zstd v0.13.3
[INFO] [stderr]     Checking wax v0.6.0
[INFO] [stderr]    Compiling zerovec v0.11.8
[INFO] [stderr]    Compiling zerotrie v0.2.5
[INFO] [stderr]    Compiling markup5ever v0.38.0
[INFO] [stderr]     Checking dlopen2 v0.8.2
[INFO] [stderr]     Checking retour v0.4.0-alpha.4 (https://github.com/Hpmason/retour-rs?tag=v0.4.0-alpha.4#c9ea4f66)
[INFO] [stderr]     Checking ppv-lite86 v0.2.21
[INFO] [stderr]    Compiling html5ever v0.38.0
[INFO] [stderr]    Compiling selectors v0.36.1
[INFO] [stderr]     Checking rustls-webpki v0.103.15
[INFO] [stderr]     Checking webpki-roots v1.0.9
[INFO] [stderr]     Checking webpki-roots v0.26.11
[INFO] [stderr]     Checking futures-executor v0.3.34
[INFO] [stderr]     Checking rand_chacha v0.3.1
[INFO] [stderr]    Compiling tinystr v0.8.4
[INFO] [stderr]    Compiling potential_utf v0.1.6
[INFO] [stderr]    Compiling icu_collections v2.3.0
[INFO] [stderr]     Checking rand v0.8.8
[INFO] [stderr]    Compiling icu_locale_core v2.3.0
[INFO] [stderr]    Compiling darling_macro v0.23.0
[INFO] [stderr]     Checking clap v4.6.6
[INFO] [stderr]    Compiling darling v0.23.0
[INFO] [stderr]    Compiling serde_with_macros v3.22.0
[INFO] [stderr]    Compiling serde v1.0.229
[INFO] [stderr]    Compiling dom_query v0.27.0
[INFO] [stderr]     Checking dpi v0.1.2
[INFO] [stderr]     Checking jsonptr v0.6.3
[INFO] [stderr]     Checking plist v1.10.0
[INFO] [stderr]     Checking tronhawk-package v0.1.1 (/opt/rustwide/workdir/crates/package)
[INFO] [stderr]     Checking keyboard-types v0.7.0
[INFO] [stderr]     Checking serialize-to-javascript v0.1.2
[INFO] [stderr]     Checking icu_provider v2.3.1
[INFO] [stderr]    Compiling toml_datetime v0.6.3
[INFO] [stderr]    Compiling serde_spanned v0.6.9
[INFO] [stderr]    Compiling indexmap v1.9.3
[INFO] [stderr]    Compiling toml_edit v0.20.2
[INFO] [stderr]    Compiling cargo-platform v0.1.9
[INFO] [stderr]     Checking icu_normalizer v2.3.0
[INFO] [stderr]    Compiling serde_with v3.22.0
[INFO] [stderr]    Compiling cargo_metadata v0.19.2
[INFO] [stderr]    Compiling icu_properties v2.3.0
[INFO] [stderr]    Compiling json-patch v3.0.1
[INFO] [stderr]    Compiling toml_edit v0.19.15
[INFO] [stderr]    Compiling cargo_toml v0.22.3
[INFO] [stderr]    Compiling idna_adapter v1.2.2
[INFO] [stderr]    Compiling idna v1.1.0
[INFO] [stderr]     Checking tronhawk-ipc v0.1.1 (/opt/rustwide/workdir/crates/ipc)
[INFO] [stderr]    Compiling url v2.5.8
[INFO] [stderr]    Compiling toml v0.8.2
[INFO] [stderr]    Compiling proc-macro-crate v2.0.2
[INFO] [stderr]    Compiling proc-macro-crate v1.3.1
[INFO] [stderr]     Checking asar v0.3.0
[INFO] [stderr]     Checking electron-hook v0.2.2 (/opt/rustwide/workdir/vendor/electron-hook)
[INFO] [stderr]    Compiling system-deps v6.2.2
[INFO] [stderr]    Compiling schemars v0.8.22
[INFO] [stderr]    Compiling urlpattern v0.3.0
[INFO] [stderr]    Compiling glib-macros v0.18.5
[INFO] [stderr]     Checking ureq v2.12.1
[INFO] [stderr]     Checking tronhawk-injector v0.1.1 (/opt/rustwide/workdir/crates/injector)
[INFO] [stderr]    Compiling gtk3-macros v0.18.2
[INFO] [stdout] warning: variable does not need to be mutable
[INFO] [stdout]   --> crates/injector/src/bin/launcher.rs:96:9
[INFO] [stdout]    |
[INFO] [stdout] 96 |     let mut key = path.to_string_lossy().into_owned();
[INFO] [stdout]    |         ----^^^
[INFO] [stdout]    |         |
[INFO] [stdout]    |         help: remove this `mut`
[INFO] [stdout]    |
[INFO] [stdout]    = note: `#[warn(unused_mut)]` (part of `#[warn(unused)]`) on by default
[INFO] [stdout] 
[INFO] [stdout] 
[INFO] [stdout] warning: variable does not need to be mutable
[INFO] [stdout]   --> crates/injector/src/bin/launcher.rs:96:9
[INFO] [stdout]    |
[INFO] [stdout] 96 |     let mut key = path.to_string_lossy().into_owned();
[INFO] [stdout]    |         ----^^^
[INFO] [stdout]    |         |
[INFO] [stdout]    |         help: remove this `mut`
[INFO] [stdout]    |
[INFO] [stdout]    = note: `#[warn(unused_mut)]` (part of `#[warn(unused)]`) on by default
[INFO] [stdout] 
[INFO] [stdout] 
[INFO] [stderr]    Compiling glib-sys v0.18.1
[INFO] [stderr]    Compiling gobject-sys v0.18.0
[INFO] [stderr]    Compiling gio-sys v0.18.1
[INFO] [stderr]    Compiling gdk-sys v0.18.2
[INFO] [stderr]    Compiling pango-sys v0.18.0
[INFO] [stderr]    Compiling gdk-pixbuf-sys v0.18.0
[INFO] [stderr]    Compiling atk-sys v0.18.2
[INFO] [stderr]    Compiling cairo-sys-rs v0.18.2
[INFO] [stderr]    Compiling gtk-sys v0.18.2
[INFO] [stderr]    Compiling javascriptcore-rs-sys v1.1.1
[INFO] [stderr]    Compiling soup3-sys v0.5.0
[INFO] [stderr]    Compiling webkit2gtk-sys v2.0.2
[INFO] [stderr]    Compiling gdkx11-sys v0.18.2
[INFO] [stderr]     Checking tauri-utils v2.9.3
[INFO] [stderr]    Compiling electron-hook-detours-sys v0.1.0 (/opt/rustwide/workdir/vendor/electron-hook/vendor/detours-sys)
[INFO] [stderr]    Compiling gtk v0.18.2
[INFO] [stderr]    Compiling wry v0.55.1
[INFO] [stderr]     Checking tronhawk-core v0.1.1 (/opt/rustwide/workdir/crates/core)
[INFO] [stderr] warning: electron-hook-detours-sys@0.1.0: In file included from ./ext/detours/src/creatwth.cpp:12:
[INFO] [stderr] warning: electron-hook-detours-sys@0.1.0: ./ext/detours/src/detours.h:40:10: fatal error: 'windows.h' file not found
[INFO] [stderr] warning: electron-hook-detours-sys@0.1.0:    40 | #include <windows.h>
[INFO] [stderr] warning: electron-hook-detours-sys@0.1.0:       |          ^~~~~~~~~~~
[INFO] [stderr] warning: electron-hook-detours-sys@0.1.0: In file included from ./ext/detours/src/detours.cpp:13:
[INFO] [stderr] warning: electron-hook-detours-sys@0.1.0: ./ext/detours/src/detours.h:40:10: fatal error: 'windows.h' file not found
[INFO] [stderr] warning: electron-hook-detours-sys@0.1.0:    40 | #include <windows.h>
[INFO] [stderr] warning: electron-hook-detours-sys@0.1.0:       |          ^~~~~~~~~~~
[INFO] [stderr] warning: electron-hook-detours-sys@0.1.0: In file included from ./ext/detours/src/disasm.cpp:12:
[INFO] [stderr] warning: electron-hook-detours-sys@0.1.0: ./ext/detours/src/detours.h:40:10: fatal error: 'windows.h' file not found
[INFO] [stderr] warning: electron-hook-detours-sys@0.1.0:    40 | #include <windows.h>
[INFO] [stderr] warning: electron-hook-detours-sys@0.1.0:       |          ^~~~~~~~~~~
[INFO] [stderr] warning: electron-hook-detours-sys@0.1.0: In file included from ./ext/detours/src/image.cpp:18:
[INFO] [stderr] warning: electron-hook-detours-sys@0.1.0: ./ext/detours/src/detours.h:40:10: fatal error: 'windows.h' file not found
[INFO] [stderr] warning: electron-hook-detours-sys@0.1.0:    40 | #include <windows.h>
[INFO] [stderr] warning: electron-hook-detours-sys@0.1.0:       |          ^~~~~~~~~~~
[INFO] [stderr] warning: electron-hook-detours-sys@0.1.0: In file included from ./ext/detours/src/modules.cpp:14:
[INFO] [stderr] warning: electron-hook-detours-sys@0.1.0: ./ext/detours/src/detours.h:40:10: fatal error: 'windows.h' file not found
[INFO] [stderr] warning: electron-hook-detours-sys@0.1.0:    40 | #include <windows.h>
[INFO] [stderr] warning: electron-hook-detours-sys@0.1.0:       |          ^~~~~~~~~~~
[INFO] [stderr] warning: electron-hook-detours-sys@0.1.0: 1 error generated.
[INFO] [stderr] warning: electron-hook-detours-sys@0.1.0: ToolExecError: command did not execute successfully (status code exit status: 1): LC_ALL="C" "clang" "-O0" "-ffunction-sections" "-fdata-sections" "-fPIC" "-g" "-gdwarf-4" "-fno-omit-frame-pointer" "-mno-omit-leaf-frame-pointer" "-m64" "--target=x86_64-unknown-linux-gnu" "-I" "./ext/detours/src" "-Wall" "-Wextra" "-fms-extensions" "-Wno-everything" "-o" "/opt/rustwide/target/debug/build/electron-hook-detours-sys/5b0cf462cd7016c2/out/09a6f65b06fc83cc-creatwth.o" "-c" "./ext/detours/src/creatwth.cpp"cargo:warning=1 error generated.
[INFO] [stderr] warning: electron-hook-detours-sys@0.1.0: ToolExecError: command did not execute successfully (status code exit status: 1): LC_ALL="C" "clang" "-O0" "-ffunction-sections" "-fdata-sections" "-fPIC" "-g" "-gdwarf-4" "-fno-omit-frame-pointer" "-mno-omit-leaf-frame-pointer" "-m64" "--target=x86_64-unknown-linux-gnu" "-I" "./ext/detours/src" "-Wall" "-Wextra" "-fms-extensions" "-Wno-everything" "-o" "/opt/rustwide/target/debug/build/electron-hook-detours-sys/5b0cf462cd7016c2/out/09a6f65b06fc83cc-detours.o" "-c" "./ext/detours/src/detours.cpp"cargo:warning=1 error generated.
[INFO] [stderr] warning: electron-hook-detours-sys@0.1.0: ToolExecError: command did not execute successfully (status code exit status: 1): LC_ALL="C" "clang" "-O0" "-ffunction-sections" "-fdata-sections" "-fPIC" "-g" "-gdwarf-4" "-fno-omit-frame-pointer" "-mno-omit-leaf-frame-pointer" "-m64" "--target=x86_64-unknown-linux-gnu" "-I" "./ext/detours/src" "-Wall" "-Wextra" "-fms-extensions" "-Wno-everything" "-o" "/opt/rustwide/target/debug/build/electron-hook-detours-sys/5b0cf462cd7016c2/out/09a6f65b06fc83cc-disasm.o" "-c" "./ext/detours/src/disasm.cpp"cargo:warning=1 error generated.
[INFO] [stderr] warning: electron-hook-detours-sys@0.1.0: ToolExecError: command did not execute successfully (status code exit status: 1): LC_ALL="C" "clang" "-O0" "-ffunction-sections" "-fdata-sections" "-fPIC" "-g" "-gdwarf-4" "-fno-omit-frame-pointer" "-mno-omit-leaf-frame-pointer" "-m64" "--target=x86_64-unknown-linux-gnu" "-I" "./ext/detours/src" "-Wall" "-Wextra" "-fms-extensions" "-Wno-everything" "-o" "/opt/rustwide/target/debug/build/electron-hook-detours-sys/5b0cf462cd7016c2/out/09a6f65b06fc83cc-image.o" "-c" "./ext/detours/src/image.cpp"cargo:warning=1 error generated.
[INFO] [stderr] warning: electron-hook-detours-sys@0.1.0: ToolExecError: command did not execute successfully (status code exit status: 1): LC_ALL="C" "clang" "-O0" "-ffunction-sections" "-fdata-sections" "-fPIC" "-g" "-gdwarf-4" "-fno-omit-frame-pointer" "-mno-omit-leaf-frame-pointer" "-m64" "--target=x86_64-unknown-linux-gnu" "-I" "./ext/detours/src" "-Wall" "-Wextra" "-fms-extensions" "-Wno-everything" "-o" "/opt/rustwide/target/debug/build/electron-hook-detours-sys/5b0cf462cd7016c2/out/09a6f65b06fc83cc-modules.o" "-c" "./ext/detours/src/modules.cpp"
[INFO] [stderr] error: failed to run custom build command for `electron-hook-detours-sys v0.1.0 (/opt/rustwide/workdir/vendor/electron-hook/vendor/detours-sys)`
[INFO] [stderr] note: To improve backtraces for build dependencies, set the CARGO_PROFILE_DEV_BUILD_OVERRIDE_DEBUG=true environment variable to enable debug information generation.
[INFO] [stderr] 
[INFO] [stderr] Caused by:
[INFO] [stderr]   process didn't exit successfully: `/opt/rustwide/target/debug/build/electron-hook-detours-sys/d8aa649a19fff67b/out/build_script_build` (exit status: 101)
[INFO] [stderr]   --- stdout
[INFO] [stderr]   cargo:rerun-if-env-changed=CC_FORCE_DISABLE
[INFO] [stderr]   CC_FORCE_DISABLE = None
[INFO] [stderr]   cargo:rerun-if-env-changed=CC_ENABLE_DEBUG_OUTPUT
[INFO] [stderr]   cargo:rerun-if-env-changed=CRATE_CC_NO_DEFAULTS
[INFO] [stderr]   CRATE_CC_NO_DEFAULTS = None
[INFO] [stderr]   cargo:rerun-if-env-changed=CRATE_CC_NO_DEFAULTS
[INFO] [stderr]   CRATE_CC_NO_DEFAULTS = None
[INFO] [stderr]   cargo:rerun-if-env-changed=CXXFLAGS
[INFO] [stderr]   CXXFLAGS = None
[INFO] [stderr]   cargo:rerun-if-env-changed=HOST_CXXFLAGS
[INFO] [stderr]   HOST_CXXFLAGS = None
[INFO] [stderr]   cargo:rerun-if-env-changed=CXXFLAGS_x86_64_unknown_linux_gnu
[INFO] [stderr]   CXXFLAGS_x86_64_unknown_linux_gnu = None
[INFO] [stderr]   cargo:rerun-if-env-changed=CXXFLAGS_x86_64-unknown-linux-gnu
[INFO] [stderr]   CXXFLAGS_x86_64-unknown-linux-gnu = None
[INFO] [stderr]   cargo:rerun-if-env-changed=CXXFLAGS
[INFO] [stderr]   CXXFLAGS = None
[INFO] [stderr]   cargo:rerun-if-env-changed=HOST_CXXFLAGS
[INFO] [stderr]   HOST_CXXFLAGS = None
[INFO] [stderr]   cargo:rerun-if-env-changed=CXXFLAGS_x86_64_unknown_linux_gnu
[INFO] [stderr]   CXXFLAGS_x86_64_unknown_linux_gnu = None
[INFO] [stderr]   cargo:rerun-if-env-changed=CXXFLAGS_x86_64-unknown-linux-gnu
[INFO] [stderr]   CXXFLAGS_x86_64-unknown-linux-gnu = None
[INFO] [stderr]   cargo:rerun-if-env-changed=CRATE_CC_NO_DEFAULTS
[INFO] [stderr]   CRATE_CC_NO_DEFAULTS = None
[INFO] [stderr]   cargo:rerun-if-env-changed=CXXFLAGS
[INFO] [stderr]   CXXFLAGS = None
[INFO] [stderr]   cargo:rerun-if-env-changed=HOST_CXXFLAGS
[INFO] [stderr]   HOST_CXXFLAGS = None
[INFO] [stderr]   cargo:rerun-if-env-changed=CXXFLAGS_x86_64_unknown_linux_gnu
[INFO] [stderr]   CXXFLAGS_x86_64_unknown_linux_gnu = None
[INFO] [stderr]   cargo:rerun-if-env-changed=CXXFLAGS_x86_64-unknown-linux-gnu
[INFO] [stderr]   CXXFLAGS_x86_64-unknown-linux-gnu = None
[INFO] [stderr]   cargo:rerun-if-env-changed=CRATE_CC_NO_DEFAULTS
[INFO] [stderr]   CRATE_CC_NO_DEFAULTS = None
[INFO] [stderr]   cargo:rerun-if-env-changed=CXXFLAGS
[INFO] [stderr]   CXXFLAGS = None
[INFO] [stderr]   cargo:rerun-if-env-changed=HOST_CXXFLAGS
[INFO] [stderr]   HOST_CXXFLAGS = None
[INFO] [stderr]   cargo:rerun-if-env-changed=CXXFLAGS_x86_64_unknown_linux_gnu
[INFO] [stderr]   CXXFLAGS_x86_64_unknown_linux_gnu = None
[INFO] [stderr]   cargo:rerun-if-env-changed=CXXFLAGS_x86_64-unknown-linux-gnu
[INFO] [stderr]   CXXFLAGS_x86_64-unknown-linux-gnu = None
[INFO] [stderr]   cargo:rerun-if-env-changed=CRATE_CC_NO_DEFAULTS
[INFO] [stderr]   CRATE_CC_NO_DEFAULTS = None
[INFO] [stderr]   cargo:rerun-if-env-changed=CXXFLAGS
[INFO] [stderr]   CXXFLAGS = None
[INFO] [stderr]   cargo:rerun-if-env-changed=HOST_CXXFLAGS
[INFO] [stderr]   HOST_CXXFLAGS = None
[INFO] [stderr]   cargo:rerun-if-env-changed=CXXFLAGS_x86_64_unknown_linux_gnu
[INFO] [stderr]   CXXFLAGS_x86_64_unknown_linux_gnu = None
[INFO] [stderr]   cargo:rerun-if-env-changed=CXXFLAGS_x86_64-unknown-linux-gnu
[INFO] [stderr]   CXXFLAGS_x86_64-unknown-linux-gnu = None
[INFO] [stderr]   cargo:rerun-if-env-changed=CRATE_CC_NO_DEFAULTS
[INFO] [stderr]   CRATE_CC_NO_DEFAULTS = None
[INFO] [stderr]   cargo:rerun-if-env-changed=CXXFLAGS
[INFO] [stderr]   CXXFLAGS = None
[INFO] [stderr]   cargo:rerun-if-env-changed=HOST_CXXFLAGS
[INFO] [stderr]   HOST_CXXFLAGS = None
[INFO] [stderr]   cargo:rerun-if-env-changed=CXXFLAGS_x86_64_unknown_linux_gnu
[INFO] [stderr]   CXXFLAGS_x86_64_unknown_linux_gnu = None
[INFO] [stderr]   cargo:rerun-if-env-changed=CXXFLAGS_x86_64-unknown-linux-gnu
[INFO] [stderr]   CXXFLAGS_x86_64-unknown-linux-gnu = None
[INFO] [stderr]   cargo:warning=In file included from ./ext/detours/src/creatwth.cpp:12:
[INFO] [stderr]   cargo:warning=./ext/detours/src/detours.h:40:10: fatal error: 'windows.h' file not found
[INFO] [stderr]   cargo:warning=   40 | #include <windows.h>
[INFO] [stderr]   cargo:warning=      |          ^~~~~~~~~~~
[INFO] [stderr]   cargo:warning=In file included from ./ext/detours/src/detours.cpp:13:
[INFO] [stderr]   cargo:warning=./ext/detours/src/detours.h:40:10: fatal error: 'windows.h' file not found
[INFO] [stderr]   cargo:warning=   40 | #include <windows.h>
[INFO] [stderr]   cargo:warning=      |          ^~~~~~~~~~~
[INFO] [stderr]   cargo:warning=In file included from ./ext/detours/src/disasm.cpp:12:
[INFO] [stderr]   cargo:warning=./ext/detours/src/detours.h:40:10: fatal error: 'windows.h' file not found
[INFO] [stderr]   cargo:warning=   40 | #include <windows.h>
[INFO] [stderr]   cargo:warning=      |          ^~~~~~~~~~~
[INFO] [stderr]   cargo:warning=In file included from ./ext/detours/src/image.cpp:18:
[INFO] [stderr]   cargo:warning=./ext/detours/src/detours.h:40:10: fatal error: 'windows.h' file not found
[INFO] [stderr]   cargo:warning=   40 | #include <windows.h>
[INFO] [stderr]   cargo:warning=      |          ^~~~~~~~~~~
[INFO] [stderr]   cargo:warning=In file included from ./ext/detours/src/modules.cpp:14:
[INFO] [stderr]   cargo:warning=./ext/detours/src/detours.h:40:10: fatal error: 'windows.h' file not found
[INFO] [stderr]   cargo:warning=   40 | #include <windows.h>
[INFO] [stderr]   cargo:warning=      |          ^~~~~~~~~~~
[INFO] [stderr]   cargo:warning=1 error generated.
[INFO] [stderr]   exit status: 1
[INFO] [stderr]   cargo:warning=ToolExecError: command did not execute successfully (status code exit status: 1): LC_ALL="C" "clang" "-O0" "-ffunction-sections" "-fdata-sections" "-fPIC" "-g" "-gdwarf-4" "-fno-omit-frame-pointer" "-mno-omit-leaf-frame-pointer" "-m64" "--target=x86_64-unknown-linux-gnu" "-I" "./ext/detours/src" "-Wall" "-Wextra" "-fms-extensions" "-Wno-everything" "-o" "/opt/rustwide/target/debug/build/electron-hook-detours-sys/5b0cf462cd7016c2/out/09a6f65b06fc83cc-creatwth.o" "-c" "./ext/detours/src/creatwth.cpp"cargo:warning=1 error generated.
[INFO] [stderr] 
[INFO] [stderr]   exit status: 1
[INFO] [stderr]   cargo:warning=ToolExecError: command did not execute successfully (status code exit status: 1): LC_ALL="C" "clang" "-O0" "-ffunction-sections" "-fdata-sections" "-fPIC" "-g" "-gdwarf-4" "-fno-omit-frame-pointer" "-mno-omit-leaf-frame-pointer" "-m64" "--target=x86_64-unknown-linux-gnu" "-I" "./ext/detours/src" "-Wall" "-Wextra" "-fms-extensions" "-Wno-everything" "-o" "/opt/rustwide/target/debug/build/electron-hook-detours-sys/5b0cf462cd7016c2/out/09a6f65b06fc83cc-detours.o" "-c" "./ext/detours/src/detours.cpp"cargo:warning=1 error generated.
[INFO] [stderr] 
[INFO] [stderr]   exit status: 1
[INFO] [stderr]   cargo:warning=ToolExecError: command did not execute successfully (status code exit status: 1): LC_ALL="C" "clang" "-O0" "-ffunction-sections" "-fdata-sections" "-fPIC" "-g" "-gdwarf-4" "-fno-omit-frame-pointer" "-mno-omit-leaf-frame-pointer" "-m64" "--target=x86_64-unknown-linux-gnu" "-I" "./ext/detours/src" "-Wall" "-Wextra" "-fms-extensions" "-Wno-everything" "-o" "/opt/rustwide/target/debug/build/electron-hook-detours-sys/5b0cf462cd7016c2/out/09a6f65b06fc83cc-disasm.o" "-c" "./ext/detours/src/disasm.cpp"cargo:warning=1 error generated.
[INFO] [stderr] 
[INFO] [stderr]   exit status: 1
[INFO] [stderr]   cargo:warning=ToolExecError: command did not execute successfully (status code exit status: 1): LC_ALL="C" "clang" "-O0" "-ffunction-sections" "-fdata-sections" "-fPIC" "-g" "-gdwarf-4" "-fno-omit-frame-pointer" "-mno-omit-leaf-frame-pointer" "-m64" "--target=x86_64-unknown-linux-gnu" "-I" "./ext/detours/src" "-Wall" "-Wextra" "-fms-extensions" "-Wno-everything" "-o" "/opt/rustwide/target/debug/build/electron-hook-detours-sys/5b0cf462cd7016c2/out/09a6f65b06fc83cc-image.o" "-c" "./ext/detours/src/image.cpp"cargo:warning=1 error generated.
[INFO] [stderr] 
[INFO] [stderr]   exit status: 1
[INFO] [stderr]   cargo:warning=ToolExecError: command did not execute successfully (status code exit status: 1): LC_ALL="C" "clang" "-O0" "-ffunction-sections" "-fdata-sections" "-fPIC" "-g" "-gdwarf-4" "-fno-omit-frame-pointer" "-mno-omit-leaf-frame-pointer" "-m64" "--target=x86_64-unknown-linux-gnu" "-I" "./ext/detours/src" "-Wall" "-Wextra" "-fms-extensions" "-Wno-everything" "-o" "/opt/rustwide/target/debug/build/electron-hook-detours-sys/5b0cf462cd7016c2/out/09a6f65b06fc83cc-modules.o" "-c" "./ext/detours/src/modules.cpp"
[INFO] [stderr] 
[INFO] [stderr]   --- stderr
[INFO] [stderr] 
[INFO] [stderr]   thread 'main' (2854) panicked at vendor/electron-hook/vendor/detours-sys/build.rs:4:21:
[INFO] [stderr]   called `Result::unwrap()` on an `Err` value: Error { kind: ToolExecError, message: "command did not execute successfully (status code exit status: 1): LC_ALL=\"C\" \"clang\" \"-O0\" \"-ffunction-sections\" \"-fdata-sections\" \"-fPIC\" \"-g\" \"-gdwarf-4\" \"-fno-omit-frame-pointer\" \"-mno-omit-leaf-frame-pointer\" \"-m64\" \"--target=x86_64-unknown-linux-gnu\" \"-I\" \"./ext/detours/src\" \"-Wall\" \"-Wextra\" \"-fms-extensions\" \"-Wno-everything\" \"-o\" \"/opt/rustwide/target/debug/build/electron-hook-detours-sys/5b0cf462cd7016c2/out/09a6f65b06fc83cc-modules.o\" \"-c\" \"./ext/detours/src/modules.cpp\"" }
[INFO] [stderr]   stack backtrace:
[INFO] [stderr]      0:     0x60107da87921 - std[3164a59e47d3bde]::backtrace_rs::backtrace::libunwind::trace
[INFO] [stderr]                                  at /rustc/3154cc1a3e6424e44f438a95007d043ed5ceaaf6/library/std/src/../../backtrace/src/backtrace/libunwind.rs:117:9
[INFO] [stderr]      1:     0x60107da87921 - std[3164a59e47d3bde]::backtrace_rs::backtrace::trace_unsynchronized::<std[3164a59e47d3bde]::sys::backtrace::_print_fmt::{closure#1}>
[INFO] [stderr]                                  at /rustc/3154cc1a3e6424e44f438a95007d043ed5ceaaf6/library/std/src/../../backtrace/src/backtrace/mod.rs:66:14
[INFO] [stderr]      2:     0x60107da87921 - std[3164a59e47d3bde]::sys::backtrace::_print_fmt
[INFO] [stderr]                                  at /rustc/3154cc1a3e6424e44f438a95007d043ed5ceaaf6/library/std/src/sys/backtrace.rs:74:9
[INFO] [stderr]      3:     0x60107da87921 - <<std[3164a59e47d3bde]::sys::backtrace::BacktraceLock>::print::DisplayBacktrace as core[934024a1e6126fb4]::fmt::Display>::fmt
[INFO] [stderr]                                  at /rustc/3154cc1a3e6424e44f438a95007d043ed5ceaaf6/library/std/src/sys/backtrace.rs:44:26
[INFO] [stderr]      4:     0x60107da9c97a - <core[934024a1e6126fb4]::fmt::rt::Argument>::fmt
[INFO] [stderr]                                  at /rustc/3154cc1a3e6424e44f438a95007d043ed5ceaaf6/library/core/src/fmt/rt.rs:152:76
[INFO] [stderr]      5:     0x60107da9c97a - core[934024a1e6126fb4]::fmt::write
[INFO] [stderr]      6:     0x60107da8dc5c - core[934024a1e6126fb4]::io::write::default_write_fmt::<std[3164a59e47d3bde]::sys::stdio::unix::Stderr>
[INFO] [stderr]                                  at /rustc/3154cc1a3e6424e44f438a95007d043ed5ceaaf6/library/core/src/io/write.rs:402:11
[INFO] [stderr]      7:     0x60107da8dc5c - <std[3164a59e47d3bde]::sys::stdio::unix::Stderr as core[934024a1e6126fb4]::io::write::Write>::write_fmt
[INFO] [stderr]                                  at /rustc/3154cc1a3e6424e44f438a95007d043ed5ceaaf6/library/core/src/io/write.rs:335:13
[INFO] [stderr]      8:     0x60107da60c16 - <std[3164a59e47d3bde]::sys::backtrace::BacktraceLock>::print
[INFO] [stderr]                                  at /rustc/3154cc1a3e6424e44f438a95007d043ed5ceaaf6/library/std/src/sys/backtrace.rs:47:9
[INFO] [stderr]      9:     0x60107da60c16 - std[3164a59e47d3bde]::panicking::default_hook::{closure#0}
[INFO] [stderr]                                  at /rustc/3154cc1a3e6424e44f438a95007d043ed5ceaaf6/library/std/src/panicking.rs:289:27
[INFO] [stderr]     10:     0x60107da7f181 - std[3164a59e47d3bde]::panicking::default_hook
[INFO] [stderr]                                  at /rustc/3154cc1a3e6424e44f438a95007d043ed5ceaaf6/library/std/src/panicking.rs:316:9
[INFO] [stderr]     11:     0x60107da7f33b - std[3164a59e47d3bde]::panicking::panic_with_hook
[INFO] [stderr]                                  at /rustc/3154cc1a3e6424e44f438a95007d043ed5ceaaf6/library/std/src/panicking.rs:811:13
[INFO] [stderr]     12:     0x60107da60cc2 - std[3164a59e47d3bde]::panicking::panic_handler::{closure#0}
[INFO] [stderr]                                  at /rustc/3154cc1a3e6424e44f438a95007d043ed5ceaaf6/library/std/src/panicking.rs:685:13
[INFO] [stderr]     13:     0x60107da59879 - std[3164a59e47d3bde]::sys::backtrace::__rust_end_short_backtrace::<std[3164a59e47d3bde]::panicking::panic_handler::{closure#0}, !>
[INFO] [stderr]                                  at /rustc/3154cc1a3e6424e44f438a95007d043ed5ceaaf6/library/std/src/sys/backtrace.rs:182:18
[INFO] [stderr]     14:     0x60107da619ad - __rustc[2e7b49d4226056d3]::rust_begin_unwind
[INFO] [stderr]                                  at /rustc/3154cc1a3e6424e44f438a95007d043ed5ceaaf6/library/std/src/panicking.rs:676:5
[INFO] [stderr]     15:     0x60107da9d16c - core[934024a1e6126fb4]::panicking::panic_fmt
[INFO] [stderr]                                  at /rustc/3154cc1a3e6424e44f438a95007d043ed5ceaaf6/library/core/src/panicking.rs:80:14
[INFO] [stderr]     16:     0x60107da9cec2 - core[934024a1e6126fb4]::result::unwrap_failed
[INFO] [stderr]                                  at /rustc/3154cc1a3e6424e44f438a95007d043ed5ceaaf6/library/core/src/result.rs:1866:5
[INFO] [stderr]     17:     0x60107d9bc7db - build_script_build[3bbf7a3a5b8a2588]::main
[INFO] [stderr]     18:     0x60107d9bd03b - <fn() as core[934024a1e6126fb4]::ops::function::FnOnce<()>>::call_once
[INFO] [stderr]     19:     0x60107d9bc3fe - std[3164a59e47d3bde]::sys::backtrace::__rust_begin_short_backtrace::<fn(), ()>
[INFO] [stderr]     20:     0x60107d9bc409 - std[3164a59e47d3bde]::rt::lang_start::<()>::{closure#0}
[INFO] [stderr]     21:     0x60107da7e488 - <&dyn core[934024a1e6126fb4]::ops::function::Fn<(), Output = i32> + core[934024a1e6126fb4]::marker::Sync + core[934024a1e6126fb4]::panic::unwind_safe::RefUnwindSafe as core[934024a1e6126fb4]::ops::function::FnOnce<()>>::call_once
[INFO] [stderr]                                  at /rustc/3154cc1a3e6424e44f438a95007d043ed5ceaaf6/library/core/src/ops/function.rs:287:21
[INFO] [stderr]     22:     0x60107da7e488 - std[3164a59e47d3bde]::panicking::catch_unwind::do_call::<&dyn core[934024a1e6126fb4]::ops::function::Fn<(), Output = i32> + core[934024a1e6126fb4]::marker::Sync + core[934024a1e6126fb4]::panic::unwind_safe::RefUnwindSafe, i32>
[INFO] [stderr]                                  at /rustc/3154cc1a3e6424e44f438a95007d043ed5ceaaf6/library/std/src/panicking.rs:573:43
[INFO] [stderr]     23:     0x60107da7e488 - std[3164a59e47d3bde]::panicking::catch_unwind::<i32, &dyn core[934024a1e6126fb4]::ops::function::Fn<(), Output = i32> + core[934024a1e6126fb4]::marker::Sync + core[934024a1e6126fb4]::panic::unwind_safe::RefUnwindSafe>
[INFO] [stderr]                                  at /rustc/3154cc1a3e6424e44f438a95007d043ed5ceaaf6/library/std/src/panicking.rs:541:19
[INFO] [stderr]     24:     0x60107da7e488 - std[3164a59e47d3bde]::panic::catch_unwind::<&dyn core[934024a1e6126fb4]::ops::function::Fn<(), Output = i32> + core[934024a1e6126fb4]::marker::Sync + core[934024a1e6126fb4]::panic::unwind_safe::RefUnwindSafe, i32>
[INFO] [stderr]                                  at /rustc/3154cc1a3e6424e44f438a95007d043ed5ceaaf6/library/std/src/panic.rs:359:14
[INFO] [stderr]     25:     0x60107da7e488 - std[3164a59e47d3bde]::rt::lang_start_internal::{closure#0}
[INFO] [stderr]                                  at /rustc/3154cc1a3e6424e44f438a95007d043ed5ceaaf6/library/std/src/rt.rs:175:24
[INFO] [stderr]     26:     0x60107da7e488 - std[3164a59e47d3bde]::panicking::catch_unwind::do_call::<std[3164a59e47d3bde]::rt::lang_start_internal::{closure#0}, isize>
[INFO] [stderr]                                  at /rustc/3154cc1a3e6424e44f438a95007d043ed5ceaaf6/library/std/src/panicking.rs:573:43
[INFO] [stderr]     27:     0x60107da7e488 - std[3164a59e47d3bde]::panicking::catch_unwind::<isize, std[3164a59e47d3bde]::rt::lang_start_internal::{closure#0}>
[INFO] [stderr]                                  at /rustc/3154cc1a3e6424e44f438a95007d043ed5ceaaf6/library/std/src/panicking.rs:541:19
[INFO] [stderr]     28:     0x60107da7e488 - std[3164a59e47d3bde]::panic::catch_unwind::<std[3164a59e47d3bde]::rt::lang_start_internal::{closure#0}, isize>
[INFO] [stderr]                                  at /rustc/3154cc1a3e6424e44f438a95007d043ed5ceaaf6/library/std/src/panic.rs:359:14
[INFO] [stderr]     29:     0x60107da7e488 - std[3164a59e47d3bde]::rt::lang_start_internal
[INFO] [stderr]                                  at /rustc/3154cc1a3e6424e44f438a95007d043ed5ceaaf6/library/std/src/rt.rs:171:5
[INFO] [stderr]     30:     0x60107d9bc3f1 - std[3164a59e47d3bde]::rt::lang_start::<()>
[INFO] [stderr]     31:     0x60107d9bd0c5 - main
[INFO] [stderr]     32:     0x7c2598b17601 - <unknown>
[INFO] [stderr]     33:     0x7c2598b17718 - __libc_start_main
[INFO] [stderr]     34:     0x60107d9bbff5 - _start
[INFO] [stderr]     35:                0x0 - <unknown>
[INFO] [stderr] warning: build failed, waiting for other jobs to finish...
[INFO] [stdout] warning: constant `RUN_VALUE_NAME` is never used
[INFO] [stdout]   --> crates/core/src/autostart.rs:13:11
[INFO] [stdout]    |
[INFO] [stdout] 13 | pub const RUN_VALUE_NAME: &str = "TronHawkCore";
[INFO] [stdout]    |           ^^^^^^^^^^^^^^
[INFO] [stdout]    |
[INFO] [stdout]    = note: `#[warn(dead_code)]` (part of `#[warn(unused)]`) on by default
[INFO] [stdout] 
[INFO] [stdout] 
[INFO] [stdout] warning: constant `IFEO_REGISTRY_PATH` is never used
[INFO] [stdout]   --> crates/core/src/iefo.rs:19:11
[INFO] [stdout]    |
[INFO] [stdout] 19 | pub const IFEO_REGISTRY_PATH: &str =
[INFO] [stdout]    |           ^^^^^^^^^^^^^^^^^^
[INFO] [stdout] 
[INFO] [stdout] 
[INFO] [stdout] warning: constant `OWNER_VALUE` is never used
[INFO] [stdout]   --> crates/core/src/iefo.rs:22:11
[INFO] [stdout]    |
[INFO] [stdout] 22 | pub const OWNER_VALUE: &str = "TronHawkOwned";
[INFO] [stdout]    |           ^^^^^^^^^^^
[INFO] [stdout] 
[INFO] [stdout] 
[INFO] [stdout] warning: constant `DEBUGGER_VALUE` is never used
[INFO] [stdout]   --> crates/core/src/iefo.rs:24:11
[INFO] [stdout]    |
[INFO] [stdout] 24 | pub const DEBUGGER_VALUE: &str = "Debugger";
[INFO] [stdout]    |           ^^^^^^^^^^^^^^
[INFO] [stdout] 
[INFO] [stdout] 
[INFO] [stdout] warning: variants `Applied` and `Cancelled` are never constructed
[INFO] [stdout]   --> crates/core/src/iefo.rs:30:5
[INFO] [stdout]    |
[INFO] [stdout] 28 | pub enum IefoWriteOutcome {
[INFO] [stdout]    |          ---------------- variants in this enum
[INFO] [stdout] 29 |     /// The elevated launcher completed successfully; the registry now reflects the request.
[INFO] [stdout] 30 |     Applied,
[INFO] [stdout]    |     ^^^^^^^
[INFO] [stdout] 31 |     /// The user declined the UAC elevation prompt; nothing was written.
[INFO] [stdout] 32 |     Cancelled,
[INFO] [stdout]    |     ^^^^^^^^^
[INFO] [stdout]    |
[INFO] [stdout]    = note: `IefoWriteOutcome` has derived impls for the traits `Clone` and `Debug`, but these are intentionally ignored during dead code analysis
[INFO] [stdout] 
[INFO] [stdout] 
[INFO] [stdout] warning: constant `RUN_VALUE_NAME` is never used
[INFO] [stdout]   --> crates/core/src/autostart.rs:13:11
[INFO] [stdout]    |
[INFO] [stdout] 13 | pub const RUN_VALUE_NAME: &str = "TronHawkCore";
[INFO] [stdout]    |           ^^^^^^^^^^^^^^
[INFO] [stdout]    |
[INFO] [stdout]    = note: `#[warn(dead_code)]` (part of `#[warn(unused)]`) on by default
[INFO] [stdout] 
[INFO] [stdout] 
[INFO] [stdout] warning: constant `IFEO_REGISTRY_PATH` is never used
[INFO] [stdout]   --> crates/core/src/iefo.rs:19:11
[INFO] [stdout]    |
[INFO] [stdout] 19 | pub const IFEO_REGISTRY_PATH: &str =
[INFO] [stdout]    |           ^^^^^^^^^^^^^^^^^^
[INFO] [stdout] 
[INFO] [stdout] 
[INFO] [stdout] warning: constant `OWNER_VALUE` is never used
[INFO] [stdout]   --> crates/core/src/iefo.rs:22:11
[INFO] [stdout]    |
[INFO] [stdout] 22 | pub const OWNER_VALUE: &str = "TronHawkOwned";
[INFO] [stdout]    |           ^^^^^^^^^^^
[INFO] [stdout] 
[INFO] [stdout] 
[INFO] [stdout] warning: constant `DEBUGGER_VALUE` is never used
[INFO] [stdout]   --> crates/core/src/iefo.rs:24:11
[INFO] [stdout]    |
[INFO] [stdout] 24 | pub const DEBUGGER_VALUE: &str = "Debugger";
[INFO] [stdout]    |           ^^^^^^^^^^^^^^
[INFO] [stdout] 
[INFO] [stdout] 
[INFO] running `Command { std: "docker" "inspect" "9e6f5e7593b3347858ed0612bcf347dd33f97b1e771696fccc68852e63a68f0c", kill_on_drop: false }`
[INFO] running `Command { std: "docker" "rm" "-f" "9e6f5e7593b3347858ed0612bcf347dd33f97b1e771696fccc68852e63a68f0c", kill_on_drop: false }`
[INFO] [stdout] 9e6f5e7593b3347858ed0612bcf347dd33f97b1e771696fccc68852e63a68f0c
