[INFO] cloning repository https://github.com/Zeggia/upsoave-streamer
[INFO] running `Command { std: "git" "-c" "credential.helper=" "-c" "credential.helper=/workspace/cargo-home/bin/git-credential-null" "clone" "--bare" "https://github.com/Zeggia/upsoave-streamer" "/workspace/cache/git-repos/https%3A%2F%2Fgithub.com%2FZeggia%2Fupsoave-streamer", kill_on_drop: false }`
[INFO] [stderr] Cloning into bare repository '/workspace/cache/git-repos/https%3A%2F%2Fgithub.com%2FZeggia%2Fupsoave-streamer'...
[INFO] running `Command { std: "git" "rev-parse" "HEAD", kill_on_drop: false }`
[INFO] [stdout] 1c27dcf8176e780291ff2783444bc1e02bd504c7
[INFO] checking Zeggia/upsoave-streamer against 3154cc1a3e6424e44f438a95007d043ed5ceaaf6+rustflags=-Znext-solver=coherence for pr-133502-30
[INFO] running `Command { std: "git" "clone" "/workspace/cache/git-repos/https%3A%2F%2Fgithub.com%2FZeggia%2Fupsoave-streamer" "/workspace/builds/worker-3-tc1/source", kill_on_drop: false }`
[INFO] [stderr] Cloning into '/workspace/builds/worker-3-tc1/source'...
[INFO] [stderr] done.
[INFO] started tweaking git repo https://github.com/Zeggia/upsoave-streamer
[INFO] finished tweaking git repo https://github.com/Zeggia/upsoave-streamer
[INFO] tweaked toml for git repo https://github.com/Zeggia/upsoave-streamer written to /workspace/builds/worker-3-tc1/source/Cargo.toml
[INFO] validating manifest of git repo https://github.com/Zeggia/upsoave-streamer on toolchain 3154cc1a3e6424e44f438a95007d043ed5ceaaf6
[INFO] running `Command { std: CARGO_HOME="/workspace/cargo-home" RUSTUP_HOME="/workspace/rustup-home" "/workspace/cargo-home/bin/cargo" "+3154cc1a3e6424e44f438a95007d043ed5ceaaf6" "metadata" "--manifest-path" "Cargo.toml" "--no-deps", kill_on_drop: false }`
[INFO] crate git repo https://github.com/Zeggia/upsoave-streamer already has a lockfile, it will not be regenerated
[INFO] running `Command { std: CARGO_HOME="/workspace/cargo-home" RUSTUP_HOME="/workspace/rustup-home" "/workspace/cargo-home/bin/cargo" "+3154cc1a3e6424e44f438a95007d043ed5ceaaf6" "fetch" "--manifest-path" "Cargo.toml", kill_on_drop: false }`
[INFO] [stderr]     Updating crates.io index
[INFO] [stderr]  Downloading crates ...
[INFO] [stderr]   Downloaded v4l v0.14.0
[INFO] [stderr]   Downloaded v4l2-sys-mit v0.3.0
[INFO] [stderr]   Downloaded clang-sys v1.9.1
[INFO] [stderr]   Downloaded gtk4-macros v0.1.0
[INFO] [stderr]   Downloaded cfg-expr v0.20.8
[INFO] [stderr]   Downloaded ffmpeg-sidecar v0.5.1
[INFO] [stderr]   Downloaded pango v0.20.12
[INFO] [stderr]   Downloaded cairo-rs v0.20.12
[INFO] [stderr]   Downloaded gio v0.20.12
[INFO] [stderr]   Downloaded gtk4 v0.9.7
[INFO] running `Command { std: "docker" "create" "-v" "/var/lib/crater-agent-workspace/builds/worker-3-tc1/source:/opt/rustwide/workdir:ro,Z" "-v" "/var/lib/crater-agent-workspace/builds/worker-3-tc1/target:/opt/rustwide/target:rw,Z" "-v" "/var/lib/crater-agent-workspace/cargo-home:/opt/rustwide/cargo-home:ro,Z" "-v" "/var/lib/crater-agent-workspace/rustup-home:/opt/rustwide/rustup-home:ro,Z" "-m" "1610612736" "--network" "none" "ghcr.io/rust-lang/crates-build-env/linux@sha256:77db811e55d90add9212f6832c23229e3de5f1c1f9905e8cb07319ea15df73ac" "sleep" "infinity", kill_on_drop: false }`
[INFO] [stdout] 3019b1528cbac24e8384bc80683809b31e712a1707c575a89a24e010b4d4ce90
[INFO] running `Command { std: "docker" "start" "3019b1528cbac24e8384bc80683809b31e712a1707c575a89a24e010b4d4ce90", kill_on_drop: false }`
[INFO] running `Command { std: "docker" "inspect" "3019b1528cbac24e8384bc80683809b31e712a1707c575a89a24e010b4d4ce90", kill_on_drop: false }`
[INFO] running `Command { std: "docker" "exec" "-e" "SOURCE_DIR=/opt/rustwide/workdir" "-e" "CARGO_HOME=/opt/rustwide/cargo-home" "-e" "RUSTUP_HOME=/opt/rustwide/rustup-home" "-e" "CARGO_TARGET_DIR=/opt/rustwide/target" "-w" "/opt/rustwide/workdir" "--user" "0:0" "3019b1528cbac24e8384bc80683809b31e712a1707c575a89a24e010b4d4ce90" "/opt/rustwide/cargo-home/bin/cargo" "+3154cc1a3e6424e44f438a95007d043ed5ceaaf6" "metadata" "--no-deps" "--format-version=1", kill_on_drop: false }`
[INFO] running `Command { std: "docker" "inspect" "3019b1528cbac24e8384bc80683809b31e712a1707c575a89a24e010b4d4ce90", kill_on_drop: false }`
[INFO] running `Command { std: "docker" "exec" "-e" "SOURCE_DIR=/opt/rustwide/workdir" "-e" "CARGO_HOME=/opt/rustwide/cargo-home" "-e" "RUSTUP_HOME=/opt/rustwide/rustup-home" "-e" "CARGO_TARGET_DIR=/opt/rustwide/target" "-e" "CARGO_INCREMENTAL=0" "-e" "RUST_BACKTRACE=full" "-e" "RUSTFLAGS=--cap-lints=forbid -Znext-solver=coherence" "-e" "RUSTDOCFLAGS=--cap-lints=forbid" "-w" "/opt/rustwide/workdir" "--user" "0:0" "3019b1528cbac24e8384bc80683809b31e712a1707c575a89a24e010b4d4ce90" "/opt/rustwide/cargo-home/bin/cargo" "+3154cc1a3e6424e44f438a95007d043ed5ceaaf6" "check" "--frozen" "--all" "--all-targets" "--message-format=json", kill_on_drop: false }`
[INFO] [stderr]    Compiling winnow v1.0.4
[INFO] [stderr]    Compiling toml_datetime v1.1.1+spec-1.1.0
[INFO] [stderr]    Compiling smallvec v1.15.2
[INFO] [stderr]    Compiling version-compare v0.2.1
[INFO] [stderr]    Compiling find-msvc-tools v0.1.10
[INFO] [stderr]     Checking futures-core v0.3.34
[INFO] [stderr]     Checking futures-sink v0.3.34
[INFO] [stderr]    Compiling futures-macro v0.3.34
[INFO] [stderr]     Checking futures-channel v0.3.34
[INFO] [stderr]    Compiling cc v1.4.2
[INFO] [stderr]    Compiling cfg-expr v0.20.8
[INFO] [stderr]     Checking futures-task v0.3.34
[INFO] [stderr]     Checking futures-io v0.3.34
[INFO] [stderr]    Compiling displaydoc v0.2.7
[INFO] [stderr]     Checking parking_lot_core v0.9.12
[INFO] [stderr]    Compiling serde_core v1.0.229
[INFO] [stderr]    Compiling tokio-macros v2.7.2
[INFO] [stderr]     Checking parking_lot v0.12.5
[INFO] [stderr]     Checking getrandom v0.2.17
[INFO] [stderr]    Compiling glob v0.3.4
[INFO] [stderr]     Checking tokio v1.53.1
[INFO] [stderr]     Checking tinystr v0.8.3
[INFO] [stderr]     Checking futures-util v0.3.34
[INFO] [stderr]    Compiling clang-sys v1.9.1
[INFO] [stderr]     Checking zerotrie v0.2.4
[INFO] [stderr]    Compiling either v1.17.0
[INFO] [stderr]     Checking icu_locale_core v2.2.0
[INFO] [stderr]    Compiling libc v0.2.189
[INFO] [stderr]    Compiling prettyplease v0.2.37
[INFO] [stderr]     Checking icu_collections v2.2.0
[INFO] [stderr]     Checking http v0.2.12
[INFO] [stderr]    Compiling toml_parser v1.1.3+spec-1.1.0
[INFO] [stderr]    Compiling rustix v0.38.44
[INFO] [stderr]    Compiling ring v0.17.14
[INFO] [stderr]    Compiling openssl-sys v0.9.117
[INFO] [stderr]     Checking icu_provider v2.2.0
[INFO] [stderr]     Checking tracing v0.1.44
[INFO] [stderr]    Compiling toml v1.1.4+spec-1.1.0
[INFO] [stderr]    Compiling toml_edit v0.25.13+spec-1.1.0
[INFO] [stderr]    Compiling regex-syntax v0.8.11
[INFO] [stderr]    Compiling bitflags v2.13.1
[INFO] [stderr]    Compiling system-deps v7.0.8
[INFO] [stderr]    Compiling linux-raw-sys v0.4.15
[INFO] [stderr]    Compiling gio v0.20.12
[INFO] [stderr]    Compiling serde v1.0.229
[INFO] [stderr]    Compiling memchr v2.8.3
[INFO] [stderr]    Compiling proc-macro-crate v3.5.0
[INFO] [stderr]    Compiling glib-sys v0.20.10
[INFO] [stderr]    Compiling gobject-sys v0.20.10
[INFO] [stderr]    Compiling gio-sys v0.20.10
[INFO] [stderr]    Compiling glib-macros v0.20.12
[INFO] [stderr]     Checking futures-executor v0.3.34
[INFO] [stderr]    Compiling gdk-pixbuf-sys v0.20.10
[INFO] [stderr]    Compiling pango-sys v0.20.10
[INFO] [stderr]    Compiling cairo-sys-rs v0.20.10
[INFO] [stderr]    Compiling graphene-sys v0.20.10
[INFO] [stderr]    Compiling gdk4-sys v0.9.6
[INFO] [stderr]    Compiling nom v7.1.3
[INFO] [stderr]    Compiling libloading v0.8.9
[INFO] [stderr]    Compiling regex-automata v0.4.18
[INFO] [stderr]    Compiling openssl v0.10.81
[INFO] [stderr]    Compiling bindgen v0.65.1
[INFO] [stderr]    Compiling which v4.4.2
[INFO] [stderr]     Checking icu_normalizer v2.2.0
[INFO] [stderr]     Checking tokio-util v0.7.19
[INFO] [stderr]     Checking icu_properties v2.2.0
[INFO] [stderr]    Compiling cexpr v0.6.0
[INFO] [stderr]    Compiling gsk4-sys v0.9.6
[INFO] [stderr]     Checking h2 v0.3.27
[INFO] [stderr]     Checking http-body v0.4.6
[INFO] [stderr]    Compiling regex v1.13.1
[INFO] [stderr]    Compiling openssl-macros v0.1.1
[INFO] [stderr]     Checking socket2 v0.5.10
[INFO] [stderr]    Compiling serde_json v1.0.151
[INFO] [stderr]     Checking base64 v0.21.7
[INFO] [stderr]    Compiling peeking_take_while v0.1.2
[INFO] [stderr]    Compiling lazycell v1.3.0
[INFO] [stderr]    Compiling rustc-hash v1.1.0
[INFO] [stderr]    Compiling native-tls v0.2.18
[INFO] [stderr]    Compiling rustls v0.21.12
[INFO] [stderr]     Checking rustls-pemfile v1.0.4
[INFO] [stderr]     Checking idna_adapter v1.2.2
[INFO] [stderr]     Checking rustls-webpki v0.101.7
[INFO] [stderr]     Checking sct v0.7.1
[INFO] [stderr]    Compiling memoffset v0.9.1
[INFO] [stderr]    Compiling syn v1.0.109
[INFO] [stderr]     Checking idna v1.1.0
[INFO] [stderr]    Compiling field-offset v0.3.6
[INFO] [stderr]    Compiling gtk4-sys v0.9.6
[INFO] [stderr]    Compiling num-traits v0.2.19
[INFO] [stderr]    Compiling toml_datetime v0.6.11
[INFO] [stderr]    Compiling rustls v0.22.4
[INFO] [stderr]     Checking glib v0.20.12
[INFO] [stderr]    Compiling toml_edit v0.19.15
[INFO] [stderr]     Checking rustls-native-certs v0.6.3
[INFO] [stderr]     Checking hyper v0.14.32
[INFO] [stderr]     Checking tokio-rustls v0.24.1
[INFO] [stderr]     Checking url v2.5.8
[INFO] [stderr]    Compiling proc-macro-error-attr v1.0.4
[INFO] [stderr]     Checking rustls-webpki v0.102.8
[INFO] [stderr]     Checking deranged v0.5.8
[INFO] [stderr]     Checking tokio-native-tls v0.3.1
[INFO] [stderr]     Checking subtle v2.6.1
[INFO] [stderr]    Compiling unicode-segmentation v1.13.3
[INFO] [stderr]    Compiling proc-macro-crate v1.3.1
[INFO] [stderr]     Checking itertools v0.12.1
[INFO] [stderr]     Checking serde_urlencoded v0.7.1
[INFO] [stderr]    Compiling heck v0.3.3
[INFO] [stderr]    Compiling proc-macro-error v1.0.4
[INFO] [stderr]     Checking dirs-sys v0.4.1
[INFO] [stderr]     Checking matchers v0.2.0
[INFO] [stderr]     Checking hyper-rustls v0.24.2
[INFO] [stderr]     Checking hyper-tls v0.5.0
[INFO] [stderr]     Checking time v0.3.55
[INFO] [stderr]    Compiling anyhow v1.0.104
[INFO] [stderr]     Checking tracing-serde v0.2.0
[INFO] [stderr]     Checking futures v0.3.34
[INFO] [stderr]    Compiling gtk4-macros v0.9.5
[INFO] [stderr]    Compiling itertools v0.10.5
[INFO] [stderr]    Compiling async-trait v0.1.92
[INFO] [stderr]     Checking encoding_rs v0.8.35
[INFO] [stderr]     Checking sync_wrapper v0.1.2
[INFO] [stderr]     Checking ipnet v2.12.1
[INFO] [stderr]     Checking tracing-subscriber v0.3.23
[INFO] [stderr]     Checking chrono v0.4.45
[INFO] [stderr]     Checking uuid v1.24.0
[INFO] [stderr]     Checking dirs v5.0.1
[INFO] [stderr]     Checking ffmpeg-sidecar v0.5.1
[INFO] [stderr]     Checking yup-oauth2 v8.3.2
[INFO] [stderr]    Compiling gtk4-macros v0.1.0
[INFO] [stdout] error[E0432]: unresolved import `syn::parse`
[INFO] [stdout]    --> /opt/rustwide/cargo-home/registry/src/index.crates.io-1949cf8c6b5b557f/gtk4-macros-0.1.0/src/attribute_parser.rs:5:10
[INFO] [stdout]     |
[INFO] [stdout]   5 | use syn::parse::Error;
[INFO] [stdout]     |          ^^^^^ could not find `parse` in `syn`
[INFO] [stdout]     |
[INFO] [stdout] note: found an item that was configured out
[INFO] [stdout]    --> /opt/rustwide/cargo-home/registry/src/index.crates.io-1949cf8c6b5b557f/syn-1.0.109/src/lib.rs:805:9
[INFO] [stdout]     |
[INFO] [stdout] 803 | #[cfg(feature = "parsing")]
[INFO] [stdout]     |       ------------------- the item is gated behind the `parsing` feature
[INFO] [stdout] 804 | #[cfg_attr(doc_cfg, doc(cfg(feature = "parsing")))]
[INFO] [stdout] 805 | pub mod parse;
[INFO] [stdout]     |         ^^^^^
[INFO] [stdout] note: found an item that was configured out
[INFO] [stdout]    --> /opt/rustwide/cargo-home/registry/src/index.crates.io-1949cf8c6b5b557f/syn-1.0.109/src/lib.rs:868:8
[INFO] [stdout]     |
[INFO] [stdout] 864 |     feature = "parsing",
[INFO] [stdout]     |     ------------------- the item is gated behind the `parsing` feature
[INFO] [stdout] ...
[INFO] [stdout] 868 | pub fn parse<T: parse::Parse>(tokens: proc_macro::TokenStream) -> Result<T> {
[INFO] [stdout]     |        ^^^^^
[INFO] [stdout] 
[INFO] [stdout] 
[INFO] [stdout] error[E0432]: unresolved import `syn::spanned`
[INFO] [stdout]    --> /opt/rustwide/cargo-home/registry/src/index.crates.io-1949cf8c6b5b557f/gtk4-macros-0.1.0/src/attribute_parser.rs:6:10
[INFO] [stdout]     |
[INFO] [stdout]   6 | use syn::spanned::Spanned;
[INFO] [stdout]     |          ^^^^^^^ could not find `spanned` in `syn`
[INFO] [stdout]     |
[INFO] [stdout] note: found an item that was configured out
[INFO] [stdout]    --> /opt/rustwide/cargo-home/registry/src/index.crates.io-1949cf8c6b5b557f/syn-1.0.109/src/lib.rs:456:9
[INFO] [stdout]     |
[INFO] [stdout] 454 | #[cfg(all(feature = "parsing", feature = "printing"))]
[INFO] [stdout]     |           ------------------- the item is gated behind the `parsing` feature
[INFO] [stdout] 455 | #[cfg_attr(doc_cfg, doc(cfg(all(feature = "parsing", feature = "printing"))))]
[INFO] [stdout] 456 | pub mod spanned;
[INFO] [stdout]     |         ^^^^^^^
[INFO] [stdout] 
[INFO] [stdout] 
[INFO] [stdout] error[E0432]: unresolved import `syn::DeriveInput`
[INFO] [stdout]    --> /opt/rustwide/cargo-home/registry/src/index.crates.io-1949cf8c6b5b557f/gtk4-macros-0.1.0/src/attribute_parser.rs:8:16
[INFO] [stdout]     |
[INFO] [stdout]   8 |     Attribute, DeriveInput, Field, Fields, Ident, Lit, Meta, MetaList, MetaNameValue, NestedMeta,
[INFO] [stdout]     |                ^^^^^^^^^^^ no `DeriveInput` in the root
[INFO] [stdout]     |
[INFO] [stdout] note: found an item that was configured out
[INFO] [stdout]    --> /opt/rustwide/cargo-home/registry/src/index.crates.io-1949cf8c6b5b557f/syn-1.0.109/src/lib.rs:392:64
[INFO] [stdout]     |
[INFO] [stdout] 391 | #[cfg(feature = "derive")]
[INFO] [stdout]     |       ------------------ the item is gated behind the `derive` feature
[INFO] [stdout] 392 | pub use crate::derive::{Data, DataEnum, DataStruct, DataUnion, DeriveInput};
[INFO] [stdout]     |                                                                ^^^^^^^^^^^
[INFO] [stdout] 
[INFO] [stdout] 
[INFO] [stdout] error[E0432]: unresolved import `syn::Data`
[INFO] [stdout]    --> /opt/rustwide/cargo-home/registry/src/index.crates.io-1949cf8c6b5b557f/gtk4-macros-0.1.0/src/composite_template_derive.rs:6:5
[INFO] [stdout]     |
[INFO] [stdout]   6 | use syn::Data;
[INFO] [stdout]     |     ^^^^^----
[INFO] [stdout]     |          |
[INFO] [stdout]     |          no `Data` in the root
[INFO] [stdout]     |
[INFO] [stdout] note: found an item that was configured out
[INFO] [stdout]    --> /opt/rustwide/cargo-home/registry/src/index.crates.io-1949cf8c6b5b557f/syn-1.0.109/src/lib.rs:392:25
[INFO] [stdout]     |
[INFO] [stdout] 391 | #[cfg(feature = "derive")]
[INFO] [stdout]     |       ------------------ the item is gated behind the `derive` feature
[INFO] [stdout] 392 | pub use crate::derive::{Data, DataEnum, DataStruct, DataUnion, DeriveInput};
[INFO] [stdout]     |                         ^^^^
[INFO] [stdout] help: a similar name exists in the module
[INFO] [stdout]     |
[INFO] [stdout]   6 - use syn::Data;
[INFO] [stdout]   6 + use syn::data;
[INFO] [stdout]     |
[INFO] [stdout] 
[INFO] [stdout] 
[INFO] [stdout] error[E0432]: unresolved imports `syn::parse_macro_input`, `syn::DeriveInput`
[INFO] [stdout]    --> /opt/rustwide/cargo-home/registry/src/index.crates.io-1949cf8c6b5b557f/gtk4-macros-0.1.0/src/lib.rs:13:11
[INFO] [stdout]     |
[INFO] [stdout]  13 | use syn::{parse_macro_input, DeriveInput};
[INFO] [stdout]     |           ^^^^^^^^^^^^^^^^^  ^^^^^^^^^^^ no `DeriveInput` in the root
[INFO] [stdout]     |           |
[INFO] [stdout]     |           no `parse_macro_input` in the root
[INFO] [stdout]     |
[INFO] [stdout] note: found an item that was configured out
[INFO] [stdout]    --> /opt/rustwide/cargo-home/registry/src/index.crates.io-1949cf8c6b5b557f/syn-1.0.109/src/lib.rs:452:9
[INFO] [stdout]     |
[INFO] [stdout] 448 |     feature = "parsing",
[INFO] [stdout]     |     ------------------- the item is gated behind the `parsing` feature
[INFO] [stdout] ...
[INFO] [stdout] 452 | pub mod parse_macro_input;
[INFO] [stdout]     |         ^^^^^^^^^^^^^^^^^
[INFO] [stdout] note: found an item that was configured out
[INFO] [stdout]    --> /opt/rustwide/cargo-home/registry/src/index.crates.io-1949cf8c6b5b557f/syn-1.0.109/src/lib.rs:392:64
[INFO] [stdout]     |
[INFO] [stdout] 391 | #[cfg(feature = "derive")]
[INFO] [stdout]     |       ------------------ the item is gated behind the `derive` feature
[INFO] [stdout] 392 | pub use crate::derive::{Data, DataEnum, DataStruct, DataUnion, DeriveInput};
[INFO] [stdout]     |                                                                ^^^^^^^^^^^
[INFO] [stdout] 
[INFO] [stdout] 
[INFO] [stdout] error[E0425]: cannot find type `DeriveInput` in crate `syn`
[INFO] [stdout]    --> /opt/rustwide/cargo-home/registry/src/index.crates.io-1949cf8c6b5b557f/gtk4-macros-0.1.0/src/composite_template_derive.rs:59:45
[INFO] [stdout]     |
[INFO] [stdout]  59 | pub fn impl_composite_template(input: &syn::DeriveInput) -> TokenStream {
[INFO] [stdout]     |                                             ^^^^^^^^^^^ not found in `syn`
[INFO] [stdout]     |
[INFO] [stdout] note: found an item that was configured out
[INFO] [stdout]    --> /opt/rustwide/cargo-home/registry/src/index.crates.io-1949cf8c6b5b557f/syn-1.0.109/src/lib.rs:392:64
[INFO] [stdout]     |
[INFO] [stdout] 391 | #[cfg(feature = "derive")]
[INFO] [stdout]     |       ------------------ the item is gated behind the `derive` feature
[INFO] [stdout] 392 | pub use crate::derive::{Data, DataEnum, DataStruct, DataUnion, DeriveInput};
[INFO] [stdout]     |                                                                ^^^^^^^^^^^
[INFO] [stdout] 
[INFO] [stdout] 
[INFO] [stdout] error[E0599]: no method named `is_ident` found for reference `&syn::Path` in the current scope
[INFO] [stdout]   --> /opt/rustwide/cargo-home/registry/src/index.crates.io-1949cf8c6b5b557f/gtk4-macros-0.1.0/src/attribute_parser.rs:27:15
[INFO] [stdout]    |
[INFO] [stdout] 27 |             p.is_ident("file") || p.is_ident("resource") || p.is_ident("string")
[INFO] [stdout]    |               ^^^^^^^^ method not found in `&syn::Path`
[INFO] [stdout] 
[INFO] [stdout] 
[INFO] [stdout] error[E0599]: no method named `is_ident` found for reference `&syn::Path` in the current scope
[INFO] [stdout]   --> /opt/rustwide/cargo-home/registry/src/index.crates.io-1949cf8c6b5b557f/gtk4-macros-0.1.0/src/attribute_parser.rs:27:37
[INFO] [stdout]    |
[INFO] [stdout] 27 |             p.is_ident("file") || p.is_ident("resource") || p.is_ident("string")
[INFO] [stdout]    |                                     ^^^^^^^^ method not found in `&syn::Path`
[INFO] [stdout] 
[INFO] [stdout] 
[INFO] [stdout] error[E0599]: no method named `is_ident` found for reference `&syn::Path` in the current scope
[INFO] [stdout]   --> /opt/rustwide/cargo-home/registry/src/index.crates.io-1949cf8c6b5b557f/gtk4-macros-0.1.0/src/attribute_parser.rs:27:63
[INFO] [stdout]    |
[INFO] [stdout] 27 |             p.is_ident("file") || p.is_ident("resource") || p.is_ident("string")
[INFO] [stdout]    |                                                               ^^^^^^^^ method not found in `&syn::Path`
[INFO] [stdout] 
[INFO] [stdout] 
[INFO] [stdout] error[E0599]: no method named `is_ident` found for struct `syn::Path` in the current scope
[INFO] [stdout]   --> /opt/rustwide/cargo-home/registry/src/index.crates.io-1949cf8c6b5b557f/gtk4-macros-0.1.0/src/attribute_parser.rs:47:51
[INFO] [stdout]    |
[INFO] [stdout] 47 |     let meta = match attrs.iter().find(|a| a.path.is_ident(attr_name)) {
[INFO] [stdout]    |                                                   ^^^^^^^^ method not found in `syn::Path`
[INFO] [stdout] 
[INFO] [stdout] 
[INFO] [stdout] error[E0599]: no method named `parse_meta` found for reference `&Attribute` in the current scope
[INFO] [stdout]   --> /opt/rustwide/cargo-home/registry/src/index.crates.io-1949cf8c6b5b557f/gtk4-macros-0.1.0/src/attribute_parser.rs:48:22
[INFO] [stdout]    |
[INFO] [stdout] 48 |         Some(a) => a.parse_meta(),
[INFO] [stdout]    |                      ^^^^^^^^^^ method not found in `&Attribute`
[INFO] [stdout] 
[INFO] [stdout] 
[INFO] [stdout] error[E0599]: no method named `get_ident` found for struct `syn::Path` in the current scope
[INFO] [stdout]   --> /opt/rustwide/cargo-home/registry/src/index.crates.io-1949cf8c6b5b557f/gtk4-macros-0.1.0/src/attribute_parser.rs:72:33
[INFO] [stdout]    |
[INFO] [stdout] 72 |     let ident = match meta.path.get_ident() {
[INFO] [stdout]    |                                 ^^^^^^^^^ method not found in `syn::Path`
[INFO] [stdout] 
[INFO] [stdout] 
[INFO] [stdout] error[E0599]: no method named `span` found for reference `&NestedMeta` in the current scope
[INFO] [stdout]    --> /opt/rustwide/cargo-home/registry/src/index.crates.io-1949cf8c6b5b557f/gtk4-macros-0.1.0/src/attribute_parser.rs:120:22
[INFO] [stdout]     |
[INFO] [stdout] 120 |                 meta.span(),
[INFO] [stdout]     |                      ^^^^ method not found in `&NestedMeta`
[INFO] [stdout] 
[INFO] [stdout] 
[INFO] [stdout] error[E0599]: no method named `span` found for reference `&syn::Meta` in the current scope
[INFO] [stdout]    --> /opt/rustwide/cargo-home/registry/src/index.crates.io-1949cf8c6b5b557f/gtk4-macros-0.1.0/src/attribute_parser.rs:129:22
[INFO] [stdout]     |
[INFO] [stdout] 129 |                 meta.span(),
[INFO] [stdout]     |                      ^^^^ method not found in `&syn::Meta`
[INFO] [stdout] 
[INFO] [stdout] 
[INFO] [stdout] error[E0599]: no method named `get_ident` found for struct `syn::Path` in the current scope
[INFO] [stdout]    --> /opt/rustwide/cargo-home/registry/src/index.crates.io-1949cf8c6b5b557f/gtk4-macros-0.1.0/src/attribute_parser.rs:134:39
[INFO] [stdout]     |
[INFO] [stdout] 134 |     let ident = match name_value.path.get_ident() {
[INFO] [stdout]     |                                       ^^^^^^^^^ method not found in `syn::Path`
[INFO] [stdout] 
[INFO] [stdout] 
[INFO] [stdout] error[E0599]: no method named `span` found for struct `syn::Path` in the current scope
[INFO] [stdout]    --> /opt/rustwide/cargo-home/registry/src/index.crates.io-1949cf8c6b5b557f/gtk4-macros-0.1.0/src/attribute_parser.rs:137:33
[INFO] [stdout]     |
[INFO] [stdout] 137 |                 name_value.path.span(),
[INFO] [stdout]     |                                 ^^^^ method not found in `syn::Path`
[INFO] [stdout] 
[INFO] [stdout] 
[INFO] [stderr]     Checking reqwest v0.11.27
[INFO] [stdout] error[E0599]: no method named `span` found for type `!` in the current scope
[INFO] [stdout]    --> /opt/rustwide/cargo-home/registry/src/index.crates.io-1949cf8c6b5b557f/gtk4-macros-0.1.0/src/attribute_parser.rs:146:15
[INFO] [stdout]     |
[INFO] [stdout] 146 |         ident.span(),
[INFO] [stdout]     |               ^^^^ method not found in `!`
[INFO] [stdout] 
[INFO] [stdout] 
[INFO] [stdout] error[E0599]: no method named `parse_meta` found for reference `&Attribute` in the current scope
[INFO] [stdout]    --> /opt/rustwide/cargo-home/registry/src/index.crates.io-1949cf8c6b5b557f/gtk4-macros-0.1.0/src/attribute_parser.rs:164:16
[INFO] [stdout]     |
[INFO] [stdout] 164 |     match attr.parse_meta()? {
[INFO] [stdout]     |                ^^^^^^^^^^ method not found in `&Attribute`
[INFO] [stdout] 
[INFO] [stdout] 
[INFO] [stdout] error[E0599]: no method named `span` found for reference `&NestedMeta` in the current scope
[INFO] [stdout]    --> /opt/rustwide/cargo-home/registry/src/index.crates.io-1949cf8c6b5b557f/gtk4-macros-0.1.0/src/attribute_parser.rs:172:34
[INFO] [stdout]     |
[INFO] [stdout] 172 | ...                   meta.span(),
[INFO] [stdout]     |                            ^^^^ method not found in `&NestedMeta`
[INFO] [stdout] 
[INFO] [stdout] 
[INFO] [stdout] error[E0599]: no method named `span` found for reference `&syn::Field` in the current scope
[INFO] [stdout]    --> /opt/rustwide/cargo-home/registry/src/index.crates.io-1949cf8c6b5b557f/gtk4-macros-0.1.0/src/attribute_parser.rs:197:45
[INFO] [stdout]     |
[INFO] [stdout] 197 |         None => return Err(Error::new(field.span(), "expected identifier")),
[INFO] [stdout]     |                                             ^^^^ method not found in `&syn::Field`
[INFO] [stdout] 
[INFO] [stdout] 
[INFO] [stdout] error[E0599]: no method named `span` found for reference `&Attribute` in the current scope
[INFO] [stdout]    --> /opt/rustwide/cargo-home/registry/src/index.crates.io-1949cf8c6b5b557f/gtk4-macros-0.1.0/src/attribute_parser.rs:204:31
[INFO] [stdout]     |
[INFO] [stdout] 204 |         let span = field_attr.span();
[INFO] [stdout]     |                               ^^^^ method not found in `&Attribute`
[INFO] [stdout] 
[INFO] [stdout] 
[INFO] [stdout] error[E0599]: no method named `span` found for struct `syn::Path` in the current scope
[INFO] [stdout]    --> /opt/rustwide/cargo-home/registry/src/index.crates.io-1949cf8c6b5b557f/gtk4-macros-0.1.0/src/attribute_parser.rs:205:41
[INFO] [stdout]     |
[INFO] [stdout] 205 |         let path_span = field_attr.path.span();
[INFO] [stdout]     |                                         ^^^^ method not found in `syn::Path`
[INFO] [stdout] 
[INFO] [stdout] 
[INFO] [stdout] error[E0599]: no method named `is_ident` found for struct `syn::Path` in the current scope
[INFO] [stdout]    --> /opt/rustwide/cargo-home/registry/src/index.crates.io-1949cf8c6b5b557f/gtk4-macros-0.1.0/src/attribute_parser.rs:206:37
[INFO] [stdout]     |
[INFO] [stdout] 206 |         let ty = if field_attr.path.is_ident("template_child") {
[INFO] [stdout]     |                                     ^^^^^^^^ method not found in `syn::Path`
[INFO] [stdout] 
[INFO] [stdout] 
[INFO] [stdout] error[E0308]: mismatched types
[INFO] [stdout]    --> /opt/rustwide/cargo-home/registry/src/index.crates.io-1949cf8c6b5b557f/gtk4-macros-0.1.0/src/attribute_parser.rs:234:17
[INFO] [stdout]     |
[INFO] [stdout] 234 |             ty: ty.clone(),
[INFO] [stdout]     |                 ^^^^^^^^^^ expected `Type`, found `&Type`
[INFO] [stdout]     |
[INFO] [stdout] note: `syn::Type` does not implement `Clone`, so `&syn::Type` was cloned instead
[INFO] [stdout]    --> /opt/rustwide/cargo-home/registry/src/index.crates.io-1949cf8c6b5b557f/gtk4-macros-0.1.0/src/attribute_parser.rs:234:17
[INFO] [stdout]     |
[INFO] [stdout] 234 |             ty: ty.clone(),
[INFO] [stdout]     |                 ^^
[INFO] [stdout] 
[INFO] [stdout] 
[INFO] [stdout] Some errors have detailed explanations: E0308, E0425, E0432, E0599.
[INFO] [stdout] 
[INFO] [stdout] For more information about an error, try `rustc --explain E0308`.
[INFO] [stdout] 
[INFO] [stderr] error: could not compile `gtk4-macros` (lib) due to 24 previous errors; 2 warnings emitted
[INFO] [stderr] warning: build failed, waiting for other jobs to finish...
[INFO] running `Command { std: "docker" "inspect" "3019b1528cbac24e8384bc80683809b31e712a1707c575a89a24e010b4d4ce90", kill_on_drop: false }`
[INFO] running `Command { std: "docker" "rm" "-f" "3019b1528cbac24e8384bc80683809b31e712a1707c575a89a24e010b4d4ce90", kill_on_drop: false }`
[INFO] [stdout] 3019b1528cbac24e8384bc80683809b31e712a1707c575a89a24e010b4d4ce90
