[INFO] cloning repository https://github.com/Zaxaerith/chess-rust
[INFO] running `Command { std: "git" "-c" "credential.helper=" "-c" "credential.helper=/workspace/cargo-home/bin/git-credential-null" "clone" "--bare" "https://github.com/Zaxaerith/chess-rust" "/workspace/cache/git-repos/https%3A%2F%2Fgithub.com%2FZaxaerith%2Fchess-rust", kill_on_drop: false }`
[INFO] [stderr] Cloning into bare repository '/workspace/cache/git-repos/https%3A%2F%2Fgithub.com%2FZaxaerith%2Fchess-rust'...
[INFO] running `Command { std: "git" "rev-parse" "HEAD", kill_on_drop: false }`
[INFO] [stdout] 4621edecf3d65d10359a9b06a74cdf6432a19d2b
[INFO] checking Zaxaerith/chess-rust against 3154cc1a3e6424e44f438a95007d043ed5ceaaf6+rustflags=-Znext-solver=coherence for pr-133502-30
[INFO] running `Command { std: "git" "clone" "/workspace/cache/git-repos/https%3A%2F%2Fgithub.com%2FZaxaerith%2Fchess-rust" "/workspace/builds/worker-5-tc1/source", kill_on_drop: false }`
[INFO] [stderr] Cloning into '/workspace/builds/worker-5-tc1/source'...
[INFO] [stderr] done.
[INFO] started tweaking git repo https://github.com/Zaxaerith/chess-rust
[INFO] finished tweaking git repo https://github.com/Zaxaerith/chess-rust
[INFO] tweaked toml for git repo https://github.com/Zaxaerith/chess-rust written to /workspace/builds/worker-5-tc1/source/Cargo.toml
[INFO] validating manifest of git repo https://github.com/Zaxaerith/chess-rust on toolchain 3154cc1a3e6424e44f438a95007d043ed5ceaaf6
[INFO] running `Command { std: CARGO_HOME="/workspace/cargo-home" RUSTUP_HOME="/workspace/rustup-home" "/workspace/cargo-home/bin/cargo" "+3154cc1a3e6424e44f438a95007d043ed5ceaaf6" "metadata" "--manifest-path" "Cargo.toml" "--no-deps", kill_on_drop: false }`
[INFO] crate git repo https://github.com/Zaxaerith/chess-rust already has a lockfile, it will not be regenerated
[INFO] running `Command { std: CARGO_HOME="/workspace/cargo-home" RUSTUP_HOME="/workspace/rustup-home" "/workspace/cargo-home/bin/cargo" "+3154cc1a3e6424e44f438a95007d043ed5ceaaf6" "fetch" "--manifest-path" "Cargo.toml", kill_on_drop: false }`
[INFO] [stderr]     Updating crates.io index
[INFO] [stderr]  Downloading crates ...
[INFO] [stderr]   Downloaded rand_xorshift v0.1.1
[INFO] [stderr]   Downloaded pleco v0.5.0
[INFO] [stderr]   Downloaded rand_core v0.3.1
[INFO] [stderr]   Downloaded fuchsia-cprng v0.1.1
[INFO] [stderr]   Downloaded wayland-sys v0.29.5
[INFO] [stderr]   Downloaded btoi v0.4.3
[INFO] [stderr]   Downloaded rand_isaac v0.1.1
[INFO] [stderr]   Downloaded rand_chacha v0.1.1
[INFO] [stderr]   Downloaded mucow v0.1.0
[INFO] [stderr]   Downloaded wayland-cursor v0.29.5
[INFO] [stderr]   Downloaded autocfg v0.1.8
[INFO] [stderr]   Downloaded rdrand v0.4.0
[INFO] [stderr]   Downloaded rand_hc v0.1.0
[INFO] [stderr]   Downloaded rand_pcg v0.1.2
[INFO] [stderr]   Downloaded rand_os v0.1.3
[INFO] [stderr]   Downloaded rand_core v0.4.2
[INFO] [stderr]   Downloaded cloudabi v0.0.3
[INFO] [stderr]   Downloaded rand_jitter v0.1.4
[INFO] [stderr]   Downloaded wayland-scanner v0.29.5
[INFO] [stderr]   Downloaded rand v0.6.5
[INFO] [stderr]   Downloaded wayland-commons v0.29.5
[INFO] [stderr]   Downloaded wayland-client v0.29.5
[INFO] [stderr]   Downloaded minifb v0.27.0
[INFO] [stderr]   Downloaded wayland-protocols v0.29.5
[INFO] [stderr]   Downloaded shakmaty v0.27.3
[INFO] running `Command { std: "docker" "create" "-v" "/var/lib/crater-agent-workspace/builds/worker-5-tc1/source:/opt/rustwide/workdir:ro,Z" "-v" "/var/lib/crater-agent-workspace/builds/worker-5-tc1/target:/opt/rustwide/target:rw,Z" "-v" "/var/lib/crater-agent-workspace/cargo-home:/opt/rustwide/cargo-home:ro,Z" "-v" "/var/lib/crater-agent-workspace/rustup-home:/opt/rustwide/rustup-home:ro,Z" "-m" "1610612736" "--network" "none" "ghcr.io/rust-lang/crates-build-env/linux@sha256:77db811e55d90add9212f6832c23229e3de5f1c1f9905e8cb07319ea15df73ac" "sleep" "infinity", kill_on_drop: false }`
[INFO] [stdout] 5041ce09e3bd222cf3b22fbfcb0b64f5156de6ffd925ddaaf4231ce2f4557657
[INFO] running `Command { std: "docker" "start" "5041ce09e3bd222cf3b22fbfcb0b64f5156de6ffd925ddaaf4231ce2f4557657", kill_on_drop: false }`
[INFO] running `Command { std: "docker" "inspect" "5041ce09e3bd222cf3b22fbfcb0b64f5156de6ffd925ddaaf4231ce2f4557657", kill_on_drop: false }`
[INFO] running `Command { std: "docker" "exec" "-e" "SOURCE_DIR=/opt/rustwide/workdir" "-e" "CARGO_HOME=/opt/rustwide/cargo-home" "-e" "RUSTUP_HOME=/opt/rustwide/rustup-home" "-e" "CARGO_TARGET_DIR=/opt/rustwide/target" "-w" "/opt/rustwide/workdir" "--user" "0:0" "5041ce09e3bd222cf3b22fbfcb0b64f5156de6ffd925ddaaf4231ce2f4557657" "/opt/rustwide/cargo-home/bin/cargo" "+3154cc1a3e6424e44f438a95007d043ed5ceaaf6" "metadata" "--no-deps" "--format-version=1", kill_on_drop: false }`
[INFO] running `Command { std: "docker" "inspect" "5041ce09e3bd222cf3b22fbfcb0b64f5156de6ffd925ddaaf4231ce2f4557657", kill_on_drop: false }`
[INFO] running `Command { std: "docker" "exec" "-e" "SOURCE_DIR=/opt/rustwide/workdir" "-e" "CARGO_HOME=/opt/rustwide/cargo-home" "-e" "RUSTUP_HOME=/opt/rustwide/rustup-home" "-e" "CARGO_TARGET_DIR=/opt/rustwide/target" "-e" "CARGO_INCREMENTAL=0" "-e" "RUST_BACKTRACE=full" "-e" "RUSTFLAGS=--cap-lints=forbid -Znext-solver=coherence" "-e" "RUSTDOCFLAGS=--cap-lints=forbid" "-w" "/opt/rustwide/workdir" "--user" "0:0" "5041ce09e3bd222cf3b22fbfcb0b64f5156de6ffd925ddaaf4231ce2f4557657" "/opt/rustwide/cargo-home/bin/cargo" "+3154cc1a3e6424e44f438a95007d043ed5ceaaf6" "check" "--frozen" "--all" "--all-targets" "--message-format=json", kill_on_drop: false }`
[INFO] [stderr]    Compiling libc v0.2.189
[INFO] [stderr]    Compiling autocfg v0.1.8
[INFO] [stderr]     Checking rand_core v0.4.2
[INFO] [stderr]    Compiling xml-rs v0.8.29
[INFO] [stderr]    Compiling memoffset v0.6.5
[INFO] [stderr]    Compiling wayland-sys v0.29.5
[INFO] [stderr]     Checking smallvec v1.15.2
[INFO] [stderr]    Compiling find-msvc-tools v0.1.10
[INFO] [stderr]    Compiling rand_chacha v0.1.1
[INFO] [stderr]    Compiling rand_pcg v0.1.2
[INFO] [stderr]     Checking rand_core v0.3.1
[INFO] [stderr]     Checking simd-adler32 v0.3.10
[INFO] [stderr]    Compiling cc v1.4.2
[INFO] [stderr]    Compiling rand v0.6.5
[INFO] [stderr]    Compiling x11-dl v2.21.0
[INFO] [stderr]     Checking rustix v1.1.4
[INFO] [stderr]     Checking miniz_oxide v0.8.9
[INFO] [stderr]     Checking rand_isaac v0.1.1
[INFO] [stderr]     Checking rand_hc v0.1.0
[INFO] [stderr]     Checking rand_xorshift v0.1.1
[INFO] [stderr]     Checking rand_jitter v0.1.4
[INFO] [stderr]     Checking xcursor v0.3.11
[INFO] [stderr]     Checking btoi v0.4.3
[INFO] [stderr]     Checking fdeflate v0.3.7
[INFO] [stderr]    Compiling chess_rust v0.1.3 (/opt/rustwide/workdir)
[INFO] [stderr]     Checking arrayvec v0.7.8
[INFO] [stderr]     Checking mucow v0.1.0
[INFO] [stderr]     Checking flate2 v1.1.9
[INFO] [stderr]    Compiling wayland-scanner v0.29.5
[INFO] [stderr]     Checking shakmaty v0.27.3
[INFO] [stderr]     Checking png v0.17.16
[INFO] [stderr]    Compiling minifb v0.27.0
[INFO] [stderr]    Compiling wayland-client v0.29.5
[INFO] [stderr]    Compiling wayland-protocols v0.29.5
[INFO] [stderr]     Checking nix v0.24.3
[INFO] [stderr]     Checking getrandom v0.4.3
[INFO] [stderr]     Checking rand_os v0.1.3
[INFO] [stderr]     Checking num_cpus v1.17.0
[INFO] [stderr]     Checking tempfile v3.27.0
[INFO] [stderr]     Checking pleco v0.5.0
[INFO] [stderr]     Checking wayland-commons v0.29.5
[INFO] [stderr]     Checking wayland-cursor v0.29.5
[INFO] [stdout] error[E0433]: cannot find module or crate `winapi` in this scope
[INFO] [stdout]  --> src/display.rs:1:5
[INFO] [stdout]   |
[INFO] [stdout] 1 | use winapi::um::wingdi::DEVMODEW;
[INFO] [stdout]   |     ^^^^^^ use of unresolved module or unlinked crate `winapi`
[INFO] [stdout]   |
[INFO] [stdout]   = help: if you wanted to use a crate named `winapi`, use `cargo add winapi` to add it to your `Cargo.toml`
[INFO] [stdout] 
[INFO] [stdout] 
[INFO] [stdout] error[E0433]: cannot find module or crate `winapi` in this scope
[INFO] [stdout]  --> src/display.rs:2:5
[INFO] [stdout]   |
[INFO] [stdout] 2 | use winapi::um::winuser::{EnumDisplaySettingsW, GetSystemMetrics, SM_CXSCREEN, SM_CYSCREEN};
[INFO] [stdout]   |     ^^^^^^ use of unresolved module or unlinked crate `winapi`
[INFO] [stdout]   |
[INFO] [stdout]   = help: if you wanted to use a crate named `winapi`, use `cargo add winapi` to add it to your `Cargo.toml`
[INFO] [stdout] 
[INFO] [stdout] 
[INFO] [stdout] error[E0433]: cannot find module or crate `winapi` in this scope
[INFO] [stdout]  --> src/display.rs:1:5
[INFO] [stdout]   |
[INFO] [stdout] 1 | use winapi::um::wingdi::DEVMODEW;
[INFO] [stdout]   |     ^^^^^^ use of unresolved module or unlinked crate `winapi`
[INFO] [stdout]   |
[INFO] [stdout]   = help: if you wanted to use a crate named `winapi`, use `cargo add winapi` to add it to your `Cargo.toml`
[INFO] [stdout] 
[INFO] [stdout] 
[INFO] [stdout] error[E0433]: cannot find module or crate `winapi` in this scope
[INFO] [stdout]  --> src/display.rs:2:5
[INFO] [stdout]   |
[INFO] [stdout] 2 | use winapi::um::winuser::{EnumDisplaySettingsW, GetSystemMetrics, SM_CXSCREEN, SM_CYSCREEN};
[INFO] [stdout]   |     ^^^^^^ use of unresolved module or unlinked crate `winapi`
[INFO] [stdout]   |
[INFO] [stdout]   = help: if you wanted to use a crate named `winapi`, use `cargo add winapi` to add it to your `Cargo.toml`
[INFO] [stdout] 
[INFO] [stdout] 
[INFO] [stdout] error[E0425]: cannot find function `set_native_window_icons` in this scope
[INFO] [stdout]     --> src/main.rs:1101:5
[INFO] [stdout]      |
[INFO] [stdout] 1101 |     set_native_window_icons(&window);
[INFO] [stdout]      |     ^^^^^^^^^^^^^^^^^^^^^^^ not found in this scope
[INFO] [stdout]      |
[INFO] [stdout] note: found an item that was configured out
[INFO] [stdout]     --> src/main.rs:1031:4
[INFO] [stdout]      |
[INFO] [stdout] 1030 | #[cfg(target_os = "windows")]
[INFO] [stdout]      |       --------------------- the item is gated behind the `windows` feature
[INFO] [stdout] 1031 | fn set_native_window_icons(window: &Window) {
[INFO] [stdout]      |    ^^^^^^^^^^^^^^^^^^^^^^^
[INFO] [stdout] 
[INFO] [stdout] 
[INFO] [stdout] error[E0425]: cannot find function `resize_native_window` in this scope
[INFO] [stdout]     --> src/main.rs:1135:13
[INFO] [stdout]      |
[INFO] [stdout] 1135 |             resize_native_window(&window, width, height);
[INFO] [stdout]      |             ^^^^^^^^^^^^^^^^^^^^ not found in this scope
[INFO] [stdout]      |
[INFO] [stdout] note: found an item that was configured out
[INFO] [stdout]     --> src/main.rs:999:4
[INFO] [stdout]      |
[INFO] [stdout]  998 | #[cfg(target_os = "windows")]
[INFO] [stdout]      |       --------------------- the item is gated behind the `windows` feature
[INFO] [stdout]  999 | fn resize_native_window(window: &Window, client_width: u32, client_height: u32) {
[INFO] [stdout]      |    ^^^^^^^^^^^^^^^^^^^^
[INFO] [stdout] 
[INFO] [stdout] 
[INFO] [stdout] error[E0425]: cannot find function `set_native_window_icons` in this scope
[INFO] [stdout]     --> src/main.rs:1101:5
[INFO] [stdout]      |
[INFO] [stdout] 1101 |     set_native_window_icons(&window);
[INFO] [stdout]      |     ^^^^^^^^^^^^^^^^^^^^^^^ not found in this scope
[INFO] [stdout]      |
[INFO] [stdout] note: found an item that was configured out
[INFO] [stdout]     --> src/main.rs:1031:4
[INFO] [stdout]      |
[INFO] [stdout] 1030 | #[cfg(target_os = "windows")]
[INFO] [stdout]      |       --------------------- the item is gated behind the `windows` feature
[INFO] [stdout] 1031 | fn set_native_window_icons(window: &Window) {
[INFO] [stdout]      |    ^^^^^^^^^^^^^^^^^^^^^^^
[INFO] [stdout] 
[INFO] [stdout] 
[INFO] [stdout] error[E0425]: cannot find function `resize_native_window` in this scope
[INFO] [stdout]     --> src/main.rs:1135:13
[INFO] [stdout]      |
[INFO] [stdout] 1135 |             resize_native_window(&window, width, height);
[INFO] [stdout]      |             ^^^^^^^^^^^^^^^^^^^^ not found in this scope
[INFO] [stdout]      |
[INFO] [stdout] note: found an item that was configured out
[INFO] [stdout]     --> src/main.rs:999:4
[INFO] [stdout]      |
[INFO] [stdout]  998 | #[cfg(target_os = "windows")]
[INFO] [stdout]      |       --------------------- the item is gated behind the `windows` feature
[INFO] [stdout]  999 | fn resize_native_window(window: &Window, client_width: u32, client_height: u32) {
[INFO] [stdout]      |    ^^^^^^^^^^^^^^^^^^^^
[INFO] [stdout] 
[INFO] [stdout] 
[INFO] [stdout] Some errors have detailed explanations: E0425, E0433.
[INFO] [stdout] 
[INFO] [stdout] For more information about an error, try `rustc --explain E0425`.
[INFO] [stdout] 
[INFO] [stderr] error: could not compile `chess_rust` (bin "chess_rust") due to 4 previous errors
[INFO] [stderr] warning: build failed, waiting for other jobs to finish...
[INFO] [stdout] Some errors have detailed explanations: E0425, E0433.
[INFO] [stdout] 
[INFO] [stdout] For more information about an error, try `rustc --explain E0425`.
[INFO] [stdout] 
[INFO] [stderr] error: could not compile `chess_rust` (bin "chess_rust" test) due to 4 previous errors
[INFO] running `Command { std: "docker" "inspect" "5041ce09e3bd222cf3b22fbfcb0b64f5156de6ffd925ddaaf4231ce2f4557657", kill_on_drop: false }`
[INFO] running `Command { std: "docker" "rm" "-f" "5041ce09e3bd222cf3b22fbfcb0b64f5156de6ffd925ddaaf4231ce2f4557657", kill_on_drop: false }`
[INFO] [stdout] 5041ce09e3bd222cf3b22fbfcb0b64f5156de6ffd925ddaaf4231ce2f4557657
