[INFO] cloning repository https://github.com/ZackAstra/Findex
[INFO] running `Command { std: "git" "-c" "credential.helper=" "-c" "credential.helper=/workspace/cargo-home/bin/git-credential-null" "clone" "--bare" "https://github.com/ZackAstra/Findex" "/workspace/cache/git-repos/https%3A%2F%2Fgithub.com%2FZackAstra%2FFindex", kill_on_drop: false }`
[INFO] [stderr] Cloning into bare repository '/workspace/cache/git-repos/https%3A%2F%2Fgithub.com%2FZackAstra%2FFindex'...
[INFO] running `Command { std: "git" "rev-parse" "HEAD", kill_on_drop: false }`
[INFO] [stdout] d96e3a4a342d8b926835564ff00125f20fd0e9c4
[INFO] checking ZackAstra/Findex against 3154cc1a3e6424e44f438a95007d043ed5ceaaf6+rustflags=-Znext-solver=coherence for pr-133502-30
[INFO] running `Command { std: "git" "clone" "/workspace/cache/git-repos/https%3A%2F%2Fgithub.com%2FZackAstra%2FFindex" "/workspace/builds/worker-3-tc1/source", kill_on_drop: false }`
[INFO] [stderr] Cloning into '/workspace/builds/worker-3-tc1/source'...
[INFO] [stderr] done.
[INFO] started tweaking git repo https://github.com/ZackAstra/Findex
[INFO] finished tweaking git repo https://github.com/ZackAstra/Findex
[INFO] tweaked toml for git repo https://github.com/ZackAstra/Findex written to /workspace/builds/worker-3-tc1/source/Cargo.toml
[INFO] validating manifest of git repo https://github.com/ZackAstra/Findex on toolchain 3154cc1a3e6424e44f438a95007d043ed5ceaaf6
[INFO] running `Command { std: CARGO_HOME="/workspace/cargo-home" RUSTUP_HOME="/workspace/rustup-home" "/workspace/cargo-home/bin/cargo" "+3154cc1a3e6424e44f438a95007d043ed5ceaaf6" "metadata" "--manifest-path" "Cargo.toml" "--no-deps", kill_on_drop: false }`
[INFO] crate git repo https://github.com/ZackAstra/Findex already has a lockfile, it will not be regenerated
[INFO] running `Command { std: CARGO_HOME="/workspace/cargo-home" RUSTUP_HOME="/workspace/rustup-home" "/workspace/cargo-home/bin/cargo" "+3154cc1a3e6424e44f438a95007d043ed5ceaaf6" "fetch" "--manifest-path" "Cargo.toml", kill_on_drop: false }`
[INFO] [stderr] warning: unused field `description` in `workspace.package`
[INFO] [stderr]   --> Cargo.toml:11:1
[INFO] [stderr]    |
[INFO] [stderr] 11 | description = "Findex - Fast Windows file search tool"
[INFO] [stderr]    | ^^^^^^^^^^^
[INFO] [stderr]    |
[INFO] [stderr]    = note: `cargo::unused_workspace_package_fields` is set to `warn` by default
[INFO] [stderr] help: consider removing the field `workspace.package.description`
[INFO] [stderr] warning: workspace (manifest) generated 1 warning
[INFO] [stderr]  Downloading crates ...
[INFO] [stderr]   Downloaded ecolor v0.27.2
[INFO] [stderr]   Downloaded emath v0.27.2
[INFO] [stderr]   Downloaded egui v0.27.2
[INFO] [stderr]   Downloaded epaint v0.27.2
[INFO] running `Command { std: "docker" "create" "-v" "/var/lib/crater-agent-workspace/builds/worker-3-tc1/source:/opt/rustwide/workdir:ro,Z" "-v" "/var/lib/crater-agent-workspace/builds/worker-3-tc1/target:/opt/rustwide/target:rw,Z" "-v" "/var/lib/crater-agent-workspace/cargo-home:/opt/rustwide/cargo-home:ro,Z" "-v" "/var/lib/crater-agent-workspace/rustup-home:/opt/rustwide/rustup-home:ro,Z" "-m" "1610612736" "--network" "none" "ghcr.io/rust-lang/crates-build-env/linux@sha256:77db811e55d90add9212f6832c23229e3de5f1c1f9905e8cb07319ea15df73ac" "sleep" "infinity", kill_on_drop: false }`
[INFO] [stdout] 8bb4db665f37528339e65c9e9d7fbeaaeab2b64a454a81dfb62cec2d2c117be0
[INFO] running `Command { std: "docker" "start" "8bb4db665f37528339e65c9e9d7fbeaaeab2b64a454a81dfb62cec2d2c117be0", kill_on_drop: false }`
[INFO] running `Command { std: "docker" "inspect" "8bb4db665f37528339e65c9e9d7fbeaaeab2b64a454a81dfb62cec2d2c117be0", kill_on_drop: false }`
[INFO] running `Command { std: "docker" "exec" "-e" "SOURCE_DIR=/opt/rustwide/workdir" "-e" "CARGO_HOME=/opt/rustwide/cargo-home" "-e" "RUSTUP_HOME=/opt/rustwide/rustup-home" "-e" "CARGO_TARGET_DIR=/opt/rustwide/target" "-w" "/opt/rustwide/workdir" "--user" "0:0" "8bb4db665f37528339e65c9e9d7fbeaaeab2b64a454a81dfb62cec2d2c117be0" "/opt/rustwide/cargo-home/bin/cargo" "+3154cc1a3e6424e44f438a95007d043ed5ceaaf6" "metadata" "--no-deps" "--format-version=1", kill_on_drop: false }`
[INFO] running `Command { std: "docker" "inspect" "8bb4db665f37528339e65c9e9d7fbeaaeab2b64a454a81dfb62cec2d2c117be0", kill_on_drop: false }`
[INFO] running `Command { std: "docker" "exec" "-e" "SOURCE_DIR=/opt/rustwide/workdir" "-e" "CARGO_HOME=/opt/rustwide/cargo-home" "-e" "RUSTUP_HOME=/opt/rustwide/rustup-home" "-e" "CARGO_TARGET_DIR=/opt/rustwide/target" "-e" "CARGO_INCREMENTAL=0" "-e" "RUST_BACKTRACE=full" "-e" "RUSTFLAGS=--cap-lints=forbid -Znext-solver=coherence" "-e" "RUSTDOCFLAGS=--cap-lints=forbid" "-w" "/opt/rustwide/workdir" "--user" "0:0" "8bb4db665f37528339e65c9e9d7fbeaaeab2b64a454a81dfb62cec2d2c117be0" "/opt/rustwide/cargo-home/bin/cargo" "+3154cc1a3e6424e44f438a95007d043ed5ceaaf6" "check" "--frozen" "--all" "--all-targets" "--message-format=json", kill_on_drop: false }`
[INFO] [stderr] warning: unused field `description` in `workspace.package`
[INFO] [stderr]   --> Cargo.toml:11:1
[INFO] [stderr]    |
[INFO] [stderr] 11 | description = "Findex - Fast Windows file search tool"
[INFO] [stderr]    | ^^^^^^^^^^^
[INFO] [stderr]    |
[INFO] [stderr]    = note: `cargo::unused_workspace_package_fields` is set to `warn` by default
[INFO] [stderr] help: consider removing the field `workspace.package.description`
[INFO] [stderr] warning: workspace (manifest) generated 1 warning
[INFO] [stderr]     Checking ttf-parser v0.25.1
[INFO] [stderr]     Checking smallvec v1.15.2
[INFO] [stderr]    Compiling ahash v0.8.12
[INFO] [stderr]     Checking ab_glyph_rasterizer v0.1.10
[INFO] [stderr]     Checking once_cell v1.21.4
[INFO] [stderr]     Checking emath v0.27.2
[INFO] [stderr]     Checking ecolor v0.27.2
[INFO] [stderr]     Checking findex-engine v0.3.1 (/opt/rustwide/workdir/engine)
[INFO] [stdout] error[E0433]: cannot find `windows` in `os`
[INFO] [stdout]  --> engine/src/ffi.rs:7:14
[INFO] [stdout]   |
[INFO] [stdout] 7 | use std::os::windows::ffi::OsStrExt;
[INFO] [stdout]   |              ^^^^^^^ could not find `windows` in `os`
[INFO] [stdout]   |
[INFO] [stdout] note: found an item that was configured out
[INFO] [stdout]  --> /rustc/3154cc1a3e6424e44f438a95007d043ed5ceaaf6/library/std/src/os/mod.rs:62:4
[INFO] [stdout]   |
[INFO] [stdout]   = note: the item is gated behind the `windows` feature
[INFO] [stdout] 
[INFO] [stdout] 
[INFO] [stdout] error[E0433]: cannot find `windows` in `os`
[INFO] [stdout]  --> engine/src/walker.rs:2:14
[INFO] [stdout]   |
[INFO] [stdout] 2 | use std::os::windows::fs::MetadataExt;
[INFO] [stdout]   |              ^^^^^^^ could not find `windows` in `os`
[INFO] [stdout]   |
[INFO] [stdout] note: found an item that was configured out
[INFO] [stdout]  --> /rustc/3154cc1a3e6424e44f438a95007d043ed5ceaaf6/library/std/src/os/mod.rs:62:4
[INFO] [stdout]   |
[INFO] [stdout]   = note: the item is gated behind the `windows` feature
[INFO] [stdout] 
[INFO] [stdout] 
[INFO] [stdout] error[E0433]: cannot find `windows` in `os`
[INFO] [stdout]  --> engine/src/ffi.rs:7:14
[INFO] [stdout]   |
[INFO] [stdout] 7 | use std::os::windows::ffi::OsStrExt;
[INFO] [stdout]   |              ^^^^^^^ could not find `windows` in `os`
[INFO] [stdout]   |
[INFO] [stdout] note: found an item that was configured out
[INFO] [stdout]  --> /rustc/3154cc1a3e6424e44f438a95007d043ed5ceaaf6/library/std/src/os/mod.rs:62:4
[INFO] [stdout]   |
[INFO] [stdout]   = note: the item is gated behind the `windows` feature
[INFO] [stdout] 
[INFO] [stdout] 
[INFO] [stdout] error[E0433]: cannot find `windows` in `os`
[INFO] [stdout]  --> engine/src/walker.rs:2:14
[INFO] [stdout]   |
[INFO] [stdout] 2 | use std::os::windows::fs::MetadataExt;
[INFO] [stdout]   |              ^^^^^^^ could not find `windows` in `os`
[INFO] [stdout]   |
[INFO] [stdout] note: found an item that was configured out
[INFO] [stdout]  --> /rustc/3154cc1a3e6424e44f438a95007d043ed5ceaaf6/library/std/src/os/mod.rs:62:4
[INFO] [stdout]   |
[INFO] [stdout]   = note: the item is gated behind the `windows` feature
[INFO] [stdout] 
[INFO] [stdout] 
[INFO] [stdout] error[E0599]: no method named `encode_wide` found for reference `&OsStr` in the current scope
[INFO] [stdout]    --> engine/src/ffi.rs:251:19
[INFO] [stdout]     |
[INFO] [stdout] 251 |     OsStr::new(s).encode_wide().chain(std::iter::once(0)).collect()
[INFO] [stdout]     |                   ^^^^^^^^^^^ method not found in `&OsStr`
[INFO] [stdout] 
[INFO] [stdout] 
[INFO] [stdout] error[E0599]: no method named `encode_wide` found for reference `&OsStr` in the current scope
[INFO] [stdout]    --> engine/src/ffi.rs:251:19
[INFO] [stdout]     |
[INFO] [stdout] 251 |     OsStr::new(s).encode_wide().chain(std::iter::once(0)).collect()
[INFO] [stdout]     |                   ^^^^^^^^^^^ method not found in `&OsStr`
[INFO] [stdout] 
[INFO] [stdout] 
[INFO] [stdout] error[E0599]: no method named `file_attributes` found for struct `Metadata` in the current scope
[INFO] [stdout]   --> engine/src/walker.rs:87:34
[INFO] [stdout]    |
[INFO] [stdout] 87 |             let attrs = metadata.file_attributes();
[INFO] [stdout]    |                                  ^^^^^^^^^^^^^^^
[INFO] [stdout]    |
[INFO] [stdout] help: there is a method `file_type` with a similar name
[INFO] [stdout]    |
[INFO] [stdout] 87 -             let attrs = metadata.file_attributes();
[INFO] [stdout] 87 +             let attrs = metadata.file_type();
[INFO] [stdout]    |
[INFO] [stdout] 
[INFO] [stdout] 
[INFO] [stderr]     Checking parking_lot_core v0.9.12
[INFO] [stdout] error[E0599]: no method named `file_attributes` found for struct `Metadata` in the current scope
[INFO] [stdout]   --> engine/src/walker.rs:87:34
[INFO] [stdout]    |
[INFO] [stdout] 87 |             let attrs = metadata.file_attributes();
[INFO] [stdout]    |                                  ^^^^^^^^^^^^^^^
[INFO] [stdout]    |
[INFO] [stdout] help: there is a method `file_type` with a similar name
[INFO] [stdout]    |
[INFO] [stdout] 87 -             let attrs = metadata.file_attributes();
[INFO] [stdout] 87 +             let attrs = metadata.file_type();
[INFO] [stdout]    |
[INFO] [stdout] 
[INFO] [stdout] 
[INFO] [stdout] Some errors have detailed explanations: E0433, E0599.
[INFO] [stdout] 
[INFO] [stdout] For more information about an error, try `rustc --explain E0433`.
[INFO] [stdout] 
[INFO] [stderr] error: could not compile `findex-engine` (lib) due to 4 previous errors
[INFO] [stderr] warning: build failed, waiting for other jobs to finish...
[INFO] [stdout] Some errors have detailed explanations: E0433, E0599.
[INFO] [stdout] 
[INFO] [stdout] For more information about an error, try `rustc --explain E0433`.
[INFO] [stdout] 
[INFO] [stderr] error: could not compile `findex-engine` (lib test) due to 4 previous errors
[INFO] running `Command { std: "docker" "inspect" "8bb4db665f37528339e65c9e9d7fbeaaeab2b64a454a81dfb62cec2d2c117be0", kill_on_drop: false }`
[INFO] running `Command { std: "docker" "rm" "-f" "8bb4db665f37528339e65c9e9d7fbeaaeab2b64a454a81dfb62cec2d2c117be0", kill_on_drop: false }`
[INFO] [stdout] 8bb4db665f37528339e65c9e9d7fbeaaeab2b64a454a81dfb62cec2d2c117be0
