[INFO] cloning repository https://github.com/Z7K9T2Y5X8V4N1Q6P0M3L8R2S9W5H1G7J4D6C0F/Elevate-TI
[INFO] running `Command { std: "git" "-c" "credential.helper=" "-c" "credential.helper=/workspace/cargo-home/bin/git-credential-null" "clone" "--bare" "https://github.com/Z7K9T2Y5X8V4N1Q6P0M3L8R2S9W5H1G7J4D6C0F/Elevate-TI" "/workspace/cache/git-repos/https%3A%2F%2Fgithub.com%2FZ7K9T2Y5X8V4N1Q6P0M3L8R2S9W5H1G7J4D6C0F%2FElevate-TI", kill_on_drop: false }`
[INFO] [stderr] Cloning into bare repository '/workspace/cache/git-repos/https%3A%2F%2Fgithub.com%2FZ7K9T2Y5X8V4N1Q6P0M3L8R2S9W5H1G7J4D6C0F%2FElevate-TI'...
[INFO] running `Command { std: "git" "rev-parse" "HEAD", kill_on_drop: false }`
[INFO] [stdout] ab91f14682dcf6f32dcabf0ff08d07d089c70cb8
[INFO] checking Z7K9T2Y5X8V4N1Q6P0M3L8R2S9W5H1G7J4D6C0F/Elevate-TI against 3154cc1a3e6424e44f438a95007d043ed5ceaaf6+rustflags=-Znext-solver=coherence for pr-133502-30
[INFO] running `Command { std: "git" "clone" "/workspace/cache/git-repos/https%3A%2F%2Fgithub.com%2FZ7K9T2Y5X8V4N1Q6P0M3L8R2S9W5H1G7J4D6C0F%2FElevate-TI" "/workspace/builds/worker-6-tc1/source", kill_on_drop: false }`
[INFO] [stderr] Cloning into '/workspace/builds/worker-6-tc1/source'...
[INFO] [stderr] done.
[INFO] started tweaking git repo https://github.com/Z7K9T2Y5X8V4N1Q6P0M3L8R2S9W5H1G7J4D6C0F/Elevate-TI
[INFO] finished tweaking git repo https://github.com/Z7K9T2Y5X8V4N1Q6P0M3L8R2S9W5H1G7J4D6C0F/Elevate-TI
[INFO] tweaked toml for git repo https://github.com/Z7K9T2Y5X8V4N1Q6P0M3L8R2S9W5H1G7J4D6C0F/Elevate-TI written to /workspace/builds/worker-6-tc1/source/Cargo.toml
[INFO] validating manifest of git repo https://github.com/Z7K9T2Y5X8V4N1Q6P0M3L8R2S9W5H1G7J4D6C0F/Elevate-TI on toolchain 3154cc1a3e6424e44f438a95007d043ed5ceaaf6
[INFO] running `Command { std: CARGO_HOME="/workspace/cargo-home" RUSTUP_HOME="/workspace/rustup-home" "/workspace/cargo-home/bin/cargo" "+3154cc1a3e6424e44f438a95007d043ed5ceaaf6" "metadata" "--manifest-path" "Cargo.toml" "--no-deps", kill_on_drop: false }`
[INFO] crate git repo https://github.com/Z7K9T2Y5X8V4N1Q6P0M3L8R2S9W5H1G7J4D6C0F/Elevate-TI already has a lockfile, it will not be regenerated
[INFO] running `Command { std: CARGO_HOME="/workspace/cargo-home" RUSTUP_HOME="/workspace/rustup-home" "/workspace/cargo-home/bin/cargo" "+3154cc1a3e6424e44f438a95007d043ed5ceaaf6" "fetch" "--manifest-path" "Cargo.toml", kill_on_drop: false }`
[INFO] [stderr]  Downloading crates ...
[INFO] [stderr]   Downloaded unicode-ident v1.0.25
[INFO] running `Command { std: "docker" "create" "-v" "/var/lib/crater-agent-workspace/builds/worker-6-tc1/source:/opt/rustwide/workdir:ro,Z" "-v" "/var/lib/crater-agent-workspace/builds/worker-6-tc1/target:/opt/rustwide/target:rw,Z" "-v" "/var/lib/crater-agent-workspace/cargo-home:/opt/rustwide/cargo-home:ro,Z" "-v" "/var/lib/crater-agent-workspace/rustup-home:/opt/rustwide/rustup-home:ro,Z" "-m" "1610612736" "--network" "none" "ghcr.io/rust-lang/crates-build-env/linux@sha256:77db811e55d90add9212f6832c23229e3de5f1c1f9905e8cb07319ea15df73ac" "sleep" "infinity", kill_on_drop: false }`
[INFO] [stdout] ba5ea061389a12eaef5ce9308166afcfa13bae26769ca30db161436700d8b5b7
[INFO] running `Command { std: "docker" "start" "ba5ea061389a12eaef5ce9308166afcfa13bae26769ca30db161436700d8b5b7", kill_on_drop: false }`
[INFO] running `Command { std: "docker" "inspect" "ba5ea061389a12eaef5ce9308166afcfa13bae26769ca30db161436700d8b5b7", kill_on_drop: false }`
[INFO] running `Command { std: "docker" "exec" "-e" "SOURCE_DIR=/opt/rustwide/workdir" "-e" "CARGO_HOME=/opt/rustwide/cargo-home" "-e" "RUSTUP_HOME=/opt/rustwide/rustup-home" "-e" "CARGO_TARGET_DIR=/opt/rustwide/target" "-w" "/opt/rustwide/workdir" "--user" "0:0" "ba5ea061389a12eaef5ce9308166afcfa13bae26769ca30db161436700d8b5b7" "/opt/rustwide/cargo-home/bin/cargo" "+3154cc1a3e6424e44f438a95007d043ed5ceaaf6" "metadata" "--no-deps" "--format-version=1", kill_on_drop: false }`
[INFO] running `Command { std: "docker" "inspect" "ba5ea061389a12eaef5ce9308166afcfa13bae26769ca30db161436700d8b5b7", kill_on_drop: false }`
[INFO] running `Command { std: "docker" "exec" "-e" "SOURCE_DIR=/opt/rustwide/workdir" "-e" "CARGO_HOME=/opt/rustwide/cargo-home" "-e" "RUSTUP_HOME=/opt/rustwide/rustup-home" "-e" "CARGO_TARGET_DIR=/opt/rustwide/target" "-e" "CARGO_INCREMENTAL=0" "-e" "RUST_BACKTRACE=full" "-e" "RUSTFLAGS=--cap-lints=forbid -Znext-solver=coherence" "-e" "RUSTDOCFLAGS=--cap-lints=forbid" "-w" "/opt/rustwide/workdir" "--user" "0:0" "ba5ea061389a12eaef5ce9308166afcfa13bae26769ca30db161436700d8b5b7" "/opt/rustwide/cargo-home/bin/cargo" "+3154cc1a3e6424e44f438a95007d043ed5ceaaf6" "check" "--frozen" "--all" "--all-targets" "--message-format=json", kill_on_drop: false }`
[INFO] [stderr]    Compiling unicode-ident v1.0.25
[INFO] [stderr]    Compiling windows_x86_64_gnu v0.52.6
[INFO] [stderr]    Compiling proc-macro2 v1.0.107
[INFO] [stderr]     Checking windows-targets v0.52.6
[INFO] [stderr]     Checking windows-result v0.2.0
[INFO] [stderr]     Checking windows-strings v0.1.0
[INFO] [stderr]    Compiling quote v1.0.47
[INFO] [stderr]    Compiling syn v2.0.119
[INFO] [stderr]    Compiling syn v3.0.6
[INFO] [stderr]    Compiling thiserror-impl v2.0.20
[INFO] [stderr]     Checking thiserror v2.0.20
[INFO] [stderr]    Compiling windows-interface v0.58.0
[INFO] [stderr]    Compiling windows-implement v0.58.0
[INFO] [stderr]     Checking windows-core v0.58.0
[INFO] [stderr]     Checking windows v0.58.0
[INFO] [stderr]     Checking elevate-ti v0.1.0 (/opt/rustwide/workdir)
[INFO] [stdout] error[E0433]: cannot find `Win32` in `windows`
[INFO] [stdout]   --> src/security/process.rs:16:5
[INFO] [stdout]    |
[INFO] [stdout] 16 |     Win32::{
[INFO] [stdout]    |     ^^^^^ could not find `Win32` in `windows`
[INFO] [stdout] 
[INFO] [stdout] 
[INFO] [stdout] error[E0432]: unresolved import `windows::core`
[INFO] [stdout]  --> src/elevation.rs:5:14
[INFO] [stdout]   |
[INFO] [stdout] 5 | use windows::core::{PCWSTR, w};
[INFO] [stdout]   |              ^^^^ could not find `core` in `windows`
[INFO] [stdout] 
[INFO] [stdout] 
[INFO] [stdout] error[E0433]: cannot find `Win32` in `windows`
[INFO] [stdout]   --> src/security/service.rs:13:5
[INFO] [stdout]    |
[INFO] [stdout] 13 |     Win32::{
[INFO] [stdout]    |     ^^^^^ could not find `Win32` in `windows`
[INFO] [stdout] 
[INFO] [stdout] 
[INFO] [stdout] error[E0432]: unresolved import `windows::core`
[INFO] [stdout]   --> src/security/process.rs:27:5
[INFO] [stdout]    |
[INFO] [stdout] 27 |     core::{HSTRING, PCWSTR, PWSTR},
[INFO] [stdout]    |     ^^^^ could not find `core` in `windows`
[INFO] [stdout] 
[INFO] [stdout] 
[INFO] [stdout] error[E0433]: cannot find `Win32` in `windows`
[INFO] [stdout]  --> src/security/sid.rs:7:5
[INFO] [stdout]   |
[INFO] [stdout] 7 |     Win32::{
[INFO] [stdout]   |     ^^^^^ could not find `Win32` in `windows`
[INFO] [stdout] 
[INFO] [stdout] 
[INFO] [stdout] error[E0432]: unresolved import `windows::core`
[INFO] [stdout]   --> src/security/service.rs:22:5
[INFO] [stdout]    |
[INFO] [stdout] 22 |     core::PCWSTR,
[INFO] [stdout]    |     ^^^^ could not find `core` in `windows`
[INFO] [stdout] 
[INFO] [stdout] 
[INFO] [stdout] error[E0433]: cannot find `Win32` in `windows`
[INFO] [stdout]  --> src/security/token.rs:9:5
[INFO] [stdout]   |
[INFO] [stdout] 9 |     Win32::{
[INFO] [stdout]   |     ^^^^^ could not find `Win32` in `windows`
[INFO] [stdout] 
[INFO] [stdout] 
[INFO] [stdout] error[E0432]: unresolved import `windows::core`
[INFO] [stdout]   --> src/security/sid.rs:14:5
[INFO] [stdout]    |
[INFO] [stdout] 14 |     core::{PCWSTR, PWSTR},
[INFO] [stdout]    |     ^^^^ could not find `core` in `windows`
[INFO] [stdout] 
[INFO] [stdout] 
[INFO] [stdout] error[E0432]: unresolved import `windows::core`
[INFO] [stdout]   --> src/security/token.rs:28:5
[INFO] [stdout]    |
[INFO] [stdout] 28 |     core::{PCWSTR, w},
[INFO] [stdout]    |     ^^^^ could not find `core` in `windows`
[INFO] [stdout] 
[INFO] [stdout] 
[INFO] [stdout] error[E0433]: cannot find `Win32` in `windows`
[INFO] [stdout]   --> src/security/process.rs:16:5
[INFO] [stdout]    |
[INFO] [stdout] 16 |     Win32::{
[INFO] [stdout]    |     ^^^^^ could not find `Win32` in `windows`
[INFO] [stdout] 
[INFO] [stdout] 
[INFO] [stdout] error[E0432]: unresolved import `windows::core`
[INFO] [stdout]  --> src/elevation.rs:5:14
[INFO] [stdout]   |
[INFO] [stdout] 5 | use windows::core::{PCWSTR, w};
[INFO] [stdout]   |              ^^^^ could not find `core` in `windows`
[INFO] [stdout] 
[INFO] [stdout] 
[INFO] [stdout] error[E0433]: cannot find `Win32` in `windows`
[INFO] [stdout]   --> src/security/service.rs:13:5
[INFO] [stdout]    |
[INFO] [stdout] 13 |     Win32::{
[INFO] [stdout]    |     ^^^^^ could not find `Win32` in `windows`
[INFO] [stdout] 
[INFO] [stdout] 
[INFO] [stdout] error[E0432]: unresolved import `windows::core`
[INFO] [stdout]   --> src/security/process.rs:27:5
[INFO] [stdout]    |
[INFO] [stdout] 27 |     core::{HSTRING, PCWSTR, PWSTR},
[INFO] [stdout]    |     ^^^^ could not find `core` in `windows`
[INFO] [stdout] 
[INFO] [stdout] 
[INFO] [stdout] error[E0433]: cannot find `Win32` in `windows`
[INFO] [stdout]  --> src/security/sid.rs:7:5
[INFO] [stdout]   |
[INFO] [stdout] 7 |     Win32::{
[INFO] [stdout]   |     ^^^^^ could not find `Win32` in `windows`
[INFO] [stdout] 
[INFO] [stdout] 
[INFO] [stdout] error[E0432]: unresolved import `windows::core`
[INFO] [stdout]   --> src/security/service.rs:22:5
[INFO] [stdout]    |
[INFO] [stdout] 22 |     core::PCWSTR,
[INFO] [stdout]    |     ^^^^ could not find `core` in `windows`
[INFO] [stdout] 
[INFO] [stdout] 
[INFO] [stdout] error[E0433]: cannot find `Win32` in `windows`
[INFO] [stdout]  --> src/security/token.rs:9:5
[INFO] [stdout]   |
[INFO] [stdout] 9 |     Win32::{
[INFO] [stdout]   |     ^^^^^ could not find `Win32` in `windows`
[INFO] [stdout] 
[INFO] [stdout] 
[INFO] [stdout] error[E0432]: unresolved import `windows::core`
[INFO] [stdout]   --> src/security/sid.rs:14:5
[INFO] [stdout]    |
[INFO] [stdout] 14 |     core::{PCWSTR, PWSTR},
[INFO] [stdout]    |     ^^^^ could not find `core` in `windows`
[INFO] [stdout] 
[INFO] [stdout] 
[INFO] [stdout] error[E0432]: unresolved import `windows::core`
[INFO] [stdout]   --> src/security/token.rs:28:5
[INFO] [stdout]    |
[INFO] [stdout] 28 |     core::{PCWSTR, w},
[INFO] [stdout]    |     ^^^^ could not find `core` in `windows`
[INFO] [stdout] 
[INFO] [stdout] 
[INFO] [stdout] error[E0433]: cannot find `core` in `windows`
[INFO] [stdout]   --> src/error.rs:23:26
[INFO] [stdout]    |
[INFO] [stdout] 23 |         source: windows::core::Error,
[INFO] [stdout]    |                          ^^^^ could not find `core` in `windows`
[INFO] [stdout] 
[INFO] [stdout] 
[INFO] [stdout] error[E0408]: variable `SERVICE_STOP_PENDING` is not bound in all patterns
[INFO] [stdout]    --> src/security/service.rs:153:13
[INFO] [stdout]     |
[INFO] [stdout] 153 |             SERVICE_START_PENDING | SERVICE_STOP_PENDING => Ok(
[INFO] [stdout]     |             ^^^^^^^^^^^^^^^^^^^^^   -------------------- variable not in all patterns
[INFO] [stdout]     |             |
[INFO] [stdout]     |             pattern doesn't bind `SERVICE_STOP_PENDING`
[INFO] [stdout]     |
[INFO] [stdout] help: if you meant to match on a unit struct, unit variant or a `const` item, consider making the path in the pattern qualified: `path::to::ModOrType::SERVICE_STOP_PENDING`
[INFO] [stdout]    --> src/security/service.rs:153:37
[INFO] [stdout]     |
[INFO] [stdout] 153 |             SERVICE_START_PENDING | SERVICE_STOP_PENDING => Ok(
[INFO] [stdout]     |                                     ^^^^^^^^^^^^^^^^^^^^
[INFO] [stdout] 
[INFO] [stdout] 
[INFO] [stdout] error[E0408]: variable `SERVICE_START_PENDING` is not bound in all patterns
[INFO] [stdout]    --> src/security/service.rs:153:37
[INFO] [stdout]     |
[INFO] [stdout] 153 |             SERVICE_START_PENDING | SERVICE_STOP_PENDING => Ok(
[INFO] [stdout]     |             ---------------------   ^^^^^^^^^^^^^^^^^^^^ pattern doesn't bind `SERVICE_START_PENDING`
[INFO] [stdout]     |             |
[INFO] [stdout]     |             variable not in all patterns
[INFO] [stdout]     |
[INFO] [stdout] help: if you meant to match on a unit struct, unit variant or a `const` item, consider making the path in the pattern qualified: `path::to::ModOrType::SERVICE_START_PENDING`
[INFO] [stdout]    --> src/security/service.rs:153:13
[INFO] [stdout]     |
[INFO] [stdout] 153 |             SERVICE_START_PENDING | SERVICE_STOP_PENDING => Ok(
[INFO] [stdout]     |             ^^^^^^^^^^^^^^^^^^^^^
[INFO] [stdout] 
[INFO] [stdout] 
[INFO] [stdout] error[E0433]: cannot find `core` in `windows`
[INFO] [stdout]   --> src/error.rs:23:26
[INFO] [stdout]    |
[INFO] [stdout] 23 |         source: windows::core::Error,
[INFO] [stdout]    |                          ^^^^ could not find `core` in `windows`
[INFO] [stdout] 
[INFO] [stdout] 
[INFO] [stdout] error[E0408]: variable `SERVICE_STOP_PENDING` is not bound in all patterns
[INFO] [stdout]    --> src/security/service.rs:153:13
[INFO] [stdout]     |
[INFO] [stdout] 153 |             SERVICE_START_PENDING | SERVICE_STOP_PENDING => Ok(
[INFO] [stdout]     |             ^^^^^^^^^^^^^^^^^^^^^   -------------------- variable not in all patterns
[INFO] [stdout]     |             |
[INFO] [stdout]     |             pattern doesn't bind `SERVICE_STOP_PENDING`
[INFO] [stdout]     |
[INFO] [stdout] help: if you meant to match on a unit struct, unit variant or a `const` item, consider making the path in the pattern qualified: `path::to::ModOrType::SERVICE_STOP_PENDING`
[INFO] [stdout]    --> src/security/service.rs:153:37
[INFO] [stdout]     |
[INFO] [stdout] 153 |             SERVICE_START_PENDING | SERVICE_STOP_PENDING => Ok(
[INFO] [stdout]     |                                     ^^^^^^^^^^^^^^^^^^^^
[INFO] [stdout] 
[INFO] [stdout] 
[INFO] [stdout] error[E0408]: variable `SERVICE_START_PENDING` is not bound in all patterns
[INFO] [stdout]    --> src/security/service.rs:153:37
[INFO] [stdout]     |
[INFO] [stdout] 153 |             SERVICE_START_PENDING | SERVICE_STOP_PENDING => Ok(
[INFO] [stdout]     |             ---------------------   ^^^^^^^^^^^^^^^^^^^^ pattern doesn't bind `SERVICE_START_PENDING`
[INFO] [stdout]     |             |
[INFO] [stdout]     |             variable not in all patterns
[INFO] [stdout]     |
[INFO] [stdout] help: if you meant to match on a unit struct, unit variant or a `const` item, consider making the path in the pattern qualified: `path::to::ModOrType::SERVICE_START_PENDING`
[INFO] [stdout]    --> src/security/service.rs:153:13
[INFO] [stdout]     |
[INFO] [stdout] 153 |             SERVICE_START_PENDING | SERVICE_STOP_PENDING => Ok(
[INFO] [stdout]     |             ^^^^^^^^^^^^^^^^^^^^^
[INFO] [stdout] 
[INFO] [stdout] 
[INFO] [stdout] Some errors have detailed explanations: E0408, E0432, E0433.
[INFO] [stdout] 
[INFO] [stdout] For more information about an error, try `rustc --explain E0408`.
[INFO] [stdout] 
[INFO] [stdout] Some errors have detailed explanations: E0408, E0432, E0433.
[INFO] [stdout] 
[INFO] [stdout] For more information about an error, try `rustc --explain E0408`.
[INFO] [stdout] 
[INFO] [stderr] error: could not compile `elevate-ti` (lib test) due to 12 previous errors
[INFO] [stderr] warning: build failed, waiting for other jobs to finish...
[INFO] [stderr] error: could not compile `elevate-ti` (lib) due to 12 previous errors
[INFO] running `Command { std: "docker" "inspect" "ba5ea061389a12eaef5ce9308166afcfa13bae26769ca30db161436700d8b5b7", kill_on_drop: false }`
[INFO] running `Command { std: "docker" "rm" "-f" "ba5ea061389a12eaef5ce9308166afcfa13bae26769ca30db161436700d8b5b7", kill_on_drop: false }`
[INFO] [stdout] ba5ea061389a12eaef5ce9308166afcfa13bae26769ca30db161436700d8b5b7
