[INFO] cloning repository https://github.com/YuvalSarel1/cones
[INFO] running `Command { std: "git" "-c" "credential.helper=" "-c" "credential.helper=/workspace/cargo-home/bin/git-credential-null" "clone" "--bare" "https://github.com/YuvalSarel1/cones" "/workspace/cache/git-repos/https%3A%2F%2Fgithub.com%2FYuvalSarel1%2Fcones", kill_on_drop: false }`
[INFO] [stderr] Cloning into bare repository '/workspace/cache/git-repos/https%3A%2F%2Fgithub.com%2FYuvalSarel1%2Fcones'...
[INFO] running `Command { std: "git" "rev-parse" "HEAD", kill_on_drop: false }`
[INFO] [stdout] 5f2298e7e6bd36dea436eee1f100b66a38e7656e
[INFO] checking YuvalSarel1/cones against 3154cc1a3e6424e44f438a95007d043ed5ceaaf6 for pr-133502-30
[INFO] running `Command { std: "git" "clone" "/workspace/cache/git-repos/https%3A%2F%2Fgithub.com%2FYuvalSarel1%2Fcones" "/workspace/builds/worker-7-tc2/source", kill_on_drop: false }`
[INFO] [stderr] Cloning into '/workspace/builds/worker-7-tc2/source'...
[INFO] [stderr] done.
[INFO] started tweaking git repo https://github.com/YuvalSarel1/cones
[INFO] removed 0 missing tests
[INFO] finished tweaking git repo https://github.com/YuvalSarel1/cones
[INFO] tweaked toml for git repo https://github.com/YuvalSarel1/cones written to /workspace/builds/worker-7-tc2/source/Cargo.toml
[INFO] validating manifest of git repo https://github.com/YuvalSarel1/cones on toolchain 3154cc1a3e6424e44f438a95007d043ed5ceaaf6
[INFO] running `Command { std: CARGO_HOME="/workspace/cargo-home" RUSTUP_HOME="/workspace/rustup-home" "/workspace/cargo-home/bin/cargo" "+3154cc1a3e6424e44f438a95007d043ed5ceaaf6" "metadata" "--manifest-path" "Cargo.toml" "--no-deps", kill_on_drop: false }`
[INFO] crate git repo https://github.com/YuvalSarel1/cones already has a lockfile, it will not be regenerated
[INFO] running `Command { std: CARGO_HOME="/workspace/cargo-home" RUSTUP_HOME="/workspace/rustup-home" "/workspace/cargo-home/bin/cargo" "+3154cc1a3e6424e44f438a95007d043ed5ceaaf6" "fetch" "--manifest-path" "Cargo.toml", kill_on_drop: false }`
[INFO] running `Command { std: "docker" "create" "-v" "/var/lib/crater-agent-workspace/builds/worker-7-tc2/source:/opt/rustwide/workdir:ro,Z" "-v" "/var/lib/crater-agent-workspace/builds/worker-7-tc2/target:/opt/rustwide/target:rw,Z" "-v" "/var/lib/crater-agent-workspace/cargo-home:/opt/rustwide/cargo-home:ro,Z" "-v" "/var/lib/crater-agent-workspace/rustup-home:/opt/rustwide/rustup-home:ro,Z" "-m" "1610612736" "--network" "none" "ghcr.io/rust-lang/crates-build-env/linux@sha256:77db811e55d90add9212f6832c23229e3de5f1c1f9905e8cb07319ea15df73ac" "sleep" "infinity", kill_on_drop: false }`
[INFO] [stdout] 37d44948443ba336975990244b50fe164ffd5841a60ba9373132967c01c0e8eb
[INFO] running `Command { std: "docker" "start" "37d44948443ba336975990244b50fe164ffd5841a60ba9373132967c01c0e8eb", kill_on_drop: false }`
[INFO] running `Command { std: "docker" "inspect" "37d44948443ba336975990244b50fe164ffd5841a60ba9373132967c01c0e8eb", kill_on_drop: false }`
[INFO] running `Command { std: "docker" "exec" "-e" "SOURCE_DIR=/opt/rustwide/workdir" "-e" "CARGO_HOME=/opt/rustwide/cargo-home" "-e" "RUSTUP_HOME=/opt/rustwide/rustup-home" "-e" "CARGO_TARGET_DIR=/opt/rustwide/target" "-w" "/opt/rustwide/workdir" "--user" "0:0" "37d44948443ba336975990244b50fe164ffd5841a60ba9373132967c01c0e8eb" "/opt/rustwide/cargo-home/bin/cargo" "+3154cc1a3e6424e44f438a95007d043ed5ceaaf6" "metadata" "--no-deps" "--format-version=1", kill_on_drop: false }`
[INFO] running `Command { std: "docker" "inspect" "37d44948443ba336975990244b50fe164ffd5841a60ba9373132967c01c0e8eb", kill_on_drop: false }`
[INFO] running `Command { std: "docker" "exec" "-e" "SOURCE_DIR=/opt/rustwide/workdir" "-e" "CARGO_HOME=/opt/rustwide/cargo-home" "-e" "RUSTUP_HOME=/opt/rustwide/rustup-home" "-e" "CARGO_TARGET_DIR=/opt/rustwide/target" "-e" "CARGO_INCREMENTAL=0" "-e" "RUST_BACKTRACE=full" "-e" "RUSTFLAGS=--cap-lints=forbid" "-e" "RUSTDOCFLAGS=--cap-lints=forbid" "-w" "/opt/rustwide/workdir" "--user" "0:0" "37d44948443ba336975990244b50fe164ffd5841a60ba9373132967c01c0e8eb" "/opt/rustwide/cargo-home/bin/cargo" "+3154cc1a3e6424e44f438a95007d043ed5ceaaf6" "check" "--frozen" "--all" "--all-targets" "--message-format=json", kill_on_drop: false }`
[INFO] [stderr]     Checking bitflags v2.13.2
[INFO] [stderr]     Checking either v1.18.0
[INFO] [stderr]    Compiling zerocopy v0.8.57
[INFO] [stderr]    Compiling crossbeam-utils v0.8.23
[INFO] [stderr]    Compiling num-traits v0.2.19
[INFO] [stderr]    Compiling crossbeam-epoch v0.9.21
[INFO] [stderr]    Compiling crossbeam-deque v0.8.8
[INFO] [stderr]    Compiling syn v3.0.5
[INFO] [stderr]    Compiling syn v2.0.119
[INFO] [stderr]     Checking getrandom v0.3.4
[INFO] [stderr]    Compiling cc v1.4.5
[INFO] [stderr]     Checking unicode-segmentation v1.13.3
[INFO] [stderr]     Checking smallvec v1.16.0
[INFO] [stderr]     Checking hashbrown v0.16.1
[INFO] [stderr]     Checking castaway v0.2.4
[INFO] [stderr]    Compiling pulp v0.22.3
[INFO] [stderr]     Checking raw-cpuid v11.6.0
[INFO] [stderr]     Checking pulp-wasm-simd-flag v0.1.1
[INFO] [stderr]    Compiling dyn-stack-macros v0.1.3
[INFO] [stderr]    Compiling rustix v1.1.4
[INFO] [stderr]     Checking indexmap v2.14.2
[INFO] [stderr]     Checking getrandom v0.4.3
[INFO] [stderr]     Checking rand_core v0.9.5
[INFO] [stderr]     Checking itertools v0.14.0
[INFO] [stderr]     Checking serde_json v1.0.151
[INFO] [stderr]     Checking lru v0.18.4
[INFO] [stderr]     Checking aho-corasick v1.1.5
[INFO] [stderr]     Checking num_threads v0.1.7
[INFO] [stderr]    Compiling ahash v0.8.12
[INFO] [stderr]     Checking time v0.3.55
[INFO] [stderr]    Compiling esaxx-rs v0.1.10
[INFO] [stderr]     Checking minimal-lexical v0.2.1
[INFO] [stderr]    Compiling instability v0.3.13
[INFO] [stderr]     Checking nom v7.1.3
[INFO] [stderr]     Checking hybrid-array v0.4.15
[INFO] [stderr]     Checking stable_deref_trait v1.2.1
[INFO] [stderr]    Compiling macro_rules_attribute-proc_macro v0.2.3
[INFO] [stderr]     Checking rayon-core v1.13.0
[INFO] [stderr]    Compiling indoc v2.0.7
[INFO] [stderr]     Checking base64 v0.13.1
[INFO] [stderr]     Checking regex-automata v0.4.18
[INFO] [stderr]    Compiling pastey v0.2.3
[INFO] [stderr]    Compiling toml_edit v0.25.15+spec-1.1.0
[INFO] [stderr]    Compiling rstest_macros v0.26.1
[INFO] [stderr]     Checking rayon v1.12.0
[INFO] [stderr]     Checking parking_lot_core v0.9.12
[INFO] [stderr]     Checking mio v1.2.3
[INFO] [stderr]     Checking unicode-normalization-alignments v0.1.12
[INFO] [stderr]     Checking simd-adler32 v0.3.10
[INFO] [stderr]    Compiling onig_sys v69.9.3
[INFO] [stderr]     Checking unicode_categories v0.1.1
[INFO] [stderr]     Checking miniz_oxide v0.9.1
[INFO] [stderr]     Checking macro_rules_attribute v0.2.3
[INFO] [stderr]     Checking signal-hook-mio v0.2.5
[INFO] [stderr]     Checking zip v8.6.0
[INFO] [stderr]    Compiling libsqlite3-sys v0.38.2
[INFO] [stderr]     Checking unicode-truncate v2.0.1
[INFO] [stderr]     Checking parking_lot v0.12.5
[INFO] [stderr]     Checking crypto-common v0.2.2
[INFO] [stderr]     Checking block-buffer v0.12.1
[INFO] [stderr]     Checking memmap2 v0.9.11
[INFO] [stderr]     Checking line-clipping v0.3.8
[INFO] [stderr]     Checking num_cpus v1.17.0
[INFO] [stderr]     Checking quick-xml v0.42.0
[INFO] [stderr]     Checking futures-core v0.3.34
[INFO] [stderr]    Compiling proc-macro-crate v3.5.0
[INFO] [stderr]     Checking bit-vec v0.8.0
[INFO] [stderr]    Compiling pulldown-cmark v0.13.4
[INFO] [stderr]     Checking bit-set v0.8.0
[INFO] [stderr]     Checking yaml-rust v0.4.5
[INFO] [stderr]     Checking flate2 v1.1.10
[INFO] [stderr]     Checking getopts v0.2.24
[INFO] [stderr]     Checking nom v8.0.0
[INFO] [stderr]     Checking simdutf8 v0.1.5
[INFO] [stderr]     Checking diff v0.1.13
[INFO] [stderr]     Checking pulldown-cmark-escape v0.11.0
[INFO] [stderr]     Checking digest v0.11.3
[INFO] [stderr]     Checking unicase v2.9.0
[INFO] [stderr]     Checking futures-timer v3.0.4
[INFO] [stderr]     Checking option-ext v0.2.0
[INFO] [stderr]     Checking pretty_assertions v1.4.1
[INFO] [stderr]     Checking toml_parser v1.1.3+spec-1.1.0
[INFO] [stderr]     Checking sha1 v0.11.0
[INFO] [stderr]     Checking dirs-sys v0.5.0
[INFO] [stderr]     Checking vte v0.15.0
[INFO] [stderr]     Checking digest v0.10.7
[INFO] [stderr]     Checking rand v0.10.3
[INFO] [stderr]     Checking itertools v0.15.0
[INFO] [stderr]     Checking hashlink v0.12.2
[INFO] [stderr]     Checking toml_writer v1.1.2+spec-1.1.0
[INFO] [stderr]     Checking toml_datetime v1.1.1+spec-1.1.0
[INFO] [stderr]    Compiling cones v0.3.9 (/opt/rustwide/workdir)
[INFO] [stderr]     Checking sha2 v0.10.9
[INFO] [stderr]     Checking vt100 v0.16.2 (/opt/rustwide/workdir/vendor/vt100)
[INFO] [stderr]     Checking dirs v6.0.0
[INFO] [stderr]     Checking uuid v1.26.1
[INFO] [stderr]     Checking fs2 v0.4.3
[INFO] [stderr]     Checking tempfile v3.27.0
[INFO] [stderr]     Checking regex v1.13.1
[INFO] [stderr]     Checking fancy-regex v0.18.0
[INFO] [stderr]     Checking rayon-cond v0.4.0
[INFO] [stderr]    Compiling darling_core v0.20.11
[INFO] [stderr]    Compiling synstructure v0.14.0
[INFO] [stderr]    Compiling darling_core v0.24.1
[INFO] [stderr]    Compiling zerocopy-derive v0.8.57
[INFO] [stderr]    Compiling strum_macros v0.28.0
[INFO] [stderr]    Compiling thiserror-impl v1.0.69
[INFO] [stderr]    Compiling monostate-impl v0.1.18
[INFO] [stderr]    Compiling derive_more-impl v2.1.1
[INFO] [stderr]    Compiling tracing-attributes v0.1.31
[INFO] [stderr]    Compiling serde_derive v1.0.229
[INFO] [stderr]    Compiling bytemuck_derive v1.12.1
[INFO] [stderr]    Compiling thiserror-impl v2.0.20
[INFO] [stderr]    Compiling zerofrom-derive v0.1.8
[INFO] [stderr]     Checking monostate v0.1.18
[INFO] [stderr]    Compiling yoke-derive v0.8.3
[INFO] [stderr]     Checking derive_more v2.1.1
[INFO] [stderr]    Compiling futures-macro v0.3.34
[INFO] [stderr]     Checking onig v6.5.3
[INFO] [stderr]     Checking thiserror v1.0.69
[INFO] [stderr]     Checking filedescriptor v0.8.3
[INFO] [stderr]     Checking bytemuck v1.25.2
[INFO] [stderr]     Checking crossterm v0.29.0
[INFO] [stderr]     Checking futures-util v0.3.34
[INFO] [stderr]    Compiling clap_derive v4.6.4
[INFO] [stderr]     Checking tracing v0.1.44
[INFO] [stderr]     Checking thiserror v2.0.20
[INFO] [stderr]     Checking kasuari v0.4.12
[INFO] [stderr]     Checking num-complex v0.4.6
[INFO] [stderr]     Checking dyn-stack v0.13.2
[INFO] [stderr]     Checking zerofrom v0.1.8
[INFO] [stderr]     Checking tungstenite v0.30.0
[INFO] [stderr]     Checking yoke v0.8.3
[INFO] [stderr]     Checking strum v0.28.0
[INFO] [stderr]    Compiling darling_macro v0.20.11
[INFO] [stderr]    Compiling darling v0.20.11
[INFO] [stderr]    Compiling derive_builder_core v0.20.2
[INFO] [stderr]    Compiling darling_macro v0.24.1
[INFO] [stderr]    Compiling darling v0.24.1
[INFO] [stderr]     Checking serde v1.0.229
[INFO] [stderr]    Compiling derive_builder_macro v0.20.2
[INFO] [stderr]     Checking derive_builder v0.20.2
[INFO] [stderr]     Checking clap v4.6.6
[INFO] [stderr]     Checking compact_str v0.9.1
[INFO] [stderr]     Checking dary_heap v0.3.9
[INFO] [stderr]     Checking spm_precompiled v0.1.4
[INFO] [stderr]     Checking safetensors v0.8.0
[INFO] [stderr]     Checking plist v1.10.1
[INFO] [stderr]     Checking bincode v1.3.3
[INFO] [stderr]     Checking serde_plain v1.0.2
[INFO] [stderr]     Checking chrono v0.4.45
[INFO] [stderr]     Checking serde_yaml v0.9.34+deprecated
[INFO] [stderr]     Checking rstest v0.26.1
[INFO] [stderr]     Checking ratatui-core v0.1.2
[INFO] [stderr]     Checking syntect v5.3.0
[INFO] [stderr]     Checking ratatui-widgets v0.3.2
[INFO] [stderr]     Checking ansi-to-tui v8.0.1
[INFO] [stderr]     Checking ratatui-crossterm v0.1.2
[INFO] [stderr]     Checking tui-markdown v0.3.9
[INFO] [stderr]     Checking ratatui-macros v0.7.2
[INFO] [stderr]     Checking ratatui v0.30.2
[INFO] [stderr]     Checking ppv-lite86 v0.2.21
[INFO] [stderr]     Checking rand_chacha v0.9.0
[INFO] [stderr]     Checking rand v0.9.5
[INFO] [stderr]     Checking rusqlite v0.40.2
[INFO] [stderr]     Checking rand_distr v0.5.1
[INFO] [stderr]     Checking tokenizers v0.22.2
[INFO] [stderr]     Checking half v2.7.1
[INFO] [stderr]     Checking gemm-common v0.19.0
[INFO] [stderr]     Checking float8 v0.7.0
[INFO] [stderr]     Checking gemm-f32 v0.19.0
[INFO] [stderr]     Checking gemm-c32 v0.19.0
[INFO] [stderr]     Checking gemm-c64 v0.19.0
[INFO] [stderr]     Checking gemm-f64 v0.19.0
[INFO] [stderr]     Checking gemm-f16 v0.19.0
[INFO] [stderr]     Checking gemm v0.19.0
[INFO] [stderr]     Checking candle-core v0.11.0
[INFO] [stderr]     Checking candle-nn v0.11.0
[INFO] [stderr]     Checking candle-transformers v0.11.0
[INFO] [stdout] error[E0433]: cannot find `process_info` in the crate root
[INFO] [stdout]    --> src/coordinator.rs:149:22
[INFO] [stdout]     |
[INFO] [stdout] 149 |         pid = crate::process_info::parent(current);
[INFO] [stdout]     |                      ^^^^^^^^^^^^ could not find `process_info` in the crate root
[INFO] [stdout]     |
[INFO] [stdout] note: found an item that was configured out
[INFO] [stdout]    --> src/lib.rs:23:16
[INFO] [stdout]     |
[INFO] [stdout]  22 | #[cfg(target_os = "macos")]
[INFO] [stdout]     |       ------------------- the item is gated behind the `macos` feature
[INFO] [stdout]  23 | pub(crate) mod process_info;
[INFO] [stdout]     |                ^^^^^^^^^^^^
[INFO] [stdout] 
[INFO] [stdout] 
[INFO] [stdout] error[E0433]: cannot find `process_info` in the crate root
[INFO] [stdout]    --> src/coordinator.rs:280:26
[INFO] [stdout]     |
[INFO] [stdout] 280 |         current = crate::process_info::parent(p);
[INFO] [stdout]     |                          ^^^^^^^^^^^^ could not find `process_info` in the crate root
[INFO] [stdout]     |
[INFO] [stdout] note: found an item that was configured out
[INFO] [stdout]    --> src/lib.rs:23:16
[INFO] [stdout]     |
[INFO] [stdout]  22 | #[cfg(target_os = "macos")]
[INFO] [stdout]     |       ------------------- the item is gated behind the `macos` feature
[INFO] [stdout]  23 | pub(crate) mod process_info;
[INFO] [stdout]     |                ^^^^^^^^^^^^
[INFO] [stdout] 
[INFO] [stdout] 
[INFO] [stdout] error[E0433]: cannot find `process_info` in the crate root
[INFO] [stdout]    --> src/coordinator.rs:149:22
[INFO] [stdout]     |
[INFO] [stdout] 149 |         pid = crate::process_info::parent(current);
[INFO] [stdout]     |                      ^^^^^^^^^^^^ could not find `process_info` in the crate root
[INFO] [stdout]     |
[INFO] [stdout] note: found an item that was configured out
[INFO] [stdout]    --> src/lib.rs:23:16
[INFO] [stdout]     |
[INFO] [stdout]  22 | #[cfg(target_os = "macos")]
[INFO] [stdout]     |       ------------------- the item is gated behind the `macos` feature
[INFO] [stdout]  23 | pub(crate) mod process_info;
[INFO] [stdout]     |                ^^^^^^^^^^^^
[INFO] [stdout] 
[INFO] [stdout] 
[INFO] [stdout] error[E0425]: cannot find function `__error` in crate `libc`
[INFO] [stdout]     --> src/fleet.rs:1463:55
[INFO] [stdout]      |
[INFO] [stdout] 1463 |     unsafe { libc::kill(pid as i32, 0) == 0 || *libc::__error() == libc::EPERM }
[INFO] [stdout]      |                                                       ^^^^^^^ not found in `libc`
[INFO] [stdout]      |
[INFO] [stdout] note: similarly named function `dlerror` defined here
[INFO] [stdout]     --> /opt/rustwide/cargo-home/registry/src/index.crates.io-1949cf8c6b5b557f/libc-0.2.189/src/unix/mod.rs:1446:5
[INFO] [stdout]      |
[INFO] [stdout] 1446 |     pub fn dlerror() -> *mut c_char;
[INFO] [stdout]      |     ^^^^^^^^^^^^^^^^^^^^^^^^^^^^^^^^
[INFO] [stdout] help: a function with a similar name exists
[INFO] [stdout]      |
[INFO] [stdout] 1463 -     unsafe { libc::kill(pid as i32, 0) == 0 || *libc::__error() == libc::EPERM }
[INFO] [stdout] 1463 +     unsafe { libc::kill(pid as i32, 0) == 0 || *libc::dlerror() == libc::EPERM }
[INFO] [stdout]      |
[INFO] [stdout] 
[INFO] [stdout] 
[INFO] [stdout] error[E0433]: cannot find `process_info` in the crate root
[INFO] [stdout]    --> src/coordinator.rs:280:26
[INFO] [stdout]     |
[INFO] [stdout] 280 |         current = crate::process_info::parent(p);
[INFO] [stdout]     |                          ^^^^^^^^^^^^ could not find `process_info` in the crate root
[INFO] [stdout]     |
[INFO] [stdout] note: found an item that was configured out
[INFO] [stdout]    --> src/lib.rs:23:16
[INFO] [stdout]     |
[INFO] [stdout]  22 | #[cfg(target_os = "macos")]
[INFO] [stdout]     |       ------------------- the item is gated behind the `macos` feature
[INFO] [stdout]  23 | pub(crate) mod process_info;
[INFO] [stdout]     |                ^^^^^^^^^^^^
[INFO] [stdout] 
[INFO] [stdout] 
[INFO] [stdout] warning: unused import: `harness`
[INFO] [stdout]  --> src/agents.rs:7:5
[INFO] [stdout]   |
[INFO] [stdout] 7 |     harness,
[INFO] [stdout]   |     ^^^^^^^
[INFO] [stdout]   |
[INFO] [stdout]   = note: `#[warn(unused_imports)]` (part of `#[warn(unused)]`) on by default
[INFO] [stdout] 
[INFO] [stdout] 
[INFO] [stdout] error[E0425]: cannot find function `__error` in crate `libc`
[INFO] [stdout]     --> src/fleet.rs:1463:55
[INFO] [stdout]      |
[INFO] [stdout] 1463 |     unsafe { libc::kill(pid as i32, 0) == 0 || *libc::__error() == libc::EPERM }
[INFO] [stdout]      |                                                       ^^^^^^^ not found in `libc`
[INFO] [stdout]      |
[INFO] [stdout] note: similarly named function `dlerror` defined here
[INFO] [stdout]     --> /opt/rustwide/cargo-home/registry/src/index.crates.io-1949cf8c6b5b557f/libc-0.2.189/src/unix/mod.rs:1446:5
[INFO] [stdout]      |
[INFO] [stdout] 1446 |     pub fn dlerror() -> *mut c_char;
[INFO] [stdout]      |     ^^^^^^^^^^^^^^^^^^^^^^^^^^^^^^^^
[INFO] [stdout] help: a function with a similar name exists
[INFO] [stdout]      |
[INFO] [stdout] 1463 -     unsafe { libc::kill(pid as i32, 0) == 0 || *libc::__error() == libc::EPERM }
[INFO] [stdout] 1463 +     unsafe { libc::kill(pid as i32, 0) == 0 || *libc::dlerror() == libc::EPERM }
[INFO] [stdout]      |
[INFO] [stdout] 
[INFO] [stdout] 
[INFO] [stdout] warning: unused import: `harness`
[INFO] [stdout]  --> src/agents.rs:7:5
[INFO] [stdout]   |
[INFO] [stdout] 7 |     harness,
[INFO] [stdout]   |     ^^^^^^^
[INFO] [stdout]   |
[INFO] [stdout]   = note: `#[warn(unused_imports)]` (part of `#[warn(unused)]`) on by default
[INFO] [stdout] 
[INFO] [stdout] 
[INFO] [stdout] error[E0455]: link kind `framework` is only supported on Apple targets
[INFO] [stdout]      --> src/tui.rs:17278:38
[INFO] [stdout]       |
[INFO] [stdout] 17278 | #[link(name = "CoreGraphics", kind = "framework")]
[INFO] [stdout]       |                                      ^^^^^^^^^^^
[INFO] [stdout] 
[INFO] [stdout] 
[INFO] [stdout] error[E0455]: link kind `framework` is only supported on Apple targets
[INFO] [stdout]      --> src/tui.rs:17278:38
[INFO] [stdout]       |
[INFO] [stdout] 17278 | #[link(name = "CoreGraphics", kind = "framework")]
[INFO] [stdout]       |                                      ^^^^^^^^^^^
[INFO] [stdout] 
[INFO] [stdout] 
[INFO] [stdout] Some errors have detailed explanations: E0425, E0433, E0455.
[INFO] [stdout] 
[INFO] [stdout] For more information about an error, try `rustc --explain E0425`.
[INFO] [stdout] 
[INFO] [stderr] error: could not compile `cones` (lib) due to 4 previous errors; 1 warning emitted
[INFO] [stderr] warning: build failed, waiting for other jobs to finish...
[INFO] [stdout] Some errors have detailed explanations: E0425, E0433, E0455.
[INFO] [stdout] 
[INFO] [stdout] For more information about an error, try `rustc --explain E0425`.
[INFO] [stdout] 
[INFO] [stderr] error: could not compile `cones` (lib test) due to 4 previous errors; 1 warning emitted
[INFO] running `Command { std: "docker" "inspect" "37d44948443ba336975990244b50fe164ffd5841a60ba9373132967c01c0e8eb", kill_on_drop: false }`
[INFO] running `Command { std: "docker" "rm" "-f" "37d44948443ba336975990244b50fe164ffd5841a60ba9373132967c01c0e8eb", kill_on_drop: false }`
[INFO] [stdout] 37d44948443ba336975990244b50fe164ffd5841a60ba9373132967c01c0e8eb
