[INFO] cloning repository https://github.com/Yueosa/lya
[INFO] running `Command { std: "git" "-c" "credential.helper=" "-c" "credential.helper=/workspace/cargo-home/bin/git-credential-null" "clone" "--bare" "https://github.com/Yueosa/lya" "/workspace/cache/git-repos/https%3A%2F%2Fgithub.com%2FYueosa%2Flya", kill_on_drop: false }`
[INFO] [stderr] Cloning into bare repository '/workspace/cache/git-repos/https%3A%2F%2Fgithub.com%2FYueosa%2Flya'...
[INFO] running `Command { std: "git" "rev-parse" "HEAD", kill_on_drop: false }`
[INFO] [stdout] 5a692ff7a4e9a7b645f76086da7ab4f5d15c1951
[INFO] checking Yueosa/lya against 3154cc1a3e6424e44f438a95007d043ed5ceaaf6+rustflags=-Znext-solver=coherence for pr-133502-30
[INFO] running `Command { std: "git" "clone" "/workspace/cache/git-repos/https%3A%2F%2Fgithub.com%2FYueosa%2Flya" "/workspace/builds/worker-6-tc1/source", kill_on_drop: false }`
[INFO] [stderr] Cloning into '/workspace/builds/worker-6-tc1/source'...
[INFO] [stderr] done.
[INFO] removed /workspace/builds/worker-6-tc1/source/.cargo/config.toml
[INFO] started tweaking git repo https://github.com/Yueosa/lya
[INFO] finished tweaking git repo https://github.com/Yueosa/lya
[INFO] tweaked toml for git repo https://github.com/Yueosa/lya written to /workspace/builds/worker-6-tc1/source/Cargo.toml
[INFO] validating manifest of git repo https://github.com/Yueosa/lya on toolchain 3154cc1a3e6424e44f438a95007d043ed5ceaaf6
[INFO] running `Command { std: CARGO_HOME="/workspace/cargo-home" RUSTUP_HOME="/workspace/rustup-home" "/workspace/cargo-home/bin/cargo" "+3154cc1a3e6424e44f438a95007d043ed5ceaaf6" "metadata" "--manifest-path" "Cargo.toml" "--no-deps", kill_on_drop: false }`
[INFO] crate git repo https://github.com/Yueosa/lya already has a lockfile, it will not be regenerated
[INFO] running `Command { std: CARGO_HOME="/workspace/cargo-home" RUSTUP_HOME="/workspace/rustup-home" "/workspace/cargo-home/bin/cargo" "+3154cc1a3e6424e44f438a95007d043ed5ceaaf6" "fetch" "--manifest-path" "Cargo.toml", kill_on_drop: false }`
[INFO] [stderr]     Updating crates.io index
[INFO] [stderr]  Downloading crates ...
[INFO] [stderr]   Downloaded selectors v0.38.0
[INFO] [stderr]   Downloaded cssparser-macros v0.7.0
[INFO] [stderr]   Downloaded rayon-cond v0.4.0
[INFO] [stderr]   Downloaded macro_rules_attribute v0.2.3
[INFO] [stderr]   Downloaded monostate-impl v0.1.18
[INFO] [stderr]   Downloaded macro_rules_attribute-proc_macro v0.2.3
[INFO] [stderr]   Downloaded monostate v0.1.18
[INFO] [stderr]   Downloaded scraper v0.27.0
[INFO] [stderr]   Downloaded include-flate-codegen v0.3.4
[INFO] [stderr]   Downloaded include-flate v0.3.4
[INFO] [stderr]   Downloaded include-flate-compress v0.3.4
[INFO] [stderr]   Downloaded unicode-normalization-alignments v0.1.12
[INFO] [stderr]   Downloaded libflate v2.3.1
[INFO] [stderr]   Downloaded proc-macro-error3 v3.1.0
[INFO] [stderr]   Downloaded proc-macro-error-attr3 v3.1.0
[INFO] [stderr]   Downloaded open v5.4.0
[INFO] [stderr]   Downloaded tokenizers v0.21.4
[INFO] [stderr]   Downloaded esaxx-rs v0.1.10
[INFO] [stderr]   Downloaded ksni v0.3.6
[INFO] [stderr]   Downloaded spm_precompiled v0.1.4
[INFO] running `Command { std: "docker" "create" "-v" "/var/lib/crater-agent-workspace/builds/worker-6-tc1/source:/opt/rustwide/workdir:ro,Z" "-v" "/var/lib/crater-agent-workspace/builds/worker-6-tc1/target:/opt/rustwide/target:rw,Z" "-v" "/var/lib/crater-agent-workspace/cargo-home:/opt/rustwide/cargo-home:ro,Z" "-v" "/var/lib/crater-agent-workspace/rustup-home:/opt/rustwide/rustup-home:ro,Z" "-m" "1610612736" "--network" "none" "ghcr.io/rust-lang/crates-build-env/linux@sha256:77db811e55d90add9212f6832c23229e3de5f1c1f9905e8cb07319ea15df73ac" "sleep" "infinity", kill_on_drop: false }`
[INFO] [stdout] ecd1916e8d58a3b5bac3a436ede6f78389a3e1e39a8ed5f4b60e8c36e3c59bca
[INFO] running `Command { std: "docker" "start" "ecd1916e8d58a3b5bac3a436ede6f78389a3e1e39a8ed5f4b60e8c36e3c59bca", kill_on_drop: false }`
[INFO] running `Command { std: "docker" "inspect" "ecd1916e8d58a3b5bac3a436ede6f78389a3e1e39a8ed5f4b60e8c36e3c59bca", kill_on_drop: false }`
[INFO] running `Command { std: "docker" "exec" "-e" "SOURCE_DIR=/opt/rustwide/workdir" "-e" "CARGO_HOME=/opt/rustwide/cargo-home" "-e" "RUSTUP_HOME=/opt/rustwide/rustup-home" "-e" "CARGO_TARGET_DIR=/opt/rustwide/target" "-w" "/opt/rustwide/workdir" "--user" "0:0" "ecd1916e8d58a3b5bac3a436ede6f78389a3e1e39a8ed5f4b60e8c36e3c59bca" "/opt/rustwide/cargo-home/bin/cargo" "+3154cc1a3e6424e44f438a95007d043ed5ceaaf6" "metadata" "--no-deps" "--format-version=1", kill_on_drop: false }`
[INFO] running `Command { std: "docker" "inspect" "ecd1916e8d58a3b5bac3a436ede6f78389a3e1e39a8ed5f4b60e8c36e3c59bca", kill_on_drop: false }`
[INFO] running `Command { std: "docker" "exec" "-e" "SOURCE_DIR=/opt/rustwide/workdir" "-e" "CARGO_HOME=/opt/rustwide/cargo-home" "-e" "RUSTUP_HOME=/opt/rustwide/rustup-home" "-e" "CARGO_TARGET_DIR=/opt/rustwide/target" "-e" "CARGO_INCREMENTAL=0" "-e" "RUST_BACKTRACE=full" "-e" "RUSTFLAGS=--cap-lints=forbid -Znext-solver=coherence" "-e" "RUSTDOCFLAGS=--cap-lints=forbid" "-w" "/opt/rustwide/workdir" "--user" "0:0" "ecd1916e8d58a3b5bac3a436ede6f78389a3e1e39a8ed5f4b60e8c36e3c59bca" "/opt/rustwide/cargo-home/bin/cargo" "+3154cc1a3e6424e44f438a95007d043ed5ceaaf6" "check" "--frozen" "--all" "--all-targets" "--message-format=json", kill_on_drop: false }`
[INFO] [stderr]    Compiling proc-macro2 v1.0.107
[INFO] [stderr]    Compiling serde_core v1.0.229
[INFO] [stderr]     Checking smallvec v1.15.2
[INFO] [stderr]    Compiling serde v1.0.229
[INFO] [stderr]     Checking bitflags v2.13.1
[INFO] [stderr]    Compiling jobserver v0.1.35
[INFO] [stderr]     Checking futures-core v0.3.33
[INFO] [stderr]     Checking stable_deref_trait v1.2.1
[INFO] [stderr]    Compiling thiserror v2.0.19
[INFO] [stderr]     Checking http v1.4.2
[INFO] [stderr]     Checking futures-task v0.3.33
[INFO] [stderr]    Compiling zerocopy v0.8.55
[INFO] [stderr]     Checking futures-sink v0.3.33
[INFO] [stderr]    Compiling rustix v1.1.4
[INFO] [stderr]    Compiling cc v1.4.0
[INFO] [stderr]     Checking getrandom v0.3.4
[INFO] [stderr]     Checking sync_wrapper v1.0.2
[INFO] [stderr]     Checking futures-channel v0.3.33
[INFO] [stderr]    Compiling rustls v0.23.42
[INFO] [stderr]    Compiling quote v1.0.47
[INFO] [stderr]     Checking http-body v1.1.0
[INFO] [stderr]    Compiling ahash v0.8.12
[INFO] [stderr]     Checking phf_shared v0.13.1
[INFO] [stderr]    Compiling syn v2.0.119
[INFO] [stderr]    Compiling syn v3.0.3
[INFO] [stderr]     Checking http-body-util v0.1.4
[INFO] [stderr]     Checking new_debug_unreachable v1.0.6
[INFO] [stderr]     Checking unicode-width v0.2.2
[INFO] [stderr]    Compiling num-traits v0.2.19
[INFO] [stderr]     Checking parking_lot_core v0.9.12
[INFO] [stderr]    Compiling string_cache_codegen v0.6.1
[INFO] [stderr]     Checking precomputed-hash v0.1.1
[INFO] [stderr]     Checking parking_lot v0.12.5
[INFO] [stderr]    Compiling web_atoms v0.2.5
[INFO] [stderr]     Checking aho-corasick v1.1.4
[INFO] [stderr]    Compiling ring v0.17.14
[INFO] [stderr]    Compiling libsqlite3-sys v0.30.1
[INFO] [stderr]     Checking serde_json v1.0.151
[INFO] [stderr]     Checking regex-automata v0.4.16
[INFO] [stderr]     Checking string_cache v0.9.0
[INFO] [stderr]     Checking dtoa v1.0.11
[INFO] [stderr]     Checking digest v0.11.3
[INFO] [stderr]     Checking dtoa-short v0.3.5
[INFO] [stderr]     Checking tendril v0.5.1
[INFO] [stderr]    Compiling selectors v0.38.0
[INFO] [stderr]     Checking tempfile v3.27.0
[INFO] [stderr]     Checking sha2 v0.11.0
[INFO] [stderr]     Checking servo_arc v0.4.3
[INFO] [stderr]     Checking rustc-hash v2.1.3
[INFO] [stderr]     Checking getopts v0.2.24
[INFO] [stderr]     Checking ego-tree v0.11.0
[INFO] [stderr]     Checking uuid v1.24.0
[INFO] [stderr]    Compiling rustversion v1.0.23
[INFO] [stderr]     Checking regex v1.13.1
[INFO] [stderr]    Compiling zstd-sys v2.0.16+zstd.1.5.7
[INFO] [stderr]    Compiling onig_sys v69.9.3
[INFO] [stderr]    Compiling portable-atomic v1.14.0
[INFO] [stderr]     Checking either v1.17.0
[INFO] [stderr]    Compiling synstructure v0.13.2
[INFO] [stderr]    Compiling darling_core v0.20.11
[INFO] [stderr]    Compiling serde_derive v1.0.229
[INFO] [stderr]    Compiling thiserror-impl v2.0.19
[INFO] [stderr]    Compiling zerofrom-derive v0.1.7
[INFO] [stderr]    Compiling yoke-derive v0.8.2
[INFO] [stderr]    Compiling tokio-macros v2.7.1
[INFO] [stderr]     Checking zerofrom v0.1.8
[INFO] [stderr]    Compiling zerovec-derive v0.11.3
[INFO] [stderr]     Checking tokio v1.53.1
[INFO] [stderr]     Checking yoke v0.8.3
[INFO] [stderr]    Compiling tracing-attributes v0.1.31
[INFO] [stderr]    Compiling displaydoc v0.2.6
[INFO] [stderr]     Checking zerotrie v0.2.4
[INFO] [stderr]     Checking zerovec v0.11.6
[INFO] [stderr]    Compiling futures-macro v0.3.33
[INFO] [stderr]     Checking tinystr v0.8.3
[INFO] [stderr]     Checking icu_locale_core v2.2.0
[INFO] [stderr]     Checking tracing v0.1.44
[INFO] [stderr]     Checking potential_utf v0.1.5
[INFO] [stderr]     Checking lya-base v0.1.0 (/opt/rustwide/workdir/crates/infra/lya-base)
[INFO] [stderr]     Checking icu_collections v2.2.0
[INFO] [stderr]     Checking futures-util v0.3.33
[INFO] [stderr]     Checking rustls-webpki v0.103.13
[INFO] [stderr]     Checking serde_urlencoded v0.7.1
[INFO] [stderr]     Checking icu_provider v2.2.0
[INFO] [stderr]    Compiling phf_macros v0.13.1
[INFO] [stderr]     Checking icu_properties v2.2.0
[INFO] [stderr]     Checking icu_normalizer v2.2.0
[INFO] [stderr]     Checking phf v0.13.1
[INFO] [stderr]     Checking hashbrown v0.14.5
[INFO] [stderr]    Compiling cssparser-macros v0.7.0
[INFO] [stderr]    Compiling derive_more-impl v2.1.1
[INFO] [stderr]     Checking hashlink v0.9.1
[INFO] [stderr]     Checking idna_adapter v1.2.2
[INFO] [stderr]     Checking markup5ever v0.39.0
[INFO] [stderr]     Checking idna v1.1.0
[INFO] [stderr]     Checking cssparser v0.37.0
[INFO] [stderr]     Checking html5ever v0.39.0
[INFO] [stderr]     Checking url v2.5.8
[INFO] [stderr]     Checking tokio-util v0.7.19
[INFO] [stderr]     Checking tower v0.5.3
[INFO] [stderr]     Checking derive_more v2.1.1
[INFO] [stderr]     Checking chrono v0.4.45
[INFO] [stderr]     Checking dary_heap v0.3.9
[INFO] [stderr]     Checking h2 v0.4.15
[INFO] [stderr]    Compiling darling_macro v0.20.11
[INFO] [stderr]    Compiling darling v0.20.11
[INFO] [stderr]     Checking tower-http v0.6.11
[INFO] [stderr]    Compiling derive_builder_core v0.20.2
[INFO] [stderr]     Checking tokio-rustls v0.26.4
[INFO] [stderr]     Checking scraper v0.27.0
[INFO] [stderr]     Checking ppv-lite86 v0.2.21
[INFO] [stderr]    Compiling esaxx-rs v0.1.10
[INFO] [stderr]     Checking rand_core v0.9.5
[INFO] [stderr]    Compiling pastey v0.2.3
[INFO] [stderr]     Checking nom v7.1.3
[INFO] [stderr]     Checking rand_chacha v0.9.0
[INFO] [stderr]     Checking castaway v0.2.4
[INFO] [stderr]    Compiling derive_builder_macro v0.20.2
[INFO] [stderr]     Checking rayon v1.12.0
[INFO] [stderr]     Checking rusqlite v0.32.1
[INFO] [stderr]    Compiling monostate-impl v0.1.18
[INFO] [stderr]     Checking itertools v0.14.0
[INFO] [stderr]     Checking console v0.15.11
[INFO] [stderr]     Checking number_prefix v0.4.0
[INFO] [stderr]    Compiling macro_rules_attribute-proc_macro v0.2.3
[INFO] [stderr]     Checking base64 v0.13.1
[INFO] [stderr]     Checking compact_str v0.9.1
[INFO] [stderr]     Checking lya-db v0.1.0 (/opt/rustwide/workdir/crates/infra/lya-db)
[INFO] [stderr]     Checking macro_rules_attribute v0.2.3
[INFO] [stderr]     Checking indicatif v0.17.11
[INFO] [stderr]     Checking lya-memory v0.1.0 (/opt/rustwide/workdir/crates/domain/lya-memory)
[INFO] [stderr]     Checking spm_precompiled v0.1.4
[INFO] [stderr]     Checking lya-session v0.1.0 (/opt/rustwide/workdir/crates/domain/lya-session)
[INFO] [stderr]     Checking monostate v0.1.18
[INFO] [stderr]     Checking onig v6.5.3
[INFO] [stderr]     Checking derive_builder v0.20.2
[INFO] [stderr]     Checking rand v0.9.5
[INFO] [stderr]    Compiling async-stream-impl v0.3.6
[INFO] [stderr]     Checking toml_parser v1.1.3+spec-1.1.0
[INFO] [stderr]     Checking toml_datetime v1.1.1+spec-1.1.0
[INFO] [stderr]     Checking unicode-normalization-alignments v0.1.12
[INFO] [stderr]     Checking toml_writer v1.1.2+spec-1.1.0
[INFO] [stderr]     Checking rayon-cond v0.4.0
[INFO] [stderr]    Compiling zstd-safe v7.2.4
[INFO] [stderr]     Checking async-stream v0.3.6
[INFO] [stderr]     Checking serde_spanned v1.1.1
[INFO] [stderr]     Checking toml_edit v0.25.13+spec-1.1.0
[INFO] [stderr]     Checking lya-prompt v0.1.0 (/opt/rustwide/workdir/crates/capability/lya-prompt)
[INFO] [stderr]    Compiling memchr v2.8.3
[INFO] [stderr]    Compiling crc32fast v1.5.0
[INFO] [stderr]     Checking toml v1.1.4+spec-1.1.0
[INFO] [stderr]    Compiling rle-decode-fast v1.0.3
[INFO] [stderr]     Checking tokenizers v0.21.4
[INFO] [stderr]     Checking no_std_io2 v0.9.4
[INFO] [stderr]    Compiling adler32 v1.2.0
[INFO] [stderr]     Checking libflate_lz77 v2.3.0
[INFO] [stderr]    Compiling proc-macro-error-attr3 v3.1.0
[INFO] [stderr]    Compiling const-oid v0.10.2
[INFO] [stderr]     Checking hyper v1.11.0
[INFO] [stderr]    Compiling libflate v2.3.1
[INFO] [stderr]    Compiling proc-macro-error3 v3.1.0
[INFO] [stderr]     Checking lya-config v0.1.0 (/opt/rustwide/workdir/crates/infra/lya-config)
[INFO] [stderr]    Compiling mime_guess v2.0.5
[INFO] [stderr]    Compiling enumflags2_derive v0.7.12
[INFO] [stderr]    Compiling mime v0.3.17
[INFO] [stderr]     Checking axum-core v0.5.6
[INFO] [stderr]     Checking hyper-util v0.1.20
[INFO] [stderr]    Compiling rust-embed-utils v8.12.0
[INFO] [stderr]    Compiling proc-macro-crate v3.5.0
[INFO] [stderr]    Compiling rust-embed-impl v8.12.0
[INFO] [stderr]     Checking serde_path_to_error v0.1.20
[INFO] [stderr]     Checking lya-storage v0.1.0 (/opt/rustwide/workdir/crates/domain/lya-storage)
[INFO] [stderr]     Checking enumflags2 v0.7.12
[INFO] [stderr]     Checking futures-io v0.3.33
[INFO] [stderr]     Checking futures-lite v2.6.1
[INFO] [stderr]     Checking zstd v0.13.3
[INFO] [stderr]     Checking include-flate-compress v0.3.4
[INFO] [stderr]     Checking async-broadcast v0.7.2
[INFO] [stderr]    Compiling include-flate-codegen v0.3.4
[INFO] [stderr]    Compiling async-recursion v1.1.1
[INFO] [stderr]    Compiling async-trait v0.1.91
[INFO] [stderr]     Checking lya-token v0.1.0 (/opt/rustwide/workdir/crates/capability/lya-token)
[INFO] [stderr]    Compiling serde_repr v0.1.21
[INFO] [stderr]     Checking ordered-stream v0.2.0
[INFO] [stderr]     Checking include-flate v0.3.4
[INFO] [stderr]     Checking pxfm v0.1.30
[INFO] [stderr]     Checking hyper-rustls v0.27.9
[INFO] [stderr]     Checking rust-embed v8.12.0
[INFO] [stderr]     Checking axum v0.8.9
[INFO] [stderr]     Checking png v0.18.1
[INFO] [stderr]     Checking reqwest v0.12.28
[INFO] [stderr]     Checking bytemuck v1.25.2
[INFO] [stderr]    Compiling zvariant_utils v3.5.0
[INFO] [stderr]     Checking byteorder-lite v0.1.0
[INFO] [stderr]     Checking open v5.4.0
[INFO] [stderr]    Compiling zvariant_derive v5.13.1
[INFO] [stderr]     Checking lya-http v0.1.0 (/opt/rustwide/workdir/crates/infra/lya-http)
[INFO] [stderr]     Checking lya-tool v0.1.0 (/opt/rustwide/workdir/crates/capability/lya-tool)
[INFO] [stderr]     Checking lya-llm v0.1.0 (/opt/rustwide/workdir/crates/capability/lya-llm)
[INFO] [stderr]    Compiling zvariant v5.13.1
[INFO] [stderr]     Checking lya-action v0.1.0 (/opt/rustwide/workdir/crates/domain/lya-action)
[INFO] [stderr]     Checking lya-media v0.1.0 (/opt/rustwide/workdir/crates/capability/lya-media)
[INFO] [stderr]     Checking lya-agent v0.1.0 (/opt/rustwide/workdir/crates/app/lya-agent)
[INFO] [stderr]     Checking moxcms v0.8.1
[INFO] [stderr]     Checking lya-hub v0.1.0 (/opt/rustwide/workdir/crates/app/lya-hub)
[INFO] [stderr]     Checking lya-api v0.1.0 (/opt/rustwide/workdir/crates/app/lya-api)
[INFO] [stdout] error: #[derive(RustEmbed)] folder '/opt/rustwide/workdir/crates/app/lya-api/../../../web/dist/' does not exist. cwd: '/opt/rustwide/workdir'
[INFO] [stdout]   --> crates/app/lya-api/src/http/static_ui.rs:11:1
[INFO] [stdout]    |
[INFO] [stdout] 11 | / #[folder = "../../../web/dist/"]
[INFO] [stdout] 12 | | struct UiAssets;
[INFO] [stdout]    | |________________^
[INFO] [stdout] 
[INFO] [stdout] 
[INFO] [stdout] error: #[derive(RustEmbed)] folder '/opt/rustwide/workdir/crates/app/lya-api/../../../web/dist/' does not exist. cwd: '/opt/rustwide/workdir'
[INFO] [stdout]   --> crates/app/lya-api/src/http/static_ui.rs:11:1
[INFO] [stdout]    |
[INFO] [stdout] 11 | / #[folder = "../../../web/dist/"]
[INFO] [stdout] 12 | | struct UiAssets;
[INFO] [stdout]    | |________________^
[INFO] [stdout] 
[INFO] [stdout] 
[INFO] [stderr]     Checking zbus_names v4.3.4
[INFO] [stdout] error[E0599]: no associated function or constant named `get` found for struct `static_ui::UiAssets` in the current scope
[INFO] [stdout]   --> crates/app/lya-api/src/http/static_ui.rs:24:21
[INFO] [stdout]    |
[INFO] [stdout] 12 | struct UiAssets;
[INFO] [stdout]    | --------------- associated function or constant `get` not found for this struct
[INFO] [stdout] ...
[INFO] [stdout] 24 |     match UiAssets::get(path) {
[INFO] [stdout]    |                     ^^^ associated function or constant not found in `static_ui::UiAssets`
[INFO] [stdout]    |
[INFO] [stdout]    = help: items from traits can only be used if the trait is implemented and in scope
[INFO] [stdout]    = note: the following traits define an item `get`, perhaps you need to implement one of them:
[INFO] [stdout]            candidate #1: `RustEmbed`
[INFO] [stdout]            candidate #2: `SliceIndex`
[INFO] [stdout]            candidate #3: `fallible_streaming_iterator::FallibleStreamingIterator`
[INFO] [stdout]            candidate #4: `icu_collections::codepointtrie::cptrie::TypedCodePointTrie`
[INFO] [stdout]            candidate #5: `icu_properties::names::PropertyEnumToValueNameLookup`
[INFO] [stdout]            candidate #6: `icu_provider::baked::DataStore`
[INFO] [stdout]            candidate #7: `itertools::Itertools`
[INFO] [stdout]            candidate #8: `rustls::server::server_conn::StoresServerSessions`
[INFO] [stdout]            candidate #9: `string_cache::static_sets::StaticAtomSet`
[INFO] [stdout]            candidate #10: `toml_edit::table::TableLike`
[INFO] [stdout]            candidate #11: `toml_parser::source::SourceIndex`
[INFO] [stdout] 
[INFO] [stdout] 
[INFO] [stdout] error[E0599]: no associated function or constant named `get` found for struct `static_ui::UiAssets` in the current scope
[INFO] [stdout]   --> crates/app/lya-api/src/http/static_ui.rs:27:27
[INFO] [stdout]    |
[INFO] [stdout] 12 | struct UiAssets;
[INFO] [stdout]    | --------------- associated function or constant `get` not found for this struct
[INFO] [stdout] ...
[INFO] [stdout] 27 |         None => UiAssets::get("index.html")
[INFO] [stdout]    |                           ^^^ associated function or constant not found in `static_ui::UiAssets`
[INFO] [stdout]    |
[INFO] [stdout]    = help: items from traits can only be used if the trait is implemented and in scope
[INFO] [stdout]    = note: the following traits define an item `get`, perhaps you need to implement one of them:
[INFO] [stdout]            candidate #1: `RustEmbed`
[INFO] [stdout]            candidate #2: `SliceIndex`
[INFO] [stdout]            candidate #3: `fallible_streaming_iterator::FallibleStreamingIterator`
[INFO] [stdout]            candidate #4: `icu_collections::codepointtrie::cptrie::TypedCodePointTrie`
[INFO] [stdout]            candidate #5: `icu_properties::names::PropertyEnumToValueNameLookup`
[INFO] [stdout]            candidate #6: `icu_provider::baked::DataStore`
[INFO] [stdout]            candidate #7: `itertools::Itertools`
[INFO] [stdout]            candidate #8: `rustls::server::server_conn::StoresServerSessions`
[INFO] [stdout]            candidate #9: `string_cache::static_sets::StaticAtomSet`
[INFO] [stdout]            candidate #10: `toml_edit::table::TableLike`
[INFO] [stdout]            candidate #11: `toml_parser::source::SourceIndex`
[INFO] [stdout] 
[INFO] [stdout] 
[INFO] [stdout] error[E0599]: no associated function or constant named `get` found for struct `UiAssets` in the current scope
[INFO] [stdout]   --> crates/app/lya-api/src/http/static_ui.rs:24:21
[INFO] [stdout]    |
[INFO] [stdout] 12 | struct UiAssets;
[INFO] [stdout]    | --------------- associated function or constant `get` not found for this struct
[INFO] [stdout] ...
[INFO] [stdout] 24 |     match UiAssets::get(path) {
[INFO] [stdout]    |                     ^^^ associated function or constant not found in `UiAssets`
[INFO] [stdout]    |
[INFO] [stdout]    = help: items from traits can only be used if the trait is implemented and in scope
[INFO] [stdout]    = note: the following traits define an item `get`, perhaps you need to implement one of them:
[INFO] [stdout]            candidate #1: `Embed`
[INFO] [stdout]            candidate #2: `SliceIndex`
[INFO] [stdout]            candidate #3: `fallible_streaming_iterator::FallibleStreamingIterator`
[INFO] [stdout]            candidate #4: `icu_collections::codepointtrie::cptrie::TypedCodePointTrie`
[INFO] [stdout]            candidate #5: `icu_properties::names::PropertyEnumToValueNameLookup`
[INFO] [stdout]            candidate #6: `icu_provider::baked::DataStore`
[INFO] [stdout]            candidate #7: `itertools::Itertools`
[INFO] [stdout]            candidate #8: `rustls::server::server_conn::StoresServerSessions`
[INFO] [stdout]            candidate #9: `string_cache::static_sets::StaticAtomSet`
[INFO] [stdout]            candidate #10: `toml_edit::table::TableLike`
[INFO] [stdout]            candidate #11: `toml_parser::source::SourceIndex`
[INFO] [stdout] 
[INFO] [stdout] 
[INFO] [stdout] error[E0599]: no associated function or constant named `get` found for struct `static_ui::UiAssets` in the current scope
[INFO] [stdout]   --> crates/app/lya-api/src/http/static_ui.rs:78:27
[INFO] [stdout]    |
[INFO] [stdout] 12 | struct UiAssets;
[INFO] [stdout]    | --------------- associated function or constant `get` not found for this struct
[INFO] [stdout] ...
[INFO] [stdout] 78 |         assert!(UiAssets::get("index.html").is_some());
[INFO] [stdout]    |                           ^^^ associated function or constant not found in `static_ui::UiAssets`
[INFO] [stdout]    |
[INFO] [stdout]    = help: items from traits can only be used if the trait is implemented and in scope
[INFO] [stdout]    = note: the following traits define an item `get`, perhaps you need to implement one of them:
[INFO] [stdout]            candidate #1: `RustEmbed`
[INFO] [stdout]            candidate #2: `SliceIndex`
[INFO] [stdout]            candidate #3: `fallible_streaming_iterator::FallibleStreamingIterator`
[INFO] [stdout]            candidate #4: `icu_collections::codepointtrie::cptrie::TypedCodePointTrie`
[INFO] [stdout]            candidate #5: `icu_properties::names::PropertyEnumToValueNameLookup`
[INFO] [stdout]            candidate #6: `icu_provider::baked::DataStore`
[INFO] [stdout]            candidate #7: `itertools::Itertools`
[INFO] [stdout]            candidate #8: `rustls::server::server_conn::StoresServerSessions`
[INFO] [stdout]            candidate #9: `string_cache::static_sets::StaticAtomSet`
[INFO] [stdout]            candidate #10: `toml_edit::table::TableLike`
[INFO] [stdout]            candidate #11: `toml_parser::source::SourceIndex`
[INFO] [stdout] 
[INFO] [stdout] 
[INFO] [stdout] error[E0599]: no associated function or constant named `get` found for struct `UiAssets` in the current scope
[INFO] [stdout]   --> crates/app/lya-api/src/http/static_ui.rs:27:27
[INFO] [stdout]    |
[INFO] [stdout] 12 | struct UiAssets;
[INFO] [stdout]    | --------------- associated function or constant `get` not found for this struct
[INFO] [stdout] ...
[INFO] [stdout] 27 |         None => UiAssets::get("index.html")
[INFO] [stdout]    |                           ^^^ associated function or constant not found in `UiAssets`
[INFO] [stdout]    |
[INFO] [stdout]    = help: items from traits can only be used if the trait is implemented and in scope
[INFO] [stdout]    = note: the following traits define an item `get`, perhaps you need to implement one of them:
[INFO] [stdout]            candidate #1: `Embed`
[INFO] [stdout]            candidate #2: `SliceIndex`
[INFO] [stdout]            candidate #3: `fallible_streaming_iterator::FallibleStreamingIterator`
[INFO] [stdout]            candidate #4: `icu_collections::codepointtrie::cptrie::TypedCodePointTrie`
[INFO] [stdout]            candidate #5: `icu_properties::names::PropertyEnumToValueNameLookup`
[INFO] [stdout]            candidate #6: `icu_provider::baked::DataStore`
[INFO] [stdout]            candidate #7: `itertools::Itertools`
[INFO] [stdout]            candidate #8: `rustls::server::server_conn::StoresServerSessions`
[INFO] [stdout]            candidate #9: `string_cache::static_sets::StaticAtomSet`
[INFO] [stdout]            candidate #10: `toml_edit::table::TableLike`
[INFO] [stdout]            candidate #11: `toml_parser::source::SourceIndex`
[INFO] [stdout] 
[INFO] [stdout] 
[INFO] [stderr]    Compiling zbus_macros v5.18.0
[INFO] [stdout] For more information about this error, try `rustc --explain E0599`.
[INFO] [stdout] 
[INFO] [stderr] error: could not compile `lya-api` (lib) due to 3 previous errors
[INFO] [stderr] warning: build failed, waiting for other jobs to finish...
[INFO] [stdout] For more information about this error, try `rustc --explain E0599`.
[INFO] [stdout] 
[INFO] [stderr] error: could not compile `lya-api` (lib test) due to 4 previous errors
[INFO] running `Command { std: "docker" "inspect" "ecd1916e8d58a3b5bac3a436ede6f78389a3e1e39a8ed5f4b60e8c36e3c59bca", kill_on_drop: false }`
[INFO] running `Command { std: "docker" "rm" "-f" "ecd1916e8d58a3b5bac3a436ede6f78389a3e1e39a8ed5f4b60e8c36e3c59bca", kill_on_drop: false }`
[INFO] [stdout] ecd1916e8d58a3b5bac3a436ede6f78389a3e1e39a8ed5f4b60e8c36e3c59bca
