[INFO] cloning repository https://github.com/Youngbae-Jeon/krxopenapi
[INFO] running `Command { std: "git" "-c" "credential.helper=" "-c" "credential.helper=/workspace/cargo-home/bin/git-credential-null" "clone" "--bare" "https://github.com/Youngbae-Jeon/krxopenapi" "/workspace/cache/git-repos/https%3A%2F%2Fgithub.com%2FYoungbae-Jeon%2Fkrxopenapi", kill_on_drop: false }`
[INFO] [stderr] Cloning into bare repository '/workspace/cache/git-repos/https%3A%2F%2Fgithub.com%2FYoungbae-Jeon%2Fkrxopenapi'...
[INFO] running `Command { std: "git" "rev-parse" "HEAD", kill_on_drop: false }`
[INFO] [stdout] e2c166a0bad7f036ba1c1811a7d30718fbd95566
[INFO] checking Youngbae-Jeon/krxopenapi against 3154cc1a3e6424e44f438a95007d043ed5ceaaf6+rustflags=-Znext-solver=coherence for pr-133502-30
[INFO] running `Command { std: "git" "clone" "/workspace/cache/git-repos/https%3A%2F%2Fgithub.com%2FYoungbae-Jeon%2Fkrxopenapi" "/workspace/builds/worker-7-tc1/source", kill_on_drop: false }`
[INFO] [stderr] Cloning into '/workspace/builds/worker-7-tc1/source'...
[INFO] [stderr] done.
[INFO] started tweaking git repo https://github.com/Youngbae-Jeon/krxopenapi
[INFO] finished tweaking git repo https://github.com/Youngbae-Jeon/krxopenapi
[INFO] tweaked toml for git repo https://github.com/Youngbae-Jeon/krxopenapi written to /workspace/builds/worker-7-tc1/source/Cargo.toml
[INFO] validating manifest of git repo https://github.com/Youngbae-Jeon/krxopenapi on toolchain 3154cc1a3e6424e44f438a95007d043ed5ceaaf6
[INFO] running `Command { std: CARGO_HOME="/workspace/cargo-home" RUSTUP_HOME="/workspace/rustup-home" "/workspace/cargo-home/bin/cargo" "+3154cc1a3e6424e44f438a95007d043ed5ceaaf6" "metadata" "--manifest-path" "Cargo.toml" "--no-deps", kill_on_drop: false }`
[INFO] crate git repo https://github.com/Youngbae-Jeon/krxopenapi already has a lockfile, it will not be regenerated
[INFO] running `Command { std: CARGO_HOME="/workspace/cargo-home" RUSTUP_HOME="/workspace/rustup-home" "/workspace/cargo-home/bin/cargo" "+3154cc1a3e6424e44f438a95007d043ed5ceaaf6" "fetch" "--manifest-path" "Cargo.toml", kill_on_drop: false }`
[INFO] [stderr]     Blocking waiting for file lock on package cache
[INFO] [stderr]     Updating crates.io index
[INFO] [stderr]     Blocking waiting for file lock on package cache
[INFO] [stderr]  Downloading crates ...
[INFO] [stderr]   Downloaded ratelimit v2.0.0
[INFO] running `Command { std: "docker" "create" "-v" "/var/lib/crater-agent-workspace/builds/worker-7-tc1/source:/opt/rustwide/workdir:ro,Z" "-v" "/var/lib/crater-agent-workspace/builds/worker-7-tc1/target:/opt/rustwide/target:rw,Z" "-v" "/var/lib/crater-agent-workspace/cargo-home:/opt/rustwide/cargo-home:ro,Z" "-v" "/var/lib/crater-agent-workspace/rustup-home:/opt/rustwide/rustup-home:ro,Z" "-m" "1610612736" "--network" "none" "ghcr.io/rust-lang/crates-build-env/linux@sha256:77db811e55d90add9212f6832c23229e3de5f1c1f9905e8cb07319ea15df73ac" "sleep" "infinity", kill_on_drop: false }`
[INFO] [stdout] a7331c59027b34318f6cc85f06b1dc02a8ac0eb951cd3358efdafa8f0440c5c5
[INFO] running `Command { std: "docker" "start" "a7331c59027b34318f6cc85f06b1dc02a8ac0eb951cd3358efdafa8f0440c5c5", kill_on_drop: false }`
[INFO] running `Command { std: "docker" "inspect" "a7331c59027b34318f6cc85f06b1dc02a8ac0eb951cd3358efdafa8f0440c5c5", kill_on_drop: false }`
[INFO] running `Command { std: "docker" "exec" "-e" "SOURCE_DIR=/opt/rustwide/workdir" "-e" "CARGO_HOME=/opt/rustwide/cargo-home" "-e" "RUSTUP_HOME=/opt/rustwide/rustup-home" "-e" "CARGO_TARGET_DIR=/opt/rustwide/target" "-w" "/opt/rustwide/workdir" "--user" "0:0" "a7331c59027b34318f6cc85f06b1dc02a8ac0eb951cd3358efdafa8f0440c5c5" "/opt/rustwide/cargo-home/bin/cargo" "+3154cc1a3e6424e44f438a95007d043ed5ceaaf6" "metadata" "--no-deps" "--format-version=1", kill_on_drop: false }`
[INFO] running `Command { std: "docker" "inspect" "a7331c59027b34318f6cc85f06b1dc02a8ac0eb951cd3358efdafa8f0440c5c5", kill_on_drop: false }`
[INFO] running `Command { std: "docker" "exec" "-e" "SOURCE_DIR=/opt/rustwide/workdir" "-e" "CARGO_HOME=/opt/rustwide/cargo-home" "-e" "RUSTUP_HOME=/opt/rustwide/rustup-home" "-e" "CARGO_TARGET_DIR=/opt/rustwide/target" "-e" "CARGO_INCREMENTAL=0" "-e" "RUST_BACKTRACE=full" "-e" "RUSTFLAGS=--cap-lints=forbid -Znext-solver=coherence" "-e" "RUSTDOCFLAGS=--cap-lints=forbid" "-w" "/opt/rustwide/workdir" "--user" "0:0" "a7331c59027b34318f6cc85f06b1dc02a8ac0eb951cd3358efdafa8f0440c5c5" "/opt/rustwide/cargo-home/bin/cargo" "+3154cc1a3e6424e44f438a95007d043ed5ceaaf6" "check" "--frozen" "--all" "--all-targets" "--message-format=json", kill_on_drop: false }`
[INFO] [stderr]     Checking smallvec v1.16.0
[INFO] [stderr]    Compiling fs_extra v1.3.0
[INFO] [stderr]    Compiling aws-lc-rs v1.18.1
[INFO] [stderr]     Checking rustls-pki-types v1.15.1
[INFO] [stderr]    Compiling rustls v0.23.43
[INFO] [stderr]    Compiling syn v3.0.4
[INFO] [stderr]    Compiling syn v2.0.119
[INFO] [stderr]     Checking mio v1.2.2
[INFO] [stderr]     Checking http-body v1.1.0
[INFO] [stderr]     Checking futures-util v0.3.34
[INFO] [stderr]    Compiling cmake v0.1.58
[INFO] [stderr]    Compiling serde_core v1.0.229
[INFO] [stderr]     Checking futures-channel v0.3.34
[INFO] [stderr]     Checking sync_wrapper v1.0.2
[INFO] [stderr]    Compiling thiserror v2.0.20
[INFO] [stderr]     Checking ipnet v2.12.1
[INFO] [stderr]    Compiling serde v1.0.229
[INFO] [stderr]     Checking parking_lot_core v0.9.12
[INFO] [stderr]     Checking memchr v2.8.3
[INFO] [stderr]     Checking http-body-util v0.1.5
[INFO] [stderr]     Checking chrono v0.4.45
[INFO] [stderr]     Checking rustls-native-certs v0.8.4
[INFO] [stderr]    Compiling aws-lc-sys v0.45.0
[INFO] [stderr]     Checking parking_lot v0.12.5
[INFO] [stderr]     Checking serde_json v1.0.151
[INFO] [stderr]    Compiling synstructure v0.13.2
[INFO] [stderr]    Compiling zerofrom-derive v0.1.7
[INFO] [stderr]    Compiling yoke-derive v0.8.2
[INFO] [stderr]     Checking zerofrom v0.1.8
[INFO] [stderr]     Checking yoke v0.8.3
[INFO] [stderr]    Compiling zerovec-derive v0.11.6
[INFO] [stderr]    Compiling displaydoc v0.2.7
[INFO] [stderr]    Compiling tokio-macros v2.7.2
[INFO] [stderr]    Compiling thiserror-impl v2.0.20
[INFO] [stderr]     Checking tokio v1.53.1
[INFO] [stderr]     Checking zerotrie v0.2.5
[INFO] [stderr]     Checking zerovec v0.11.8
[INFO] [stderr]     Checking tinystr v0.8.4
[INFO] [stderr]     Checking potential_utf v0.1.6
[INFO] [stderr]     Checking icu_collections v2.3.0
[INFO] [stderr]     Checking icu_locale_core v2.3.0
[INFO] [stderr]     Checking ratelimit v2.0.0
[INFO] [stderr]     Checking icu_provider v2.3.1
[INFO] [stderr]     Checking icu_properties v2.3.0
[INFO] [stderr]     Checking icu_normalizer v2.3.0
[INFO] [stderr]     Checking idna_adapter v1.2.2
[INFO] [stderr]     Checking idna v1.1.0
[INFO] [stderr]     Checking url v2.5.8
[INFO] [stderr]     Checking tokio-util v0.7.19
[INFO] [stderr]     Checking tower v0.5.3
[INFO] [stderr]     Checking tower-http v0.6.11
[INFO] [stderr]     Checking h2 v0.4.19
[INFO] [stderr]     Checking hyper v1.11.1
[INFO] [stderr]     Checking rustls-webpki v0.103.15
[INFO] [stderr]     Checking hyper-util v0.1.20
[INFO] [stderr]     Checking tokio-rustls v0.26.4
[INFO] [stderr]     Checking rustls-platform-verifier v0.7.0
[INFO] [stderr]     Checking hyper-rustls v0.27.9
[INFO] [stderr]     Checking reqwest v0.13.4
[INFO] [stderr]     Checking krxopenapi v0.1.0 (/opt/rustwide/workdir)
[INFO] [stdout] error: cannot find derive macro `Deserialize` in this scope
[INFO] [stdout]    --> src/kospi_items_info.rs:9:17
[INFO] [stdout]     |
[INFO] [stdout]   9 | #[derive(Debug, Deserialize)]
[INFO] [stdout]     |                 ^^^^^^^^^^^
[INFO] [stdout]     |
[INFO] [stdout] note: `Deserialize` is a trait, not a derive macro
[INFO] [stdout]    --> /opt/rustwide/cargo-home/registry/src/index.crates.io-1949cf8c6b5b557f/serde_core-1.0.229/src/de/mod.rs:554:1
[INFO] [stdout]     |
[INFO] [stdout] 554 | pub trait Deserialize<'de>: Sized {
[INFO] [stdout]     | ^^^^^^^^^^^^^^^^^^^^^^^^^^^^^^^^^
[INFO] [stdout]     = help: consider implementing `Deserialize` for your type manually
[INFO] [stdout] 
[INFO] [stdout] 
[INFO] [stdout] error: cannot find derive macro `Deserialize` in this scope
[INFO] [stdout]    --> src/kospi_items_info.rs:9:17
[INFO] [stdout]     |
[INFO] [stdout]   9 | #[derive(Debug, Deserialize)]
[INFO] [stdout]     |                 ^^^^^^^^^^^
[INFO] [stdout]     |
[INFO] [stdout] note: `Deserialize` is a trait, not a derive macro
[INFO] [stdout]    --> /opt/rustwide/cargo-home/registry/src/index.crates.io-1949cf8c6b5b557f/serde_core-1.0.229/src/de/mod.rs:554:1
[INFO] [stdout]     |
[INFO] [stdout] 554 | pub trait Deserialize<'de>: Sized {
[INFO] [stdout]     | ^^^^^^^^^^^^^^^^^^^^^^^^^^^^^^^^^
[INFO] [stdout]     = help: consider implementing `Deserialize` for your type manually
[INFO] [stdout] 
[INFO] [stdout] 
[INFO] [stdout] error: cannot find attribute `serde` in this scope
[INFO] [stdout]   --> src/kospi_items_info.rs:12:4
[INFO] [stdout]    |
[INFO] [stdout] 12 |     #[serde(rename = "ISU_CD")]
[INFO] [stdout]    |       ^^^^^
[INFO] [stdout]    |
[INFO] [stdout]    = note: `serde` is in scope, but it is a crate, not an attribute
[INFO] [stdout] 
[INFO] [stdout] 
[INFO] [stdout] error: cannot find attribute `serde` in this scope
[INFO] [stdout]   --> src/kospi_items_info.rs:16:4
[INFO] [stdout]    |
[INFO] [stdout] 16 |     #[serde(rename = "ISU_SRT_CD")]
[INFO] [stdout]    |       ^^^^^
[INFO] [stdout]    |
[INFO] [stdout]    = note: `serde` is in scope, but it is a crate, not an attribute
[INFO] [stdout] 
[INFO] [stdout] 
[INFO] [stdout] error: cannot find attribute `serde` in this scope
[INFO] [stdout]   --> src/kospi_items_info.rs:20:4
[INFO] [stdout]    |
[INFO] [stdout] 20 |     #[serde(rename = "ISU_NM")]
[INFO] [stdout]    |       ^^^^^
[INFO] [stdout]    |
[INFO] [stdout]    = note: `serde` is in scope, but it is a crate, not an attribute
[INFO] [stdout] 
[INFO] [stdout] 
[INFO] [stdout] error: cannot find attribute `serde` in this scope
[INFO] [stdout]   --> src/kospi_items_info.rs:12:4
[INFO] [stdout]    |
[INFO] [stdout] 12 |     #[serde(rename = "ISU_CD")]
[INFO] [stdout]    |       ^^^^^
[INFO] [stdout]    |
[INFO] [stdout]    = note: `serde` is in scope, but it is a crate, not an attribute
[INFO] [stdout] 
[INFO] [stdout] 
[INFO] [stdout] error: cannot find attribute `serde` in this scope
[INFO] [stdout]   --> src/kospi_items_info.rs:24:4
[INFO] [stdout]    |
[INFO] [stdout] 24 |     #[serde(rename = "ISU_ABBRV")]
[INFO] [stdout]    |       ^^^^^
[INFO] [stdout]    |
[INFO] [stdout]    = note: `serde` is in scope, but it is a crate, not an attribute
[INFO] [stdout] 
[INFO] [stdout] 
[INFO] [stdout] error: cannot find attribute `serde` in this scope
[INFO] [stdout]   --> src/kospi_items_info.rs:16:4
[INFO] [stdout]    |
[INFO] [stdout] 16 |     #[serde(rename = "ISU_SRT_CD")]
[INFO] [stdout]    |       ^^^^^
[INFO] [stdout]    |
[INFO] [stdout]    = note: `serde` is in scope, but it is a crate, not an attribute
[INFO] [stdout] 
[INFO] [stdout] 
[INFO] [stdout] error: cannot find attribute `serde` in this scope
[INFO] [stdout]   --> src/kospi_items_info.rs:28:4
[INFO] [stdout]    |
[INFO] [stdout] 28 |     #[serde(rename = "ISU_ENG_NM")]
[INFO] [stdout]    |       ^^^^^
[INFO] [stdout]    |
[INFO] [stdout]    = note: `serde` is in scope, but it is a crate, not an attribute
[INFO] [stdout] 
[INFO] [stdout] 
[INFO] [stdout] error: cannot find attribute `serde` in this scope
[INFO] [stdout]   --> src/kospi_items_info.rs:32:4
[INFO] [stdout]    |
[INFO] [stdout] 32 |     #[serde(rename = "LIST_DD")]
[INFO] [stdout]    |       ^^^^^
[INFO] [stdout]    |
[INFO] [stdout]    = note: `serde` is in scope, but it is a crate, not an attribute
[INFO] [stdout] 
[INFO] [stdout] 
[INFO] [stdout] error: cannot find attribute `serde` in this scope
[INFO] [stdout]   --> src/kospi_items_info.rs:20:4
[INFO] [stdout]    |
[INFO] [stdout] 20 |     #[serde(rename = "ISU_NM")]
[INFO] [stdout]    |       ^^^^^
[INFO] [stdout]    |
[INFO] [stdout]    = note: `serde` is in scope, but it is a crate, not an attribute
[INFO] [stdout] 
[INFO] [stdout] 
[INFO] [stdout] error: cannot find attribute `serde` in this scope
[INFO] [stdout]   --> src/kospi_items_info.rs:36:4
[INFO] [stdout]    |
[INFO] [stdout] 36 |     #[serde(rename = "MKT_TP_NM")]
[INFO] [stdout]    |       ^^^^^
[INFO] [stdout]    |
[INFO] [stdout]    = note: `serde` is in scope, but it is a crate, not an attribute
[INFO] [stdout] 
[INFO] [stdout] 
[INFO] [stdout] error: cannot find attribute `serde` in this scope
[INFO] [stdout]   --> src/kospi_items_info.rs:24:4
[INFO] [stdout]    |
[INFO] [stdout] 24 |     #[serde(rename = "ISU_ABBRV")]
[INFO] [stdout]    |       ^^^^^
[INFO] [stdout]    |
[INFO] [stdout]    = note: `serde` is in scope, but it is a crate, not an attribute
[INFO] [stdout] 
[INFO] [stdout] 
[INFO] [stdout] error: cannot find attribute `serde` in this scope
[INFO] [stdout]   --> src/kospi_items_info.rs:40:4
[INFO] [stdout]    |
[INFO] [stdout] 40 |     #[serde(rename = "SECUGRP_NM")]
[INFO] [stdout]    |       ^^^^^
[INFO] [stdout]    |
[INFO] [stdout]    = note: `serde` is in scope, but it is a crate, not an attribute
[INFO] [stdout] 
[INFO] [stdout] 
[INFO] [stdout] error: cannot find attribute `serde` in this scope
[INFO] [stdout]   --> src/kospi_items_info.rs:28:4
[INFO] [stdout]    |
[INFO] [stdout] 28 |     #[serde(rename = "ISU_ENG_NM")]
[INFO] [stdout]    |       ^^^^^
[INFO] [stdout]    |
[INFO] [stdout]    = note: `serde` is in scope, but it is a crate, not an attribute
[INFO] [stdout] 
[INFO] [stdout] 
[INFO] [stdout] error: cannot find attribute `serde` in this scope
[INFO] [stdout]   --> src/kospi_items_info.rs:44:4
[INFO] [stdout]    |
[INFO] [stdout] 44 |     #[serde(rename = "SECT_TP_NM")]
[INFO] [stdout]    |       ^^^^^
[INFO] [stdout]    |
[INFO] [stdout]    = note: `serde` is in scope, but it is a crate, not an attribute
[INFO] [stdout] 
[INFO] [stdout] 
[INFO] [stdout] error: cannot find attribute `serde` in this scope
[INFO] [stdout]   --> src/kospi_items_info.rs:32:4
[INFO] [stdout]    |
[INFO] [stdout] 32 |     #[serde(rename = "LIST_DD")]
[INFO] [stdout]    |       ^^^^^
[INFO] [stdout]    |
[INFO] [stdout]    = note: `serde` is in scope, but it is a crate, not an attribute
[INFO] [stdout] 
[INFO] [stdout] 
[INFO] [stdout] error: cannot find attribute `serde` in this scope
[INFO] [stdout]   --> src/kospi_items_info.rs:48:4
[INFO] [stdout]    |
[INFO] [stdout] 48 |     #[serde(rename = "KIND_STKCERT_TP_NM")]
[INFO] [stdout]    |       ^^^^^
[INFO] [stdout]    |
[INFO] [stdout]    = note: `serde` is in scope, but it is a crate, not an attribute
[INFO] [stdout] 
[INFO] [stdout] 
[INFO] [stdout] error: cannot find attribute `serde` in this scope
[INFO] [stdout]   --> src/kospi_items_info.rs:36:4
[INFO] [stdout]    |
[INFO] [stdout] 36 |     #[serde(rename = "MKT_TP_NM")]
[INFO] [stdout]    |       ^^^^^
[INFO] [stdout]    |
[INFO] [stdout]    = note: `serde` is in scope, but it is a crate, not an attribute
[INFO] [stdout] 
[INFO] [stdout] 
[INFO] [stdout] error: cannot find attribute `serde` in this scope
[INFO] [stdout]   --> src/kospi_items_info.rs:52:4
[INFO] [stdout]    |
[INFO] [stdout] 52 |     #[serde(rename = "PARVAL")]
[INFO] [stdout]    |       ^^^^^
[INFO] [stdout]    |
[INFO] [stdout]    = note: `serde` is in scope, but it is a crate, not an attribute
[INFO] [stdout] 
[INFO] [stdout] 
[INFO] [stdout] error: cannot find attribute `serde` in this scope
[INFO] [stdout]   --> src/kospi_items_info.rs:40:4
[INFO] [stdout]    |
[INFO] [stdout] 40 |     #[serde(rename = "SECUGRP_NM")]
[INFO] [stdout]    |       ^^^^^
[INFO] [stdout]    |
[INFO] [stdout]    = note: `serde` is in scope, but it is a crate, not an attribute
[INFO] [stdout] 
[INFO] [stdout] 
[INFO] [stdout] error: cannot find attribute `serde` in this scope
[INFO] [stdout]   --> src/kospi_items_info.rs:56:4
[INFO] [stdout]    |
[INFO] [stdout] 56 |     #[serde(rename = "LIST_SHRS")]
[INFO] [stdout]    |       ^^^^^
[INFO] [stdout]    |
[INFO] [stdout]    = note: `serde` is in scope, but it is a crate, not an attribute
[INFO] [stdout] 
[INFO] [stdout] 
[INFO] [stdout] error: cannot find attribute `serde` in this scope
[INFO] [stdout]   --> src/kospi_items_info.rs:44:4
[INFO] [stdout]    |
[INFO] [stdout] 44 |     #[serde(rename = "SECT_TP_NM")]
[INFO] [stdout]    |       ^^^^^
[INFO] [stdout]    |
[INFO] [stdout]    = note: `serde` is in scope, but it is a crate, not an attribute
[INFO] [stdout] 
[INFO] [stdout] 
[INFO] [stdout] error: cannot find derive macro `Deserialize` in this scope
[INFO] [stdout]    --> src/kospi_items_info.rs:60:10
[INFO] [stdout]     |
[INFO] [stdout]  60 | #[derive(Deserialize)]
[INFO] [stdout]     |          ^^^^^^^^^^^
[INFO] [stdout]     |
[INFO] [stdout] note: `Deserialize` is a trait, not a derive macro
[INFO] [stdout]    --> /opt/rustwide/cargo-home/registry/src/index.crates.io-1949cf8c6b5b557f/serde_core-1.0.229/src/de/mod.rs:554:1
[INFO] [stdout]     |
[INFO] [stdout] 554 | pub trait Deserialize<'de>: Sized {
[INFO] [stdout]     | ^^^^^^^^^^^^^^^^^^^^^^^^^^^^^^^^^
[INFO] [stdout]     = help: consider implementing `Deserialize` for your type manually
[INFO] [stdout] 
[INFO] [stdout] 
[INFO] [stdout] error: cannot find attribute `serde` in this scope
[INFO] [stdout]   --> src/kospi_items_info.rs:48:4
[INFO] [stdout]    |
[INFO] [stdout] 48 |     #[serde(rename = "KIND_STKCERT_TP_NM")]
[INFO] [stdout]    |       ^^^^^
[INFO] [stdout]    |
[INFO] [stdout]    = note: `serde` is in scope, but it is a crate, not an attribute
[INFO] [stdout] 
[INFO] [stdout] 
[INFO] [stdout] error: cannot find attribute `serde` in this scope
[INFO] [stdout]   --> src/kospi_items_info.rs:52:4
[INFO] [stdout]    |
[INFO] [stdout] 52 |     #[serde(rename = "PARVAL")]
[INFO] [stdout]    |       ^^^^^
[INFO] [stdout]    |
[INFO] [stdout]    = note: `serde` is in scope, but it is a crate, not an attribute
[INFO] [stdout] 
[INFO] [stdout] 
[INFO] [stdout] error: cannot find attribute `serde` in this scope
[INFO] [stdout]   --> src/kospi_items_info.rs:62:4
[INFO] [stdout]    |
[INFO] [stdout] 62 |     #[serde(rename = "OutBlock_1")]
[INFO] [stdout]    |       ^^^^^
[INFO] [stdout]    |
[INFO] [stdout]    = note: `serde` is in scope, but it is a crate, not an attribute
[INFO] [stdout] 
[INFO] [stdout] 
[INFO] [stdout] error: cannot find attribute `serde` in this scope
[INFO] [stdout]   --> src/kospi_items_info.rs:56:4
[INFO] [stdout]    |
[INFO] [stdout] 56 |     #[serde(rename = "LIST_SHRS")]
[INFO] [stdout]    |       ^^^^^
[INFO] [stdout]    |
[INFO] [stdout]    = note: `serde` is in scope, but it is a crate, not an attribute
[INFO] [stdout] 
[INFO] [stdout] 
[INFO] [stdout] error: cannot find derive macro `Deserialize` in this scope
[INFO] [stdout]    --> src/kospi_items_price.rs:9:17
[INFO] [stdout]     |
[INFO] [stdout]   9 | #[derive(Debug, Deserialize)]
[INFO] [stdout]     |                 ^^^^^^^^^^^
[INFO] [stdout]     |
[INFO] [stdout] note: `Deserialize` is a trait, not a derive macro
[INFO] [stdout]    --> /opt/rustwide/cargo-home/registry/src/index.crates.io-1949cf8c6b5b557f/serde_core-1.0.229/src/de/mod.rs:554:1
[INFO] [stdout]     |
[INFO] [stdout] 554 | pub trait Deserialize<'de>: Sized {
[INFO] [stdout]     | ^^^^^^^^^^^^^^^^^^^^^^^^^^^^^^^^^
[INFO] [stdout]     = help: consider implementing `Deserialize` for your type manually
[INFO] [stdout] 
[INFO] [stdout] 
[INFO] [stdout] error: cannot find derive macro `Deserialize` in this scope
[INFO] [stdout]    --> src/kospi_items_info.rs:60:10
[INFO] [stdout]     |
[INFO] [stdout]  60 | #[derive(Deserialize)]
[INFO] [stdout]     |          ^^^^^^^^^^^
[INFO] [stdout]     |
[INFO] [stdout] note: `Deserialize` is a trait, not a derive macro
[INFO] [stdout]    --> /opt/rustwide/cargo-home/registry/src/index.crates.io-1949cf8c6b5b557f/serde_core-1.0.229/src/de/mod.rs:554:1
[INFO] [stdout]     |
[INFO] [stdout] 554 | pub trait Deserialize<'de>: Sized {
[INFO] [stdout]     | ^^^^^^^^^^^^^^^^^^^^^^^^^^^^^^^^^
[INFO] [stdout]     = help: consider implementing `Deserialize` for your type manually
[INFO] [stdout] 
[INFO] [stdout] 
[INFO] [stdout] error: cannot find attribute `serde` in this scope
[INFO] [stdout]   --> src/kospi_items_price.rs:12:4
[INFO] [stdout]    |
[INFO] [stdout] 12 |     #[serde(rename = "BAS_DD")]
[INFO] [stdout]    |       ^^^^^
[INFO] [stdout]    |
[INFO] [stdout]    = note: `serde` is in scope, but it is a crate, not an attribute
[INFO] [stdout] 
[INFO] [stdout] 
[INFO] [stdout] error: cannot find attribute `serde` in this scope
[INFO] [stdout]   --> src/kospi_items_info.rs:62:4
[INFO] [stdout]    |
[INFO] [stdout] 62 |     #[serde(rename = "OutBlock_1")]
[INFO] [stdout]    |       ^^^^^
[INFO] [stdout]    |
[INFO] [stdout]    = note: `serde` is in scope, but it is a crate, not an attribute
[INFO] [stdout] 
[INFO] [stdout] 
[INFO] [stdout] error: cannot find attribute `serde` in this scope
[INFO] [stdout]   --> src/kospi_items_price.rs:16:4
[INFO] [stdout]    |
[INFO] [stdout] 16 |     #[serde(rename = "ISU_CD")]
[INFO] [stdout]    |       ^^^^^
[INFO] [stdout]    |
[INFO] [stdout]    = note: `serde` is in scope, but it is a crate, not an attribute
[INFO] [stdout] 
[INFO] [stdout] 
[INFO] [stdout] error: cannot find derive macro `Deserialize` in this scope
[INFO] [stdout]    --> src/kospi_items_price.rs:9:17
[INFO] [stdout]     |
[INFO] [stdout]   9 | #[derive(Debug, Deserialize)]
[INFO] [stdout]     |                 ^^^^^^^^^^^
[INFO] [stdout]     |
[INFO] [stdout] note: `Deserialize` is a trait, not a derive macro
[INFO] [stdout]    --> /opt/rustwide/cargo-home/registry/src/index.crates.io-1949cf8c6b5b557f/serde_core-1.0.229/src/de/mod.rs:554:1
[INFO] [stdout]     |
[INFO] [stdout] 554 | pub trait Deserialize<'de>: Sized {
[INFO] [stdout]     | ^^^^^^^^^^^^^^^^^^^^^^^^^^^^^^^^^
[INFO] [stdout]     = help: consider implementing `Deserialize` for your type manually
[INFO] [stdout] 
[INFO] [stdout] 
[INFO] [stdout] error: cannot find attribute `serde` in this scope
[INFO] [stdout]   --> src/kospi_items_price.rs:20:4
[INFO] [stdout]    |
[INFO] [stdout] 20 |     #[serde(rename = "ISU_NM")]
[INFO] [stdout]    |       ^^^^^
[INFO] [stdout]    |
[INFO] [stdout]    = note: `serde` is in scope, but it is a crate, not an attribute
[INFO] [stdout] 
[INFO] [stdout] 
[INFO] [stdout] error: cannot find attribute `serde` in this scope
[INFO] [stdout]   --> src/kospi_items_price.rs:24:4
[INFO] [stdout]    |
[INFO] [stdout] 24 |     #[serde(rename = "MKT_NM")]
[INFO] [stdout]    |       ^^^^^
[INFO] [stdout]    |
[INFO] [stdout]    = note: `serde` is in scope, but it is a crate, not an attribute
[INFO] [stdout] 
[INFO] [stdout] 
[INFO] [stdout] error: cannot find attribute `serde` in this scope
[INFO] [stdout]   --> src/kospi_items_price.rs:28:4
[INFO] [stdout]    |
[INFO] [stdout] 28 |     #[serde(rename = "SECT_TP_NM")]
[INFO] [stdout]    |       ^^^^^
[INFO] [stdout]    |
[INFO] [stdout]    = note: `serde` is in scope, but it is a crate, not an attribute
[INFO] [stdout] 
[INFO] [stdout] 
[INFO] [stdout] error: cannot find attribute `serde` in this scope
[INFO] [stdout]   --> src/kospi_items_price.rs:12:4
[INFO] [stdout]    |
[INFO] [stdout] 12 |     #[serde(rename = "BAS_DD")]
[INFO] [stdout]    |       ^^^^^
[INFO] [stdout]    |
[INFO] [stdout]    = note: `serde` is in scope, but it is a crate, not an attribute
[INFO] [stdout] 
[INFO] [stdout] 
[INFO] [stdout] error: cannot find attribute `serde` in this scope
[INFO] [stdout]   --> src/kospi_items_price.rs:32:4
[INFO] [stdout]    |
[INFO] [stdout] 32 |     #[serde(rename = "TDD_CLSPRC")]
[INFO] [stdout]    |       ^^^^^
[INFO] [stdout]    |
[INFO] [stdout]    = note: `serde` is in scope, but it is a crate, not an attribute
[INFO] [stdout] 
[INFO] [stdout] 
[INFO] [stdout] error: cannot find attribute `serde` in this scope
[INFO] [stdout]   --> src/kospi_items_price.rs:16:4
[INFO] [stdout]    |
[INFO] [stdout] 16 |     #[serde(rename = "ISU_CD")]
[INFO] [stdout]    |       ^^^^^
[INFO] [stdout]    |
[INFO] [stdout]    = note: `serde` is in scope, but it is a crate, not an attribute
[INFO] [stdout] 
[INFO] [stdout] 
[INFO] [stdout] error: cannot find attribute `serde` in this scope
[INFO] [stdout]   --> src/kospi_items_price.rs:36:4
[INFO] [stdout]    |
[INFO] [stdout] 36 |     #[serde(rename = "CMPPREVDD_PRC")]
[INFO] [stdout]    |       ^^^^^
[INFO] [stdout]    |
[INFO] [stdout]    = note: `serde` is in scope, but it is a crate, not an attribute
[INFO] [stdout] 
[INFO] [stdout] 
[INFO] [stdout] error: cannot find attribute `serde` in this scope
[INFO] [stdout]   --> src/kospi_items_price.rs:20:4
[INFO] [stdout]    |
[INFO] [stdout] 20 |     #[serde(rename = "ISU_NM")]
[INFO] [stdout]    |       ^^^^^
[INFO] [stdout]    |
[INFO] [stdout]    = note: `serde` is in scope, but it is a crate, not an attribute
[INFO] [stdout] 
[INFO] [stdout] 
[INFO] [stdout] error: cannot find attribute `serde` in this scope
[INFO] [stdout]   --> src/kospi_items_price.rs:40:4
[INFO] [stdout]    |
[INFO] [stdout] 40 |     #[serde(rename = "FLUC_RT")]
[INFO] [stdout]    |       ^^^^^
[INFO] [stdout]    |
[INFO] [stdout]    = note: `serde` is in scope, but it is a crate, not an attribute
[INFO] [stdout] 
[INFO] [stdout] 
[INFO] [stdout] error: cannot find attribute `serde` in this scope
[INFO] [stdout]   --> src/kospi_items_price.rs:24:4
[INFO] [stdout]    |
[INFO] [stdout] 24 |     #[serde(rename = "MKT_NM")]
[INFO] [stdout]    |       ^^^^^
[INFO] [stdout]    |
[INFO] [stdout]    = note: `serde` is in scope, but it is a crate, not an attribute
[INFO] [stdout] 
[INFO] [stdout] 
[INFO] [stdout] error: cannot find attribute `serde` in this scope
[INFO] [stdout]   --> src/kospi_items_price.rs:44:4
[INFO] [stdout]    |
[INFO] [stdout] 44 |     #[serde(rename = "TDD_OPNPRC")]
[INFO] [stdout]    |       ^^^^^
[INFO] [stdout]    |
[INFO] [stdout]    = note: `serde` is in scope, but it is a crate, not an attribute
[INFO] [stdout] 
[INFO] [stdout] 
[INFO] [stdout] error: cannot find attribute `serde` in this scope
[INFO] [stdout]   --> src/kospi_items_price.rs:28:4
[INFO] [stdout]    |
[INFO] [stdout] 28 |     #[serde(rename = "SECT_TP_NM")]
[INFO] [stdout]    |       ^^^^^
[INFO] [stdout]    |
[INFO] [stdout]    = note: `serde` is in scope, but it is a crate, not an attribute
[INFO] [stdout] 
[INFO] [stdout] 
[INFO] [stdout] error: cannot find attribute `serde` in this scope
[INFO] [stdout]   --> src/kospi_items_price.rs:48:4
[INFO] [stdout]    |
[INFO] [stdout] 48 |     #[serde(rename = "TDD_HGPRC")]
[INFO] [stdout]    |       ^^^^^
[INFO] [stdout]    |
[INFO] [stdout]    = note: `serde` is in scope, but it is a crate, not an attribute
[INFO] [stdout] 
[INFO] [stdout] 
[INFO] [stdout] error: cannot find attribute `serde` in this scope
[INFO] [stdout]   --> src/kospi_items_price.rs:32:4
[INFO] [stdout]    |
[INFO] [stdout] 32 |     #[serde(rename = "TDD_CLSPRC")]
[INFO] [stdout]    |       ^^^^^
[INFO] [stdout]    |
[INFO] [stdout]    = note: `serde` is in scope, but it is a crate, not an attribute
[INFO] [stdout] 
[INFO] [stdout] 
[INFO] [stdout] error: cannot find attribute `serde` in this scope
[INFO] [stdout]   --> src/kospi_items_price.rs:52:4
[INFO] [stdout]    |
[INFO] [stdout] 52 |     #[serde(rename = "TDD_LWPRC")]
[INFO] [stdout]    |       ^^^^^
[INFO] [stdout]    |
[INFO] [stdout]    = note: `serde` is in scope, but it is a crate, not an attribute
[INFO] [stdout] 
[INFO] [stdout] 
[INFO] [stdout] error: cannot find attribute `serde` in this scope
[INFO] [stdout]   --> src/kospi_items_price.rs:36:4
[INFO] [stdout]    |
[INFO] [stdout] 36 |     #[serde(rename = "CMPPREVDD_PRC")]
[INFO] [stdout]    |       ^^^^^
[INFO] [stdout]    |
[INFO] [stdout]    = note: `serde` is in scope, but it is a crate, not an attribute
[INFO] [stdout] 
[INFO] [stdout] 
[INFO] [stdout] error: cannot find attribute `serde` in this scope
[INFO] [stdout]   --> src/kospi_items_price.rs:56:4
[INFO] [stdout]    |
[INFO] [stdout] 56 |     #[serde(rename = "ACC_TRDVOL")]
[INFO] [stdout]    |       ^^^^^
[INFO] [stdout]    |
[INFO] [stdout]    = note: `serde` is in scope, but it is a crate, not an attribute
[INFO] [stdout] 
[INFO] [stdout] 
[INFO] [stdout] error: cannot find attribute `serde` in this scope
[INFO] [stdout]   --> src/kospi_items_price.rs:40:4
[INFO] [stdout]    |
[INFO] [stdout] 40 |     #[serde(rename = "FLUC_RT")]
[INFO] [stdout]    |       ^^^^^
[INFO] [stdout]    |
[INFO] [stdout]    = note: `serde` is in scope, but it is a crate, not an attribute
[INFO] [stdout] 
[INFO] [stdout] 
[INFO] [stdout] error: cannot find attribute `serde` in this scope
[INFO] [stdout]   --> src/kospi_items_price.rs:60:4
[INFO] [stdout]    |
[INFO] [stdout] 60 |     #[serde(rename = "ACC_TRDVAL")]
[INFO] [stdout]    |       ^^^^^
[INFO] [stdout]    |
[INFO] [stdout]    = note: `serde` is in scope, but it is a crate, not an attribute
[INFO] [stdout] 
[INFO] [stdout] 
[INFO] [stdout] error: cannot find attribute `serde` in this scope
[INFO] [stdout]   --> src/kospi_items_price.rs:44:4
[INFO] [stdout]    |
[INFO] [stdout] 44 |     #[serde(rename = "TDD_OPNPRC")]
[INFO] [stdout]    |       ^^^^^
[INFO] [stdout]    |
[INFO] [stdout]    = note: `serde` is in scope, but it is a crate, not an attribute
[INFO] [stdout] 
[INFO] [stdout] 
[INFO] [stdout] error: cannot find attribute `serde` in this scope
[INFO] [stdout]   --> src/kospi_items_price.rs:64:4
[INFO] [stdout]    |
[INFO] [stdout] 64 |     #[serde(rename = "MKTCAP")]
[INFO] [stdout]    |       ^^^^^
[INFO] [stdout]    |
[INFO] [stdout]    = note: `serde` is in scope, but it is a crate, not an attribute
[INFO] [stdout] 
[INFO] [stdout] 
[INFO] [stdout] error: cannot find attribute `serde` in this scope
[INFO] [stdout]   --> src/kospi_items_price.rs:48:4
[INFO] [stdout]    |
[INFO] [stdout] 48 |     #[serde(rename = "TDD_HGPRC")]
[INFO] [stdout]    |       ^^^^^
[INFO] [stdout]    |
[INFO] [stdout]    = note: `serde` is in scope, but it is a crate, not an attribute
[INFO] [stdout] 
[INFO] [stdout] 
[INFO] [stdout] error: cannot find attribute `serde` in this scope
[INFO] [stdout]   --> src/kospi_items_price.rs:68:4
[INFO] [stdout]    |
[INFO] [stdout] 68 |     #[serde(rename = "LIST_SHRS")]
[INFO] [stdout]    |       ^^^^^
[INFO] [stdout]    |
[INFO] [stdout]    = note: `serde` is in scope, but it is a crate, not an attribute
[INFO] [stdout] 
[INFO] [stdout] 
[INFO] [stdout] error: cannot find attribute `serde` in this scope
[INFO] [stdout]   --> src/kospi_items_price.rs:52:4
[INFO] [stdout]    |
[INFO] [stdout] 52 |     #[serde(rename = "TDD_LWPRC")]
[INFO] [stdout]    |       ^^^^^
[INFO] [stdout]    |
[INFO] [stdout]    = note: `serde` is in scope, but it is a crate, not an attribute
[INFO] [stdout] 
[INFO] [stdout] 
[INFO] [stdout] error: cannot find derive macro `Deserialize` in this scope
[INFO] [stdout]    --> src/kospi_items_price.rs:72:10
[INFO] [stdout]     |
[INFO] [stdout]  72 | #[derive(Deserialize)]
[INFO] [stdout]     |          ^^^^^^^^^^^
[INFO] [stdout]     |
[INFO] [stdout] note: `Deserialize` is a trait, not a derive macro
[INFO] [stdout]    --> /opt/rustwide/cargo-home/registry/src/index.crates.io-1949cf8c6b5b557f/serde_core-1.0.229/src/de/mod.rs:554:1
[INFO] [stdout]     |
[INFO] [stdout] 554 | pub trait Deserialize<'de>: Sized {
[INFO] [stdout]     | ^^^^^^^^^^^^^^^^^^^^^^^^^^^^^^^^^
[INFO] [stdout]     = help: consider implementing `Deserialize` for your type manually
[INFO] [stdout] 
[INFO] [stdout] 
[INFO] [stdout] error: cannot find attribute `serde` in this scope
[INFO] [stdout]   --> src/kospi_items_price.rs:56:4
[INFO] [stdout]    |
[INFO] [stdout] 56 |     #[serde(rename = "ACC_TRDVOL")]
[INFO] [stdout]    |       ^^^^^
[INFO] [stdout]    |
[INFO] [stdout]    = note: `serde` is in scope, but it is a crate, not an attribute
[INFO] [stdout] 
[INFO] [stdout] 
[INFO] [stdout] error: cannot find attribute `serde` in this scope
[INFO] [stdout]   --> src/kospi_items_price.rs:60:4
[INFO] [stdout]    |
[INFO] [stdout] 60 |     #[serde(rename = "ACC_TRDVAL")]
[INFO] [stdout]    |       ^^^^^
[INFO] [stdout]    |
[INFO] [stdout]    = note: `serde` is in scope, but it is a crate, not an attribute
[INFO] [stdout] 
[INFO] [stdout] 
[INFO] [stdout] error: cannot find attribute `serde` in this scope
[INFO] [stdout]   --> src/kospi_items_price.rs:74:4
[INFO] [stdout]    |
[INFO] [stdout] 74 |     #[serde(rename = "OutBlock_1")]
[INFO] [stdout]    |       ^^^^^
[INFO] [stdout]    |
[INFO] [stdout]    = note: `serde` is in scope, but it is a crate, not an attribute
[INFO] [stdout] 
[INFO] [stdout] 
[INFO] [stdout] error: cannot find attribute `serde` in this scope
[INFO] [stdout]   --> src/kospi_items_price.rs:64:4
[INFO] [stdout]    |
[INFO] [stdout] 64 |     #[serde(rename = "MKTCAP")]
[INFO] [stdout]    |       ^^^^^
[INFO] [stdout]    |
[INFO] [stdout]    = note: `serde` is in scope, but it is a crate, not an attribute
[INFO] [stdout] 
[INFO] [stdout] 
[INFO] [stdout] error: cannot find derive macro `Deserialize` in this scope
[INFO] [stdout]    --> src/kosdaq_items_info.rs:9:17
[INFO] [stdout]     |
[INFO] [stdout]   9 | #[derive(Debug, Deserialize)]
[INFO] [stdout]     |                 ^^^^^^^^^^^
[INFO] [stdout]     |
[INFO] [stdout] note: `Deserialize` is a trait, not a derive macro
[INFO] [stdout]    --> /opt/rustwide/cargo-home/registry/src/index.crates.io-1949cf8c6b5b557f/serde_core-1.0.229/src/de/mod.rs:554:1
[INFO] [stdout]     |
[INFO] [stdout] 554 | pub trait Deserialize<'de>: Sized {
[INFO] [stdout]     | ^^^^^^^^^^^^^^^^^^^^^^^^^^^^^^^^^
[INFO] [stdout]     = help: consider implementing `Deserialize` for your type manually
[INFO] [stdout] 
[INFO] [stdout] 
[INFO] [stdout] error: cannot find attribute `serde` in this scope
[INFO] [stdout]   --> src/kospi_items_price.rs:68:4
[INFO] [stdout]    |
[INFO] [stdout] 68 |     #[serde(rename = "LIST_SHRS")]
[INFO] [stdout]    |       ^^^^^
[INFO] [stdout]    |
[INFO] [stdout]    = note: `serde` is in scope, but it is a crate, not an attribute
[INFO] [stdout] 
[INFO] [stdout] 
[INFO] [stdout] error: cannot find derive macro `Deserialize` in this scope
[INFO] [stdout]    --> src/kospi_items_price.rs:72:10
[INFO] [stdout]     |
[INFO] [stdout]  72 | #[derive(Deserialize)]
[INFO] [stdout]     |          ^^^^^^^^^^^
[INFO] [stdout]     |
[INFO] [stdout] note: `Deserialize` is a trait, not a derive macro
[INFO] [stdout]    --> /opt/rustwide/cargo-home/registry/src/index.crates.io-1949cf8c6b5b557f/serde_core-1.0.229/src/de/mod.rs:554:1
[INFO] [stdout]     |
[INFO] [stdout] 554 | pub trait Deserialize<'de>: Sized {
[INFO] [stdout]     | ^^^^^^^^^^^^^^^^^^^^^^^^^^^^^^^^^
[INFO] [stdout]     = help: consider implementing `Deserialize` for your type manually
[INFO] [stdout] 
[INFO] [stdout] 
[INFO] [stdout] error: cannot find attribute `serde` in this scope
[INFO] [stdout]   --> src/kosdaq_items_info.rs:12:4
[INFO] [stdout]    |
[INFO] [stdout] 12 |     #[serde(rename = "ISU_CD")]
[INFO] [stdout]    |       ^^^^^
[INFO] [stdout]    |
[INFO] [stdout]    = note: `serde` is in scope, but it is a crate, not an attribute
[INFO] [stdout] 
[INFO] [stdout] 
[INFO] [stdout] error: cannot find attribute `serde` in this scope
[INFO] [stdout]   --> src/kosdaq_items_info.rs:16:4
[INFO] [stdout]    |
[INFO] [stdout] 16 |     #[serde(rename = "ISU_SRT_CD")]
[INFO] [stdout]    |       ^^^^^
[INFO] [stdout]    |
[INFO] [stdout]    = note: `serde` is in scope, but it is a crate, not an attribute
[INFO] [stdout] 
[INFO] [stdout] 
[INFO] [stdout] error: cannot find attribute `serde` in this scope
[INFO] [stdout]   --> src/kospi_items_price.rs:74:4
[INFO] [stdout]    |
[INFO] [stdout] 74 |     #[serde(rename = "OutBlock_1")]
[INFO] [stdout]    |       ^^^^^
[INFO] [stdout]    |
[INFO] [stdout]    = note: `serde` is in scope, but it is a crate, not an attribute
[INFO] [stdout] 
[INFO] [stdout] 
[INFO] [stdout] error: cannot find attribute `serde` in this scope
[INFO] [stdout]   --> src/kosdaq_items_info.rs:20:4
[INFO] [stdout]    |
[INFO] [stdout] 20 |     #[serde(rename = "ISU_NM")]
[INFO] [stdout]    |       ^^^^^
[INFO] [stdout]    |
[INFO] [stdout]    = note: `serde` is in scope, but it is a crate, not an attribute
[INFO] [stdout] 
[INFO] [stdout] 
[INFO] [stdout] error: cannot find derive macro `Deserialize` in this scope
[INFO] [stdout]    --> src/kosdaq_items_info.rs:9:17
[INFO] [stdout]     |
[INFO] [stdout]   9 | #[derive(Debug, Deserialize)]
[INFO] [stdout]     |                 ^^^^^^^^^^^
[INFO] [stdout]     |
[INFO] [stdout] note: `Deserialize` is a trait, not a derive macro
[INFO] [stdout]    --> /opt/rustwide/cargo-home/registry/src/index.crates.io-1949cf8c6b5b557f/serde_core-1.0.229/src/de/mod.rs:554:1
[INFO] [stdout]     |
[INFO] [stdout] 554 | pub trait Deserialize<'de>: Sized {
[INFO] [stdout]     | ^^^^^^^^^^^^^^^^^^^^^^^^^^^^^^^^^
[INFO] [stdout]     = help: consider implementing `Deserialize` for your type manually
[INFO] [stdout] 
[INFO] [stdout] 
[INFO] [stdout] error: cannot find attribute `serde` in this scope
[INFO] [stdout]   --> src/kosdaq_items_info.rs:24:4
[INFO] [stdout]    |
[INFO] [stdout] 24 |     #[serde(rename = "ISU_ABBRV")]
[INFO] [stdout]    |       ^^^^^
[INFO] [stdout]    |
[INFO] [stdout]    = note: `serde` is in scope, but it is a crate, not an attribute
[INFO] [stdout] 
[INFO] [stdout] 
[INFO] [stdout] error: cannot find attribute `serde` in this scope
[INFO] [stdout]   --> src/kosdaq_items_info.rs:28:4
[INFO] [stdout]    |
[INFO] [stdout] 28 |     #[serde(rename = "ISU_ENG_NM")]
[INFO] [stdout]    |       ^^^^^
[INFO] [stdout]    |
[INFO] [stdout]    = note: `serde` is in scope, but it is a crate, not an attribute
[INFO] [stdout] 
[INFO] [stdout] 
[INFO] [stdout] error: cannot find attribute `serde` in this scope
[INFO] [stdout]   --> src/kosdaq_items_info.rs:12:4
[INFO] [stdout]    |
[INFO] [stdout] 12 |     #[serde(rename = "ISU_CD")]
[INFO] [stdout]    |       ^^^^^
[INFO] [stdout]    |
[INFO] [stdout]    = note: `serde` is in scope, but it is a crate, not an attribute
[INFO] [stdout] 
[INFO] [stdout] 
[INFO] [stdout] error: cannot find attribute `serde` in this scope
[INFO] [stdout]   --> src/kosdaq_items_info.rs:32:4
[INFO] [stdout]    |
[INFO] [stdout] 32 |     #[serde(rename = "LIST_DD")]
[INFO] [stdout]    |       ^^^^^
[INFO] [stdout]    |
[INFO] [stdout]    = note: `serde` is in scope, but it is a crate, not an attribute
[INFO] [stdout] 
[INFO] [stdout] 
[INFO] [stdout] error: cannot find attribute `serde` in this scope
[INFO] [stdout]   --> src/kosdaq_items_info.rs:16:4
[INFO] [stdout]    |
[INFO] [stdout] 16 |     #[serde(rename = "ISU_SRT_CD")]
[INFO] [stdout]    |       ^^^^^
[INFO] [stdout]    |
[INFO] [stdout]    = note: `serde` is in scope, but it is a crate, not an attribute
[INFO] [stdout] 
[INFO] [stdout] 
[INFO] [stdout] error: cannot find attribute `serde` in this scope
[INFO] [stdout]   --> src/kosdaq_items_info.rs:20:4
[INFO] [stdout]    |
[INFO] [stdout] 20 |     #[serde(rename = "ISU_NM")]
[INFO] [stdout]    |       ^^^^^
[INFO] [stdout]    |
[INFO] [stdout]    = note: `serde` is in scope, but it is a crate, not an attribute
[INFO] [stdout] 
[INFO] [stdout] 
[INFO] [stdout] error: cannot find attribute `serde` in this scope
[INFO] [stdout]   --> src/kosdaq_items_info.rs:36:4
[INFO] [stdout]    |
[INFO] [stdout] 36 |     #[serde(rename = "MKT_TP_NM")]
[INFO] [stdout]    |       ^^^^^
[INFO] [stdout]    |
[INFO] [stdout]    = note: `serde` is in scope, but it is a crate, not an attribute
[INFO] [stdout] 
[INFO] [stdout] 
[INFO] [stdout] error: cannot find attribute `serde` in this scope
[INFO] [stdout]   --> src/kosdaq_items_info.rs:24:4
[INFO] [stdout]    |
[INFO] [stdout] 24 |     #[serde(rename = "ISU_ABBRV")]
[INFO] [stdout]    |       ^^^^^
[INFO] [stdout]    |
[INFO] [stdout]    = note: `serde` is in scope, but it is a crate, not an attribute
[INFO] [stdout] 
[INFO] [stdout] 
[INFO] [stdout] error: cannot find attribute `serde` in this scope
[INFO] [stdout]   --> src/kosdaq_items_info.rs:40:4
[INFO] [stdout]    |
[INFO] [stdout] 40 |     #[serde(rename = "SECUGRP_NM")]
[INFO] [stdout]    |       ^^^^^
[INFO] [stdout]    |
[INFO] [stdout]    = note: `serde` is in scope, but it is a crate, not an attribute
[INFO] [stdout] 
[INFO] [stdout] 
[INFO] [stdout] error: cannot find attribute `serde` in this scope
[INFO] [stdout]   --> src/kosdaq_items_info.rs:28:4
[INFO] [stdout]    |
[INFO] [stdout] 28 |     #[serde(rename = "ISU_ENG_NM")]
[INFO] [stdout]    |       ^^^^^
[INFO] [stdout]    |
[INFO] [stdout]    = note: `serde` is in scope, but it is a crate, not an attribute
[INFO] [stdout] 
[INFO] [stdout] 
[INFO] [stdout] error: cannot find attribute `serde` in this scope
[INFO] [stdout]   --> src/kosdaq_items_info.rs:44:4
[INFO] [stdout]    |
[INFO] [stdout] 44 |     #[serde(rename = "SECT_TP_NM")]
[INFO] [stdout]    |       ^^^^^
[INFO] [stdout]    |
[INFO] [stdout]    = note: `serde` is in scope, but it is a crate, not an attribute
[INFO] [stdout] 
[INFO] [stdout] 
[INFO] [stdout] error: cannot find attribute `serde` in this scope
[INFO] [stdout]   --> src/kosdaq_items_info.rs:32:4
[INFO] [stdout]    |
[INFO] [stdout] 32 |     #[serde(rename = "LIST_DD")]
[INFO] [stdout]    |       ^^^^^
[INFO] [stdout]    |
[INFO] [stdout]    = note: `serde` is in scope, but it is a crate, not an attribute
[INFO] [stdout] 
[INFO] [stdout] 
[INFO] [stdout] error: cannot find attribute `serde` in this scope
[INFO] [stdout]   --> src/kosdaq_items_info.rs:48:4
[INFO] [stdout]    |
[INFO] [stdout] 48 |     #[serde(rename = "KIND_STKCERT_TP_NM")]
[INFO] [stdout]    |       ^^^^^
[INFO] [stdout]    |
[INFO] [stdout]    = note: `serde` is in scope, but it is a crate, not an attribute
[INFO] [stdout] 
[INFO] [stdout] 
[INFO] [stdout] error: cannot find attribute `serde` in this scope
[INFO] [stdout]   --> src/kosdaq_items_info.rs:36:4
[INFO] [stdout]    |
[INFO] [stdout] 36 |     #[serde(rename = "MKT_TP_NM")]
[INFO] [stdout]    |       ^^^^^
[INFO] [stdout]    |
[INFO] [stdout]    = note: `serde` is in scope, but it is a crate, not an attribute
[INFO] [stdout] 
[INFO] [stdout] 
[INFO] [stdout] error: cannot find attribute `serde` in this scope
[INFO] [stdout]   --> src/kosdaq_items_info.rs:52:4
[INFO] [stdout]    |
[INFO] [stdout] 52 |     #[serde(rename = "PARVAL")]
[INFO] [stdout]    |       ^^^^^
[INFO] [stdout]    |
[INFO] [stdout]    = note: `serde` is in scope, but it is a crate, not an attribute
[INFO] [stdout] 
[INFO] [stdout] 
[INFO] [stdout] error: cannot find attribute `serde` in this scope
[INFO] [stdout]   --> src/kosdaq_items_info.rs:40:4
[INFO] [stdout]    |
[INFO] [stdout] 40 |     #[serde(rename = "SECUGRP_NM")]
[INFO] [stdout]    |       ^^^^^
[INFO] [stdout]    |
[INFO] [stdout]    = note: `serde` is in scope, but it is a crate, not an attribute
[INFO] [stdout] 
[INFO] [stdout] 
[INFO] [stdout] error: cannot find attribute `serde` in this scope
[INFO] [stdout]   --> src/kosdaq_items_info.rs:56:4
[INFO] [stdout]    |
[INFO] [stdout] 56 |     #[serde(rename = "LIST_SHRS")]
[INFO] [stdout]    |       ^^^^^
[INFO] [stdout]    |
[INFO] [stdout]    = note: `serde` is in scope, but it is a crate, not an attribute
[INFO] [stdout] 
[INFO] [stdout] 
[INFO] [stdout] error: cannot find attribute `serde` in this scope
[INFO] [stdout]   --> src/kosdaq_items_info.rs:44:4
[INFO] [stdout]    |
[INFO] [stdout] 44 |     #[serde(rename = "SECT_TP_NM")]
[INFO] [stdout]    |       ^^^^^
[INFO] [stdout]    |
[INFO] [stdout]    = note: `serde` is in scope, but it is a crate, not an attribute
[INFO] [stdout] 
[INFO] [stdout] 
[INFO] [stdout] error: cannot find derive macro `Deserialize` in this scope
[INFO] [stdout]    --> src/kosdaq_items_info.rs:60:10
[INFO] [stdout]     |
[INFO] [stdout]  60 | #[derive(Deserialize)]
[INFO] [stdout]     |          ^^^^^^^^^^^
[INFO] [stdout]     |
[INFO] [stdout] note: `Deserialize` is a trait, not a derive macro
[INFO] [stdout]    --> /opt/rustwide/cargo-home/registry/src/index.crates.io-1949cf8c6b5b557f/serde_core-1.0.229/src/de/mod.rs:554:1
[INFO] [stdout]     |
[INFO] [stdout] 554 | pub trait Deserialize<'de>: Sized {
[INFO] [stdout]     | ^^^^^^^^^^^^^^^^^^^^^^^^^^^^^^^^^
[INFO] [stdout]     = help: consider implementing `Deserialize` for your type manually
[INFO] [stdout] 
[INFO] [stdout] 
[INFO] [stdout] error: cannot find attribute `serde` in this scope
[INFO] [stdout]   --> src/kosdaq_items_info.rs:48:4
[INFO] [stdout]    |
[INFO] [stdout] 48 |     #[serde(rename = "KIND_STKCERT_TP_NM")]
[INFO] [stdout]    |       ^^^^^
[INFO] [stdout]    |
[INFO] [stdout]    = note: `serde` is in scope, but it is a crate, not an attribute
[INFO] [stdout] 
[INFO] [stdout] 
[INFO] [stdout] error: cannot find attribute `serde` in this scope
[INFO] [stdout]   --> src/kosdaq_items_info.rs:52:4
[INFO] [stdout]    |
[INFO] [stdout] 52 |     #[serde(rename = "PARVAL")]
[INFO] [stdout]    |       ^^^^^
[INFO] [stdout]    |
[INFO] [stdout]    = note: `serde` is in scope, but it is a crate, not an attribute
[INFO] [stdout] 
[INFO] [stdout] 
[INFO] [stdout] error: cannot find attribute `serde` in this scope
[INFO] [stdout]   --> src/kosdaq_items_info.rs:62:4
[INFO] [stdout]    |
[INFO] [stdout] 62 |     #[serde(rename = "OutBlock_1")]
[INFO] [stdout]    |       ^^^^^
[INFO] [stdout]    |
[INFO] [stdout]    = note: `serde` is in scope, but it is a crate, not an attribute
[INFO] [stdout] 
[INFO] [stdout] 
[INFO] [stdout] error: cannot find attribute `serde` in this scope
[INFO] [stdout]   --> src/kosdaq_items_info.rs:56:4
[INFO] [stdout]    |
[INFO] [stdout] 56 |     #[serde(rename = "LIST_SHRS")]
[INFO] [stdout]    |       ^^^^^
[INFO] [stdout]    |
[INFO] [stdout]    = note: `serde` is in scope, but it is a crate, not an attribute
[INFO] [stdout] 
[INFO] [stdout] 
[INFO] [stdout] error: cannot find derive macro `Deserialize` in this scope
[INFO] [stdout]    --> src/kosdaq_items_price.rs:9:17
[INFO] [stdout]     |
[INFO] [stdout]   9 | #[derive(Debug, Deserialize)]
[INFO] [stdout]     |                 ^^^^^^^^^^^
[INFO] [stdout]     |
[INFO] [stdout] note: `Deserialize` is a trait, not a derive macro
[INFO] [stdout]    --> /opt/rustwide/cargo-home/registry/src/index.crates.io-1949cf8c6b5b557f/serde_core-1.0.229/src/de/mod.rs:554:1
[INFO] [stdout]     |
[INFO] [stdout] 554 | pub trait Deserialize<'de>: Sized {
[INFO] [stdout]     | ^^^^^^^^^^^^^^^^^^^^^^^^^^^^^^^^^
[INFO] [stdout]     = help: consider implementing `Deserialize` for your type manually
[INFO] [stdout] 
[INFO] [stdout] 
[INFO] [stdout] error: cannot find derive macro `Deserialize` in this scope
[INFO] [stdout]    --> src/kosdaq_items_info.rs:60:10
[INFO] [stdout]     |
[INFO] [stdout]  60 | #[derive(Deserialize)]
[INFO] [stdout]     |          ^^^^^^^^^^^
[INFO] [stdout]     |
[INFO] [stdout] note: `Deserialize` is a trait, not a derive macro
[INFO] [stdout]    --> /opt/rustwide/cargo-home/registry/src/index.crates.io-1949cf8c6b5b557f/serde_core-1.0.229/src/de/mod.rs:554:1
[INFO] [stdout]     |
[INFO] [stdout] 554 | pub trait Deserialize<'de>: Sized {
[INFO] [stdout]     | ^^^^^^^^^^^^^^^^^^^^^^^^^^^^^^^^^
[INFO] [stdout]     = help: consider implementing `Deserialize` for your type manually
[INFO] [stdout] 
[INFO] [stdout] 
[INFO] [stdout] error: cannot find attribute `serde` in this scope
[INFO] [stdout]   --> src/kosdaq_items_price.rs:12:4
[INFO] [stdout]    |
[INFO] [stdout] 12 |     #[serde(rename = "BAS_DD")]
[INFO] [stdout]    |       ^^^^^
[INFO] [stdout]    |
[INFO] [stdout]    = note: `serde` is in scope, but it is a crate, not an attribute
[INFO] [stdout] 
[INFO] [stdout] 
[INFO] [stdout] error: cannot find attribute `serde` in this scope
[INFO] [stdout]   --> src/kosdaq_items_info.rs:62:4
[INFO] [stdout]    |
[INFO] [stdout] 62 |     #[serde(rename = "OutBlock_1")]
[INFO] [stdout]    |       ^^^^^
[INFO] [stdout]    |
[INFO] [stdout]    = note: `serde` is in scope, but it is a crate, not an attribute
[INFO] [stdout] 
[INFO] [stdout] 
[INFO] [stdout] error: cannot find attribute `serde` in this scope
[INFO] [stdout]   --> src/kosdaq_items_price.rs:16:4
[INFO] [stdout]    |
[INFO] [stdout] 16 |     #[serde(rename = "ISU_CD")]
[INFO] [stdout]    |       ^^^^^
[INFO] [stdout]    |
[INFO] [stdout]    = note: `serde` is in scope, but it is a crate, not an attribute
[INFO] [stdout] 
[INFO] [stdout] 
[INFO] [stdout] error: cannot find derive macro `Deserialize` in this scope
[INFO] [stdout]    --> src/kosdaq_items_price.rs:9:17
[INFO] [stdout]     |
[INFO] [stdout]   9 | #[derive(Debug, Deserialize)]
[INFO] [stdout]     |                 ^^^^^^^^^^^
[INFO] [stdout]     |
[INFO] [stdout] note: `Deserialize` is a trait, not a derive macro
[INFO] [stdout]    --> /opt/rustwide/cargo-home/registry/src/index.crates.io-1949cf8c6b5b557f/serde_core-1.0.229/src/de/mod.rs:554:1
[INFO] [stdout]     |
[INFO] [stdout] 554 | pub trait Deserialize<'de>: Sized {
[INFO] [stdout]     | ^^^^^^^^^^^^^^^^^^^^^^^^^^^^^^^^^
[INFO] [stdout]     = help: consider implementing `Deserialize` for your type manually
[INFO] [stdout] 
[INFO] [stdout] 
[INFO] [stdout] error: cannot find attribute `serde` in this scope
[INFO] [stdout]   --> src/kosdaq_items_price.rs:20:4
[INFO] [stdout]    |
[INFO] [stdout] 20 |     #[serde(rename = "ISU_NM")]
[INFO] [stdout]    |       ^^^^^
[INFO] [stdout]    |
[INFO] [stdout]    = note: `serde` is in scope, but it is a crate, not an attribute
[INFO] [stdout] 
[INFO] [stdout] 
[INFO] [stdout] error: cannot find attribute `serde` in this scope
[INFO] [stdout]   --> src/kosdaq_items_price.rs:24:4
[INFO] [stdout]    |
[INFO] [stdout] 24 |     #[serde(rename = "MKT_NM")]
[INFO] [stdout]    |       ^^^^^
[INFO] [stdout]    |
[INFO] [stdout]    = note: `serde` is in scope, but it is a crate, not an attribute
[INFO] [stdout] 
[INFO] [stdout] 
[INFO] [stdout] error: cannot find attribute `serde` in this scope
[INFO] [stdout]   --> src/kosdaq_items_price.rs:12:4
[INFO] [stdout]    |
[INFO] [stdout] 12 |     #[serde(rename = "BAS_DD")]
[INFO] [stdout]    |       ^^^^^
[INFO] [stdout]    |
[INFO] [stdout]    = note: `serde` is in scope, but it is a crate, not an attribute
[INFO] [stdout] 
[INFO] [stdout] 
[INFO] [stdout] error: cannot find attribute `serde` in this scope
[INFO] [stdout]   --> src/kosdaq_items_price.rs:28:4
[INFO] [stdout]    |
[INFO] [stdout] 28 |     #[serde(rename = "SECT_TP_NM")]
[INFO] [stdout]    |       ^^^^^
[INFO] [stdout]    |
[INFO] [stdout]    = note: `serde` is in scope, but it is a crate, not an attribute
[INFO] [stdout] 
[INFO] [stdout] 
[INFO] [stdout] error: cannot find attribute `serde` in this scope
[INFO] [stdout]   --> src/kosdaq_items_price.rs:16:4
[INFO] [stdout]    |
[INFO] [stdout] 16 |     #[serde(rename = "ISU_CD")]
[INFO] [stdout]    |       ^^^^^
[INFO] [stdout]    |
[INFO] [stdout]    = note: `serde` is in scope, but it is a crate, not an attribute
[INFO] [stdout] 
[INFO] [stdout] 
[INFO] [stdout] error: cannot find attribute `serde` in this scope
[INFO] [stdout]   --> src/kosdaq_items_price.rs:32:4
[INFO] [stdout]    |
[INFO] [stdout] 32 |     #[serde(rename = "TDD_CLSPRC")]
[INFO] [stdout]    |       ^^^^^
[INFO] [stdout]    |
[INFO] [stdout]    = note: `serde` is in scope, but it is a crate, not an attribute
[INFO] [stdout] 
[INFO] [stdout] 
[INFO] [stdout] error: cannot find attribute `serde` in this scope
[INFO] [stdout]   --> src/kosdaq_items_price.rs:20:4
[INFO] [stdout]    |
[INFO] [stdout] 20 |     #[serde(rename = "ISU_NM")]
[INFO] [stdout]    |       ^^^^^
[INFO] [stdout]    |
[INFO] [stdout]    = note: `serde` is in scope, but it is a crate, not an attribute
[INFO] [stdout] 
[INFO] [stdout] 
[INFO] [stdout] error: cannot find attribute `serde` in this scope
[INFO] [stdout]   --> src/kosdaq_items_price.rs:36:4
[INFO] [stdout]    |
[INFO] [stdout] 36 |     #[serde(rename = "CMPPREVDD_PRC")]
[INFO] [stdout]    |       ^^^^^
[INFO] [stdout]    |
[INFO] [stdout]    = note: `serde` is in scope, but it is a crate, not an attribute
[INFO] [stdout] 
[INFO] [stdout] 
[INFO] [stdout] error: cannot find attribute `serde` in this scope
[INFO] [stdout]   --> src/kosdaq_items_price.rs:24:4
[INFO] [stdout]    |
[INFO] [stdout] 24 |     #[serde(rename = "MKT_NM")]
[INFO] [stdout]    |       ^^^^^
[INFO] [stdout]    |
[INFO] [stdout]    = note: `serde` is in scope, but it is a crate, not an attribute
[INFO] [stdout] 
[INFO] [stdout] 
[INFO] [stdout] error: cannot find attribute `serde` in this scope
[INFO] [stdout]   --> src/kosdaq_items_price.rs:40:4
[INFO] [stdout]    |
[INFO] [stdout] 40 |     #[serde(rename = "FLUC_RT")]
[INFO] [stdout]    |       ^^^^^
[INFO] [stdout]    |
[INFO] [stdout]    = note: `serde` is in scope, but it is a crate, not an attribute
[INFO] [stdout] 
[INFO] [stdout] 
[INFO] [stdout] error: cannot find attribute `serde` in this scope
[INFO] [stdout]   --> src/kosdaq_items_price.rs:28:4
[INFO] [stdout]    |
[INFO] [stdout] 28 |     #[serde(rename = "SECT_TP_NM")]
[INFO] [stdout]    |       ^^^^^
[INFO] [stdout]    |
[INFO] [stdout]    = note: `serde` is in scope, but it is a crate, not an attribute
[INFO] [stdout] 
[INFO] [stdout] 
[INFO] [stdout] error: cannot find attribute `serde` in this scope
[INFO] [stdout]   --> src/kosdaq_items_price.rs:44:4
[INFO] [stdout]    |
[INFO] [stdout] 44 |     #[serde(rename = "TDD_OPNPRC")]
[INFO] [stdout]    |       ^^^^^
[INFO] [stdout]    |
[INFO] [stdout]    = note: `serde` is in scope, but it is a crate, not an attribute
[INFO] [stdout] 
[INFO] [stdout] 
[INFO] [stdout] error: cannot find attribute `serde` in this scope
[INFO] [stdout]   --> src/kosdaq_items_price.rs:32:4
[INFO] [stdout]    |
[INFO] [stdout] 32 |     #[serde(rename = "TDD_CLSPRC")]
[INFO] [stdout]    |       ^^^^^
[INFO] [stdout]    |
[INFO] [stdout]    = note: `serde` is in scope, but it is a crate, not an attribute
[INFO] [stdout] 
[INFO] [stdout] 
[INFO] [stdout] error: cannot find attribute `serde` in this scope
[INFO] [stdout]   --> src/kosdaq_items_price.rs:48:4
[INFO] [stdout]    |
[INFO] [stdout] 48 |     #[serde(rename = "TDD_HGPRC")]
[INFO] [stdout]    |       ^^^^^
[INFO] [stdout]    |
[INFO] [stdout]    = note: `serde` is in scope, but it is a crate, not an attribute
[INFO] [stdout] 
[INFO] [stdout] 
[INFO] [stdout] error: cannot find attribute `serde` in this scope
[INFO] [stdout]   --> src/kosdaq_items_price.rs:36:4
[INFO] [stdout]    |
[INFO] [stdout] 36 |     #[serde(rename = "CMPPREVDD_PRC")]
[INFO] [stdout]    |       ^^^^^
[INFO] [stdout]    |
[INFO] [stdout]    = note: `serde` is in scope, but it is a crate, not an attribute
[INFO] [stdout] 
[INFO] [stdout] 
[INFO] [stdout] error: cannot find attribute `serde` in this scope
[INFO] [stdout]   --> src/kosdaq_items_price.rs:52:4
[INFO] [stdout]    |
[INFO] [stdout] 52 |     #[serde(rename = "TDD_LWPRC")]
[INFO] [stdout]    |       ^^^^^
[INFO] [stdout]    |
[INFO] [stdout]    = note: `serde` is in scope, but it is a crate, not an attribute
[INFO] [stdout] 
[INFO] [stdout] 
[INFO] [stdout] error: cannot find attribute `serde` in this scope
[INFO] [stdout]   --> src/kosdaq_items_price.rs:40:4
[INFO] [stdout]    |
[INFO] [stdout] 40 |     #[serde(rename = "FLUC_RT")]
[INFO] [stdout]    |       ^^^^^
[INFO] [stdout]    |
[INFO] [stdout]    = note: `serde` is in scope, but it is a crate, not an attribute
[INFO] [stdout] 
[INFO] [stdout] 
[INFO] [stdout] error: cannot find attribute `serde` in this scope
[INFO] [stdout]   --> src/kosdaq_items_price.rs:56:4
[INFO] [stdout]    |
[INFO] [stdout] 56 |     #[serde(rename = "ACC_TRDVOL")]
[INFO] [stdout]    |       ^^^^^
[INFO] [stdout]    |
[INFO] [stdout]    = note: `serde` is in scope, but it is a crate, not an attribute
[INFO] [stdout] 
[INFO] [stdout] 
[INFO] [stdout] error: cannot find attribute `serde` in this scope
[INFO] [stdout]   --> src/kosdaq_items_price.rs:44:4
[INFO] [stdout]    |
[INFO] [stdout] 44 |     #[serde(rename = "TDD_OPNPRC")]
[INFO] [stdout]    |       ^^^^^
[INFO] [stdout]    |
[INFO] [stdout]    = note: `serde` is in scope, but it is a crate, not an attribute
[INFO] [stdout] 
[INFO] [stdout] 
[INFO] [stdout] error: cannot find attribute `serde` in this scope
[INFO] [stdout]   --> src/kosdaq_items_price.rs:60:4
[INFO] [stdout]    |
[INFO] [stdout] 60 |     #[serde(rename = "ACC_TRDVAL")]
[INFO] [stdout]    |       ^^^^^
[INFO] [stdout]    |
[INFO] [stdout]    = note: `serde` is in scope, but it is a crate, not an attribute
[INFO] [stdout] 
[INFO] [stdout] 
[INFO] [stdout] error: cannot find attribute `serde` in this scope
[INFO] [stdout]   --> src/kosdaq_items_price.rs:48:4
[INFO] [stdout]    |
[INFO] [stdout] 48 |     #[serde(rename = "TDD_HGPRC")]
[INFO] [stdout]    |       ^^^^^
[INFO] [stdout]    |
[INFO] [stdout]    = note: `serde` is in scope, but it is a crate, not an attribute
[INFO] [stdout] 
[INFO] [stdout] 
[INFO] [stdout] error: cannot find attribute `serde` in this scope
[INFO] [stdout]   --> src/kosdaq_items_price.rs:64:4
[INFO] [stdout]    |
[INFO] [stdout] 64 |     #[serde(rename = "MKTCAP")]
[INFO] [stdout]    |       ^^^^^
[INFO] [stdout]    |
[INFO] [stdout]    = note: `serde` is in scope, but it is a crate, not an attribute
[INFO] [stdout] 
[INFO] [stdout] 
[INFO] [stdout] error: cannot find attribute `serde` in this scope
[INFO] [stdout]   --> src/kosdaq_items_price.rs:52:4
[INFO] [stdout]    |
[INFO] [stdout] 52 |     #[serde(rename = "TDD_LWPRC")]
[INFO] [stdout]    |       ^^^^^
[INFO] [stdout]    |
[INFO] [stdout]    = note: `serde` is in scope, but it is a crate, not an attribute
[INFO] [stdout] 
[INFO] [stdout] 
[INFO] [stdout] error: cannot find attribute `serde` in this scope
[INFO] [stdout]   --> src/kosdaq_items_price.rs:68:4
[INFO] [stdout]    |
[INFO] [stdout] 68 |     #[serde(rename = "LIST_SHRS")]
[INFO] [stdout]    |       ^^^^^
[INFO] [stdout]    |
[INFO] [stdout]    = note: `serde` is in scope, but it is a crate, not an attribute
[INFO] [stdout] 
[INFO] [stdout] 
[INFO] [stdout] error: cannot find attribute `serde` in this scope
[INFO] [stdout]   --> src/kosdaq_items_price.rs:56:4
[INFO] [stdout]    |
[INFO] [stdout] 56 |     #[serde(rename = "ACC_TRDVOL")]
[INFO] [stdout]    |       ^^^^^
[INFO] [stdout]    |
[INFO] [stdout]    = note: `serde` is in scope, but it is a crate, not an attribute
[INFO] [stdout] 
[INFO] [stdout] 
[INFO] [stdout] error: cannot find derive macro `Deserialize` in this scope
[INFO] [stdout]    --> src/kosdaq_items_price.rs:72:10
[INFO] [stdout]     |
[INFO] [stdout]  72 | #[derive(Deserialize)]
[INFO] [stdout]     |          ^^^^^^^^^^^
[INFO] [stdout]     |
[INFO] [stdout] note: `Deserialize` is a trait, not a derive macro
[INFO] [stdout]    --> /opt/rustwide/cargo-home/registry/src/index.crates.io-1949cf8c6b5b557f/serde_core-1.0.229/src/de/mod.rs:554:1
[INFO] [stdout]     |
[INFO] [stdout] 554 | pub trait Deserialize<'de>: Sized {
[INFO] [stdout]     | ^^^^^^^^^^^^^^^^^^^^^^^^^^^^^^^^^
[INFO] [stdout]     = help: consider implementing `Deserialize` for your type manually
[INFO] [stdout] 
[INFO] [stdout] 
[INFO] [stdout] error: cannot find attribute `serde` in this scope
[INFO] [stdout]   --> src/kosdaq_items_price.rs:60:4
[INFO] [stdout]    |
[INFO] [stdout] 60 |     #[serde(rename = "ACC_TRDVAL")]
[INFO] [stdout]    |       ^^^^^
[INFO] [stdout]    |
[INFO] [stdout]    = note: `serde` is in scope, but it is a crate, not an attribute
[INFO] [stdout] 
[INFO] [stdout] 
[INFO] [stdout] error: cannot find attribute `serde` in this scope
[INFO] [stdout]   --> src/kosdaq_items_price.rs:74:4
[INFO] [stdout]    |
[INFO] [stdout] 74 |     #[serde(rename = "OutBlock_1")]
[INFO] [stdout]    |       ^^^^^
[INFO] [stdout]    |
[INFO] [stdout]    = note: `serde` is in scope, but it is a crate, not an attribute
[INFO] [stdout] 
[INFO] [stdout] 
[INFO] [stdout] error: cannot find attribute `serde` in this scope
[INFO] [stdout]   --> src/kosdaq_items_price.rs:64:4
[INFO] [stdout]    |
[INFO] [stdout] 64 |     #[serde(rename = "MKTCAP")]
[INFO] [stdout]    |       ^^^^^
[INFO] [stdout]    |
[INFO] [stdout]    = note: `serde` is in scope, but it is a crate, not an attribute
[INFO] [stdout] 
[INFO] [stdout] 
[INFO] [stdout] error: cannot find attribute `serde` in this scope
[INFO] [stdout]   --> src/kosdaq_items_price.rs:68:4
[INFO] [stdout]    |
[INFO] [stdout] 68 |     #[serde(rename = "LIST_SHRS")]
[INFO] [stdout]    |       ^^^^^
[INFO] [stdout]    |
[INFO] [stdout]    = note: `serde` is in scope, but it is a crate, not an attribute
[INFO] [stdout] 
[INFO] [stdout] 
[INFO] [stdout] error: cannot find derive macro `Deserialize` in this scope
[INFO] [stdout]    --> src/etf_items_price.rs:9:17
[INFO] [stdout]     |
[INFO] [stdout]   9 | #[derive(Debug, Deserialize)]
[INFO] [stdout]     |                 ^^^^^^^^^^^
[INFO] [stdout]     |
[INFO] [stdout] note: `Deserialize` is a trait, not a derive macro
[INFO] [stdout]    --> /opt/rustwide/cargo-home/registry/src/index.crates.io-1949cf8c6b5b557f/serde_core-1.0.229/src/de/mod.rs:554:1
[INFO] [stdout]     |
[INFO] [stdout] 554 | pub trait Deserialize<'de>: Sized {
[INFO] [stdout]     | ^^^^^^^^^^^^^^^^^^^^^^^^^^^^^^^^^
[INFO] [stdout]     = help: consider implementing `Deserialize` for your type manually
[INFO] [stdout] 
[INFO] [stdout] 
[INFO] [stdout] error: cannot find derive macro `Deserialize` in this scope
[INFO] [stdout]    --> src/kosdaq_items_price.rs:72:10
[INFO] [stdout]     |
[INFO] [stdout]  72 | #[derive(Deserialize)]
[INFO] [stdout]     |          ^^^^^^^^^^^
[INFO] [stdout]     |
[INFO] [stdout] note: `Deserialize` is a trait, not a derive macro
[INFO] [stdout]    --> /opt/rustwide/cargo-home/registry/src/index.crates.io-1949cf8c6b5b557f/serde_core-1.0.229/src/de/mod.rs:554:1
[INFO] [stdout]     |
[INFO] [stdout] 554 | pub trait Deserialize<'de>: Sized {
[INFO] [stdout]     | ^^^^^^^^^^^^^^^^^^^^^^^^^^^^^^^^^
[INFO] [stdout]     = help: consider implementing `Deserialize` for your type manually
[INFO] [stdout] 
[INFO] [stdout] 
[INFO] [stdout] error: cannot find attribute `serde` in this scope
[INFO] [stdout]   --> src/etf_items_price.rs:12:4
[INFO] [stdout]    |
[INFO] [stdout] 12 |     #[serde(rename = "BAS_DD")]
[INFO] [stdout]    |       ^^^^^
[INFO] [stdout]    |
[INFO] [stdout]    = note: `serde` is in scope, but it is a crate, not an attribute
[INFO] [stdout] 
[INFO] [stdout] 
[INFO] [stdout] error: cannot find attribute `serde` in this scope
[INFO] [stdout]   --> src/kosdaq_items_price.rs:74:4
[INFO] [stdout]    |
[INFO] [stdout] 74 |     #[serde(rename = "OutBlock_1")]
[INFO] [stdout]    |       ^^^^^
[INFO] [stdout]    |
[INFO] [stdout]    = note: `serde` is in scope, but it is a crate, not an attribute
[INFO] [stdout] 
[INFO] [stdout] 
[INFO] [stdout] error: cannot find attribute `serde` in this scope
[INFO] [stdout]   --> src/etf_items_price.rs:16:4
[INFO] [stdout]    |
[INFO] [stdout] 16 |     #[serde(rename = "ISU_CD")]
[INFO] [stdout]    |       ^^^^^
[INFO] [stdout]    |
[INFO] [stdout]    = note: `serde` is in scope, but it is a crate, not an attribute
[INFO] [stdout] 
[INFO] [stdout] 
[INFO] [stdout] error: cannot find derive macro `Deserialize` in this scope
[INFO] [stdout]    --> src/etf_items_price.rs:9:17
[INFO] [stdout]     |
[INFO] [stdout]   9 | #[derive(Debug, Deserialize)]
[INFO] [stdout]     |                 ^^^^^^^^^^^
[INFO] [stdout]     |
[INFO] [stdout] note: `Deserialize` is a trait, not a derive macro
[INFO] [stdout]    --> /opt/rustwide/cargo-home/registry/src/index.crates.io-1949cf8c6b5b557f/serde_core-1.0.229/src/de/mod.rs:554:1
[INFO] [stdout]     |
[INFO] [stdout] 554 | pub trait Deserialize<'de>: Sized {
[INFO] [stdout]     | ^^^^^^^^^^^^^^^^^^^^^^^^^^^^^^^^^
[INFO] [stdout]     = help: consider implementing `Deserialize` for your type manually
[INFO] [stdout] 
[INFO] [stdout] 
[INFO] [stdout] error: cannot find attribute `serde` in this scope
[INFO] [stdout]   --> src/etf_items_price.rs:20:4
[INFO] [stdout]    |
[INFO] [stdout] 20 |     #[serde(rename = "ISU_NM")]
[INFO] [stdout]    |       ^^^^^
[INFO] [stdout]    |
[INFO] [stdout]    = note: `serde` is in scope, but it is a crate, not an attribute
[INFO] [stdout] 
[INFO] [stdout] 
[INFO] [stdout] error: cannot find attribute `serde` in this scope
[INFO] [stdout]   --> src/etf_items_price.rs:24:4
[INFO] [stdout]    |
[INFO] [stdout] 24 |     #[serde(rename = "TDD_CLSPRC")]
[INFO] [stdout]    |       ^^^^^
[INFO] [stdout]    |
[INFO] [stdout]    = note: `serde` is in scope, but it is a crate, not an attribute
[INFO] [stdout] 
[INFO] [stdout] 
[INFO] [stdout] error: cannot find attribute `serde` in this scope
[INFO] [stdout]   --> src/etf_items_price.rs:12:4
[INFO] [stdout]    |
[INFO] [stdout] 12 |     #[serde(rename = "BAS_DD")]
[INFO] [stdout]    |       ^^^^^
[INFO] [stdout]    |
[INFO] [stdout]    = note: `serde` is in scope, but it is a crate, not an attribute
[INFO] [stdout] 
[INFO] [stdout] 
[INFO] [stdout] error: cannot find attribute `serde` in this scope
[INFO] [stdout]   --> src/etf_items_price.rs:28:4
[INFO] [stdout]    |
[INFO] [stdout] 28 |     #[serde(rename = "CMPPREVDD_PRC")]
[INFO] [stdout]    |       ^^^^^
[INFO] [stdout]    |
[INFO] [stdout]    = note: `serde` is in scope, but it is a crate, not an attribute
[INFO] [stdout] 
[INFO] [stdout] 
[INFO] [stdout] error: cannot find attribute `serde` in this scope
[INFO] [stdout]   --> src/etf_items_price.rs:16:4
[INFO] [stdout]    |
[INFO] [stdout] 16 |     #[serde(rename = "ISU_CD")]
[INFO] [stdout]    |       ^^^^^
[INFO] [stdout]    |
[INFO] [stdout]    = note: `serde` is in scope, but it is a crate, not an attribute
[INFO] [stdout] 
[INFO] [stdout] 
[INFO] [stdout] error: cannot find attribute `serde` in this scope
[INFO] [stdout]   --> src/etf_items_price.rs:32:4
[INFO] [stdout]    |
[INFO] [stdout] 32 |     #[serde(rename = "FLUC_RT")]
[INFO] [stdout]    |       ^^^^^
[INFO] [stdout]    |
[INFO] [stdout]    = note: `serde` is in scope, but it is a crate, not an attribute
[INFO] [stdout] 
[INFO] [stdout] 
[INFO] [stdout] error: cannot find attribute `serde` in this scope
[INFO] [stdout]   --> src/etf_items_price.rs:36:4
[INFO] [stdout]    |
[INFO] [stdout] 36 |     #[serde(rename = "NAV")]
[INFO] [stdout]    |       ^^^^^
[INFO] [stdout]    |
[INFO] [stdout]    = note: `serde` is in scope, but it is a crate, not an attribute
[INFO] [stdout] 
[INFO] [stdout] 
[INFO] [stdout] error: cannot find attribute `serde` in this scope
[INFO] [stdout]   --> src/etf_items_price.rs:20:4
[INFO] [stdout]    |
[INFO] [stdout] 20 |     #[serde(rename = "ISU_NM")]
[INFO] [stdout]    |       ^^^^^
[INFO] [stdout]    |
[INFO] [stdout]    = note: `serde` is in scope, but it is a crate, not an attribute
[INFO] [stdout] 
[INFO] [stdout] 
[INFO] [stdout] error: cannot find attribute `serde` in this scope
[INFO] [stdout]   --> src/etf_items_price.rs:40:4
[INFO] [stdout]    |
[INFO] [stdout] 40 |     #[serde(rename = "TDD_OPNPRC")]
[INFO] [stdout]    |       ^^^^^
[INFO] [stdout]    |
[INFO] [stdout]    = note: `serde` is in scope, but it is a crate, not an attribute
[INFO] [stdout] 
[INFO] [stdout] 
[INFO] [stdout] error: cannot find attribute `serde` in this scope
[INFO] [stdout]   --> src/etf_items_price.rs:24:4
[INFO] [stdout]    |
[INFO] [stdout] 24 |     #[serde(rename = "TDD_CLSPRC")]
[INFO] [stdout]    |       ^^^^^
[INFO] [stdout]    |
[INFO] [stdout]    = note: `serde` is in scope, but it is a crate, not an attribute
[INFO] [stdout] 
[INFO] [stdout] 
[INFO] [stdout] error: cannot find attribute `serde` in this scope
[INFO] [stdout]   --> src/etf_items_price.rs:28:4
[INFO] [stdout]    |
[INFO] [stdout] 28 |     #[serde(rename = "CMPPREVDD_PRC")]
[INFO] [stdout]    |       ^^^^^
[INFO] [stdout]    |
[INFO] [stdout]    = note: `serde` is in scope, but it is a crate, not an attribute
[INFO] [stdout] 
[INFO] [stdout] 
[INFO] [stdout] error: cannot find attribute `serde` in this scope
[INFO] [stdout]   --> src/etf_items_price.rs:44:4
[INFO] [stdout]    |
[INFO] [stdout] 44 |     #[serde(rename = "TDD_HGPRC")]
[INFO] [stdout]    |       ^^^^^
[INFO] [stdout]    |
[INFO] [stdout]    = note: `serde` is in scope, but it is a crate, not an attribute
[INFO] [stdout] 
[INFO] [stdout] 
[INFO] [stdout] error: cannot find attribute `serde` in this scope
[INFO] [stdout]   --> src/etf_items_price.rs:32:4
[INFO] [stdout]    |
[INFO] [stdout] 32 |     #[serde(rename = "FLUC_RT")]
[INFO] [stdout]    |       ^^^^^
[INFO] [stdout]    |
[INFO] [stdout]    = note: `serde` is in scope, but it is a crate, not an attribute
[INFO] [stdout] 
[INFO] [stdout] 
[INFO] [stdout] error: cannot find attribute `serde` in this scope
[INFO] [stdout]   --> src/etf_items_price.rs:48:4
[INFO] [stdout]    |
[INFO] [stdout] 48 |     #[serde(rename = "TDD_LWPRC")]
[INFO] [stdout]    |       ^^^^^
[INFO] [stdout]    |
[INFO] [stdout]    = note: `serde` is in scope, but it is a crate, not an attribute
[INFO] [stdout] 
[INFO] [stdout] 
[INFO] [stdout] error: cannot find attribute `serde` in this scope
[INFO] [stdout]   --> src/etf_items_price.rs:36:4
[INFO] [stdout]    |
[INFO] [stdout] 36 |     #[serde(rename = "NAV")]
[INFO] [stdout]    |       ^^^^^
[INFO] [stdout]    |
[INFO] [stdout]    = note: `serde` is in scope, but it is a crate, not an attribute
[INFO] [stdout] 
[INFO] [stdout] 
[INFO] [stdout] error: cannot find attribute `serde` in this scope
[INFO] [stdout]   --> src/etf_items_price.rs:52:4
[INFO] [stdout]    |
[INFO] [stdout] 52 |     #[serde(rename = "ACC_TRDVOL")]
[INFO] [stdout]    |       ^^^^^
[INFO] [stdout]    |
[INFO] [stdout]    = note: `serde` is in scope, but it is a crate, not an attribute
[INFO] [stdout] 
[INFO] [stdout] 
[INFO] [stdout] error: cannot find attribute `serde` in this scope
[INFO] [stdout]   --> src/etf_items_price.rs:56:4
[INFO] [stdout]    |
[INFO] [stdout] 56 |     #[serde(rename = "ACC_TRDVAL")]
[INFO] [stdout]    |       ^^^^^
[INFO] [stdout]    |
[INFO] [stdout]    = note: `serde` is in scope, but it is a crate, not an attribute
[INFO] [stdout] 
[INFO] [stdout] 
[INFO] [stdout] error: cannot find attribute `serde` in this scope
[INFO] [stdout]   --> src/etf_items_price.rs:40:4
[INFO] [stdout]    |
[INFO] [stdout] 40 |     #[serde(rename = "TDD_OPNPRC")]
[INFO] [stdout]    |       ^^^^^
[INFO] [stdout]    |
[INFO] [stdout]    = note: `serde` is in scope, but it is a crate, not an attribute
[INFO] [stdout] 
[INFO] [stdout] 
[INFO] [stdout] error: cannot find attribute `serde` in this scope
[INFO] [stdout]   --> src/etf_items_price.rs:60:4
[INFO] [stdout]    |
[INFO] [stdout] 60 |     #[serde(rename = "MKTCAP")]
[INFO] [stdout]    |       ^^^^^
[INFO] [stdout]    |
[INFO] [stdout]    = note: `serde` is in scope, but it is a crate, not an attribute
[INFO] [stdout] 
[INFO] [stdout] 
[INFO] [stdout] error: cannot find attribute `serde` in this scope
[INFO] [stdout]   --> src/etf_items_price.rs:44:4
[INFO] [stdout]    |
[INFO] [stdout] 44 |     #[serde(rename = "TDD_HGPRC")]
[INFO] [stdout]    |       ^^^^^
[INFO] [stdout]    |
[INFO] [stdout]    = note: `serde` is in scope, but it is a crate, not an attribute
[INFO] [stdout] 
[INFO] [stdout] 
[INFO] [stdout] error: cannot find attribute `serde` in this scope
[INFO] [stdout]   --> src/etf_items_price.rs:48:4
[INFO] [stdout]    |
[INFO] [stdout] 48 |     #[serde(rename = "TDD_LWPRC")]
[INFO] [stdout]    |       ^^^^^
[INFO] [stdout]    |
[INFO] [stdout]    = note: `serde` is in scope, but it is a crate, not an attribute
[INFO] [stdout] 
[INFO] [stdout] 
[INFO] [stdout] error: cannot find attribute `serde` in this scope
[INFO] [stdout]   --> src/etf_items_price.rs:64:4
[INFO] [stdout]    |
[INFO] [stdout] 64 |     #[serde(rename = "INVSTASST_NETASST_TOTAMT")]
[INFO] [stdout]    |       ^^^^^
[INFO] [stdout]    |
[INFO] [stdout]    = note: `serde` is in scope, but it is a crate, not an attribute
[INFO] [stdout] 
[INFO] [stdout] 
[INFO] [stdout] error: cannot find attribute `serde` in this scope
[INFO] [stdout]   --> src/etf_items_price.rs:68:4
[INFO] [stdout]    |
[INFO] [stdout] 68 |     #[serde(rename = "LIST_SHRS")]
[INFO] [stdout]    |       ^^^^^
[INFO] [stdout]    |
[INFO] [stdout]    = note: `serde` is in scope, but it is a crate, not an attribute
[INFO] [stdout] 
[INFO] [stdout] 
[INFO] [stdout] error: cannot find attribute `serde` in this scope
[INFO] [stdout]   --> src/etf_items_price.rs:52:4
[INFO] [stdout]    |
[INFO] [stdout] 52 |     #[serde(rename = "ACC_TRDVOL")]
[INFO] [stdout]    |       ^^^^^
[INFO] [stdout]    |
[INFO] [stdout]    = note: `serde` is in scope, but it is a crate, not an attribute
[INFO] [stdout] 
[INFO] [stdout] 
[INFO] [stdout] error: cannot find attribute `serde` in this scope
[INFO] [stdout]   --> src/etf_items_price.rs:72:4
[INFO] [stdout]    |
[INFO] [stdout] 72 |     #[serde(rename = "IDX_IND_NM")]
[INFO] [stdout]    |       ^^^^^
[INFO] [stdout]    |
[INFO] [stdout]    = note: `serde` is in scope, but it is a crate, not an attribute
[INFO] [stdout] 
[INFO] [stdout] 
[INFO] [stdout] error: cannot find attribute `serde` in this scope
[INFO] [stdout]   --> src/etf_items_price.rs:56:4
[INFO] [stdout]    |
[INFO] [stdout] 56 |     #[serde(rename = "ACC_TRDVAL")]
[INFO] [stdout]    |       ^^^^^
[INFO] [stdout]    |
[INFO] [stdout]    = note: `serde` is in scope, but it is a crate, not an attribute
[INFO] [stdout] 
[INFO] [stdout] 
[INFO] [stdout] error: cannot find attribute `serde` in this scope
[INFO] [stdout]   --> src/etf_items_price.rs:60:4
[INFO] [stdout]    |
[INFO] [stdout] 60 |     #[serde(rename = "MKTCAP")]
[INFO] [stdout]    |       ^^^^^
[INFO] [stdout]    |
[INFO] [stdout]    = note: `serde` is in scope, but it is a crate, not an attribute
[INFO] [stdout] 
[INFO] [stdout] 
[INFO] [stdout] error: cannot find attribute `serde` in this scope
[INFO] [stdout]   --> src/etf_items_price.rs:76:4
[INFO] [stdout]    |
[INFO] [stdout] 76 |     #[serde(rename = "OBJ_STKPRC_IDX")]
[INFO] [stdout]    |       ^^^^^
[INFO] [stdout]    |
[INFO] [stdout]    = note: `serde` is in scope, but it is a crate, not an attribute
[INFO] [stdout] 
[INFO] [stdout] 
[INFO] [stdout] error: cannot find attribute `serde` in this scope
[INFO] [stdout]   --> src/etf_items_price.rs:64:4
[INFO] [stdout]    |
[INFO] [stdout] 64 |     #[serde(rename = "INVSTASST_NETASST_TOTAMT")]
[INFO] [stdout]    |       ^^^^^
[INFO] [stdout]    |
[INFO] [stdout]    = note: `serde` is in scope, but it is a crate, not an attribute
[INFO] [stdout] 
[INFO] [stdout] 
[INFO] [stdout] error: cannot find attribute `serde` in this scope
[INFO] [stdout]   --> src/etf_items_price.rs:80:4
[INFO] [stdout]    |
[INFO] [stdout] 80 |     #[serde(rename = "CMPPREVDD_IDX")]
[INFO] [stdout]    |       ^^^^^
[INFO] [stdout]    |
[INFO] [stdout]    = note: `serde` is in scope, but it is a crate, not an attribute
[INFO] [stdout] 
[INFO] [stdout] 
[INFO] [stdout] error: cannot find attribute `serde` in this scope
[INFO] [stdout]   --> src/etf_items_price.rs:84:4
[INFO] [stdout]    |
[INFO] [stdout] 84 |     #[serde(rename = "FLUC_RT_IDX")]
[INFO] [stdout]    |       ^^^^^
[INFO] [stdout]    |
[INFO] [stdout]    = note: `serde` is in scope, but it is a crate, not an attribute
[INFO] [stdout] 
[INFO] [stdout] 
[INFO] [stdout] error: cannot find attribute `serde` in this scope
[INFO] [stdout]   --> src/etf_items_price.rs:68:4
[INFO] [stdout]    |
[INFO] [stdout] 68 |     #[serde(rename = "LIST_SHRS")]
[INFO] [stdout]    |       ^^^^^
[INFO] [stdout]    |
[INFO] [stdout]    = note: `serde` is in scope, but it is a crate, not an attribute
[INFO] [stdout] 
[INFO] [stdout] 
[INFO] [stdout] error: cannot find derive macro `Deserialize` in this scope
[INFO] [stdout]    --> src/etf_items_price.rs:88:10
[INFO] [stdout]     |
[INFO] [stdout]  88 | #[derive(Deserialize)]
[INFO] [stdout]     |          ^^^^^^^^^^^
[INFO] [stdout]     |
[INFO] [stdout] note: `Deserialize` is a trait, not a derive macro
[INFO] [stdout]    --> /opt/rustwide/cargo-home/registry/src/index.crates.io-1949cf8c6b5b557f/serde_core-1.0.229/src/de/mod.rs:554:1
[INFO] [stdout]     |
[INFO] [stdout] 554 | pub trait Deserialize<'de>: Sized {
[INFO] [stdout]     | ^^^^^^^^^^^^^^^^^^^^^^^^^^^^^^^^^
[INFO] [stdout]     = help: consider implementing `Deserialize` for your type manually
[INFO] [stdout] 
[INFO] [stdout] 
[INFO] [stdout] error: cannot find attribute `serde` in this scope
[INFO] [stdout]   --> src/etf_items_price.rs:72:4
[INFO] [stdout]    |
[INFO] [stdout] 72 |     #[serde(rename = "IDX_IND_NM")]
[INFO] [stdout]    |       ^^^^^
[INFO] [stdout]    |
[INFO] [stdout]    = note: `serde` is in scope, but it is a crate, not an attribute
[INFO] [stdout] 
[INFO] [stdout] 
[INFO] [stdout] error: cannot find attribute `serde` in this scope
[INFO] [stdout]   --> src/etf_items_price.rs:76:4
[INFO] [stdout]    |
[INFO] [stdout] 76 |     #[serde(rename = "OBJ_STKPRC_IDX")]
[INFO] [stdout]    |       ^^^^^
[INFO] [stdout]    |
[INFO] [stdout]    = note: `serde` is in scope, but it is a crate, not an attribute
[INFO] [stdout] 
[INFO] [stdout] 
[INFO] [stdout] error: cannot find attribute `serde` in this scope
[INFO] [stdout]   --> src/etf_items_price.rs:90:4
[INFO] [stdout]    |
[INFO] [stdout] 90 |     #[serde(rename = "OutBlock_1")]
[INFO] [stdout]    |       ^^^^^
[INFO] [stdout]    |
[INFO] [stdout]    = note: `serde` is in scope, but it is a crate, not an attribute
[INFO] [stdout] 
[INFO] [stdout] 
[INFO] [stdout] error: cannot find attribute `serde` in this scope
[INFO] [stdout]   --> src/etf_items_price.rs:80:4
[INFO] [stdout]    |
[INFO] [stdout] 80 |     #[serde(rename = "CMPPREVDD_IDX")]
[INFO] [stdout]    |       ^^^^^
[INFO] [stdout]    |
[INFO] [stdout]    = note: `serde` is in scope, but it is a crate, not an attribute
[INFO] [stdout] 
[INFO] [stdout] 
[INFO] [stdout] error: cannot find attribute `serde` in this scope
[INFO] [stdout]   --> src/etf_items_price.rs:84:4
[INFO] [stdout]    |
[INFO] [stdout] 84 |     #[serde(rename = "FLUC_RT_IDX")]
[INFO] [stdout]    |       ^^^^^
[INFO] [stdout]    |
[INFO] [stdout]    = note: `serde` is in scope, but it is a crate, not an attribute
[INFO] [stdout] 
[INFO] [stdout] 
[INFO] [stdout] error: cannot find derive macro `Deserialize` in this scope
[INFO] [stdout]    --> src/etf_items_price.rs:88:10
[INFO] [stdout]     |
[INFO] [stdout]  88 | #[derive(Deserialize)]
[INFO] [stdout]     |          ^^^^^^^^^^^
[INFO] [stdout]     |
[INFO] [stdout] note: `Deserialize` is a trait, not a derive macro
[INFO] [stdout]    --> /opt/rustwide/cargo-home/registry/src/index.crates.io-1949cf8c6b5b557f/serde_core-1.0.229/src/de/mod.rs:554:1
[INFO] [stdout]     |
[INFO] [stdout] 554 | pub trait Deserialize<'de>: Sized {
[INFO] [stdout]     | ^^^^^^^^^^^^^^^^^^^^^^^^^^^^^^^^^
[INFO] [stdout]     = help: consider implementing `Deserialize` for your type manually
[INFO] [stdout] 
[INFO] [stdout] 
[INFO] [stdout] error: cannot find attribute `serde` in this scope
[INFO] [stdout]   --> src/etf_items_price.rs:90:4
[INFO] [stdout]    |
[INFO] [stdout] 90 |     #[serde(rename = "OutBlock_1")]
[INFO] [stdout]    |       ^^^^^
[INFO] [stdout]    |
[INFO] [stdout]    = note: `serde` is in scope, but it is a crate, not an attribute
[INFO] [stdout] 
[INFO] [stdout] 
[INFO] [stdout] error[E0277]: the trait bound `kospi_items_info::ResponsePayload: serde::de::DeserializeOwned` is not satisfied
[INFO] [stdout]    --> src/kospi_items_info.rs:87:12
[INFO] [stdout]     |
[INFO] [stdout]  87 |             .json::<ResponsePayload>()
[INFO] [stdout]     |              ----   ^^^^^^^^^^^^^^^ unsatisfied trait bound
[INFO] [stdout]     |              |
[INFO] [stdout]     |              required by a bound introduced by this call
[INFO] [stdout]     |
[INFO] [stdout] help: the trait `for<'de> Deserialize<'de>` is not implemented for `kospi_items_info::ResponsePayload`
[INFO] [stdout]    --> src/kospi_items_info.rs:61:1
[INFO] [stdout]     |
[INFO] [stdout]  61 | struct ResponsePayload {
[INFO] [stdout]     | ^^^^^^^^^^^^^^^^^^^^^^
[INFO] [stdout]     = help: the following other types implement trait `Deserialize<'de>`:
[INFO] [stdout]               &'a Path
[INFO] [stdout]               &'a [u8]
[INFO] [stdout]               &'a str
[INFO] [stdout]               ()
[INFO] [stdout]               (T,)
[INFO] [stdout]               (T0, T1)
[INFO] [stdout]               (T0, T1, T2)
[INFO] [stdout]               (T0, T1, T2, T3)
[INFO] [stdout]             and 141 others
[INFO] [stdout]     = note: required for `kospi_items_info::ResponsePayload` to implement `DeserializeOwned`
[INFO] [stdout] note: required by a bound in `Response::json`
[INFO] [stdout]    --> /opt/rustwide/cargo-home/registry/src/index.crates.io-1949cf8c6b5b557f/reqwest-0.13.4/src/async_impl/response.rs:269:26
[INFO] [stdout]     |
[INFO] [stdout]  35 | impl Response {
[INFO] [stdout] ...
[INFO] [stdout] 269 |     pub async fn json<T: DeserializeOwned>(self) -> crate::Result<T> {
[INFO] [stdout]     |                          ^^^^^^^^^^^^^^^^ required by this bound in `Response::json`
[INFO] [stdout] 
[INFO] [stdout] 
[INFO] [stdout] error[E0277]: the trait bound `kospi_items_price::ResponsePayload: serde::de::DeserializeOwned` is not satisfied
[INFO] [stdout]    --> src/kospi_items_price.rs:99:12
[INFO] [stdout]     |
[INFO] [stdout]  99 |             .json::<ResponsePayload>()
[INFO] [stdout]     |              ----   ^^^^^^^^^^^^^^^ unsatisfied trait bound
[INFO] [stdout]     |              |
[INFO] [stdout]     |              required by a bound introduced by this call
[INFO] [stdout]     |
[INFO] [stdout] help: the trait `for<'de> Deserialize<'de>` is not implemented for `kospi_items_price::ResponsePayload`
[INFO] [stdout]    --> src/kospi_items_price.rs:73:1
[INFO] [stdout]     |
[INFO] [stdout]  73 | struct ResponsePayload {
[INFO] [stdout]     | ^^^^^^^^^^^^^^^^^^^^^^
[INFO] [stdout]     = help: the following other types implement trait `Deserialize<'de>`:
[INFO] [stdout]               &'a Path
[INFO] [stdout]               &'a [u8]
[INFO] [stdout]               &'a str
[INFO] [stdout]               ()
[INFO] [stdout]               (T,)
[INFO] [stdout]               (T0, T1)
[INFO] [stdout]               (T0, T1, T2)
[INFO] [stdout]               (T0, T1, T2, T3)
[INFO] [stdout]             and 141 others
[INFO] [stdout]     = note: required for `kospi_items_price::ResponsePayload` to implement `DeserializeOwned`
[INFO] [stdout] note: required by a bound in `Response::json`
[INFO] [stdout]    --> /opt/rustwide/cargo-home/registry/src/index.crates.io-1949cf8c6b5b557f/reqwest-0.13.4/src/async_impl/response.rs:269:26
[INFO] [stdout]     |
[INFO] [stdout]  35 | impl Response {
[INFO] [stdout] ...
[INFO] [stdout] 269 |     pub async fn json<T: DeserializeOwned>(self) -> crate::Result<T> {
[INFO] [stdout]     |                          ^^^^^^^^^^^^^^^^ required by this bound in `Response::json`
[INFO] [stdout] 
[INFO] [stdout] 
[INFO] [stdout] error[E0277]: the trait bound `kosdaq_items_info::ResponsePayload: serde::de::DeserializeOwned` is not satisfied
[INFO] [stdout]    --> src/kosdaq_items_info.rs:87:12
[INFO] [stdout]     |
[INFO] [stdout]  87 |             .json::<ResponsePayload>()
[INFO] [stdout]     |              ----   ^^^^^^^^^^^^^^^ unsatisfied trait bound
[INFO] [stdout]     |              |
[INFO] [stdout]     |              required by a bound introduced by this call
[INFO] [stdout]     |
[INFO] [stdout] help: the trait `for<'de> Deserialize<'de>` is not implemented for `kosdaq_items_info::ResponsePayload`
[INFO] [stdout]    --> src/kosdaq_items_info.rs:61:1
[INFO] [stdout]     |
[INFO] [stdout]  61 | struct ResponsePayload {
[INFO] [stdout]     | ^^^^^^^^^^^^^^^^^^^^^^
[INFO] [stdout]     = help: the following other types implement trait `Deserialize<'de>`:
[INFO] [stdout]               &'a Path
[INFO] [stdout]               &'a [u8]
[INFO] [stdout]               &'a str
[INFO] [stdout]               ()
[INFO] [stdout]               (T,)
[INFO] [stdout]               (T0, T1)
[INFO] [stdout]               (T0, T1, T2)
[INFO] [stdout]               (T0, T1, T2, T3)
[INFO] [stdout]             and 141 others
[INFO] [stdout]     = note: required for `kosdaq_items_info::ResponsePayload` to implement `DeserializeOwned`
[INFO] [stdout] note: required by a bound in `Response::json`
[INFO] [stdout]    --> /opt/rustwide/cargo-home/registry/src/index.crates.io-1949cf8c6b5b557f/reqwest-0.13.4/src/async_impl/response.rs:269:26
[INFO] [stdout]     |
[INFO] [stdout]  35 | impl Response {
[INFO] [stdout] ...
[INFO] [stdout] 269 |     pub async fn json<T: DeserializeOwned>(self) -> crate::Result<T> {
[INFO] [stdout]     |                          ^^^^^^^^^^^^^^^^ required by this bound in `Response::json`
[INFO] [stdout] 
[INFO] [stdout] 
[INFO] [stdout] error[E0277]: the trait bound `kospi_items_info::ResponsePayload: serde::de::DeserializeOwned` is not satisfied
[INFO] [stdout]    --> src/kospi_items_info.rs:87:12
[INFO] [stdout]     |
[INFO] [stdout]  87 |             .json::<ResponsePayload>()
[INFO] [stdout]     |              ----   ^^^^^^^^^^^^^^^ unsatisfied trait bound
[INFO] [stdout]     |              |
[INFO] [stdout]     |              required by a bound introduced by this call
[INFO] [stdout]     |
[INFO] [stdout] help: the trait `for<'de> Deserialize<'de>` is not implemented for `kospi_items_info::ResponsePayload`
[INFO] [stdout]    --> src/kospi_items_info.rs:61:1
[INFO] [stdout]     |
[INFO] [stdout]  61 | struct ResponsePayload {
[INFO] [stdout]     | ^^^^^^^^^^^^^^^^^^^^^^
[INFO] [stdout]     = help: the following other types implement trait `Deserialize<'de>`:
[INFO] [stdout]               &'a Path
[INFO] [stdout]               &'a [u8]
[INFO] [stdout]               &'a str
[INFO] [stdout]               ()
[INFO] [stdout]               (T,)
[INFO] [stdout]               (T0, T1)
[INFO] [stdout]               (T0, T1, T2)
[INFO] [stdout]               (T0, T1, T2, T3)
[INFO] [stdout]             and 141 others
[INFO] [stdout]     = note: required for `kospi_items_info::ResponsePayload` to implement `DeserializeOwned`
[INFO] [stdout] note: required by a bound in `Response::json`
[INFO] [stdout]    --> /opt/rustwide/cargo-home/registry/src/index.crates.io-1949cf8c6b5b557f/reqwest-0.13.4/src/async_impl/response.rs:269:26
[INFO] [stdout]     |
[INFO] [stdout]  35 | impl Response {
[INFO] [stdout] ...
[INFO] [stdout] 269 |     pub async fn json<T: DeserializeOwned>(self) -> crate::Result<T> {
[INFO] [stdout]     |                          ^^^^^^^^^^^^^^^^ required by this bound in `Response::json`
[INFO] [stdout] 
[INFO] [stdout] 
[INFO] [stdout] error[E0277]: the trait bound `kosdaq_items_price::ResponsePayload: serde::de::DeserializeOwned` is not satisfied
[INFO] [stdout]    --> src/kosdaq_items_price.rs:99:12
[INFO] [stdout]     |
[INFO] [stdout]  99 |             .json::<ResponsePayload>()
[INFO] [stdout]     |              ----   ^^^^^^^^^^^^^^^ unsatisfied trait bound
[INFO] [stdout]     |              |
[INFO] [stdout]     |              required by a bound introduced by this call
[INFO] [stdout]     |
[INFO] [stdout] help: the trait `for<'de> Deserialize<'de>` is not implemented for `kosdaq_items_price::ResponsePayload`
[INFO] [stdout]    --> src/kosdaq_items_price.rs:73:1
[INFO] [stdout]     |
[INFO] [stdout]  73 | struct ResponsePayload {
[INFO] [stdout]     | ^^^^^^^^^^^^^^^^^^^^^^
[INFO] [stdout]     = help: the following other types implement trait `Deserialize<'de>`:
[INFO] [stdout]               &'a Path
[INFO] [stdout]               &'a [u8]
[INFO] [stdout]               &'a str
[INFO] [stdout]               ()
[INFO] [stdout]               (T,)
[INFO] [stdout]               (T0, T1)
[INFO] [stdout]               (T0, T1, T2)
[INFO] [stdout]               (T0, T1, T2, T3)
[INFO] [stdout]             and 141 others
[INFO] [stdout]     = note: required for `kosdaq_items_price::ResponsePayload` to implement `DeserializeOwned`
[INFO] [stdout] note: required by a bound in `Response::json`
[INFO] [stdout]    --> /opt/rustwide/cargo-home/registry/src/index.crates.io-1949cf8c6b5b557f/reqwest-0.13.4/src/async_impl/response.rs:269:26
[INFO] [stdout]     |
[INFO] [stdout]  35 | impl Response {
[INFO] [stdout] ...
[INFO] [stdout] 269 |     pub async fn json<T: DeserializeOwned>(self) -> crate::Result<T> {
[INFO] [stdout]     |                          ^^^^^^^^^^^^^^^^ required by this bound in `Response::json`
[INFO] [stdout] 
[INFO] [stdout] 
[INFO] [stdout] error[E0277]: the trait bound `kospi_items_price::ResponsePayload: serde::de::DeserializeOwned` is not satisfied
[INFO] [stdout]    --> src/kospi_items_price.rs:99:12
[INFO] [stdout]     |
[INFO] [stdout]  99 |             .json::<ResponsePayload>()
[INFO] [stdout]     |              ----   ^^^^^^^^^^^^^^^ unsatisfied trait bound
[INFO] [stdout]     |              |
[INFO] [stdout]     |              required by a bound introduced by this call
[INFO] [stdout]     |
[INFO] [stdout] help: the trait `for<'de> Deserialize<'de>` is not implemented for `kospi_items_price::ResponsePayload`
[INFO] [stdout]    --> src/kospi_items_price.rs:73:1
[INFO] [stdout]     |
[INFO] [stdout]  73 | struct ResponsePayload {
[INFO] [stdout]     | ^^^^^^^^^^^^^^^^^^^^^^
[INFO] [stdout]     = help: the following other types implement trait `Deserialize<'de>`:
[INFO] [stdout]               &'a Path
[INFO] [stdout]               &'a [u8]
[INFO] [stdout]               &'a str
[INFO] [stdout]               ()
[INFO] [stdout]               (T,)
[INFO] [stdout]               (T0, T1)
[INFO] [stdout]               (T0, T1, T2)
[INFO] [stdout]               (T0, T1, T2, T3)
[INFO] [stdout]             and 141 others
[INFO] [stdout]     = note: required for `kospi_items_price::ResponsePayload` to implement `DeserializeOwned`
[INFO] [stdout] note: required by a bound in `Response::json`
[INFO] [stdout]    --> /opt/rustwide/cargo-home/registry/src/index.crates.io-1949cf8c6b5b557f/reqwest-0.13.4/src/async_impl/response.rs:269:26
[INFO] [stdout]     |
[INFO] [stdout]  35 | impl Response {
[INFO] [stdout] ...
[INFO] [stdout] 269 |     pub async fn json<T: DeserializeOwned>(self) -> crate::Result<T> {
[INFO] [stdout]     |                          ^^^^^^^^^^^^^^^^ required by this bound in `Response::json`
[INFO] [stdout] 
[INFO] [stdout] 
[INFO] [stdout] error[E0277]: the trait bound `etf_items_price::ResponsePayload: serde::de::DeserializeOwned` is not satisfied
[INFO] [stdout]    --> src/etf_items_price.rs:115:12
[INFO] [stdout]     |
[INFO] [stdout] 115 |             .json::<ResponsePayload>()
[INFO] [stdout]     |              ----   ^^^^^^^^^^^^^^^ unsatisfied trait bound
[INFO] [stdout]     |              |
[INFO] [stdout]     |              required by a bound introduced by this call
[INFO] [stdout]     |
[INFO] [stdout] help: the trait `for<'de> Deserialize<'de>` is not implemented for `etf_items_price::ResponsePayload`
[INFO] [stdout]    --> src/etf_items_price.rs:89:1
[INFO] [stdout]     |
[INFO] [stdout]  89 | struct ResponsePayload {
[INFO] [stdout]     | ^^^^^^^^^^^^^^^^^^^^^^
[INFO] [stdout]     = help: the following other types implement trait `Deserialize<'de>`:
[INFO] [stdout]               &'a Path
[INFO] [stdout]               &'a [u8]
[INFO] [stdout]               &'a str
[INFO] [stdout]               ()
[INFO] [stdout]               (T,)
[INFO] [stdout]               (T0, T1)
[INFO] [stdout]               (T0, T1, T2)
[INFO] [stdout]               (T0, T1, T2, T3)
[INFO] [stdout]             and 141 others
[INFO] [stdout]     = note: required for `etf_items_price::ResponsePayload` to implement `DeserializeOwned`
[INFO] [stdout] note: required by a bound in `Response::json`
[INFO] [stdout]    --> /opt/rustwide/cargo-home/registry/src/index.crates.io-1949cf8c6b5b557f/reqwest-0.13.4/src/async_impl/response.rs:269:26
[INFO] [stdout]     |
[INFO] [stdout]  35 | impl Response {
[INFO] [stdout] ...
[INFO] [stdout] 269 |     pub async fn json<T: DeserializeOwned>(self) -> crate::Result<T> {
[INFO] [stdout]     |                          ^^^^^^^^^^^^^^^^ required by this bound in `Response::json`
[INFO] [stdout] 
[INFO] [stdout] 
[INFO] [stdout] error[E0277]: the trait bound `kosdaq_items_info::ResponsePayload: serde::de::DeserializeOwned` is not satisfied
[INFO] [stdout]    --> src/kosdaq_items_info.rs:87:12
[INFO] [stdout]     |
[INFO] [stdout]  87 |             .json::<ResponsePayload>()
[INFO] [stdout]     |              ----   ^^^^^^^^^^^^^^^ unsatisfied trait bound
[INFO] [stdout]     |              |
[INFO] [stdout]     |              required by a bound introduced by this call
[INFO] [stdout]     |
[INFO] [stdout] help: the trait `for<'de> Deserialize<'de>` is not implemented for `kosdaq_items_info::ResponsePayload`
[INFO] [stdout]    --> src/kosdaq_items_info.rs:61:1
[INFO] [stdout]     |
[INFO] [stdout]  61 | struct ResponsePayload {
[INFO] [stdout]     | ^^^^^^^^^^^^^^^^^^^^^^
[INFO] [stdout]     = help: the following other types implement trait `Deserialize<'de>`:
[INFO] [stdout]               &'a Path
[INFO] [stdout]               &'a [u8]
[INFO] [stdout]               &'a str
[INFO] [stdout]               ()
[INFO] [stdout]               (T,)
[INFO] [stdout]               (T0, T1)
[INFO] [stdout]               (T0, T1, T2)
[INFO] [stdout]               (T0, T1, T2, T3)
[INFO] [stdout]             and 141 others
[INFO] [stdout]     = note: required for `kosdaq_items_info::ResponsePayload` to implement `DeserializeOwned`
[INFO] [stdout] note: required by a bound in `Response::json`
[INFO] [stdout]    --> /opt/rustwide/cargo-home/registry/src/index.crates.io-1949cf8c6b5b557f/reqwest-0.13.4/src/async_impl/response.rs:269:26
[INFO] [stdout]     |
[INFO] [stdout]  35 | impl Response {
[INFO] [stdout] ...
[INFO] [stdout] 269 |     pub async fn json<T: DeserializeOwned>(self) -> crate::Result<T> {
[INFO] [stdout]     |                          ^^^^^^^^^^^^^^^^ required by this bound in `Response::json`
[INFO] [stdout] 
[INFO] [stdout] 
[INFO] [stdout] error[E0277]: the trait bound `kosdaq_items_price::ResponsePayload: serde::de::DeserializeOwned` is not satisfied
[INFO] [stdout]    --> src/kosdaq_items_price.rs:99:12
[INFO] [stdout]     |
[INFO] [stdout]  99 |             .json::<ResponsePayload>()
[INFO] [stdout]     |              ----   ^^^^^^^^^^^^^^^ unsatisfied trait bound
[INFO] [stdout]     |              |
[INFO] [stdout]     |              required by a bound introduced by this call
[INFO] [stdout]     |
[INFO] [stdout] help: the trait `for<'de> Deserialize<'de>` is not implemented for `kosdaq_items_price::ResponsePayload`
[INFO] [stdout]    --> src/kosdaq_items_price.rs:73:1
[INFO] [stdout]     |
[INFO] [stdout]  73 | struct ResponsePayload {
[INFO] [stdout]     | ^^^^^^^^^^^^^^^^^^^^^^
[INFO] [stdout]     = help: the following other types implement trait `Deserialize<'de>`:
[INFO] [stdout]               &'a Path
[INFO] [stdout]               &'a [u8]
[INFO] [stdout]               &'a str
[INFO] [stdout]               ()
[INFO] [stdout]               (T,)
[INFO] [stdout]               (T0, T1)
[INFO] [stdout]               (T0, T1, T2)
[INFO] [stdout]               (T0, T1, T2, T3)
[INFO] [stdout]             and 141 others
[INFO] [stdout]     = note: required for `kosdaq_items_price::ResponsePayload` to implement `DeserializeOwned`
[INFO] [stdout] note: required by a bound in `Response::json`
[INFO] [stdout]    --> /opt/rustwide/cargo-home/registry/src/index.crates.io-1949cf8c6b5b557f/reqwest-0.13.4/src/async_impl/response.rs:269:26
[INFO] [stdout]     |
[INFO] [stdout]  35 | impl Response {
[INFO] [stdout] ...
[INFO] [stdout] 269 |     pub async fn json<T: DeserializeOwned>(self) -> crate::Result<T> {
[INFO] [stdout]     |                          ^^^^^^^^^^^^^^^^ required by this bound in `Response::json`
[INFO] [stdout] 
[INFO] [stdout] 
[INFO] [stdout] For more information about this error, try `rustc --explain E0277`.
[INFO] [stdout] 
[INFO] [stdout] error[E0277]: the trait bound `etf_items_price::ResponsePayload: serde::de::DeserializeOwned` is not satisfied
[INFO] [stdout]    --> src/etf_items_price.rs:115:12
[INFO] [stdout]     |
[INFO] [stdout] 115 |             .json::<ResponsePayload>()
[INFO] [stdout]     |              ----   ^^^^^^^^^^^^^^^ unsatisfied trait bound
[INFO] [stdout]     |              |
[INFO] [stdout]     |              required by a bound introduced by this call
[INFO] [stdout]     |
[INFO] [stdout] help: the trait `for<'de> Deserialize<'de>` is not implemented for `etf_items_price::ResponsePayload`
[INFO] [stdout]    --> src/etf_items_price.rs:89:1
[INFO] [stdout]     |
[INFO] [stdout]  89 | struct ResponsePayload {
[INFO] [stdout]     | ^^^^^^^^^^^^^^^^^^^^^^
[INFO] [stdout]     = help: the following other types implement trait `Deserialize<'de>`:
[INFO] [stdout]               &'a Path
[INFO] [stdout]               &'a [u8]
[INFO] [stdout]               &'a str
[INFO] [stdout]               ()
[INFO] [stdout]               (T,)
[INFO] [stdout]               (T0, T1)
[INFO] [stdout]               (T0, T1, T2)
[INFO] [stdout]               (T0, T1, T2, T3)
[INFO] [stdout]             and 141 others
[INFO] [stdout]     = note: required for `etf_items_price::ResponsePayload` to implement `DeserializeOwned`
[INFO] [stdout] note: required by a bound in `Response::json`
[INFO] [stdout]    --> /opt/rustwide/cargo-home/registry/src/index.crates.io-1949cf8c6b5b557f/reqwest-0.13.4/src/async_impl/response.rs:269:26
[INFO] [stdout]     |
[INFO] [stdout]  35 | impl Response {
[INFO] [stdout] ...
[INFO] [stdout] 269 |     pub async fn json<T: DeserializeOwned>(self) -> crate::Result<T> {
[INFO] [stdout]     |                          ^^^^^^^^^^^^^^^^ required by this bound in `Response::json`
[INFO] [stdout] 
[INFO] [stdout] 
[INFO] [stderr] error: could not compile `krxopenapi` (lib test) due to 93 previous errors
[INFO] [stderr] warning: build failed, waiting for other jobs to finish...
[INFO] [stdout] For more information about this error, try `rustc --explain E0277`.
[INFO] [stdout] 
[INFO] [stderr] error: could not compile `krxopenapi` (lib) due to 93 previous errors
[INFO] running `Command { std: "docker" "inspect" "a7331c59027b34318f6cc85f06b1dc02a8ac0eb951cd3358efdafa8f0440c5c5", kill_on_drop: false }`
[INFO] running `Command { std: "docker" "rm" "-f" "a7331c59027b34318f6cc85f06b1dc02a8ac0eb951cd3358efdafa8f0440c5c5", kill_on_drop: false }`
[INFO] [stdout] a7331c59027b34318f6cc85f06b1dc02a8ac0eb951cd3358efdafa8f0440c5c5
