[INFO] cloning repository https://github.com/Yang-Yiming/dj-music-suite
[INFO] running `Command { std: "git" "-c" "credential.helper=" "-c" "credential.helper=/workspace/cargo-home/bin/git-credential-null" "clone" "--bare" "https://github.com/Yang-Yiming/dj-music-suite" "/workspace/cache/git-repos/https%3A%2F%2Fgithub.com%2FYang-Yiming%2Fdj-music-suite", kill_on_drop: false }`
[INFO] [stderr] Cloning into bare repository '/workspace/cache/git-repos/https%3A%2F%2Fgithub.com%2FYang-Yiming%2Fdj-music-suite'...
[INFO] running `Command { std: "git" "rev-parse" "HEAD", kill_on_drop: false }`
[INFO] [stdout] 4e80ba5bf45cae28bcd25c814945a77aa2eb6eac
[INFO] checking Yang-Yiming/dj-music-suite against 3154cc1a3e6424e44f438a95007d043ed5ceaaf6+rustflags=-Znext-solver=coherence for pr-133502-30
[INFO] running `Command { std: "git" "clone" "/workspace/cache/git-repos/https%3A%2F%2Fgithub.com%2FYang-Yiming%2Fdj-music-suite" "/workspace/builds/worker-1-tc1/source", kill_on_drop: false }`
[INFO] [stderr] Cloning into '/workspace/builds/worker-1-tc1/source'...
[INFO] [stderr] done.
[INFO] started tweaking git repo https://github.com/Yang-Yiming/dj-music-suite
[INFO] finished tweaking git repo https://github.com/Yang-Yiming/dj-music-suite
[INFO] tweaked toml for git repo https://github.com/Yang-Yiming/dj-music-suite written to /workspace/builds/worker-1-tc1/source/Cargo.toml
[INFO] validating manifest of git repo https://github.com/Yang-Yiming/dj-music-suite on toolchain 3154cc1a3e6424e44f438a95007d043ed5ceaaf6
[INFO] running `Command { std: CARGO_HOME="/workspace/cargo-home" RUSTUP_HOME="/workspace/rustup-home" "/workspace/cargo-home/bin/cargo" "+3154cc1a3e6424e44f438a95007d043ed5ceaaf6" "metadata" "--manifest-path" "Cargo.toml" "--no-deps", kill_on_drop: false }`
[INFO] crate git repo https://github.com/Yang-Yiming/dj-music-suite already has a lockfile, it will not be regenerated
[INFO] running `Command { std: CARGO_HOME="/workspace/cargo-home" RUSTUP_HOME="/workspace/rustup-home" "/workspace/cargo-home/bin/cargo" "+3154cc1a3e6424e44f438a95007d043ed5ceaaf6" "fetch" "--manifest-path" "Cargo.toml", kill_on_drop: false }`
[INFO] [stderr]     Updating crates.io index
[INFO] [stderr]  Downloading crates ...
[INFO] [stderr]   Downloaded ogg_pager v0.7.2
[INFO] [stderr]   Downloaded lofty_attr v0.13.0
[INFO] [stderr]   Downloaded ncm_core v0.2.11
[INFO] [stderr]   Downloaded id3 v1.17.1
[INFO] [stderr]   Downloaded lofty v0.25.1
[INFO] running `Command { std: "docker" "create" "-v" "/var/lib/crater-agent-workspace/builds/worker-1-tc1/source:/opt/rustwide/workdir:ro,Z" "-v" "/var/lib/crater-agent-workspace/builds/worker-1-tc1/target:/opt/rustwide/target:rw,Z" "-v" "/var/lib/crater-agent-workspace/cargo-home:/opt/rustwide/cargo-home:ro,Z" "-v" "/var/lib/crater-agent-workspace/rustup-home:/opt/rustwide/rustup-home:ro,Z" "-m" "1610612736" "--network" "none" "ghcr.io/rust-lang/crates-build-env/linux@sha256:77db811e55d90add9212f6832c23229e3de5f1c1f9905e8cb07319ea15df73ac" "sleep" "infinity", kill_on_drop: false }`
[INFO] [stdout] 1d2ba6398f2db432b74e87dbd24870b3662cf4c927ac005d3aa04b9ae63c167d
[INFO] running `Command { std: "docker" "start" "1d2ba6398f2db432b74e87dbd24870b3662cf4c927ac005d3aa04b9ae63c167d", kill_on_drop: false }`
[INFO] running `Command { std: "docker" "inspect" "1d2ba6398f2db432b74e87dbd24870b3662cf4c927ac005d3aa04b9ae63c167d", kill_on_drop: false }`
[INFO] running `Command { std: "docker" "exec" "-e" "SOURCE_DIR=/opt/rustwide/workdir" "-e" "CARGO_HOME=/opt/rustwide/cargo-home" "-e" "RUSTUP_HOME=/opt/rustwide/rustup-home" "-e" "CARGO_TARGET_DIR=/opt/rustwide/target" "-w" "/opt/rustwide/workdir" "--user" "0:0" "1d2ba6398f2db432b74e87dbd24870b3662cf4c927ac005d3aa04b9ae63c167d" "/opt/rustwide/cargo-home/bin/cargo" "+3154cc1a3e6424e44f438a95007d043ed5ceaaf6" "metadata" "--no-deps" "--format-version=1", kill_on_drop: false }`
[INFO] running `Command { std: "docker" "inspect" "1d2ba6398f2db432b74e87dbd24870b3662cf4c927ac005d3aa04b9ae63c167d", kill_on_drop: false }`
[INFO] running `Command { std: "docker" "exec" "-e" "SOURCE_DIR=/opt/rustwide/workdir" "-e" "CARGO_HOME=/opt/rustwide/cargo-home" "-e" "RUSTUP_HOME=/opt/rustwide/rustup-home" "-e" "CARGO_TARGET_DIR=/opt/rustwide/target" "-e" "CARGO_INCREMENTAL=0" "-e" "RUST_BACKTRACE=full" "-e" "RUSTFLAGS=--cap-lints=forbid -Znext-solver=coherence" "-e" "RUSTDOCFLAGS=--cap-lints=forbid" "-w" "/opt/rustwide/workdir" "--user" "0:0" "1d2ba6398f2db432b74e87dbd24870b3662cf4c927ac005d3aa04b9ae63c167d" "/opt/rustwide/cargo-home/bin/cargo" "+3154cc1a3e6424e44f438a95007d043ed5ceaaf6" "check" "--frozen" "--all" "--all-targets" "--message-format=json", kill_on_drop: false }`
[INFO] [stderr]    Compiling syn v3.0.4
[INFO] [stderr]    Compiling crc32fast v1.5.1
[INFO] [stderr]     Checking simd-adler32 v0.3.10
[INFO] [stderr]    Compiling portable-atomic v1.15.0
[INFO] [stderr]     Checking crypto-common v0.1.7
[INFO] [stderr]     Checking block-padding v0.3.3
[INFO] [stderr]     Checking console v0.16.4
[INFO] [stderr]     Checking serde_spanned v1.1.1
[INFO] [stderr]     Checking toml_datetime v0.7.5+spec-1.1.0
[INFO] [stderr]     Checking ogg_pager v0.7.2
[INFO] [stderr]     Checking smallvec v1.16.0
[INFO] [stderr]     Checking unit-prefix v0.5.2
[INFO] [stderr]     Checking winnow v0.7.15
[INFO] [stderr]     Checking data-encoding v2.11.1
[INFO] [stderr]     Checking futures-task v0.3.34
[INFO] [stderr]    Compiling cpufeatures v0.3.1
[INFO] [stderr]     Checking slab v0.4.12
[INFO] [stderr]     Checking clap_builder v4.6.6
[INFO] [stderr]    Compiling sha2 v0.11.0
[INFO] [stderr]     Checking inout v0.1.4
[INFO] [stderr]     Checking miniz_oxide v0.9.1
[INFO] [stderr]     Checking digest v0.10.7
[INFO] [stderr]     Checking tracing v0.1.44
[INFO] [stderr]     Checking cipher v0.4.4
[INFO] [stderr]    Compiling multer v3.1.0
[INFO] [stderr]    Compiling mime v0.3.17
[INFO] [stderr]     Checking futures-util v0.3.34
[INFO] [stderr]     Checking aes v0.8.4
[INFO] [stderr]     Checking ecb v0.1.2
[INFO] [stderr]     Checking sha2 v0.10.9
[INFO] [stderr]    Compiling syn v2.0.119
[INFO] [stderr]     Checking spin v0.9.9
[INFO] [stderr]     Checking parking_lot_core v0.9.12
[INFO] [stderr]    Compiling mime_guess v2.0.5
[INFO] [stderr]     Checking axum-core v0.5.6
[INFO] [stderr]     Checking serde_path_to_error v0.1.20
[INFO] [stderr]     Checking uuid v1.26.0
[INFO] [stderr]     Checking flate2 v1.1.10
[INFO] [stderr]     Checking parking_lot v0.12.5
[INFO] [stderr]     Checking ncm_core v0.2.11
[INFO] [stderr]     Checking indicatif v0.18.6
[INFO] [stderr]     Checking id3 v1.17.1
[INFO] [stderr]     Checking rust-embed-utils v8.12.0
[INFO] [stderr]     Checking toml v0.9.12+spec-1.1.0
[INFO] [stderr]    Compiling rust-embed-impl v8.12.0
[INFO] [stderr]     Checking rust-embed v8.12.0
[INFO] [stderr]    Compiling serde_derive v1.0.229
[INFO] [stderr]    Compiling tokio-macros v2.7.2
[INFO] [stderr]    Compiling thiserror-impl v2.0.20
[INFO] [stderr]    Compiling lofty_attr v0.13.0
[INFO] [stderr]    Compiling clap_derive v4.6.4
[INFO] [stderr]     Checking tokio v1.53.1
[INFO] [stderr]     Checking lofty v0.25.1
[INFO] [stderr]     Checking thiserror v2.0.20
[INFO] [stderr]     Checking clap v4.6.6
[INFO] [stderr]     Checking serde v1.0.229
[INFO] [stderr]     Checking serde_urlencoded v0.7.1
[INFO] [stderr]     Checking dj-music-core v0.1.0 (/opt/rustwide/workdir/crates/core)
[INFO] [stdout] warning: unused import: `crate::template::Template`
[INFO] [stdout]    --> crates/core/src/reorg.rs:299:9
[INFO] [stdout]     |
[INFO] [stdout] 299 |     use crate::template::Template;
[INFO] [stdout]     |         ^^^^^^^^^^^^^^^^^^^^^^^^^
[INFO] [stdout]     |
[INFO] [stdout]     = note: `#[warn(unused_imports)]` (part of `#[warn(unused)]`) on by default
[INFO] [stdout] 
[INFO] [stdout] 
[INFO] [stderr]     Checking dj-music-suite v0.1.0 (/opt/rustwide/workdir/crates/cli)
[INFO] [stderr]     Checking hyper v1.11.1
[INFO] [stderr]     Checking tower v0.5.3
[INFO] [stderr]     Checking tokio-stream v0.1.19
[INFO] [stderr]     Checking hyper-util v0.1.20
[INFO] [stderr]     Checking axum v0.8.9
[INFO] [stderr]     Checking dj-music-server v0.1.0 (/opt/rustwide/workdir/crates/server)
[INFO] [stdout] error: #[derive(RustEmbed)] folder '/opt/rustwide/workdir/crates/server/frontend/dist' does not exist. cwd: '/opt/rustwide/workdir'
[INFO] [stdout]   --> crates/server/src/api.rs:22:1
[INFO] [stdout]    |
[INFO] [stdout] 22 | / /// Built frontend (crates/server/frontend/dist), embedded into release
[INFO] [stdout] 23 | | /// builds; debug builds read the folder live so a `bun run build` output is
[INFO] [stdout] 24 | | /// picked up on restart.
[INFO] [stdout] 25 | | #[derive(rust_embed::Embed)]
[INFO] [stdout] 26 | | #[folder = "frontend/dist"]
[INFO] [stdout] 27 | | struct Assets;
[INFO] [stdout]    | |______________^
[INFO] [stdout] 
[INFO] [stdout] 
[INFO] [stdout] error: #[derive(RustEmbed)] folder '/opt/rustwide/workdir/crates/server/frontend/dist' does not exist. cwd: '/opt/rustwide/workdir'
[INFO] [stdout]   --> crates/server/src/api.rs:22:1
[INFO] [stdout]    |
[INFO] [stdout] 22 | / /// Built frontend (crates/server/frontend/dist), embedded into release
[INFO] [stdout] 23 | | /// builds; debug builds read the folder live so a `bun run build` output is
[INFO] [stdout] 24 | | /// picked up on restart.
[INFO] [stdout] 25 | | #[derive(rust_embed::Embed)]
[INFO] [stdout] 26 | | #[folder = "frontend/dist"]
[INFO] [stdout] 27 | | struct Assets;
[INFO] [stdout]    | |______________^
[INFO] [stdout] 
[INFO] [stdout] 
[INFO] [stdout] error[E0599]: no associated function or constant named `get` found for struct `Assets` in the current scope
[INFO] [stdout]   --> crates/server/src/api.rs:61:19
[INFO] [stdout]    |
[INFO] [stdout] 27 | struct Assets;
[INFO] [stdout]    | ------------- associated function or constant `get` not found for this struct
[INFO] [stdout] ...
[INFO] [stdout] 61 |     match Assets::get("index.html") {
[INFO] [stdout]    |                   ^^^ associated function or constant not found in `Assets`
[INFO] [stdout]    |
[INFO] [stdout]    = help: items from traits can only be used if the trait is implemented and in scope
[INFO] [stdout]    = note: the following traits define an item `get`, perhaps you need to implement one of them:
[INFO] [stdout]            candidate #1: `Embed`
[INFO] [stdout]            candidate #2: `SliceIndex`
[INFO] [stdout]            candidate #3: `id3::taglike::TagLike`
[INFO] [stdout]            candidate #4: `toml_parser::source::SourceIndex`
[INFO] [stdout] 
[INFO] [stdout] 
[INFO] [stdout] error[E0599]: no associated function or constant named `get` found for struct `Assets` in the current scope
[INFO] [stdout]   --> crates/server/src/api.rs:61:19
[INFO] [stdout]    |
[INFO] [stdout] 27 | struct Assets;
[INFO] [stdout]    | ------------- associated function or constant `get` not found for this struct
[INFO] [stdout] ...
[INFO] [stdout] 61 |     match Assets::get("index.html") {
[INFO] [stdout]    |                   ^^^ associated function or constant not found in `Assets`
[INFO] [stdout]    |
[INFO] [stdout]    = help: items from traits can only be used if the trait is implemented and in scope
[INFO] [stdout]    = note: the following traits define an item `get`, perhaps you need to implement one of them:
[INFO] [stdout]            candidate #1: `Embed`
[INFO] [stdout]            candidate #2: `SliceIndex`
[INFO] [stdout]            candidate #3: `id3::taglike::TagLike`
[INFO] [stdout]            candidate #4: `toml_parser::source::SourceIndex`
[INFO] [stdout] 
[INFO] [stdout] 
[INFO] [stdout] error[E0599]: no associated function or constant named `get` found for struct `Assets` in the current scope
[INFO] [stdout]   --> crates/server/src/api.rs:78:19
[INFO] [stdout]    |
[INFO] [stdout] 27 | struct Assets;
[INFO] [stdout]    | ------------- associated function or constant `get` not found for this struct
[INFO] [stdout] ...
[INFO] [stdout] 78 |     match Assets::get(&key) {
[INFO] [stdout]    |                   ^^^ associated function or constant not found in `Assets`
[INFO] [stdout]    |
[INFO] [stdout]    = help: items from traits can only be used if the trait is implemented and in scope
[INFO] [stdout]    = note: the following traits define an item `get`, perhaps you need to implement one of them:
[INFO] [stdout]            candidate #1: `Embed`
[INFO] [stdout]            candidate #2: `SliceIndex`
[INFO] [stdout]            candidate #3: `id3::taglike::TagLike`
[INFO] [stdout]            candidate #4: `toml_parser::source::SourceIndex`
[INFO] [stdout] 
[INFO] [stdout] 
[INFO] [stdout] error[E0599]: no associated function or constant named `get` found for struct `Assets` in the current scope
[INFO] [stdout]   --> crates/server/src/api.rs:78:19
[INFO] [stdout]    |
[INFO] [stdout] 27 | struct Assets;
[INFO] [stdout]    | ------------- associated function or constant `get` not found for this struct
[INFO] [stdout] ...
[INFO] [stdout] 78 |     match Assets::get(&key) {
[INFO] [stdout]    |                   ^^^ associated function or constant not found in `Assets`
[INFO] [stdout]    |
[INFO] [stdout]    = help: items from traits can only be used if the trait is implemented and in scope
[INFO] [stdout]    = note: the following traits define an item `get`, perhaps you need to implement one of them:
[INFO] [stdout]            candidate #1: `Embed`
[INFO] [stdout]            candidate #2: `SliceIndex`
[INFO] [stdout]            candidate #3: `id3::taglike::TagLike`
[INFO] [stdout]            candidate #4: `toml_parser::source::SourceIndex`
[INFO] [stdout] 
[INFO] [stdout] 
[INFO] [stdout] For more information about this error, try `rustc --explain E0599`.
[INFO] [stdout] 
[INFO] [stderr] error: could not compile `dj-music-server` (lib test) due to 3 previous errors
[INFO] [stderr] warning: build failed, waiting for other jobs to finish...
[INFO] [stdout] For more information about this error, try `rustc --explain E0599`.
[INFO] [stdout] 
[INFO] [stderr] error: could not compile `dj-music-server` (lib) due to 3 previous errors
[INFO] [stderr] warning: unused dependency `indicatif`
[INFO] [stderr]   --> crates/core/Cargo.toml:19:1
[INFO] [stderr]    |
[INFO] [stderr] 19 | indicatif = "0.18.6"
[INFO] [stderr]    | ^^^^^^^^^^^^^^^^^^^^
[INFO] [stderr]    |
[INFO] [stderr]    = note: `cargo::unused_dependencies` is set to `warn` by default
[INFO] [stderr] help: consider removing the dependency on `indicatif`
[INFO] [stderr] warning: `dj-music-core` (manifest) generated 1 warning
[INFO] running `Command { std: "docker" "inspect" "1d2ba6398f2db432b74e87dbd24870b3662cf4c927ac005d3aa04b9ae63c167d", kill_on_drop: false }`
[INFO] running `Command { std: "docker" "rm" "-f" "1d2ba6398f2db432b74e87dbd24870b3662cf4c927ac005d3aa04b9ae63c167d", kill_on_drop: false }`
[INFO] [stdout] 1d2ba6398f2db432b74e87dbd24870b3662cf4c927ac005d3aa04b9ae63c167d
