[INFO] cloning repository https://github.com/Yan-Zero/UplinkOS
[INFO] running `Command { std: "git" "-c" "credential.helper=" "-c" "credential.helper=/workspace/cargo-home/bin/git-credential-null" "clone" "--bare" "https://github.com/Yan-Zero/UplinkOS" "/workspace/cache/git-repos/https%3A%2F%2Fgithub.com%2FYan-Zero%2FUplinkOS", kill_on_drop: false }`
[INFO] [stderr] Cloning into bare repository '/workspace/cache/git-repos/https%3A%2F%2Fgithub.com%2FYan-Zero%2FUplinkOS'...
[INFO] running `Command { std: "git" "rev-parse" "HEAD", kill_on_drop: false }`
[INFO] [stdout] 64aa786bfb155aa31adae5c52ff55e34312b6709
[INFO] checking Yan-Zero/UplinkOS against 3154cc1a3e6424e44f438a95007d043ed5ceaaf6+rustflags=-Znext-solver=coherence for pr-133502-30
[INFO] running `Command { std: "git" "clone" "/workspace/cache/git-repos/https%3A%2F%2Fgithub.com%2FYan-Zero%2FUplinkOS" "/workspace/builds/worker-7-tc1/source", kill_on_drop: false }`
[INFO] [stderr] Cloning into '/workspace/builds/worker-7-tc1/source'...
[INFO] [stderr] done.
[INFO] removed /workspace/builds/worker-7-tc1/source/.cargo/config.toml
[INFO] started tweaking git repo https://github.com/Yan-Zero/UplinkOS
[INFO] finished tweaking git repo https://github.com/Yan-Zero/UplinkOS
[INFO] tweaked toml for git repo https://github.com/Yan-Zero/UplinkOS written to /workspace/builds/worker-7-tc1/source/Cargo.toml
[INFO] validating manifest of git repo https://github.com/Yan-Zero/UplinkOS on toolchain 3154cc1a3e6424e44f438a95007d043ed5ceaaf6
[INFO] running `Command { std: CARGO_HOME="/workspace/cargo-home" RUSTUP_HOME="/workspace/rustup-home" "/workspace/cargo-home/bin/cargo" "+3154cc1a3e6424e44f438a95007d043ed5ceaaf6" "metadata" "--manifest-path" "Cargo.toml" "--no-deps", kill_on_drop: false }`
[INFO] crate git repo https://github.com/Yan-Zero/UplinkOS already has a lockfile, it will not be regenerated
[INFO] running `Command { std: CARGO_HOME="/workspace/cargo-home" RUSTUP_HOME="/workspace/rustup-home" "/workspace/cargo-home/bin/cargo" "+3154cc1a3e6424e44f438a95007d043ed5ceaaf6" "fetch" "--manifest-path" "Cargo.toml", kill_on_drop: false }`
[INFO] running `Command { std: "docker" "create" "-v" "/var/lib/crater-agent-workspace/builds/worker-7-tc1/source:/opt/rustwide/workdir:ro,Z" "-v" "/var/lib/crater-agent-workspace/builds/worker-7-tc1/target:/opt/rustwide/target:rw,Z" "-v" "/var/lib/crater-agent-workspace/cargo-home:/opt/rustwide/cargo-home:ro,Z" "-v" "/var/lib/crater-agent-workspace/rustup-home:/opt/rustwide/rustup-home:ro,Z" "-m" "1610612736" "--network" "none" "ghcr.io/rust-lang/crates-build-env/linux@sha256:77db811e55d90add9212f6832c23229e3de5f1c1f9905e8cb07319ea15df73ac" "sleep" "infinity", kill_on_drop: false }`
[INFO] [stdout] 492faa2b4fcfcdc77267697604c00280127ed8fda1916d472a502777fae9b2fe
[INFO] running `Command { std: "docker" "start" "492faa2b4fcfcdc77267697604c00280127ed8fda1916d472a502777fae9b2fe", kill_on_drop: false }`
[INFO] running `Command { std: "docker" "inspect" "492faa2b4fcfcdc77267697604c00280127ed8fda1916d472a502777fae9b2fe", kill_on_drop: false }`
[INFO] running `Command { std: "docker" "exec" "-e" "SOURCE_DIR=/opt/rustwide/workdir" "-e" "CARGO_HOME=/opt/rustwide/cargo-home" "-e" "RUSTUP_HOME=/opt/rustwide/rustup-home" "-e" "CARGO_TARGET_DIR=/opt/rustwide/target" "-w" "/opt/rustwide/workdir" "--user" "0:0" "492faa2b4fcfcdc77267697604c00280127ed8fda1916d472a502777fae9b2fe" "/opt/rustwide/cargo-home/bin/cargo" "+3154cc1a3e6424e44f438a95007d043ed5ceaaf6" "metadata" "--no-deps" "--format-version=1", kill_on_drop: false }`
[INFO] running `Command { std: "docker" "inspect" "492faa2b4fcfcdc77267697604c00280127ed8fda1916d472a502777fae9b2fe", kill_on_drop: false }`
[INFO] running `Command { std: "docker" "exec" "-e" "SOURCE_DIR=/opt/rustwide/workdir" "-e" "CARGO_HOME=/opt/rustwide/cargo-home" "-e" "RUSTUP_HOME=/opt/rustwide/rustup-home" "-e" "CARGO_TARGET_DIR=/opt/rustwide/target" "-e" "CARGO_INCREMENTAL=0" "-e" "RUST_BACKTRACE=full" "-e" "RUSTFLAGS=--cap-lints=forbid -Znext-solver=coherence" "-e" "RUSTDOCFLAGS=--cap-lints=forbid" "-w" "/opt/rustwide/workdir" "--user" "0:0" "492faa2b4fcfcdc77267697604c00280127ed8fda1916d472a502777fae9b2fe" "/opt/rustwide/cargo-home/bin/cargo" "+3154cc1a3e6424e44f438a95007d043ed5ceaaf6" "check" "--frozen" "--all" "--all-targets" "--message-format=json", kill_on_drop: false }`
[INFO] [stderr]    Compiling proc-macro2 v1.0.107
[INFO] [stderr]    Compiling quote v1.0.47
[INFO] [stderr]    Compiling uplink-i18n v0.1.1-alpha (/opt/rustwide/workdir)
[INFO] [stderr]     Checking quick-xml v0.41.0
[INFO] [stderr]    Compiling syn v3.0.3
[INFO] [stderr]    Compiling serde_derive v1.0.229
[INFO] [stderr]     Checking serde v1.0.229
[INFO] [stderr]     Checking serde_yaml_ng v0.10.0
[INFO] [stdout] error[E0570]: "thiscall" is not a supported ABI for the current target
[INFO] [stdout]   --> src/runtime_text.rs:69:31
[INFO] [stdout]    |
[INFO] [stdout] 69 | type RenderFn = unsafe extern "thiscall" fn(*mut u8);
[INFO] [stdout]    |                               ^^^^^^^^^^
[INFO] [stdout] 
[INFO] [stdout] 
[INFO] [stdout] error[E0570]: "fastcall" is not a supported ABI for the current target
[INFO] [stdout]   --> src/runtime_text.rs:70:40
[INFO] [stdout]    |
[INFO] [stdout] 70 | type ParagraphReflowFn = unsafe extern "fastcall" fn(*mut u8);
[INFO] [stdout]    |                                        ^^^^^^^^^^
[INFO] [stdout] 
[INFO] [stdout] 
[INFO] [stdout] error[E0570]: "thiscall" is not a supported ABI for the current target
[INFO] [stdout]   --> src/runtime_text.rs:71:41
[INFO] [stdout]    |
[INFO] [stdout] 71 | type ParagraphMeasureFn = unsafe extern "thiscall" fn(*mut u8, usize, i32) -> f32;
[INFO] [stdout]    |                                         ^^^^^^^^^^
[INFO] [stdout] 
[INFO] [stdout] 
[INFO] [stdout] error[E0570]: "thiscall" is not a supported ABI for the current target
[INFO] [stdout]    --> src/runtime_text.rs:461:15
[INFO] [stdout]     |
[INFO] [stdout] 461 | unsafe extern "thiscall" fn render_text_point_hook(this: *mut u8) {
[INFO] [stdout]     |               ^^^^^^^^^^
[INFO] [stdout] 
[INFO] [stdout] 
[INFO] [stdout] error[E0570]: "thiscall" is not a supported ABI for the current target
[INFO] [stdout]    --> src/runtime_text.rs:465:15
[INFO] [stdout]     |
[INFO] [stdout] 465 | unsafe extern "thiscall" fn render_text_paragraph_hook(this: *mut u8) {
[INFO] [stdout]     |               ^^^^^^^^^^
[INFO] [stdout] 
[INFO] [stdout] 
[INFO] [stdout] error[E0570]: "thiscall" is not a supported ABI for the current target
[INFO] [stdout]    --> src/runtime_text.rs:469:15
[INFO] [stdout]     |
[INFO] [stdout] 469 | unsafe extern "thiscall" fn initialize_text_field_child_hook(this: *mut u8) {
[INFO] [stdout]     |               ^^^^^^^^^^
[INFO] [stdout] 
[INFO] [stdout] 
[INFO] [stdout] error[E0570]: "thiscall" is not a supported ABI for the current target
[INFO] [stdout]    --> src/runtime_text.rs:480:15
[INFO] [stdout]     |
[INFO] [stdout] 480 | unsafe extern "thiscall" fn initialize_text_field_box_child_hook(this: *mut u8) {
[INFO] [stdout]     |               ^^^^^^^^^^
[INFO] [stdout] 
[INFO] [stdout] 
[INFO] [stdout] error[E0570]: "thiscall" is not a supported ABI for the current target
[INFO] [stdout]   --> src/runtime_text.rs:69:31
[INFO] [stdout]    |
[INFO] [stdout] 69 | type RenderFn = unsafe extern "thiscall" fn(*mut u8);
[INFO] [stdout]    |                               ^^^^^^^^^^
[INFO] [stdout] 
[INFO] [stdout] 
[INFO] [stdout] error[E0570]: "fastcall" is not a supported ABI for the current target
[INFO] [stdout]   --> src/runtime_text.rs:70:40
[INFO] [stdout]    |
[INFO] [stdout] 70 | type ParagraphReflowFn = unsafe extern "fastcall" fn(*mut u8);
[INFO] [stdout]    |                                        ^^^^^^^^^^
[INFO] [stdout] 
[INFO] [stdout] 
[INFO] [stdout] error[E0570]: "thiscall" is not a supported ABI for the current target
[INFO] [stdout]   --> src/runtime_text.rs:71:41
[INFO] [stdout]    |
[INFO] [stdout] 71 | type ParagraphMeasureFn = unsafe extern "thiscall" fn(*mut u8, usize, i32) -> f32;
[INFO] [stdout]    |                                         ^^^^^^^^^^
[INFO] [stdout] 
[INFO] [stdout] 
[INFO] [stdout] error[E0570]: "thiscall" is not a supported ABI for the current target
[INFO] [stdout]    --> src/runtime_text.rs:461:15
[INFO] [stdout]     |
[INFO] [stdout] 461 | unsafe extern "thiscall" fn render_text_point_hook(this: *mut u8) {
[INFO] [stdout]     |               ^^^^^^^^^^
[INFO] [stdout] 
[INFO] [stdout] 
[INFO] [stdout] error[E0570]: "thiscall" is not a supported ABI for the current target
[INFO] [stdout]    --> src/runtime_text.rs:465:15
[INFO] [stdout]     |
[INFO] [stdout] 465 | unsafe extern "thiscall" fn render_text_paragraph_hook(this: *mut u8) {
[INFO] [stdout]     |               ^^^^^^^^^^
[INFO] [stdout] 
[INFO] [stdout] 
[INFO] [stdout] error[E0570]: "thiscall" is not a supported ABI for the current target
[INFO] [stdout]    --> src/runtime_text.rs:469:15
[INFO] [stdout]     |
[INFO] [stdout] 469 | unsafe extern "thiscall" fn initialize_text_field_child_hook(this: *mut u8) {
[INFO] [stdout]     |               ^^^^^^^^^^
[INFO] [stdout] 
[INFO] [stdout] 
[INFO] [stdout] error[E0570]: "thiscall" is not a supported ABI for the current target
[INFO] [stdout]    --> src/runtime_text.rs:480:15
[INFO] [stdout]     |
[INFO] [stdout] 480 | unsafe extern "thiscall" fn initialize_text_field_box_child_hook(this: *mut u8) {
[INFO] [stdout]     |               ^^^^^^^^^^
[INFO] [stdout] 
[INFO] [stdout] 
[INFO] [stdout] For more information about this error, try `rustc --explain E0570`.
[INFO] [stdout] 
[INFO] [stderr] error: could not compile `uplink-i18n` (lib) due to 7 previous errors
[INFO] [stderr] warning: build failed, waiting for other jobs to finish...
[INFO] [stdout] For more information about this error, try `rustc --explain E0570`.
[INFO] [stdout] 
[INFO] [stderr] error: could not compile `uplink-i18n` (lib test) due to 7 previous errors
[INFO] running `Command { std: "docker" "inspect" "492faa2b4fcfcdc77267697604c00280127ed8fda1916d472a502777fae9b2fe", kill_on_drop: false }`
[INFO] running `Command { std: "docker" "rm" "-f" "492faa2b4fcfcdc77267697604c00280127ed8fda1916d472a502777fae9b2fe", kill_on_drop: false }`
[INFO] [stdout] 492faa2b4fcfcdc77267697604c00280127ed8fda1916d472a502777fae9b2fe
