[INFO] cloning repository https://github.com/XtremeRahul007/rxsig
[INFO] running `Command { std: "git" "-c" "credential.helper=" "-c" "credential.helper=/workspace/cargo-home/bin/git-credential-null" "clone" "--bare" "https://github.com/XtremeRahul007/rxsig" "/workspace/cache/git-repos/https%3A%2F%2Fgithub.com%2FXtremeRahul007%2Frxsig", kill_on_drop: false }`
[INFO] [stderr] Cloning into bare repository '/workspace/cache/git-repos/https%3A%2F%2Fgithub.com%2FXtremeRahul007%2Frxsig'...
[INFO] running `Command { std: "git" "rev-parse" "HEAD", kill_on_drop: false }`
[INFO] [stdout] 3a153bb64a5e026e14d7ee079b54995cdf9d7bb1
[INFO] checking XtremeRahul007/rxsig against 3154cc1a3e6424e44f438a95007d043ed5ceaaf6 for pr-133502-30
[INFO] running `Command { std: "git" "clone" "/workspace/cache/git-repos/https%3A%2F%2Fgithub.com%2FXtremeRahul007%2Frxsig" "/workspace/builds/worker-5-tc2/source", kill_on_drop: false }`
[INFO] [stderr] Cloning into '/workspace/builds/worker-5-tc2/source'...
[INFO] [stderr] done.
[INFO] started tweaking git repo https://github.com/XtremeRahul007/rxsig
[INFO] finished tweaking git repo https://github.com/XtremeRahul007/rxsig
[INFO] tweaked toml for git repo https://github.com/XtremeRahul007/rxsig written to /workspace/builds/worker-5-tc2/source/Cargo.toml
[INFO] validating manifest of git repo https://github.com/XtremeRahul007/rxsig on toolchain 3154cc1a3e6424e44f438a95007d043ed5ceaaf6
[INFO] running `Command { std: CARGO_HOME="/workspace/cargo-home" RUSTUP_HOME="/workspace/rustup-home" "/workspace/cargo-home/bin/cargo" "+3154cc1a3e6424e44f438a95007d043ed5ceaaf6" "metadata" "--manifest-path" "Cargo.toml" "--no-deps", kill_on_drop: false }`
[INFO] crate git repo https://github.com/XtremeRahul007/rxsig already has a lockfile, it will not be regenerated
[INFO] running `Command { std: CARGO_HOME="/workspace/cargo-home" RUSTUP_HOME="/workspace/rustup-home" "/workspace/cargo-home/bin/cargo" "+3154cc1a3e6424e44f438a95007d043ed5ceaaf6" "fetch" "--manifest-path" "Cargo.toml", kill_on_drop: false }`
[INFO] [stderr]     Blocking waiting for file lock on package cache
[INFO] [stderr]     Blocking waiting for file lock on package cache
[INFO] running `Command { std: "docker" "create" "-v" "/var/lib/crater-agent-workspace/builds/worker-5-tc2/source:/opt/rustwide/workdir:ro,Z" "-v" "/var/lib/crater-agent-workspace/builds/worker-5-tc2/target:/opt/rustwide/target:rw,Z" "-v" "/var/lib/crater-agent-workspace/cargo-home:/opt/rustwide/cargo-home:ro,Z" "-v" "/var/lib/crater-agent-workspace/rustup-home:/opt/rustwide/rustup-home:ro,Z" "-m" "1610612736" "--network" "none" "ghcr.io/rust-lang/crates-build-env/linux@sha256:77db811e55d90add9212f6832c23229e3de5f1c1f9905e8cb07319ea15df73ac" "sleep" "infinity", kill_on_drop: false }`
[INFO] [stdout] fce2cf7e807a220578422d955176f8e919b03c767a6596e592d39bc03acce80c
[INFO] running `Command { std: "docker" "start" "fce2cf7e807a220578422d955176f8e919b03c767a6596e592d39bc03acce80c", kill_on_drop: false }`
[INFO] running `Command { std: "docker" "inspect" "fce2cf7e807a220578422d955176f8e919b03c767a6596e592d39bc03acce80c", kill_on_drop: false }`
[INFO] running `Command { std: "docker" "exec" "-e" "SOURCE_DIR=/opt/rustwide/workdir" "-e" "CARGO_HOME=/opt/rustwide/cargo-home" "-e" "RUSTUP_HOME=/opt/rustwide/rustup-home" "-e" "CARGO_TARGET_DIR=/opt/rustwide/target" "-w" "/opt/rustwide/workdir" "--user" "0:0" "fce2cf7e807a220578422d955176f8e919b03c767a6596e592d39bc03acce80c" "/opt/rustwide/cargo-home/bin/cargo" "+3154cc1a3e6424e44f438a95007d043ed5ceaaf6" "metadata" "--no-deps" "--format-version=1", kill_on_drop: false }`
[INFO] running `Command { std: "docker" "inspect" "fce2cf7e807a220578422d955176f8e919b03c767a6596e592d39bc03acce80c", kill_on_drop: false }`
[INFO] running `Command { std: "docker" "exec" "-e" "SOURCE_DIR=/opt/rustwide/workdir" "-e" "CARGO_HOME=/opt/rustwide/cargo-home" "-e" "RUSTUP_HOME=/opt/rustwide/rustup-home" "-e" "CARGO_TARGET_DIR=/opt/rustwide/target" "-e" "CARGO_INCREMENTAL=0" "-e" "RUST_BACKTRACE=full" "-e" "RUSTFLAGS=--cap-lints=forbid" "-e" "RUSTDOCFLAGS=--cap-lints=forbid" "-w" "/opt/rustwide/workdir" "--user" "0:0" "fce2cf7e807a220578422d955176f8e919b03c767a6596e592d39bc03acce80c" "/opt/rustwide/cargo-home/bin/cargo" "+3154cc1a3e6424e44f438a95007d043ed5ceaaf6" "check" "--frozen" "--all" "--all-targets" "--message-format=json", kill_on_drop: false }`
[INFO] [stderr]     Checking rxsig v0.1.0 (/opt/rustwide/workdir)
[INFO] [stdout] error[E0609]: no field `offset` on type `&Signature`
[INFO] [stdout]   --> src/detector.rs:18:31
[INFO] [stdout]    |
[INFO] [stdout] 18 |             header_buffer[sig.offset as usize..].starts_with(sig.header)
[INFO] [stdout]    |                               ^^^^^^ unknown field
[INFO] [stdout]    |
[INFO] [stdout]    = note: available fields are: `extension`, `header`
[INFO] [stdout] 
[INFO] [stdout] 
[INFO] [stdout] error[E0609]: no field `trailer` on type `&Signature`
[INFO] [stdout]   --> src/detector.rs:19:48
[INFO] [stdout]    |
[INFO] [stdout] 19 |                 && footer_buffer.ends_with(sig.trailer)
[INFO] [stdout]    |                                                ^^^^^^^ unknown field
[INFO] [stdout]    |
[INFO] [stdout]    = note: available fields are: `extension`, `header`
[INFO] [stdout] 
[INFO] [stdout] 
[INFO] [stdout] error[E0609]: no field `offset` on type `&Signature`
[INFO] [stdout]   --> src/detector.rs:28:41
[INFO] [stdout]    |
[INFO] [stdout] 28 |         let offset_score = if signature.offset == 0 { 0 } else { 1 };
[INFO] [stdout]    |                                         ^^^^^^ unknown field
[INFO] [stdout]    |
[INFO] [stdout]    = note: available fields are: `extension`, `header`
[INFO] [stdout] 
[INFO] [stdout] 
[INFO] [stdout] error[E0609]: no field `trailer` on type `&Signature`
[INFO] [stdout]   --> src/detector.rs:29:56
[INFO] [stdout]    |
[INFO] [stdout] 29 |         let score = signature.header.len() + signature.trailer.len() + offset_score;
[INFO] [stdout]    |                                                        ^^^^^^^ unknown field
[INFO] [stdout]    |
[INFO] [stdout]    = note: available fields are: `extension`, `header`
[INFO] [stdout] 
[INFO] [stdout] 
[INFO] [stdout] error[E0609]: no field `class` on type `&&Signature`
[INFO] [stdout]   --> src/detector.rs:66:48
[INFO] [stdout]    |
[INFO] [stdout] 66 |                 signature.extension, signature.class, signature.description
[INFO] [stdout]    |                                                ^^^^^ unknown field
[INFO] [stdout]    |
[INFO] [stdout]    = note: available fields are: `extension`, `header`
[INFO] [stdout] 
[INFO] [stdout] 
[INFO] [stdout] error[E0609]: no field `description` on type `&&Signature`
[INFO] [stdout]   --> src/detector.rs:66:65
[INFO] [stdout]    |
[INFO] [stdout] 66 |                 signature.extension, signature.class, signature.description
[INFO] [stdout]    |                                                                 ^^^^^^^^^^^ unknown field
[INFO] [stdout]    |
[INFO] [stdout]    = note: available fields are: `extension`, `header`
[INFO] [stdout] 
[INFO] [stdout] 
[INFO] [stdout] For more information about this error, try `rustc --explain E0609`.
[INFO] [stdout] 
[INFO] [stderr] error: could not compile `rxsig` (bin "rxsig") due to 6 previous errors
[INFO] [stderr] warning: build failed, waiting for other jobs to finish...
[INFO] [stdout] error[E0609]: no field `offset` on type `&Signature`
[INFO] [stdout]   --> src/detector.rs:18:31
[INFO] [stdout]    |
[INFO] [stdout] 18 |             header_buffer[sig.offset as usize..].starts_with(sig.header)
[INFO] [stdout]    |                               ^^^^^^ unknown field
[INFO] [stdout]    |
[INFO] [stdout]    = note: available fields are: `extension`, `header`
[INFO] [stdout] 
[INFO] [stdout] 
[INFO] [stdout] error[E0609]: no field `trailer` on type `&Signature`
[INFO] [stdout]   --> src/detector.rs:19:48
[INFO] [stdout]    |
[INFO] [stdout] 19 |                 && footer_buffer.ends_with(sig.trailer)
[INFO] [stdout]    |                                                ^^^^^^^ unknown field
[INFO] [stdout]    |
[INFO] [stdout]    = note: available fields are: `extension`, `header`
[INFO] [stdout] 
[INFO] [stdout] 
[INFO] [stdout] error[E0609]: no field `offset` on type `&Signature`
[INFO] [stdout]   --> src/detector.rs:28:41
[INFO] [stdout]    |
[INFO] [stdout] 28 |         let offset_score = if signature.offset == 0 { 0 } else { 1 };
[INFO] [stdout]    |                                         ^^^^^^ unknown field
[INFO] [stdout]    |
[INFO] [stdout]    = note: available fields are: `extension`, `header`
[INFO] [stdout] 
[INFO] [stdout] 
[INFO] [stdout] error[E0609]: no field `trailer` on type `&Signature`
[INFO] [stdout]   --> src/detector.rs:29:56
[INFO] [stdout]    |
[INFO] [stdout] 29 |         let score = signature.header.len() + signature.trailer.len() + offset_score;
[INFO] [stdout]    |                                                        ^^^^^^^ unknown field
[INFO] [stdout]    |
[INFO] [stdout]    = note: available fields are: `extension`, `header`
[INFO] [stdout] 
[INFO] [stdout] 
[INFO] [stdout] error[E0609]: no field `class` on type `&&Signature`
[INFO] [stdout]   --> src/detector.rs:66:48
[INFO] [stdout]    |
[INFO] [stdout] 66 |                 signature.extension, signature.class, signature.description
[INFO] [stdout]    |                                                ^^^^^ unknown field
[INFO] [stdout]    |
[INFO] [stdout]    = note: available fields are: `extension`, `header`
[INFO] [stdout] 
[INFO] [stdout] 
[INFO] [stdout] error[E0609]: no field `description` on type `&&Signature`
[INFO] [stdout]   --> src/detector.rs:66:65
[INFO] [stdout]    |
[INFO] [stdout] 66 |                 signature.extension, signature.class, signature.description
[INFO] [stdout]    |                                                                 ^^^^^^^^^^^ unknown field
[INFO] [stdout]    |
[INFO] [stdout]    = note: available fields are: `extension`, `header`
[INFO] [stdout] 
[INFO] [stdout] 
[INFO] [stdout] For more information about this error, try `rustc --explain E0609`.
[INFO] [stdout] 
[INFO] [stderr] error: could not compile `rxsig` (bin "rxsig" test) due to 6 previous errors
[INFO] running `Command { std: "docker" "inspect" "fce2cf7e807a220578422d955176f8e919b03c767a6596e592d39bc03acce80c", kill_on_drop: false }`
[INFO] running `Command { std: "docker" "rm" "-f" "fce2cf7e807a220578422d955176f8e919b03c767a6596e592d39bc03acce80c", kill_on_drop: false }`
[INFO] [stdout] fce2cf7e807a220578422d955176f8e919b03c767a6596e592d39bc03acce80c
