[INFO] cloning repository https://github.com/XtraVisionsAI/ngTerm
[INFO] running `Command { std: "git" "-c" "credential.helper=" "-c" "credential.helper=/workspace/cargo-home/bin/git-credential-null" "clone" "--bare" "https://github.com/XtraVisionsAI/ngTerm" "/workspace/cache/git-repos/https%3A%2F%2Fgithub.com%2FXtraVisionsAI%2FngTerm", kill_on_drop: false }`
[INFO] [stderr] Cloning into bare repository '/workspace/cache/git-repos/https%3A%2F%2Fgithub.com%2FXtraVisionsAI%2FngTerm'...
[INFO] running `Command { std: "git" "rev-parse" "HEAD", kill_on_drop: false }`
[INFO] [stdout] 70f28b05749abe184676e70c2d07f42f5426dde9
[INFO] checking XtraVisionsAI/ngTerm against 3154cc1a3e6424e44f438a95007d043ed5ceaaf6 for pr-133502-30
[INFO] running `Command { std: "git" "clone" "/workspace/cache/git-repos/https%3A%2F%2Fgithub.com%2FXtraVisionsAI%2FngTerm" "/workspace/builds/worker-6-tc2/source", kill_on_drop: false }`
[INFO] [stderr] Cloning into '/workspace/builds/worker-6-tc2/source'...
[INFO] [stderr] done.
[INFO] removed /workspace/builds/worker-6-tc2/source/rust-toolchain.toml
[INFO] started tweaking git repo https://github.com/XtraVisionsAI/ngTerm
[INFO] finished tweaking git repo https://github.com/XtraVisionsAI/ngTerm
[INFO] tweaked toml for git repo https://github.com/XtraVisionsAI/ngTerm written to /workspace/builds/worker-6-tc2/source/Cargo.toml
[INFO] validating manifest of git repo https://github.com/XtraVisionsAI/ngTerm on toolchain 3154cc1a3e6424e44f438a95007d043ed5ceaaf6
[INFO] running `Command { std: CARGO_HOME="/workspace/cargo-home" RUSTUP_HOME="/workspace/rustup-home" "/workspace/cargo-home/bin/cargo" "+3154cc1a3e6424e44f438a95007d043ed5ceaaf6" "metadata" "--manifest-path" "Cargo.toml" "--no-deps", kill_on_drop: false }`
[INFO] crate git repo https://github.com/XtraVisionsAI/ngTerm already has a lockfile, it will not be regenerated
[INFO] running `Command { std: CARGO_HOME="/workspace/cargo-home" RUSTUP_HOME="/workspace/rustup-home" "/workspace/cargo-home/bin/cargo" "+3154cc1a3e6424e44f438a95007d043ed5ceaaf6" "fetch" "--manifest-path" "Cargo.toml", kill_on_drop: false }`
[INFO] [stderr]     Blocking waiting for file lock on package cache
[INFO] [stderr]     Blocking waiting for file lock on package cache
[INFO] running `Command { std: "docker" "create" "-v" "/var/lib/crater-agent-workspace/builds/worker-6-tc2/source:/opt/rustwide/workdir:ro,Z" "-v" "/var/lib/crater-agent-workspace/builds/worker-6-tc2/target:/opt/rustwide/target:rw,Z" "-v" "/var/lib/crater-agent-workspace/cargo-home:/opt/rustwide/cargo-home:ro,Z" "-v" "/var/lib/crater-agent-workspace/rustup-home:/opt/rustwide/rustup-home:ro,Z" "-m" "1610612736" "--network" "none" "ghcr.io/rust-lang/crates-build-env/linux@sha256:77db811e55d90add9212f6832c23229e3de5f1c1f9905e8cb07319ea15df73ac" "sleep" "infinity", kill_on_drop: false }`
[INFO] [stdout] f79dde815f8900b836efe7e9f805c918b978d8d72e8bc1837acca128814d0dc6
[INFO] running `Command { std: "docker" "start" "f79dde815f8900b836efe7e9f805c918b978d8d72e8bc1837acca128814d0dc6", kill_on_drop: false }`
[INFO] running `Command { std: "docker" "inspect" "f79dde815f8900b836efe7e9f805c918b978d8d72e8bc1837acca128814d0dc6", kill_on_drop: false }`
[INFO] running `Command { std: "docker" "exec" "-e" "SOURCE_DIR=/opt/rustwide/workdir" "-e" "CARGO_HOME=/opt/rustwide/cargo-home" "-e" "RUSTUP_HOME=/opt/rustwide/rustup-home" "-e" "CARGO_TARGET_DIR=/opt/rustwide/target" "-w" "/opt/rustwide/workdir" "--user" "0:0" "f79dde815f8900b836efe7e9f805c918b978d8d72e8bc1837acca128814d0dc6" "/opt/rustwide/cargo-home/bin/cargo" "+3154cc1a3e6424e44f438a95007d043ed5ceaaf6" "metadata" "--no-deps" "--format-version=1", kill_on_drop: false }`
[INFO] running `Command { std: "docker" "inspect" "f79dde815f8900b836efe7e9f805c918b978d8d72e8bc1837acca128814d0dc6", kill_on_drop: false }`
[INFO] running `Command { std: "docker" "exec" "-e" "SOURCE_DIR=/opt/rustwide/workdir" "-e" "CARGO_HOME=/opt/rustwide/cargo-home" "-e" "RUSTUP_HOME=/opt/rustwide/rustup-home" "-e" "CARGO_TARGET_DIR=/opt/rustwide/target" "-e" "CARGO_INCREMENTAL=0" "-e" "RUST_BACKTRACE=full" "-e" "RUSTFLAGS=--cap-lints=forbid" "-e" "RUSTDOCFLAGS=--cap-lints=forbid" "-w" "/opt/rustwide/workdir" "--user" "0:0" "f79dde815f8900b836efe7e9f805c918b978d8d72e8bc1837acca128814d0dc6" "/opt/rustwide/cargo-home/bin/cargo" "+3154cc1a3e6424e44f438a95007d043ed5ceaaf6" "check" "--frozen" "--all" "--all-targets" "--message-format=json", kill_on_drop: false }`
[INFO] [stderr]     Checking subtle v2.6.1
[INFO] [stderr]    Compiling getrandom v0.4.2
[INFO] [stderr]     Checking getrandom v0.2.17
[INFO] [stderr]    Compiling syn v2.0.117
[INFO] [stderr]     Checking cpubits v0.1.1
[INFO] [stderr]     Checking pem-rfc7468 v1.0.0
[INFO] [stderr]    Compiling num-traits v0.2.19
[INFO] [stderr]    Compiling libc v0.2.186
[INFO] [stderr]    Compiling zerocopy v0.8.50
[INFO] [stderr]     Checking rand_core v0.6.4
[INFO] [stderr]     Checking ctutils v0.4.2
[INFO] [stderr]     Checking parking_lot_core v0.9.12
[INFO] [stderr]     Checking crypto-common v0.1.7
[INFO] [stderr]     Checking digest v0.10.7
[INFO] [stderr]     Checking parking_lot v0.12.5
[INFO] [stderr]     Checking socket2 v0.6.4
[INFO] [stderr]     Checking mio v1.2.1
[INFO] [stderr]     Checking rustcrypto-ff v0.14.0-rc.1
[INFO] [stderr]     Checking base16ct v1.0.0
[INFO] [stderr]     Checking rustcrypto-group v0.14.0-rc.1
[INFO] [stderr]     Checking getrandom v0.3.4
[INFO] [stderr]     Checking bitflags v2.11.1
[INFO] [stderr]     Checking block-padding v0.3.3
[INFO] [stderr]    Compiling libm v0.2.16
[INFO] [stderr]     Checking rand_core v0.9.5
[INFO] [stderr]    Compiling curve25519-dalek v5.0.0-pre.6
[INFO] [stderr]     Checking inout v0.1.4
[INFO] [stderr]     Checking num-integer v0.1.46
[INFO] [stderr]     Checking sha1 v0.10.6
[INFO] [stderr]     Checking data-encoding v2.11.0
[INFO] [stderr]    Compiling nix v0.31.3
[INFO] [stderr]     Checking aho-corasick v1.1.4
[INFO] [stderr]    Compiling multer v3.1.0
[INFO] [stderr]     Checking regex-syntax v0.8.10
[INFO] [stderr]    Compiling time-core v0.1.8
[INFO] [stderr]     Checking deranged v0.5.8
[INFO] [stderr]    Compiling jobserver v0.1.34
[INFO] [stderr]    Compiling time-macros v0.2.27
[INFO] [stderr]    Compiling cc v1.2.63
[INFO] [stderr]     Checking num-bigint v0.4.6
[INFO] [stderr]     Checking serde_json v1.0.150
[INFO] [stderr]     Checking cipher v0.4.4
[INFO] [stderr]     Checking universal-hash v0.5.1
[INFO] [stderr]     Checking keccak v0.2.0
[INFO] [stderr]     Checking fiat-crypto v0.3.0
[INFO] [stderr]     Checking spin v0.9.8
[INFO] [stderr]    Compiling aws-lc-rs v1.17.0
[INFO] [stderr]    Compiling cmake v0.1.58
[INFO] [stderr]     Checking regex-automata v0.4.14
[INFO] [stderr]     Checking time v0.3.47
[INFO] [stderr]     Checking polyval v0.6.2
[INFO] [stderr]    Compiling rust-embed-utils v8.11.0
[INFO] [stderr]    Compiling mime_guess v2.0.5
[INFO] [stderr]    Compiling nix v0.29.0
[INFO] [stderr]    Compiling aws-lc-sys v0.41.0
[INFO] [stderr]    Compiling libsqlite3-sys v0.30.1
[INFO] [stderr]    Compiling ring v0.17.14
[INFO] [stderr]     Checking sha2 v0.10.9
[INFO] [stderr]     Checking headers-core v0.3.0
[INFO] [stderr]     Checking serde_path_to_error v0.1.20
[INFO] [stderr]     Checking ppv-lite86 v0.2.21
[INFO] [stderr]     Checking ahash v0.8.12
[INFO] [stderr]     Checking hashbrown v0.14.5
[INFO] [stderr]     Checking rand_chacha v0.9.0
[INFO] [stderr]     Checking rand v0.9.4
[INFO] [stderr]     Checking clap_builder v4.6.0
[INFO] [stderr]     Checking hashlink v0.9.1
[INFO] [stderr]     Checking dashmap v6.2.1
[INFO] [stderr]    Compiling zeroize_derive v1.4.3
[INFO] [stderr]    Compiling futures-macro v0.3.32
[INFO] [stderr]    Compiling tokio-macros v2.7.0
[INFO] [stderr]     Checking zeroize v1.8.2
[INFO] [stderr]     Checking hybrid-array v0.4.12
[INFO] [stderr]     Checking der v0.8.0
[INFO] [stderr]     Checking futures-util v0.3.32
[INFO] [stderr]     Checking tokio v1.52.3
[INFO] [stderr]    Compiling thiserror-impl v2.0.18
[INFO] [stderr]     Checking crypto-common v0.2.2
[INFO] [stderr]     Checking block-buffer v0.12.0
[INFO] [stderr]     Checking block-padding v0.4.2
[INFO] [stderr]     Checking inout v0.2.2
[INFO] [stderr]     Checking spki v0.8.0
[INFO] [stderr]     Checking crypto-bigint v0.7.3
[INFO] [stderr]     Checking digest v0.11.3
[INFO] [stderr]     Checking cipher v0.5.2
[INFO] [stderr]     Checking hmac v0.13.0
[INFO] [stderr]     Checking pbkdf2 v0.13.0
[INFO] [stderr]     Checking sha2 v0.11.0
[INFO] [stderr]     Checking aes v0.9.1
[INFO] [stderr]     Checking salsa20 v0.11.0
[INFO] [stderr]     Checking cbc v0.2.1
[INFO] [stderr]     Checking scrypt v0.12.0
[INFO] [stderr]     Checking signature v3.0.0
[INFO] [stderr]     Checking pkcs5 v0.8.0
[INFO] [stderr]     Checking hkdf v0.13.0
[INFO] [stderr]     Checking thiserror v2.0.18
[INFO] [stderr]     Checking sec1 v0.8.1
[INFO] [stderr]     Checking pkcs8 v0.11.0
[INFO] [stderr]     Checking universal-hash v0.6.1
[INFO] [stderr]    Compiling serde_derive v1.0.228
[INFO] [stderr]    Compiling tracing-attributes v0.1.31
[INFO] [stderr]     Checking rfc6979 v0.5.0
[INFO] [stderr]     Checking polyval v0.7.1
[INFO] [stderr]     Checking chacha20 v0.10.0
[INFO] [stderr]     Checking ghash v0.6.0
[INFO] [stderr]     Checking ctr v0.10.1
[INFO] [stderr]     Checking aead v0.6.0-rc.10
[INFO] [stderr]    Compiling curve25519-dalek-derive v0.1.1
[INFO] [stderr]     Checking aes-gcm v0.11.0-rc.4
[INFO] [stderr]     Checking ed25519 v3.0.0
[INFO] [stderr]     Checking poly1305 v0.9.0
[INFO] [stderr]     Checking tungstenite v0.29.0
[INFO] [stderr]     Checking tracing v0.1.44
[INFO] [stderr]     Checking blowfish v0.10.0
[INFO] [stderr]     Checking blake2 v0.11.0-rc.6
[INFO] [stderr]     Checking pkcs1 v0.8.0-rc.4
[INFO] [stderr]     Checking argon2 v0.6.0-rc.8
[INFO] [stderr]     Checking bcrypt-pbkdf v0.11.0
[INFO] [stderr]     Checking axum-core v0.5.6
[INFO] [stderr]     Checking rand v0.10.1
[INFO] [stderr]     Checking ed25519-dalek v3.0.0-pre.7
[INFO] [stderr]     Checking elliptic-curve v0.14.0-rc.32
[INFO] [stderr]     Checking primefield v0.14.0-rc.9
[INFO] [stderr]     Checking ssh-encoding v0.3.0-rc.9
[INFO] [stderr]     Checking crypto-primes v0.7.0
[INFO] [stderr]     Checking ssh-cipher v0.3.0-rc.9
[INFO] [stderr]     Checking ecdsa v0.17.0-rc.18
[INFO] [stderr]     Checking primeorder v0.14.0-rc.9
[INFO] [stderr]     Checking hyper v1.10.1
[INFO] [stderr]     Checking tower v0.5.3
[INFO] [stderr]     Checking p256 v0.14.0-rc.9
[INFO] [stderr]     Checking p521 v0.14.0-rc.9
[INFO] [stderr]     Checking hyper-util v0.1.20
[INFO] [stderr]     Checking p384 v0.14.0-rc.9
[INFO] [stderr]     Checking tokio-util v0.7.18
[INFO] [stderr]     Checking tokio-tungstenite v0.29.0
[INFO] [stderr]     Checking serde v1.0.228
[INFO] [stderr]     Checking rsa v0.10.0-rc.18
[INFO] [stderr]     Checking futures-executor v0.3.32
[INFO] [stderr]     Checking sha3 v0.11.0
[INFO] [stderr]     Checking sha1 v0.11.0
[INFO] [stderr]     Checking kem v0.3.0
[INFO] [stderr]     Checking module-lattice v0.2.3
[INFO] [stderr]     Checking futures v0.3.32
[INFO] [stderr]     Checking serde_urlencoded v0.7.1
[INFO] [stderr]     Checking chrono v0.4.44
[INFO] [stderr]     Checking russh-util v0.52.0
[INFO] [stderr]     Checking russh-cryptovec v0.61.0
[INFO] [stderr]     Checking axum v0.8.9
[INFO] [stderr]     Checking internal-russh-num-bigint v0.5.0
[INFO] [stderr]     Checking simple_asn1 v0.6.4
[INFO] [stderr]     Checking ml-kem v0.3.2
[INFO] [stderr]    Compiling enum_dispatch v0.3.13
[INFO] [stderr]    Compiling delegate v0.13.5
[INFO] [stderr]    Compiling rust-embed-impl v8.11.0
[INFO] [stderr]    Compiling clap_derive v4.6.1
[INFO] [stderr]     Checking matchers v0.2.0
[INFO] [stderr]     Checking rand_chacha v0.3.1
[INFO] [stderr]     Checking headers v0.4.1
[INFO] [stderr]     Checking flate2 v1.1.9
[INFO] [stderr]     Checking ghash v0.5.1
[INFO] [stderr]     Checking ctr v0.9.2
[INFO] [stderr]     Checking aes v0.8.4
[INFO] [stderr]     Checking generic-array v1.4.3
[INFO] [stderr]     Checking tracing-log v0.2.0
[INFO] [stderr]     Checking hmac v0.12.1
[INFO] [stderr]     Checking blake2 v0.10.6
[INFO] [stderr]     Checking uuid v1.23.2
[INFO] [stderr]     Checking aead v0.5.2
[INFO] [stderr]     Checking password-hash v0.5.0
[INFO] [stderr]     Checking serde_bytes v0.11.19
[INFO] [stderr]    Compiling ngterm v0.2.0 (/opt/rustwide/workdir)
[INFO] [stderr]     Checking hex-literal v1.1.0
[INFO] [stderr]     Checking md5 v0.7.0
[INFO] [stderr]     Checking tower-http v0.6.11
[INFO] [stderr]     Checking argon2 v0.5.3
[INFO] [stderr]     Checking tracing-subscriber v0.3.23
[INFO] [stderr]     Checking rusqlite v0.32.1
[INFO] [stderr]     Checking clap v4.6.1
[INFO] [stderr]     Checking russh-sftp v2.3.0
[INFO] [stderr]     Checking aes-gcm v0.10.3
[INFO] [stderr]     Checking hkdf v0.12.4
[INFO] [stderr]     Checking jsonwebtoken v9.3.1
[INFO] [stderr]     Checking rand v0.8.6
[INFO] [stderr]     Checking rust-embed v8.11.0
[INFO] [stderr]     Checking ssh-key v0.7.0-rc.10
[INFO] [stderr]    Compiling async-trait v0.1.89
[INFO] [stderr]     Checking regex v1.12.3
[INFO] [stderr]     Checking axum-extra v0.10.3
[INFO] [stderr]     Checking russh v0.61.1
[INFO] [stdout] error: #[derive(RustEmbed)] folder '/opt/rustwide/workdir/frontend/dist' does not exist. cwd: '/opt/rustwide/workdir'
[INFO] [stdout]   --> src/web/mod.rs:67:1
[INFO] [stdout]    |
[INFO] [stdout] 67 | / #[folder = "frontend/dist"]
[INFO] [stdout] 68 | | struct Assets;
[INFO] [stdout]    | |______________^
[INFO] [stdout] 
[INFO] [stdout] 
[INFO] [stdout] error: #[derive(RustEmbed)] folder '/opt/rustwide/workdir/frontend/dist' does not exist. cwd: '/opt/rustwide/workdir'
[INFO] [stdout]   --> src/web/mod.rs:67:1
[INFO] [stdout]    |
[INFO] [stdout] 67 | / #[folder = "frontend/dist"]
[INFO] [stdout] 68 | | struct Assets;
[INFO] [stdout]    | |______________^
[INFO] [stdout] 
[INFO] [stdout] 
[INFO] [stdout] error[E0599]: no associated function or constant named `get` found for struct `Assets` in the current scope
[INFO] [stdout]    --> src/web/mod.rs:314:19
[INFO] [stdout]     |
[INFO] [stdout]  68 | struct Assets;
[INFO] [stdout]     | ------------- associated function or constant `get` not found for this struct
[INFO] [stdout] ...
[INFO] [stdout] 314 |     match Assets::get(path) {
[INFO] [stdout]     |                   ^^^ associated function or constant not found in `Assets`
[INFO] [stdout]     |
[INFO] [stdout]     = help: items from traits can only be used if the trait is implemented and in scope
[INFO] [stdout]     = note: the following traits define an item `get`, perhaps you need to implement one of them:
[INFO] [stdout]             candidate #1: `RustEmbed`
[INFO] [stdout]             candidate #2: `SliceIndex`
[INFO] [stdout]             candidate #3: `fallible_streaming_iterator::FallibleStreamingIterator`
[INFO] [stdout] 
[INFO] [stdout] 
[INFO] [stdout] error[E0599]: no associated function or constant named `get` found for struct `Assets` in the current scope
[INFO] [stdout]    --> src/web/mod.rs:326:27
[INFO] [stdout]     |
[INFO] [stdout]  68 | struct Assets;
[INFO] [stdout]     | ------------- associated function or constant `get` not found for this struct
[INFO] [stdout] ...
[INFO] [stdout] 326 |             match Assets::get("index.html") {
[INFO] [stdout]     |                           ^^^ associated function or constant not found in `Assets`
[INFO] [stdout]     |
[INFO] [stdout]     = help: items from traits can only be used if the trait is implemented and in scope
[INFO] [stdout]     = note: the following traits define an item `get`, perhaps you need to implement one of them:
[INFO] [stdout]             candidate #1: `RustEmbed`
[INFO] [stdout]             candidate #2: `SliceIndex`
[INFO] [stdout]             candidate #3: `fallible_streaming_iterator::FallibleStreamingIterator`
[INFO] [stdout] 
[INFO] [stdout] 
[INFO] [stdout] error[E0599]: no associated function or constant named `get` found for struct `Assets` in the current scope
[INFO] [stdout]    --> src/web/mod.rs:314:19
[INFO] [stdout]     |
[INFO] [stdout]  68 | struct Assets;
[INFO] [stdout]     | ------------- associated function or constant `get` not found for this struct
[INFO] [stdout] ...
[INFO] [stdout] 314 |     match Assets::get(path) {
[INFO] [stdout]     |                   ^^^ associated function or constant not found in `Assets`
[INFO] [stdout]     |
[INFO] [stdout]     = help: items from traits can only be used if the trait is implemented and in scope
[INFO] [stdout]     = note: the following traits define an item `get`, perhaps you need to implement one of them:
[INFO] [stdout]             candidate #1: `RustEmbed`
[INFO] [stdout]             candidate #2: `SliceIndex`
[INFO] [stdout]             candidate #3: `fallible_streaming_iterator::FallibleStreamingIterator`
[INFO] [stdout] 
[INFO] [stdout] 
[INFO] [stdout] error[E0599]: no associated function or constant named `get` found for struct `Assets` in the current scope
[INFO] [stdout]    --> src/web/mod.rs:326:27
[INFO] [stdout]     |
[INFO] [stdout]  68 | struct Assets;
[INFO] [stdout]     | ------------- associated function or constant `get` not found for this struct
[INFO] [stdout] ...
[INFO] [stdout] 326 |             match Assets::get("index.html") {
[INFO] [stdout]     |                           ^^^ associated function or constant not found in `Assets`
[INFO] [stdout]     |
[INFO] [stdout]     = help: items from traits can only be used if the trait is implemented and in scope
[INFO] [stdout]     = note: the following traits define an item `get`, perhaps you need to implement one of them:
[INFO] [stdout]             candidate #1: `RustEmbed`
[INFO] [stdout]             candidate #2: `SliceIndex`
[INFO] [stdout]             candidate #3: `fallible_streaming_iterator::FallibleStreamingIterator`
[INFO] [stdout] 
[INFO] [stdout] 
[INFO] [stdout] For more information about this error, try `rustc --explain E0599`.
[INFO] [stdout] 
[INFO] [stderr] error: could not compile `ngterm` (lib) due to 3 previous errors
[INFO] [stderr] warning: build failed, waiting for other jobs to finish...
[INFO] [stdout] For more information about this error, try `rustc --explain E0599`.
[INFO] [stdout] 
[INFO] [stderr] error: could not compile `ngterm` (lib test) due to 3 previous errors
[INFO] running `Command { std: "docker" "inspect" "f79dde815f8900b836efe7e9f805c918b978d8d72e8bc1837acca128814d0dc6", kill_on_drop: false }`
[INFO] running `Command { std: "docker" "rm" "-f" "f79dde815f8900b836efe7e9f805c918b978d8d72e8bc1837acca128814d0dc6", kill_on_drop: false }`
[INFO] [stdout] f79dde815f8900b836efe7e9f805c918b978d8d72e8bc1837acca128814d0dc6
