[INFO] cloning repository https://github.com/Xerhs/Alea
[INFO] running `Command { std: "git" "-c" "credential.helper=" "-c" "credential.helper=/workspace/cargo-home/bin/git-credential-null" "clone" "--bare" "https://github.com/Xerhs/Alea" "/workspace/cache/git-repos/https%3A%2F%2Fgithub.com%2FXerhs%2FAlea", kill_on_drop: false }`
[INFO] [stderr] Cloning into bare repository '/workspace/cache/git-repos/https%3A%2F%2Fgithub.com%2FXerhs%2FAlea'...
[INFO] running `Command { std: "git" "rev-parse" "HEAD", kill_on_drop: false }`
[INFO] [stdout] 5b5ece2a07b00a2241cb53f8e08a512172d6d944
[INFO] checking Xerhs/Alea against 3154cc1a3e6424e44f438a95007d043ed5ceaaf6 for pr-133502-30
[INFO] running `Command { std: "git" "clone" "/workspace/cache/git-repos/https%3A%2F%2Fgithub.com%2FXerhs%2FAlea" "/workspace/builds/worker-0-tc2/source", kill_on_drop: false }`
[INFO] [stderr] Cloning into '/workspace/builds/worker-0-tc2/source'...
[INFO] [stderr] done.
[INFO] removed /workspace/builds/worker-0-tc2/source/.cargo/config.toml
[INFO] removed /workspace/builds/worker-0-tc2/source/rust-toolchain.toml
[INFO] started tweaking git repo https://github.com/Xerhs/Alea
[INFO] finished tweaking git repo https://github.com/Xerhs/Alea
[INFO] tweaked toml for git repo https://github.com/Xerhs/Alea written to /workspace/builds/worker-0-tc2/source/Cargo.toml
[INFO] validating manifest of git repo https://github.com/Xerhs/Alea on toolchain 3154cc1a3e6424e44f438a95007d043ed5ceaaf6
[INFO] running `Command { std: CARGO_HOME="/workspace/cargo-home" RUSTUP_HOME="/workspace/rustup-home" "/workspace/cargo-home/bin/cargo" "+3154cc1a3e6424e44f438a95007d043ed5ceaaf6" "metadata" "--manifest-path" "Cargo.toml" "--no-deps", kill_on_drop: false }`
[INFO] crate git repo https://github.com/Xerhs/Alea already has a lockfile, it will not be regenerated
[INFO] running `Command { std: CARGO_HOME="/workspace/cargo-home" RUSTUP_HOME="/workspace/rustup-home" "/workspace/cargo-home/bin/cargo" "+3154cc1a3e6424e44f438a95007d043ed5ceaaf6" "fetch" "--manifest-path" "Cargo.toml", kill_on_drop: false }`
[INFO] [stderr]     Blocking waiting for file lock on package cache
[INFO] [stderr]     Blocking waiting for file lock on package cache
[INFO] running `Command { std: "docker" "create" "-v" "/var/lib/crater-agent-workspace/builds/worker-0-tc2/source:/opt/rustwide/workdir:ro,Z" "-v" "/var/lib/crater-agent-workspace/builds/worker-0-tc2/target:/opt/rustwide/target:rw,Z" "-v" "/var/lib/crater-agent-workspace/cargo-home:/opt/rustwide/cargo-home:ro,Z" "-v" "/var/lib/crater-agent-workspace/rustup-home:/opt/rustwide/rustup-home:ro,Z" "-m" "1610612736" "--network" "none" "ghcr.io/rust-lang/crates-build-env/linux@sha256:77db811e55d90add9212f6832c23229e3de5f1c1f9905e8cb07319ea15df73ac" "sleep" "infinity", kill_on_drop: false }`
[INFO] [stdout] cacbe7c115b92f14ee45fc1f7ef1ec4634b4ac65f2b3f5ef694b814cb06535e0
[INFO] running `Command { std: "docker" "start" "cacbe7c115b92f14ee45fc1f7ef1ec4634b4ac65f2b3f5ef694b814cb06535e0", kill_on_drop: false }`
[INFO] running `Command { std: "docker" "inspect" "cacbe7c115b92f14ee45fc1f7ef1ec4634b4ac65f2b3f5ef694b814cb06535e0", kill_on_drop: false }`
[INFO] running `Command { std: "docker" "exec" "-e" "SOURCE_DIR=/opt/rustwide/workdir" "-e" "CARGO_HOME=/opt/rustwide/cargo-home" "-e" "RUSTUP_HOME=/opt/rustwide/rustup-home" "-e" "CARGO_TARGET_DIR=/opt/rustwide/target" "-w" "/opt/rustwide/workdir" "--user" "0:0" "cacbe7c115b92f14ee45fc1f7ef1ec4634b4ac65f2b3f5ef694b814cb06535e0" "/opt/rustwide/cargo-home/bin/cargo" "+3154cc1a3e6424e44f438a95007d043ed5ceaaf6" "metadata" "--no-deps" "--format-version=1", kill_on_drop: false }`
[INFO] running `Command { std: "docker" "inspect" "cacbe7c115b92f14ee45fc1f7ef1ec4634b4ac65f2b3f5ef694b814cb06535e0", kill_on_drop: false }`
[INFO] running `Command { std: "docker" "exec" "-e" "SOURCE_DIR=/opt/rustwide/workdir" "-e" "CARGO_HOME=/opt/rustwide/cargo-home" "-e" "RUSTUP_HOME=/opt/rustwide/rustup-home" "-e" "CARGO_TARGET_DIR=/opt/rustwide/target" "-e" "CARGO_INCREMENTAL=0" "-e" "RUST_BACKTRACE=full" "-e" "RUSTFLAGS=--cap-lints=forbid" "-e" "RUSTDOCFLAGS=--cap-lints=forbid" "-w" "/opt/rustwide/workdir" "--user" "0:0" "cacbe7c115b92f14ee45fc1f7ef1ec4634b4ac65f2b3f5ef694b814cb06535e0" "/opt/rustwide/cargo-home/bin/cargo" "+3154cc1a3e6424e44f438a95007d043ed5ceaaf6" "check" "--frozen" "--all" "--all-targets" "--message-format=json", kill_on_drop: false }`
[INFO] [stderr]     Checking zeroize v1.9.0
[INFO] [stderr]     Checking base16ct v1.0.0
[INFO] [stderr]     Checking ctutils v0.4.2
[INFO] [stderr]     Checking ff v0.14.0
[INFO] [stderr]    Compiling rustix v1.1.4
[INFO] [stderr]     Checking uguid v2.2.1
[INFO] [stderr]     Checking seed-qr v0.1.0 (/opt/rustwide/workdir/crates/seed-qr)
[INFO] [stderr]     Checking ucs2 v0.3.3
[INFO] [stderr]    Compiling wayland-sys v0.31.11
[INFO] [stderr]    Compiling wayland-backend v0.3.16
[INFO] [stderr]    Compiling rustix v0.38.44
[INFO] [stderr]    Compiling syn v2.0.119
[INFO] [stderr]    Compiling drm-sys v0.8.1
[INFO] [stderr]    Compiling crc32fast v1.5.0
[INFO] [stderr]    Compiling object v0.36.7
[INFO] [stderr]     Checking linux-raw-sys v0.9.4
[INFO] [stderr]     Checking group v0.14.0
[INFO] [stderr]    Compiling drm-fourcc v2.2.0
[INFO] [stderr]    Compiling smithay-client-toolkit v0.18.1
[INFO] [stderr]     Checking indexmap v2.14.0
[INFO] [stderr]    Compiling tiny-xlib v0.2.5
[INFO] [stderr]     Checking x11rb-protocol v0.13.2
[INFO] [stderr]     Checking uefi-raw v0.15.1
[INFO] [stderr]     Checking hybrid-array v0.4.14
[INFO] [stderr]     Checking der v0.8.1
[INFO] [stderr]     Checking memchr v2.8.3
[INFO] [stderr]     Checking tracing v0.1.44
[INFO] [stderr]    Compiling winit v0.29.15
[INFO] [stderr]     Checking ctor v0.10.1
[INFO] [stderr]     Checking ahash v0.8.12
[INFO] [stderr]     Checking xkbcommon-dl v0.4.2
[INFO] [stderr]    Compiling seed-desktop-test v0.1.0 (/opt/rustwide/workdir/crates/seed-desktop-test)
[INFO] [stderr]     Checking crypto-common v0.2.2
[INFO] [stderr]     Checking block-buffer v0.12.1
[INFO] [stderr]     Checking crypto-bigint v0.7.5
[INFO] [stderr]     Checking wnaf v0.14.0
[INFO] [stderr]     Checking sec1 v0.8.1
[INFO] [stderr]     Checking digest v0.11.3
[INFO] [stderr]     Checking sha2 v0.11.0
[INFO] [stderr]     Checking hmac v0.13.0
[INFO] [stderr]     Checking ripemd v0.2.0
[INFO] [stderr]     Checking binary-policy-scanner v0.1.0 (/opt/rustwide/workdir/tools/binary-policy-scanner)
[INFO] [stderr]     Checking pbkdf2 v0.13.0
[INFO] [stderr]     Checking image-builder v0.1.0 (/opt/rustwide/workdir/tools/image-builder)
[INFO] [stderr]     Checking media-readback-verifier v0.1.0 (/opt/rustwide/workdir/tools/media-readback-verifier)
[INFO] [stderr]     Checking seed-core v0.1.0 (/opt/rustwide/workdir/crates/seed-core)
[INFO] [stderr]     Checking seed-protocol v0.1.0 (/opt/rustwide/workdir/crates/seed-protocol)
[INFO] [stderr]     Checking seed-compat v0.1.0 (/opt/rustwide/workdir/crates/seed-compat)
[INFO] [stderr]     Checking release-verifier v0.1.0 (/opt/rustwide/workdir/tools/release-verifier)
[INFO] [stderr]    Compiling ptr_meta_derive v0.3.1
[INFO] [stderr]    Compiling uefi-macros v0.19.0
[INFO] [stderr]    Compiling bytemuck_derive v1.11.0
[INFO] [stderr]    Compiling thiserror-impl v1.0.69
[INFO] [stderr]     Checking ptr_meta v0.3.1
[INFO] [stderr]     Checking uefi v0.39.0
[INFO] [stderr]     Checking thiserror v1.0.69
[INFO] [stderr]     Checking elliptic-curve v0.14.1
[INFO] [stderr]     Checking primefield v0.14.0
[INFO] [stderr]     Checking bytemuck v1.25.2
[INFO] [stderr]     Checking tiny-skia-path v0.11.4
[INFO] [stderr]     Checking primeorder v0.14.0
[INFO] [stderr]     Checking tiny-skia v0.11.4
[INFO] [stderr]     Checking k256 v0.14.0
[INFO] [stderr]     Checking seed-derive v0.1.0 (/opt/rustwide/workdir/crates/seed-derive)
[INFO] [stderr]     Checking seed-test-vectors v0.1.0 (/opt/rustwide/workdir/crates/seed-test-vectors)
[INFO] [stderr]     Checking compat-verify v0.1.0 (/opt/rustwide/workdir/tools/compat-verify)
[INFO] [stderr]     Checking seed-selftest v0.1.0 (/opt/rustwide/workdir/crates/seed-selftest)
[INFO] [stderr]     Checking seed-compat-vectors v0.1.0 (/opt/rustwide/workdir/crates/seed-compat-vectors)
[INFO] [stderr]     Checking polling v3.11.0
[INFO] [stderr]     Checking gethostname v1.1.0
[INFO] [stderr]     Checking drm-ffi v0.9.1
[INFO] [stderr]     Checking drm v0.14.1
[INFO] [stderr]     Checking calloop v0.12.4
[INFO] [stderr]     Checking seed-gop-ui v0.1.0 (/opt/rustwide/workdir/crates/seed-gop-ui)
[INFO] [stderr]     Checking seed-platform-x86 v0.1.0 (/opt/rustwide/workdir/crates/seed-platform-x86)
[INFO] [stderr]     Checking seed-flow v0.1.0 (/opt/rustwide/workdir/crates/seed-flow)
[INFO] [stderr]     Checking wayland-client v0.31.15
[INFO] [stderr]     Checking wayland-csd-frame v0.3.0
[INFO] [stderr]     Checking alea-verify v0.1.0 (/opt/rustwide/workdir/crates/alea-verify)
[INFO] [stderr]     Checking seed-uefi-production v0.13.0-beta (/opt/rustwide/workdir/crates/seed-uefi-production)
[INFO] [stderr]     Checking seed-uefi-test v0.1.0 (/opt/rustwide/workdir/crates/seed-uefi-test)
[INFO] [stdout] error[E0432]: unresolved import `seed_flow::firmware_wiring`
[INFO] [stdout]    --> crates/seed-uefi-test/src/flow_pre/mod.rs:38:20
[INFO] [stdout]     |
[INFO] [stdout]  38 | pub use seed_flow::firmware_wiring::{
[INFO] [stdout]     |                    ^^^^^^^^^^^^^^^ could not find `firmware_wiring` in `seed_flow`
[INFO] [stdout]     |
[INFO] [stdout] note: found an item that was configured out
[INFO] [stdout]    --> crates/seed-flow/src/lib.rs:141:9
[INFO] [stdout]     |
[INFO] [stdout] 140 | #[cfg(target_os = "uefi")]
[INFO] [stdout]     |       ------------------ the item is gated behind the `uefi` feature
[INFO] [stdout] 141 | pub mod firmware_wiring;
[INFO] [stdout]     |         ^^^^^^^^^^^^^^^
[INFO] [stdout] 
[INFO] [stdout] 
[INFO] [stdout] error[E0432]: unresolved import `seed_flow::firmware_wiring`
[INFO] [stdout]    --> crates/seed-uefi-test/src/flow_pre/mod.rs:38:20
[INFO] [stdout]     |
[INFO] [stdout]  38 | pub use seed_flow::firmware_wiring::{
[INFO] [stdout]     |                    ^^^^^^^^^^^^^^^ could not find `firmware_wiring` in `seed_flow`
[INFO] [stdout]     |
[INFO] [stdout] note: found an item that was configured out
[INFO] [stdout]    --> crates/seed-flow/src/lib.rs:141:9
[INFO] [stdout]     |
[INFO] [stdout] 140 | #[cfg(target_os = "uefi")]
[INFO] [stdout]     |       ------------------ the item is gated behind the `uefi` feature
[INFO] [stdout] 141 | pub mod firmware_wiring;
[INFO] [stdout]     |         ^^^^^^^^^^^^^^^
[INFO] [stdout] 
[INFO] [stdout] 
[INFO] [stdout] error[E0432]: unresolved import `seed_flow::firmware_wiring`
[INFO] [stdout]    --> crates/seed-uefi-production/src/flow_pre/mod.rs:36:20
[INFO] [stdout]     |
[INFO] [stdout]  36 | pub use seed_flow::firmware_wiring::{
[INFO] [stdout]     |                    ^^^^^^^^^^^^^^^ could not find `firmware_wiring` in `seed_flow`
[INFO] [stdout]     |
[INFO] [stdout] note: found an item that was configured out
[INFO] [stdout]    --> crates/seed-flow/src/lib.rs:141:9
[INFO] [stdout]     |
[INFO] [stdout] 140 | #[cfg(target_os = "uefi")]
[INFO] [stdout]     |       ------------------ the item is gated behind the `uefi` feature
[INFO] [stdout] 141 | pub mod firmware_wiring;
[INFO] [stdout]     |         ^^^^^^^^^^^^^^^
[INFO] [stdout] 
[INFO] [stdout] 
[INFO] [stdout] error[E0433]: cannot find `firmware_wiring` in `seed_flow`
[INFO] [stdout]    --> crates/seed-uefi-test/src/flow_pre/mod.rs:51:46
[INFO] [stdout]     |
[INFO] [stdout]  51 | pub fn crypto_self_test_gate() -> seed_flow::firmware_wiring::ProdCryptoSelfTestGate {
[INFO] [stdout]     |                                              ^^^^^^^^^^^^^^^ could not find `firmware_wiring` in `seed_flow`
[INFO] [stdout]     |
[INFO] [stdout] note: found an item that was configured out
[INFO] [stdout]    --> crates/seed-flow/src/lib.rs:141:9
[INFO] [stdout]     |
[INFO] [stdout] 140 | #[cfg(target_os = "uefi")]
[INFO] [stdout]     |       ------------------ the item is gated behind the `uefi` feature
[INFO] [stdout] 141 | pub mod firmware_wiring;
[INFO] [stdout]     |         ^^^^^^^^^^^^^^^
[INFO] [stdout] 
[INFO] [stdout] 
[INFO] [stdout] error[E0433]: cannot find `firmware_wiring` in `seed_flow`
[INFO] [stdout]    --> crates/seed-uefi-test/src/flow_pre/mod.rs:52:16
[INFO] [stdout]     |
[INFO] [stdout]  52 |     seed_flow::firmware_wiring::ProdCryptoSelfTestGate::new(PRODUCTION_MARKER)
[INFO] [stdout]     |                ^^^^^^^^^^^^^^^ could not find `firmware_wiring` in `seed_flow`
[INFO] [stdout]     |
[INFO] [stdout] note: found an item that was configured out
[INFO] [stdout]    --> crates/seed-flow/src/lib.rs:141:9
[INFO] [stdout]     |
[INFO] [stdout] 140 | #[cfg(target_os = "uefi")]
[INFO] [stdout]     |       ------------------ the item is gated behind the `uefi` feature
[INFO] [stdout] 141 | pub mod firmware_wiring;
[INFO] [stdout]     |         ^^^^^^^^^^^^^^^
[INFO] [stdout] 
[INFO] [stdout] 
[INFO] [stdout] error[E0433]: cannot find `firmware_wiring` in `seed_flow`
[INFO] [stdout]    --> crates/seed-uefi-test/src/flow_pre/mod.rs:58:37
[INFO] [stdout]     |
[INFO] [stdout]  58 | pub fn policy_gates() -> seed_flow::firmware_wiring::ProdPolicyGates {
[INFO] [stdout]     |                                     ^^^^^^^^^^^^^^^ could not find `firmware_wiring` in `seed_flow`
[INFO] [stdout]     |
[INFO] [stdout] note: found an item that was configured out
[INFO] [stdout]    --> crates/seed-flow/src/lib.rs:141:9
[INFO] [stdout]     |
[INFO] [stdout] 140 | #[cfg(target_os = "uefi")]
[INFO] [stdout]     |       ------------------ the item is gated behind the `uefi` feature
[INFO] [stdout] 141 | pub mod firmware_wiring;
[INFO] [stdout]     |         ^^^^^^^^^^^^^^^
[INFO] [stdout] 
[INFO] [stdout] 
[INFO] [stdout] error[E0433]: cannot find `firmware_wiring` in `seed_flow`
[INFO] [stdout]    --> crates/seed-uefi-test/src/flow_pre/mod.rs:59:16
[INFO] [stdout]     |
[INFO] [stdout]  59 |     seed_flow::firmware_wiring::ProdPolicyGates::new(PRODUCTION_MARKER)
[INFO] [stdout]     |                ^^^^^^^^^^^^^^^ could not find `firmware_wiring` in `seed_flow`
[INFO] [stdout]     |
[INFO] [stdout] note: found an item that was configured out
[INFO] [stdout]    --> crates/seed-flow/src/lib.rs:141:9
[INFO] [stdout]     |
[INFO] [stdout] 140 | #[cfg(target_os = "uefi")]
[INFO] [stdout]     |       ------------------ the item is gated behind the `uefi` feature
[INFO] [stdout] 141 | pub mod firmware_wiring;
[INFO] [stdout]     |         ^^^^^^^^^^^^^^^
[INFO] [stdout] 
[INFO] [stdout] 
[INFO] [stdout] error[E0433]: cannot find `firmware_wiring` in `seed_flow`
[INFO] [stdout]    --> crates/seed-uefi-test/src/flow_secret/mod.rs:33:16
[INFO] [stdout]     |
[INFO] [stdout]  33 |     seed_flow::firmware_wiring::run_secret_phase(
[INFO] [stdout]     |                ^^^^^^^^^^^^^^^ could not find `firmware_wiring` in `seed_flow`
[INFO] [stdout]     |
[INFO] [stdout] note: found an item that was configured out
[INFO] [stdout]    --> crates/seed-flow/src/lib.rs:141:9
[INFO] [stdout]     |
[INFO] [stdout] 140 | #[cfg(target_os = "uefi")]
[INFO] [stdout]     |       ------------------ the item is gated behind the `uefi` feature
[INFO] [stdout] 141 | pub mod firmware_wiring;
[INFO] [stdout]     |         ^^^^^^^^^^^^^^^
[INFO] [stdout] 
[INFO] [stdout] 
[INFO] [stdout] error[E0152]: found duplicate lang item `panic_impl`
[INFO] [stdout]    --> crates/seed-uefi-test/src/main.rs:269:1
[INFO] [stdout]     |
[INFO] [stdout] 269 | / fn panic(_info: &PanicInfo) -> ! {
[INFO] [stdout] ...   |
[INFO] [stdout] 282 | |     boot::halt_forever()
[INFO] [stdout] 283 | | }
[INFO] [stdout]     | |_^
[INFO] [stdout]     |
[INFO] [stdout]     = note: the lang item is first defined in crate `std` (which `test` depends on)
[INFO] [stdout]     = note: first definition in `std` loaded from /opt/rustwide/rustup-home/toolchains/3154cc1a3e6424e44f438a95007d043ed5ceaaf6/lib/rustlib/x86_64-unknown-linux-gnu/lib/libstd-6ee2a0f0126c8a50.rmeta
[INFO] [stdout]     = note: second definition in the local crate (`seed_uefi_test`)
[INFO] [stdout] 
[INFO] [stdout] 
[INFO] [stdout] Some errors have detailed explanations: E0152, E0432, E0433.
[INFO] [stdout] 
[INFO] [stdout] For more information about an error, try `rustc --explain E0152`.
[INFO] [stdout] 
[INFO] [stdout] error[E0433]: cannot find `firmware_wiring` in `seed_flow`
[INFO] [stdout]    --> crates/seed-uefi-production/src/flow_pre/mod.rs:50:46
[INFO] [stdout]     |
[INFO] [stdout]  50 | pub fn crypto_self_test_gate() -> seed_flow::firmware_wiring::ProdCryptoSelfTestGate {
[INFO] [stdout]     |                                              ^^^^^^^^^^^^^^^ could not find `firmware_wiring` in `seed_flow`
[INFO] [stdout]     |
[INFO] [stdout] note: found an item that was configured out
[INFO] [stdout]    --> crates/seed-flow/src/lib.rs:141:9
[INFO] [stdout]     |
[INFO] [stdout] 140 | #[cfg(target_os = "uefi")]
[INFO] [stdout]     |       ------------------ the item is gated behind the `uefi` feature
[INFO] [stdout] 141 | pub mod firmware_wiring;
[INFO] [stdout]     |         ^^^^^^^^^^^^^^^
[INFO] [stdout] 
[INFO] [stdout] 
[INFO] [stderr] error: could not compile `seed-uefi-test` (bin "seed-uefi-test" test) due to 7 previous errors
[INFO] [stderr] warning: build failed, waiting for other jobs to finish...
[INFO] [stdout] error[E0433]: cannot find `firmware_wiring` in `seed_flow`
[INFO] [stdout]    --> crates/seed-uefi-production/src/flow_pre/mod.rs:51:16
[INFO] [stdout]     |
[INFO] [stdout]  51 |     seed_flow::firmware_wiring::ProdCryptoSelfTestGate::new(PRODUCTION_MARKER)
[INFO] [stdout]     |                ^^^^^^^^^^^^^^^ could not find `firmware_wiring` in `seed_flow`
[INFO] [stdout]     |
[INFO] [stdout] note: found an item that was configured out
[INFO] [stdout]    --> crates/seed-flow/src/lib.rs:141:9
[INFO] [stdout]     |
[INFO] [stdout] 140 | #[cfg(target_os = "uefi")]
[INFO] [stdout]     |       ------------------ the item is gated behind the `uefi` feature
[INFO] [stdout] 141 | pub mod firmware_wiring;
[INFO] [stdout]     |         ^^^^^^^^^^^^^^^
[INFO] [stdout] 
[INFO] [stdout] 
[INFO] [stdout] error[E0433]: cannot find `firmware_wiring` in `seed_flow`
[INFO] [stdout]    --> crates/seed-uefi-production/src/flow_pre/mod.rs:57:37
[INFO] [stdout]     |
[INFO] [stdout]  57 | pub fn policy_gates() -> seed_flow::firmware_wiring::ProdPolicyGates {
[INFO] [stdout]     |                                     ^^^^^^^^^^^^^^^ could not find `firmware_wiring` in `seed_flow`
[INFO] [stdout]     |
[INFO] [stdout] note: found an item that was configured out
[INFO] [stdout]    --> crates/seed-flow/src/lib.rs:141:9
[INFO] [stdout]     |
[INFO] [stdout] 140 | #[cfg(target_os = "uefi")]
[INFO] [stdout]     |       ------------------ the item is gated behind the `uefi` feature
[INFO] [stdout] 141 | pub mod firmware_wiring;
[INFO] [stdout]     |         ^^^^^^^^^^^^^^^
[INFO] [stdout] 
[INFO] [stdout] 
[INFO] [stdout] error[E0433]: cannot find `firmware_wiring` in `seed_flow`
[INFO] [stdout]    --> crates/seed-uefi-production/src/flow_pre/mod.rs:58:16
[INFO] [stdout]     |
[INFO] [stdout]  58 |     seed_flow::firmware_wiring::ProdPolicyGates::new(PRODUCTION_MARKER)
[INFO] [stdout]     |                ^^^^^^^^^^^^^^^ could not find `firmware_wiring` in `seed_flow`
[INFO] [stdout]     |
[INFO] [stdout] note: found an item that was configured out
[INFO] [stdout]    --> crates/seed-flow/src/lib.rs:141:9
[INFO] [stdout]     |
[INFO] [stdout] 140 | #[cfg(target_os = "uefi")]
[INFO] [stdout]     |       ------------------ the item is gated behind the `uefi` feature
[INFO] [stdout] 141 | pub mod firmware_wiring;
[INFO] [stdout]     |         ^^^^^^^^^^^^^^^
[INFO] [stdout] 
[INFO] [stdout] 
[INFO] [stdout] error[E0433]: cannot find `firmware_wiring` in `seed_flow`
[INFO] [stdout]    --> crates/seed-uefi-production/src/flow_secret/mod.rs:32:16
[INFO] [stdout]     |
[INFO] [stdout]  32 |     seed_flow::firmware_wiring::run_secret_phase(
[INFO] [stdout]     |                ^^^^^^^^^^^^^^^ could not find `firmware_wiring` in `seed_flow`
[INFO] [stdout]     |
[INFO] [stdout] note: found an item that was configured out
[INFO] [stdout]    --> crates/seed-flow/src/lib.rs:141:9
[INFO] [stdout]     |
[INFO] [stdout] 140 | #[cfg(target_os = "uefi")]
[INFO] [stdout]     |       ------------------ the item is gated behind the `uefi` feature
[INFO] [stdout] 141 | pub mod firmware_wiring;
[INFO] [stdout]     |         ^^^^^^^^^^^^^^^
[INFO] [stdout] 
[INFO] [stdout] 
[INFO] [stdout] error[E0152]: found duplicate lang item `panic_impl`
[INFO] [stdout]    --> crates/seed-uefi-production/src/main.rs:388:1
[INFO] [stdout]     |
[INFO] [stdout] 388 | / fn panic(_info: &PanicInfo) -> ! {
[INFO] [stdout] ...   |
[INFO] [stdout] 401 | |     boot::halt_forever()
[INFO] [stdout] 402 | | }
[INFO] [stdout]     | |_^
[INFO] [stdout]     |
[INFO] [stdout]     = note: the lang item is first defined in crate `std` (which `bitflags` depends on)
[INFO] [stdout]     = note: first definition in `std` loaded from /opt/rustwide/rustup-home/toolchains/3154cc1a3e6424e44f438a95007d043ed5ceaaf6/lib/rustlib/x86_64-unknown-linux-gnu/lib/libstd-6ee2a0f0126c8a50.rmeta
[INFO] [stdout]     = note: second definition in the local crate (`seed_uefi_production`)
[INFO] [stdout] 
[INFO] [stdout] 
[INFO] [stdout] Some errors have detailed explanations: E0152, E0432, E0433.
[INFO] [stdout] 
[INFO] [stdout] For more information about an error, try `rustc --explain E0152`.
[INFO] [stdout] 
[INFO] [stdout] error[E0433]: cannot find `firmware_wiring` in `seed_flow`
[INFO] [stdout]    --> crates/seed-uefi-test/src/flow_pre/mod.rs:51:46
[INFO] [stdout]     |
[INFO] [stdout]  51 | pub fn crypto_self_test_gate() -> seed_flow::firmware_wiring::ProdCryptoSelfTestGate {
[INFO] [stdout]     |                                              ^^^^^^^^^^^^^^^ could not find `firmware_wiring` in `seed_flow`
[INFO] [stdout]     |
[INFO] [stdout] note: found an item that was configured out
[INFO] [stdout]    --> crates/seed-flow/src/lib.rs:141:9
[INFO] [stdout]     |
[INFO] [stdout] 140 | #[cfg(target_os = "uefi")]
[INFO] [stdout]     |       ------------------ the item is gated behind the `uefi` feature
[INFO] [stdout] 141 | pub mod firmware_wiring;
[INFO] [stdout]     |         ^^^^^^^^^^^^^^^
[INFO] [stdout] 
[INFO] [stdout] 
[INFO] [stderr] error: could not compile `seed-uefi-production` (bin "seed-uefi-production") due to 7 previous errors
[INFO] [stdout] error[E0433]: cannot find `firmware_wiring` in `seed_flow`
[INFO] [stdout]    --> crates/seed-uefi-test/src/flow_pre/mod.rs:52:16
[INFO] [stdout]     |
[INFO] [stdout]  52 |     seed_flow::firmware_wiring::ProdCryptoSelfTestGate::new(PRODUCTION_MARKER)
[INFO] [stdout]     |                ^^^^^^^^^^^^^^^ could not find `firmware_wiring` in `seed_flow`
[INFO] [stdout]     |
[INFO] [stdout] note: found an item that was configured out
[INFO] [stdout]    --> crates/seed-flow/src/lib.rs:141:9
[INFO] [stdout]     |
[INFO] [stdout] 140 | #[cfg(target_os = "uefi")]
[INFO] [stdout]     |       ------------------ the item is gated behind the `uefi` feature
[INFO] [stdout] 141 | pub mod firmware_wiring;
[INFO] [stdout]     |         ^^^^^^^^^^^^^^^
[INFO] [stdout] 
[INFO] [stdout] 
[INFO] [stdout] error[E0433]: cannot find `firmware_wiring` in `seed_flow`
[INFO] [stdout]    --> crates/seed-uefi-test/src/flow_pre/mod.rs:58:37
[INFO] [stdout]     |
[INFO] [stdout]  58 | pub fn policy_gates() -> seed_flow::firmware_wiring::ProdPolicyGates {
[INFO] [stdout]     |                                     ^^^^^^^^^^^^^^^ could not find `firmware_wiring` in `seed_flow`
[INFO] [stdout]     |
[INFO] [stdout] note: found an item that was configured out
[INFO] [stdout]    --> crates/seed-flow/src/lib.rs:141:9
[INFO] [stdout]     |
[INFO] [stdout] 140 | #[cfg(target_os = "uefi")]
[INFO] [stdout]     |       ------------------ the item is gated behind the `uefi` feature
[INFO] [stdout] 141 | pub mod firmware_wiring;
[INFO] [stdout]     |         ^^^^^^^^^^^^^^^
[INFO] [stdout] 
[INFO] [stdout] 
[INFO] [stdout] error[E0433]: cannot find `firmware_wiring` in `seed_flow`
[INFO] [stdout]    --> crates/seed-uefi-test/src/flow_pre/mod.rs:59:16
[INFO] [stdout]     |
[INFO] [stdout]  59 |     seed_flow::firmware_wiring::ProdPolicyGates::new(PRODUCTION_MARKER)
[INFO] [stdout]     |                ^^^^^^^^^^^^^^^ could not find `firmware_wiring` in `seed_flow`
[INFO] [stdout]     |
[INFO] [stdout] note: found an item that was configured out
[INFO] [stdout]    --> crates/seed-flow/src/lib.rs:141:9
[INFO] [stdout]     |
[INFO] [stdout] 140 | #[cfg(target_os = "uefi")]
[INFO] [stdout]     |       ------------------ the item is gated behind the `uefi` feature
[INFO] [stdout] 141 | pub mod firmware_wiring;
[INFO] [stdout]     |         ^^^^^^^^^^^^^^^
[INFO] [stdout] 
[INFO] [stdout] 
[INFO] [stdout] error[E0433]: cannot find `firmware_wiring` in `seed_flow`
[INFO] [stdout]    --> crates/seed-uefi-test/src/flow_secret/mod.rs:33:16
[INFO] [stdout]     |
[INFO] [stdout]  33 |     seed_flow::firmware_wiring::run_secret_phase(
[INFO] [stdout]     |                ^^^^^^^^^^^^^^^ could not find `firmware_wiring` in `seed_flow`
[INFO] [stdout]     |
[INFO] [stdout] note: found an item that was configured out
[INFO] [stdout]    --> crates/seed-flow/src/lib.rs:141:9
[INFO] [stdout]     |
[INFO] [stdout] 140 | #[cfg(target_os = "uefi")]
[INFO] [stdout]     |       ------------------ the item is gated behind the `uefi` feature
[INFO] [stdout] 141 | pub mod firmware_wiring;
[INFO] [stdout]     |         ^^^^^^^^^^^^^^^
[INFO] [stdout] 
[INFO] [stdout] 
[INFO] [stdout] error[E0152]: found duplicate lang item `panic_impl`
[INFO] [stdout]    --> crates/seed-uefi-test/src/main.rs:269:1
[INFO] [stdout]     |
[INFO] [stdout] 269 | / fn panic(_info: &PanicInfo) -> ! {
[INFO] [stdout] ...   |
[INFO] [stdout] 282 | |     boot::halt_forever()
[INFO] [stdout] 283 | | }
[INFO] [stdout]     | |_^
[INFO] [stdout]     |
[INFO] [stdout]     = note: the lang item is first defined in crate `std` (which `bitflags` depends on)
[INFO] [stdout]     = note: first definition in `std` loaded from /opt/rustwide/rustup-home/toolchains/3154cc1a3e6424e44f438a95007d043ed5ceaaf6/lib/rustlib/x86_64-unknown-linux-gnu/lib/libstd-6ee2a0f0126c8a50.rmeta
[INFO] [stdout]     = note: second definition in the local crate (`seed_uefi_test`)
[INFO] [stdout] 
[INFO] [stdout] 
[INFO] [stdout] Some errors have detailed explanations: E0152, E0432, E0433.
[INFO] [stdout] 
[INFO] [stdout] For more information about an error, try `rustc --explain E0152`.
[INFO] [stdout] 
[INFO] [stdout] error[E0432]: unresolved import `seed_flow::firmware_wiring`
[INFO] [stdout]    --> crates/seed-uefi-production/src/flow_pre/mod.rs:36:20
[INFO] [stdout]     |
[INFO] [stdout]  36 | pub use seed_flow::firmware_wiring::{
[INFO] [stdout]     |                    ^^^^^^^^^^^^^^^ could not find `firmware_wiring` in `seed_flow`
[INFO] [stdout]     |
[INFO] [stdout] note: found an item that was configured out
[INFO] [stdout]    --> crates/seed-flow/src/lib.rs:141:9
[INFO] [stdout]     |
[INFO] [stdout] 140 | #[cfg(target_os = "uefi")]
[INFO] [stdout]     |       ------------------ the item is gated behind the `uefi` feature
[INFO] [stdout] 141 | pub mod firmware_wiring;
[INFO] [stdout]     |         ^^^^^^^^^^^^^^^
[INFO] [stdout] 
[INFO] [stdout] 
[INFO] [stderr] error: could not compile `seed-uefi-test` (bin "seed-uefi-test") due to 7 previous errors
[INFO] [stdout] error[E0433]: cannot find `firmware_wiring` in `seed_flow`
[INFO] [stdout]    --> crates/seed-uefi-production/src/flow_pre/mod.rs:50:46
[INFO] [stdout]     |
[INFO] [stdout]  50 | pub fn crypto_self_test_gate() -> seed_flow::firmware_wiring::ProdCryptoSelfTestGate {
[INFO] [stdout]     |                                              ^^^^^^^^^^^^^^^ could not find `firmware_wiring` in `seed_flow`
[INFO] [stdout]     |
[INFO] [stdout] note: found an item that was configured out
[INFO] [stdout]    --> crates/seed-flow/src/lib.rs:141:9
[INFO] [stdout]     |
[INFO] [stdout] 140 | #[cfg(target_os = "uefi")]
[INFO] [stdout]     |       ------------------ the item is gated behind the `uefi` feature
[INFO] [stdout] 141 | pub mod firmware_wiring;
[INFO] [stdout]     |         ^^^^^^^^^^^^^^^
[INFO] [stdout] 
[INFO] [stdout] 
[INFO] [stdout] error[E0433]: cannot find `firmware_wiring` in `seed_flow`
[INFO] [stdout]    --> crates/seed-uefi-production/src/flow_pre/mod.rs:51:16
[INFO] [stdout]     |
[INFO] [stdout]  51 |     seed_flow::firmware_wiring::ProdCryptoSelfTestGate::new(PRODUCTION_MARKER)
[INFO] [stdout]     |                ^^^^^^^^^^^^^^^ could not find `firmware_wiring` in `seed_flow`
[INFO] [stdout]     |
[INFO] [stdout] note: found an item that was configured out
[INFO] [stdout]    --> crates/seed-flow/src/lib.rs:141:9
[INFO] [stdout]     |
[INFO] [stdout] 140 | #[cfg(target_os = "uefi")]
[INFO] [stdout]     |       ------------------ the item is gated behind the `uefi` feature
[INFO] [stdout] 141 | pub mod firmware_wiring;
[INFO] [stdout]     |         ^^^^^^^^^^^^^^^
[INFO] [stdout] 
[INFO] [stdout] 
[INFO] [stdout] error[E0433]: cannot find `firmware_wiring` in `seed_flow`
[INFO] [stdout]    --> crates/seed-uefi-production/src/flow_pre/mod.rs:57:37
[INFO] [stdout]     |
[INFO] [stdout]  57 | pub fn policy_gates() -> seed_flow::firmware_wiring::ProdPolicyGates {
[INFO] [stdout]     |                                     ^^^^^^^^^^^^^^^ could not find `firmware_wiring` in `seed_flow`
[INFO] [stdout]     |
[INFO] [stdout] note: found an item that was configured out
[INFO] [stdout]    --> crates/seed-flow/src/lib.rs:141:9
[INFO] [stdout]     |
[INFO] [stdout] 140 | #[cfg(target_os = "uefi")]
[INFO] [stdout]     |       ------------------ the item is gated behind the `uefi` feature
[INFO] [stdout] 141 | pub mod firmware_wiring;
[INFO] [stdout]     |         ^^^^^^^^^^^^^^^
[INFO] [stdout] 
[INFO] [stdout] 
[INFO] [stdout] error[E0433]: cannot find `firmware_wiring` in `seed_flow`
[INFO] [stdout]    --> crates/seed-uefi-production/src/flow_pre/mod.rs:58:16
[INFO] [stdout]     |
[INFO] [stdout]  58 |     seed_flow::firmware_wiring::ProdPolicyGates::new(PRODUCTION_MARKER)
[INFO] [stdout]     |                ^^^^^^^^^^^^^^^ could not find `firmware_wiring` in `seed_flow`
[INFO] [stdout]     |
[INFO] [stdout] note: found an item that was configured out
[INFO] [stdout]    --> crates/seed-flow/src/lib.rs:141:9
[INFO] [stdout]     |
[INFO] [stdout] 140 | #[cfg(target_os = "uefi")]
[INFO] [stdout]     |       ------------------ the item is gated behind the `uefi` feature
[INFO] [stdout] 141 | pub mod firmware_wiring;
[INFO] [stdout]     |         ^^^^^^^^^^^^^^^
[INFO] [stdout] 
[INFO] [stdout] 
[INFO] [stdout] error[E0433]: cannot find `firmware_wiring` in `seed_flow`
[INFO] [stdout]    --> crates/seed-uefi-production/src/flow_secret/mod.rs:32:16
[INFO] [stdout]     |
[INFO] [stdout]  32 |     seed_flow::firmware_wiring::run_secret_phase(
[INFO] [stdout]     |                ^^^^^^^^^^^^^^^ could not find `firmware_wiring` in `seed_flow`
[INFO] [stdout]     |
[INFO] [stdout] note: found an item that was configured out
[INFO] [stdout]    --> crates/seed-flow/src/lib.rs:141:9
[INFO] [stdout]     |
[INFO] [stdout] 140 | #[cfg(target_os = "uefi")]
[INFO] [stdout]     |       ------------------ the item is gated behind the `uefi` feature
[INFO] [stdout] 141 | pub mod firmware_wiring;
[INFO] [stdout]     |         ^^^^^^^^^^^^^^^
[INFO] [stdout] 
[INFO] [stdout] 
[INFO] [stdout] error[E0152]: found duplicate lang item `panic_impl`
[INFO] [stdout]    --> crates/seed-uefi-production/src/main.rs:388:1
[INFO] [stdout]     |
[INFO] [stdout] 388 | / fn panic(_info: &PanicInfo) -> ! {
[INFO] [stdout] ...   |
[INFO] [stdout] 401 | |     boot::halt_forever()
[INFO] [stdout] 402 | | }
[INFO] [stdout]     | |_^
[INFO] [stdout]     |
[INFO] [stdout]     = note: the lang item is first defined in crate `std` (which `test` depends on)
[INFO] [stdout]     = note: first definition in `std` loaded from /opt/rustwide/rustup-home/toolchains/3154cc1a3e6424e44f438a95007d043ed5ceaaf6/lib/rustlib/x86_64-unknown-linux-gnu/lib/libstd-6ee2a0f0126c8a50.rmeta
[INFO] [stdout]     = note: second definition in the local crate (`seed_uefi_production`)
[INFO] [stdout] 
[INFO] [stdout] 
[INFO] [stdout] Some errors have detailed explanations: E0152, E0432, E0433.
[INFO] [stdout] 
[INFO] [stdout] For more information about an error, try `rustc --explain E0152`.
[INFO] [stdout] 
[INFO] [stderr] error: could not compile `seed-uefi-production` (bin "seed-uefi-production" test) due to 7 previous errors
[INFO] running `Command { std: "docker" "inspect" "cacbe7c115b92f14ee45fc1f7ef1ec4634b4ac65f2b3f5ef694b814cb06535e0", kill_on_drop: false }`
[INFO] running `Command { std: "docker" "rm" "-f" "cacbe7c115b92f14ee45fc1f7ef1ec4634b4ac65f2b3f5ef694b814cb06535e0", kill_on_drop: false }`
[INFO] [stdout] cacbe7c115b92f14ee45fc1f7ef1ec4634b4ac65f2b3f5ef694b814cb06535e0
