[INFO] cloning repository https://github.com/Wumpf/moisturemind
[INFO] running `Command { std: "git" "-c" "credential.helper=" "-c" "credential.helper=/workspace/cargo-home/bin/git-credential-null" "clone" "--bare" "https://github.com/Wumpf/moisturemind" "/workspace/cache/git-repos/https%3A%2F%2Fgithub.com%2FWumpf%2Fmoisturemind", kill_on_drop: false }`
[INFO] [stderr] Cloning into bare repository '/workspace/cache/git-repos/https%3A%2F%2Fgithub.com%2FWumpf%2Fmoisturemind'...
[INFO] running `Command { std: "git" "rev-parse" "HEAD", kill_on_drop: false }`
[INFO] [stdout] 94cf4ba3e9df680cb6399f56b5537e495bed0c08
[INFO] checking Wumpf/moisturemind against 3154cc1a3e6424e44f438a95007d043ed5ceaaf6 for pr-133502-30
[INFO] running `Command { std: "git" "clone" "/workspace/cache/git-repos/https%3A%2F%2Fgithub.com%2FWumpf%2Fmoisturemind" "/workspace/builds/worker-0-tc2/source", kill_on_drop: false }`
[INFO] [stderr] Cloning into '/workspace/builds/worker-0-tc2/source'...
[INFO] [stderr] done.
[INFO] removed /workspace/builds/worker-0-tc2/source/.cargo/config.toml
[INFO] started tweaking git repo https://github.com/Wumpf/moisturemind
[INFO] finished tweaking git repo https://github.com/Wumpf/moisturemind
[INFO] tweaked toml for git repo https://github.com/Wumpf/moisturemind written to /workspace/builds/worker-0-tc2/source/Cargo.toml
[INFO] validating manifest of git repo https://github.com/Wumpf/moisturemind on toolchain 3154cc1a3e6424e44f438a95007d043ed5ceaaf6
[INFO] running `Command { std: CARGO_HOME="/workspace/cargo-home" RUSTUP_HOME="/workspace/rustup-home" "/workspace/cargo-home/bin/cargo" "+3154cc1a3e6424e44f438a95007d043ed5ceaaf6" "metadata" "--manifest-path" "Cargo.toml" "--no-deps", kill_on_drop: false }`
[INFO] crate git repo https://github.com/Wumpf/moisturemind already has a lockfile, it will not be regenerated
[INFO] running `Command { std: CARGO_HOME="/workspace/cargo-home" RUSTUP_HOME="/workspace/rustup-home" "/workspace/cargo-home/bin/cargo" "+3154cc1a3e6424e44f438a95007d043ed5ceaaf6" "fetch" "--manifest-path" "Cargo.toml", kill_on_drop: false }`
[INFO] [stderr]     Blocking waiting for file lock on package cache
[INFO] [stderr]     Blocking waiting for file lock on package cache
[INFO] running `Command { std: "docker" "create" "-v" "/var/lib/crater-agent-workspace/builds/worker-0-tc2/source:/opt/rustwide/workdir:ro,Z" "-v" "/var/lib/crater-agent-workspace/builds/worker-0-tc2/target:/opt/rustwide/target:rw,Z" "-v" "/var/lib/crater-agent-workspace/cargo-home:/opt/rustwide/cargo-home:ro,Z" "-v" "/var/lib/crater-agent-workspace/rustup-home:/opt/rustwide/rustup-home:ro,Z" "-m" "1610612736" "--network" "none" "ghcr.io/rust-lang/crates-build-env/linux@sha256:77db811e55d90add9212f6832c23229e3de5f1c1f9905e8cb07319ea15df73ac" "sleep" "infinity", kill_on_drop: false }`
[INFO] [stdout] 9817cae8fbd7437af8c77873652713d472ea1757492da9385d482f2390d8acb2
[INFO] running `Command { std: "docker" "start" "9817cae8fbd7437af8c77873652713d472ea1757492da9385d482f2390d8acb2", kill_on_drop: false }`
[INFO] running `Command { std: "docker" "inspect" "9817cae8fbd7437af8c77873652713d472ea1757492da9385d482f2390d8acb2", kill_on_drop: false }`
[INFO] running `Command { std: "docker" "exec" "-e" "SOURCE_DIR=/opt/rustwide/workdir" "-e" "CARGO_HOME=/opt/rustwide/cargo-home" "-e" "RUSTUP_HOME=/opt/rustwide/rustup-home" "-e" "CARGO_TARGET_DIR=/opt/rustwide/target" "-w" "/opt/rustwide/workdir" "--user" "0:0" "9817cae8fbd7437af8c77873652713d472ea1757492da9385d482f2390d8acb2" "/opt/rustwide/cargo-home/bin/cargo" "+3154cc1a3e6424e44f438a95007d043ed5ceaaf6" "metadata" "--no-deps" "--format-version=1", kill_on_drop: false }`
[INFO] running `Command { std: "docker" "inspect" "9817cae8fbd7437af8c77873652713d472ea1757492da9385d482f2390d8acb2", kill_on_drop: false }`
[INFO] running `Command { std: "docker" "exec" "-e" "SOURCE_DIR=/opt/rustwide/workdir" "-e" "CARGO_HOME=/opt/rustwide/cargo-home" "-e" "RUSTUP_HOME=/opt/rustwide/rustup-home" "-e" "CARGO_TARGET_DIR=/opt/rustwide/target" "-e" "CARGO_INCREMENTAL=0" "-e" "RUST_BACKTRACE=full" "-e" "RUSTFLAGS=--cap-lints=forbid" "-e" "RUSTDOCFLAGS=--cap-lints=forbid" "-w" "/opt/rustwide/workdir" "--user" "0:0" "9817cae8fbd7437af8c77873652713d472ea1757492da9385d482f2390d8acb2" "/opt/rustwide/cargo-home/bin/cargo" "+3154cc1a3e6424e44f438a95007d043ed5ceaaf6" "check" "--frozen" "--all" "--all-targets" "--message-format=json", kill_on_drop: false }`
[INFO] [stderr]    Compiling semver-parser v0.7.0
[INFO] [stderr]     Checking futures-core v0.3.33
[INFO] [stderr]    Compiling cortex-m v0.7.7
[INFO] [stderr]    Compiling heapless v0.9.3
[INFO] [stderr]     Checking critical-section v1.2.0
[INFO] [stderr]    Compiling serde_core v1.0.229
[INFO] [stderr]     Checking embedded-io v0.7.1
[INFO] [stderr]    Compiling embassy-sync v0.8.0
[INFO] [stderr]    Compiling serde v1.0.229
[INFO] [stderr]     Checking volatile-register v0.2.2
[INFO] [stderr]    Compiling syn v2.0.119
[INFO] [stderr]    Compiling zerocopy v0.8.55
[INFO] [stderr]    Compiling embassy-time-driver v0.2.2
[INFO] [stderr]     Checking bitfield v0.13.2
[INFO] [stderr]    Compiling portable-atomic v1.14.0
[INFO] [stderr]    Compiling embedded-hal-async v1.0.0
[INFO] [stderr]    Compiling syn v1.0.109
[INFO] [stderr]    Compiling ahash v0.8.12
[INFO] [stderr]     Checking embassy-futures v0.1.2
[INFO] [stderr]     Checking embedded-io-async v0.7.0
[INFO] [stderr]    Compiling cortex-m-rt v0.7.6
[INFO] [stderr]    Compiling semver v0.9.0
[INFO] [stderr]    Compiling embedded-io-async v0.6.1
[INFO] [stderr]    Compiling once_cell v1.21.4
[INFO] [stderr]     Checking embedded-hal v1.0.0
[INFO] [stderr]    Compiling bitfield v0.14.0
[INFO] [stderr]    Compiling embassy-hal-internal v0.4.0
[INFO] [stderr]     Checking embedded-storage v0.3.1
[INFO] [stderr]    Compiling fixed v1.31.0
[INFO] [stderr]    Compiling rustc_version v0.2.3
[INFO] [stderr]     Checking embedded-io v0.6.1
[INFO] [stderr]     Checking embedded-storage-async v0.4.1
[INFO] [stderr]    Compiling usbd-hid-descriptors v0.10.0
[INFO] [stderr]     Checking heapless v0.8.0
[INFO] [stderr]    Compiling embassy-time-queue-utils v0.3.2
[INFO] [stderr]     Checking embassy-executor-timer-queue v0.1.0
[INFO] [stderr]    Compiling embassy-hal-internal v0.5.0
[INFO] [stderr]    Compiling nrf-pac v0.4.0
[INFO] [stderr]     Checking futures-task v0.3.33
[INFO] [stderr]     Checking az v1.3.0
[INFO] [stderr]    Compiling byteorder v1.5.0
[INFO] [stderr]     Checking bytemuck v1.25.2
[INFO] [stderr]    Compiling bare-metal v0.2.5
[INFO] [stderr]     Checking embassy-time v0.5.1
[INFO] [stderr]     Checking futures-util v0.3.33
[INFO] [stderr]     Checking embassy-usb-driver v0.2.2
[INFO] [stderr]     Checking futures-channel v0.3.33
[INFO] [stderr]    Compiling embassy-usb v0.6.0
[INFO] [stderr]    Compiling embassy-executor v0.10.0
[INFO] [stderr]     Checking embassy-net-driver v0.2.0
[INFO] [stderr]    Compiling uuid v1.24.0
[INFO] [stdout] error[E0425]: cannot find function `__basepri_r` in module `crate::asm::inline`
[INFO] [stdout]   --> /opt/rustwide/cargo-home/registry/src/index.crates.io-1949cf8c6b5b557f/cortex-m-0.7.7/src/register/basepri.rs:6:15
[INFO] [stdout]    |
[INFO] [stdout]  6 |     call_asm!(__basepri_r() -> u8)
[INFO] [stdout]    |               ^^^^^^^^^^^ not found in `crate::asm::inline`
[INFO] [stdout]    |
[INFO] [stdout]   ::: /opt/rustwide/cargo-home/registry/src/index.crates.io-1949cf8c6b5b557f/cortex-m-0.7.7/src/call_asm.rs:11:43
[INFO] [stdout]    |
[INFO] [stdout] 11 |                 () => crate::asm::inline::$func($($args),*),
[INFO] [stdout]    |                                           ----- due to this macro variable
[INFO] [stdout] 
[INFO] [stdout] 
[INFO] [stdout] error[E0425]: cannot find function `__basepri_w` in module `crate::asm::inline`
[INFO] [stdout]   --> /opt/rustwide/cargo-home/registry/src/index.crates.io-1949cf8c6b5b557f/cortex-m-0.7.7/src/register/basepri.rs:22:19
[INFO] [stdout]    |
[INFO] [stdout] 22 |         call_asm!(__basepri_w(basepri: u8));
[INFO] [stdout]    |                   ^^^^^^^^^^^ not found in `crate::asm::inline`
[INFO] [stdout]    |
[INFO] [stdout]   ::: /opt/rustwide/cargo-home/registry/src/index.crates.io-1949cf8c6b5b557f/cortex-m-0.7.7/src/call_asm.rs:11:43
[INFO] [stdout]    |
[INFO] [stdout] 11 |                 () => crate::asm::inline::$func($($args),*),
[INFO] [stdout]    |                                           ----- due to this macro variable
[INFO] [stdout] 
[INFO] [stdout] 
[INFO] [stdout] error[E0425]: cannot find function `__basepri_max` in module `crate::asm::inline`
[INFO] [stdout]   --> /opt/rustwide/cargo-home/registry/src/index.crates.io-1949cf8c6b5b557f/cortex-m-0.7.7/src/register/basepri_max.rs:19:19
[INFO] [stdout]    |
[INFO] [stdout] 19 |         call_asm!(__basepri_max(basepri: u8));
[INFO] [stdout]    |                   ^^^^^^^^^^^^^ not found in `crate::asm::inline`
[INFO] [stdout]    |
[INFO] [stdout]   ::: /opt/rustwide/cargo-home/registry/src/index.crates.io-1949cf8c6b5b557f/cortex-m-0.7.7/src/call_asm.rs:11:43
[INFO] [stdout]    |
[INFO] [stdout] 11 |                 () => crate::asm::inline::$func($($args),*),
[INFO] [stdout]    |                                           ----- due to this macro variable
[INFO] [stdout] 
[INFO] [stdout] 
[INFO] [stdout] error[E0425]: cannot find function `__faultmask_r` in module `crate::asm::inline`
[INFO] [stdout]   --> /opt/rustwide/cargo-home/registry/src/index.crates.io-1949cf8c6b5b557f/cortex-m-0.7.7/src/register/faultmask.rs:29:28
[INFO] [stdout]    |
[INFO] [stdout] 29 |     let r: u32 = call_asm!(__faultmask_r() -> u32);
[INFO] [stdout]    |                            ^^^^^^^^^^^^^ not found in `crate::asm::inline`
[INFO] [stdout]    |
[INFO] [stdout]   ::: /opt/rustwide/cargo-home/registry/src/index.crates.io-1949cf8c6b5b557f/cortex-m-0.7.7/src/call_asm.rs:11:43
[INFO] [stdout]    |
[INFO] [stdout] 11 |                 () => crate::asm::inline::$func($($args),*),
[INFO] [stdout]    |                                           ----- due to this macro variable
[INFO] [stdout] 
[INFO] [stdout] 
[INFO] [stdout] error: invalid register `r0`: unknown register
[INFO] [stdout]    --> /opt/rustwide/cargo-home/registry/src/index.crates.io-1949cf8c6b5b557f/cortex-m-0.7.7/src/../asm/inline.rs:197:24
[INFO] [stdout]     |
[INFO] [stdout] 197 |     asm!("bkpt #0xab", inout("r0") nr, in("r1") arg, options(nomem, nostack, preserves_flags));
[INFO] [stdout]     |                        ^^^^^^^^^^^^^^
[INFO] [stdout] 
[INFO] [stdout] 
[INFO] [stdout] error: invalid register `r1`: unknown register
[INFO] [stdout]    --> /opt/rustwide/cargo-home/registry/src/index.crates.io-1949cf8c6b5b557f/cortex-m-0.7.7/src/../asm/inline.rs:197:40
[INFO] [stdout]     |
[INFO] [stdout] 197 |     asm!("bkpt #0xab", inout("r0") nr, in("r1") arg, options(nomem, nostack, preserves_flags));
[INFO] [stdout]     |                                        ^^^^^^^^^^^^
[INFO] [stdout] 
[INFO] [stdout] 
[INFO] [stderr]    Compiling Inflector v0.11.4
[INFO] [stderr]     Checking encode_unicode v0.3.6
[INFO] [stderr]     Checking futures-io v0.3.33
[INFO] [stdout] For more information about this error, try `rustc --explain E0425`.
[INFO] [stdout] 
[INFO] [stderr]     Checking rand_core v0.6.4
[INFO] [stderr] error: could not compile `cortex-m` (lib) due to 6 previous errors
[INFO] [stderr] warning: build failed, waiting for other jobs to finish...
[INFO] running `Command { std: "docker" "inspect" "9817cae8fbd7437af8c77873652713d472ea1757492da9385d482f2390d8acb2", kill_on_drop: false }`
[INFO] running `Command { std: "docker" "rm" "-f" "9817cae8fbd7437af8c77873652713d472ea1757492da9385d482f2390d8acb2", kill_on_drop: false }`
[INFO] [stdout] 9817cae8fbd7437af8c77873652713d472ea1757492da9385d482f2390d8acb2
