[INFO] cloning repository https://github.com/WoxelDoor/AudioInspector
[INFO] running `Command { std: "git" "-c" "credential.helper=" "-c" "credential.helper=/workspace/cargo-home/bin/git-credential-null" "clone" "--bare" "https://github.com/WoxelDoor/AudioInspector" "/workspace/cache/git-repos/https%3A%2F%2Fgithub.com%2FWoxelDoor%2FAudioInspector", kill_on_drop: false }`
[INFO] [stderr] Cloning into bare repository '/workspace/cache/git-repos/https%3A%2F%2Fgithub.com%2FWoxelDoor%2FAudioInspector'...
[INFO] running `Command { std: "git" "rev-parse" "HEAD", kill_on_drop: false }`
[INFO] [stdout] ad3955dc4421046ba818032ed1df0fa598ea711d
[INFO] checking WoxelDoor/AudioInspector against 3154cc1a3e6424e44f438a95007d043ed5ceaaf6+rustflags=-Znext-solver=coherence for pr-133502-30
[INFO] running `Command { std: "git" "clone" "/workspace/cache/git-repos/https%3A%2F%2Fgithub.com%2FWoxelDoor%2FAudioInspector" "/workspace/builds/worker-3-tc1/source", kill_on_drop: false }`
[INFO] [stderr] Cloning into '/workspace/builds/worker-3-tc1/source'...
[INFO] [stderr] done.
[INFO] removed /workspace/builds/worker-3-tc1/source/.cargo/config.toml
[INFO] started tweaking git repo https://github.com/WoxelDoor/AudioInspector
[INFO] finished tweaking git repo https://github.com/WoxelDoor/AudioInspector
[INFO] tweaked toml for git repo https://github.com/WoxelDoor/AudioInspector written to /workspace/builds/worker-3-tc1/source/Cargo.toml
[INFO] validating manifest of git repo https://github.com/WoxelDoor/AudioInspector on toolchain 3154cc1a3e6424e44f438a95007d043ed5ceaaf6
[INFO] running `Command { std: CARGO_HOME="/workspace/cargo-home" RUSTUP_HOME="/workspace/rustup-home" "/workspace/cargo-home/bin/cargo" "+3154cc1a3e6424e44f438a95007d043ed5ceaaf6" "metadata" "--manifest-path" "Cargo.toml" "--no-deps", kill_on_drop: false }`
[INFO] crate git repo https://github.com/WoxelDoor/AudioInspector already has a lockfile, it will not be regenerated
[INFO] running `Command { std: CARGO_HOME="/workspace/cargo-home" RUSTUP_HOME="/workspace/rustup-home" "/workspace/cargo-home/bin/cargo" "+3154cc1a3e6424e44f438a95007d043ed5ceaaf6" "fetch" "--manifest-path" "Cargo.toml", kill_on_drop: false }`
[INFO] running `Command { std: "docker" "create" "-v" "/var/lib/crater-agent-workspace/builds/worker-3-tc1/source:/opt/rustwide/workdir:ro,Z" "-v" "/var/lib/crater-agent-workspace/builds/worker-3-tc1/target:/opt/rustwide/target:rw,Z" "-v" "/var/lib/crater-agent-workspace/cargo-home:/opt/rustwide/cargo-home:ro,Z" "-v" "/var/lib/crater-agent-workspace/rustup-home:/opt/rustwide/rustup-home:ro,Z" "-m" "1610612736" "--network" "none" "ghcr.io/rust-lang/crates-build-env/linux@sha256:77db811e55d90add9212f6832c23229e3de5f1c1f9905e8cb07319ea15df73ac" "sleep" "infinity", kill_on_drop: false }`
[INFO] [stdout] f9003ea4f564c53191ffdf0e7152b3c6e83d0d227caae9cbb165ee96ba596c04
[INFO] running `Command { std: "docker" "start" "f9003ea4f564c53191ffdf0e7152b3c6e83d0d227caae9cbb165ee96ba596c04", kill_on_drop: false }`
[INFO] running `Command { std: "docker" "inspect" "f9003ea4f564c53191ffdf0e7152b3c6e83d0d227caae9cbb165ee96ba596c04", kill_on_drop: false }`
[INFO] running `Command { std: "docker" "exec" "-e" "SOURCE_DIR=/opt/rustwide/workdir" "-e" "CARGO_HOME=/opt/rustwide/cargo-home" "-e" "RUSTUP_HOME=/opt/rustwide/rustup-home" "-e" "CARGO_TARGET_DIR=/opt/rustwide/target" "-w" "/opt/rustwide/workdir" "--user" "0:0" "f9003ea4f564c53191ffdf0e7152b3c6e83d0d227caae9cbb165ee96ba596c04" "/opt/rustwide/cargo-home/bin/cargo" "+3154cc1a3e6424e44f438a95007d043ed5ceaaf6" "metadata" "--no-deps" "--format-version=1", kill_on_drop: false }`
[INFO] running `Command { std: "docker" "inspect" "f9003ea4f564c53191ffdf0e7152b3c6e83d0d227caae9cbb165ee96ba596c04", kill_on_drop: false }`
[INFO] running `Command { std: "docker" "exec" "-e" "SOURCE_DIR=/opt/rustwide/workdir" "-e" "CARGO_HOME=/opt/rustwide/cargo-home" "-e" "RUSTUP_HOME=/opt/rustwide/rustup-home" "-e" "CARGO_TARGET_DIR=/opt/rustwide/target" "-e" "CARGO_INCREMENTAL=0" "-e" "RUST_BACKTRACE=full" "-e" "RUSTFLAGS=--cap-lints=forbid -Znext-solver=coherence" "-e" "RUSTDOCFLAGS=--cap-lints=forbid" "-w" "/opt/rustwide/workdir" "--user" "0:0" "f9003ea4f564c53191ffdf0e7152b3c6e83d0d227caae9cbb165ee96ba596c04" "/opt/rustwide/cargo-home/bin/cargo" "+3154cc1a3e6424e44f438a95007d043ed5ceaaf6" "check" "--frozen" "--all" "--all-targets" "--message-format=json", kill_on_drop: false }`
[INFO] [stderr]     Checking bitflags v2.13.2
[INFO] [stderr]     Checking smallvec v1.16.1
[INFO] [stderr]     Checking log v0.4.34
[INFO] [stderr]    Compiling pkg-config v0.3.34
[INFO] [stderr]    Compiling rustix v1.1.4
[INFO] [stderr]     Checking linux-raw-sys v0.12.1
[INFO] [stderr]     Checking libloading v0.8.9
[INFO] [stderr]    Compiling find-msvc-tools v0.1.12
[INFO] [stderr]     Checking downcast-rs v1.2.1
[INFO] [stderr]     Checking scoped-tls v1.0.1
[INFO] [stderr]    Compiling quick-xml v0.41.0
[INFO] [stderr]    Compiling wayland-client v0.31.15
[INFO] [stderr]    Compiling khronos_api v3.1.0
[INFO] [stderr]    Compiling syn v3.0.5
[INFO] [stderr]    Compiling syn v2.0.119
[INFO] [stderr]    Compiling cfg_aliases v0.2.2
[INFO] [stderr]     Checking slab v0.4.12
[INFO] [stderr]     Checking simd-adler32 v0.3.10
[INFO] [stderr]    Compiling zerocopy v0.8.57
[INFO] [stderr]    Compiling xml-rs v0.8.29
[INFO] [stderr]     Checking dlib v0.5.3
[INFO] [stderr]    Compiling cc v1.4.6
[INFO] [stderr]    Compiling ahash v0.8.12
[INFO] [stderr]    Compiling crc32fast v1.5.2
[INFO] [stderr]    Compiling rustix v0.38.44
[INFO] [stderr]     Checking tracing-core v0.1.36
[INFO] [stderr]     Checking xkeysym v0.2.1
[INFO] [stderr]     Checking cursor-icon v1.2.0
[INFO] [stderr]     Checking linux-raw-sys v0.4.15
[INFO] [stderr]     Checking xcursor v0.3.11
[INFO] [stderr]     Checking parking_lot_core v0.9.12
[INFO] [stderr]     Checking miniz_oxide v0.9.1
[INFO] [stderr]    Compiling num-traits v0.2.19
[INFO] [stderr]     Checking memmap2 v0.9.11
[INFO] [stderr]     Checking ttf-parser v0.25.1
[INFO] [stderr]    Compiling wayland-sys v0.31.11
[INFO] [stderr]     Checking tracing v0.1.44
[INFO] [stderr]    Compiling x11-dl v2.21.0
[INFO] [stderr]    Compiling windows_x86_64_gnu v0.52.6
[INFO] [stderr]     Checking parking_lot v0.12.5
[INFO] [stderr]     Checking miniz_oxide v0.8.9
[INFO] [stderr]     Checking fdeflate v0.3.7
[INFO] [stderr]    Compiling smithay-client-toolkit v0.19.2
[INFO] [stderr]     Checking flate2 v1.1.10
[INFO] [stderr]     Checking x11rb-protocol v0.13.2
[INFO] [stderr]    Compiling thiserror v2.0.20
[INFO] [stderr]     Checking as-raw-xcb-connection v1.0.1
[INFO] [stderr]     Checking ab_glyph_rasterizer v0.1.10
[INFO] [stderr]    Compiling winit v0.30.13
[INFO] [stderr]     Checking pxfm v0.1.30
[INFO] [stderr]    Compiling smithay-client-toolkit v0.20.0
[INFO] [stderr]    Compiling gl_generator v0.14.0
[INFO] [stderr]     Checking profiling v1.0.18
[INFO] [stderr]    Compiling wayland-scanner v0.31.11
[INFO] [stderr]     Checking raw-window-handle v0.6.2
[INFO] [stderr]     Checking nohash-hasher v0.2.0
[INFO] [stderr]     Checking epaint_default_fonts v0.31.1
[INFO] [stderr]     Checking png v0.18.1
[INFO] [stderr]     Checking windows-targets v0.52.6
[INFO] [stderr]     Checking xkbcommon-dl v0.4.2
[INFO] [stderr]     Checking form_urlencoded v1.2.2
[INFO] [stderr]    Compiling glutin v0.32.3
[INFO] [stderr]    Compiling glutin_egl_sys v0.7.1
[INFO] [stderr]    Compiling glutin_glx_sys v0.6.1
[INFO] [stderr]    Compiling memoffset v0.9.1
[INFO] [stderr]     Checking byteorder-lite v0.1.0
[INFO] [stderr]     Checking dpi v0.1.2
[INFO] [stderr]     Checking smol_str v0.2.2
[INFO] [stderr]     Checking windows-result v0.2.0
[INFO] [stderr]    Compiling glutin-winit v0.5.0
[INFO] [stderr]    Compiling wayland-backend v0.3.17
[INFO] [stderr]     Checking web-time v1.1.0
[INFO] [stderr]     Checking windows-strings v0.1.0
[INFO] [stderr]    Compiling litrs v1.0.0
[INFO] [stderr]     Checking glow v0.16.0
[INFO] [stderr]     Checking static_assertions v1.1.0
[INFO] [stderr]     Checking png v0.17.16
[INFO] [stderr]    Compiling document-features v0.2.12
[INFO] [stderr]    Compiling zerovec-derive v0.11.6
[INFO] [stderr]    Compiling displaydoc v0.2.7
[INFO] [stderr]    Compiling bytemuck_derive v1.12.1
[INFO] [stderr]    Compiling thiserror-impl v2.0.20
[INFO] [stderr]     Checking owned_ttf_parser v0.25.1
[INFO] [stderr]     Checking ab_glyph v0.2.32
[INFO] [stderr]     Checking bytemuck v1.25.2
[INFO] [stderr]     Checking emath v0.31.1
[INFO] [stderr]     Checking moxcms v0.8.1
[INFO] [stderr]     Checking ecolor v0.31.1
[INFO] [stderr]    Compiling synstructure v0.13.2
[INFO] [stderr]    Compiling zerofrom-derive v0.1.7
[INFO] [stderr]    Compiling yoke-derive v0.8.2
[INFO] [stderr]    Compiling thiserror-impl v1.0.69
[INFO] [stderr]    Compiling windows-implement v0.58.0
[INFO] [stderr]    Compiling windows-interface v0.58.0
[INFO] [stderr]     Checking epaint v0.31.1
[INFO] [stderr]     Checking windows-core v0.58.0
[INFO] [stderr]     Checking zerofrom v0.1.8
[INFO] [stderr]     Checking thiserror v1.0.69
[INFO] [stderr]     Checking yoke v0.8.3
[INFO] [stderr]     Checking windows v0.58.0
[INFO] [stderr]     Checking zerovec v0.11.8
[INFO] [stderr]     Checking zerotrie v0.2.5
[INFO] [stderr]     Checking egui v0.31.1
[INFO] [stderr]     Checking polling v3.11.0
[INFO] [stderr]     Checking gethostname v1.1.0
[INFO] [stderr]     Checking tinystr v0.8.4
[INFO] [stderr]     Checking potential_utf v0.1.6
[INFO] [stderr]     Checking icu_collections v2.3.0
[INFO] [stderr]     Checking icu_locale_core v2.3.0
[INFO] [stderr]     Checking calloop v0.13.0
[INFO] [stderr]     Checking calloop v0.14.4
[INFO] [stderr]     Checking wayland-csd-frame v0.3.0
[INFO] [stderr]     Checking icu_provider v2.3.1
[INFO] [stderr]     Checking image v0.25.10
[INFO] [stderr]     Checking icu_properties v2.3.0
[INFO] [stderr]     Checking icu_normalizer v2.3.0
[INFO] [stderr]     Checking wayland-protocols v0.32.13
[INFO] [stderr]     Checking wayland-cursor v0.31.14
[INFO] [stderr]     Checking calloop-wayland-source v0.3.0
[INFO] [stderr]     Checking calloop-wayland-source v0.4.1
[INFO] [stderr]     Checking idna_adapter v1.2.2
[INFO] [stderr]     Checking idna v1.1.0
[INFO] [stderr]     Checking url v2.5.8
[INFO] [stderr]     Checking webbrowser v1.2.4
[INFO] [stderr]     Checking egui_glow v0.31.1
[INFO] [stderr]     Checking x11rb v0.13.2
[INFO] [stderr]     Checking wayland-protocols-wlr v0.3.12
[INFO] [stderr]     Checking wayland-protocols-plasma v0.3.12
[INFO] [stderr]     Checking wayland-protocols-misc v0.3.12
[INFO] [stderr]     Checking wayland-protocols-experimental v20250721.0.1
[INFO] [stderr]     Checking arboard v3.6.1
[INFO] [stderr]     Checking smithay-clipboard v0.7.3
[INFO] [stderr]     Checking egui-winit v0.31.1
[INFO] [stderr]     Checking eframe v0.31.1
[INFO] [stderr]     Checking audio-inspector v0.2.0 (/opt/rustwide/workdir)
[INFO] [stdout] error[E0433]: cannot find `Win32` in `windows`
[INFO] [stdout]   --> src/etw/mod.rs:20:14
[INFO] [stdout]    |
[INFO] [stdout] 20 | use windows::Win32::Foundation::{ERROR_ALREADY_EXISTS, ERROR_SUCCESS, WIN32_ERROR};
[INFO] [stdout]    |              ^^^^^ could not find `Win32` in `windows`
[INFO] [stdout] 
[INFO] [stdout] 
[INFO] [stdout] error[E0433]: cannot find `Win32` in `windows`
[INFO] [stdout]   --> src/etw/mod.rs:21:14
[INFO] [stdout]    |
[INFO] [stdout] 21 | use windows::Win32::System::Diagnostics::Etw::{
[INFO] [stdout]    |              ^^^^^ could not find `Win32` in `windows`
[INFO] [stdout] 
[INFO] [stdout] 
[INFO] [stdout] error[E0433]: cannot find `windows` in `os`
[INFO] [stdout]   --> src/scan/asio.rs:10:14
[INFO] [stdout]    |
[INFO] [stdout] 10 | use std::os::windows::process::CommandExt;
[INFO] [stdout]    |              ^^^^^^^ could not find `windows` in `os`
[INFO] [stdout]    |
[INFO] [stdout] note: found an item that was configured out
[INFO] [stdout]   --> /rustc/3154cc1a3e6424e44f438a95007d043ed5ceaaf6/library/std/src/os/mod.rs:62:4
[INFO] [stdout]    |
[INFO] [stdout]    = note: the item is gated behind the `windows` feature
[INFO] [stdout] 
[INFO] [stdout] 
[INFO] [stdout] error[E0432]: unresolved import `windows::core`
[INFO] [stdout]   --> src/etw/mod.rs:19:14
[INFO] [stdout]    |
[INFO] [stdout] 19 | use windows::core::{GUID, PCWSTR, PWSTR};
[INFO] [stdout]    |              ^^^^ could not find `core` in `windows`
[INFO] [stdout] 
[INFO] [stdout] 
[INFO] [stdout] error[E0433]: cannot find `Win32` in `windows`
[INFO] [stdout]   --> src/scan/asio.rs:15:14
[INFO] [stdout]    |
[INFO] [stdout] 15 | use windows::Win32::Foundation::HWND;
[INFO] [stdout]    |              ^^^^^ could not find `Win32` in `windows`
[INFO] [stdout] 
[INFO] [stdout] 
[INFO] [stdout] error[E0433]: cannot find `Win32` in `windows`
[INFO] [stdout]   --> src/scan/asio.rs:16:14
[INFO] [stdout]    |
[INFO] [stdout] 16 | use windows::Win32::System::Com::{CoInitializeEx, COINIT_APARTMENTTHREADED};
[INFO] [stdout]    |              ^^^^^ could not find `Win32` in `windows`
[INFO] [stdout] 
[INFO] [stdout] 
[INFO] [stdout] error[E0433]: cannot find `Win32` in `windows`
[INFO] [stdout]   --> src/scan/asio.rs:17:14
[INFO] [stdout]    |
[INFO] [stdout] 17 | use windows::Win32::UI::WindowsAndMessaging::{CreateWindowExW, DestroyWindow, WINDOW_EX_STYLE, WINDOW_STYLE};
[INFO] [stdout]    |              ^^^^^ could not find `Win32` in `windows`
[INFO] [stdout] 
[INFO] [stdout] 
[INFO] [stdout] error[E0432]: unresolved import `windows::core`
[INFO] [stdout]   --> src/scan/asio.rs:14:14
[INFO] [stdout]    |
[INFO] [stdout] 14 | use windows::core::{GUID, PCWSTR};
[INFO] [stdout]    |              ^^^^ could not find `core` in `windows`
[INFO] [stdout] 
[INFO] [stdout] 
[INFO] [stdout] error[E0433]: cannot find `Devices` in `windows`
[INFO] [stdout]   --> src/scan/bluetooth.rs:11:14
[INFO] [stdout]    |
[INFO] [stdout] 11 | use windows::Devices::Bluetooth::{BluetoothCacheMode, BluetoothConnectionStatus, BluetoothDevice, BluetoothLEDevice};
[INFO] [stdout]    |              ^^^^^^^ could not find `Devices` in `windows`
[INFO] [stdout] 
[INFO] [stdout] 
[INFO] [stdout] error[E0433]: cannot find `Devices` in `windows`
[INFO] [stdout]   --> src/scan/bluetooth.rs:12:14
[INFO] [stdout]    |
[INFO] [stdout] 12 | use windows::Devices::Radios::{Radio, RadioKind, RadioState};
[INFO] [stdout]    |              ^^^^^^^ could not find `Devices` in `windows`
[INFO] [stdout] 
[INFO] [stdout] 
[INFO] [stdout] error[E0432]: unresolved import `windows::core`
[INFO] [stdout]   --> src/scan/bluetooth.rs:10:14
[INFO] [stdout]    |
[INFO] [stdout] 10 | use windows::core::{RuntimeType, GUID};
[INFO] [stdout]    |              ^^^^ could not find `core` in `windows`
[INFO] [stdout] 
[INFO] [stdout] 
[INFO] [stdout] error[E0433]: cannot find `Storage` in `windows`
[INFO] [stdout]   --> src/scan/bluetooth.rs:14:14
[INFO] [stdout]    |
[INFO] [stdout] 14 | use windows::Storage::Streams::DataReader;
[INFO] [stdout]    |              ^^^^^^^ could not find `Storage` in `windows`
[INFO] [stdout] 
[INFO] [stdout] 
[INFO] [stdout] error[E0433]: cannot find `Win32` in `windows`
[INFO] [stdout]   --> src/scan/bluetooth.rs:15:14
[INFO] [stdout]    |
[INFO] [stdout] 15 | use windows::Win32::Devices::Bluetooth::{BluetoothFindFirstRadio, BluetoothFindNextRadio, BluetoothFindRadioClose, BLUETOOTH_FIND_RA...
[INFO] [stdout]    |              ^^^^^ could not find `Win32` in `windows`
[INFO] [stdout] 
[INFO] [stdout] 
[INFO] [stdout] error[E0433]: cannot find `Win32` in `windows`
[INFO] [stdout]   --> src/scan/bluetooth.rs:16:14
[INFO] [stdout]    |
[INFO] [stdout] 16 | use windows::Win32::Foundation::{CloseHandle, HANDLE};
[INFO] [stdout]    |              ^^^^^ could not find `Win32` in `windows`
[INFO] [stdout] 
[INFO] [stdout] 
[INFO] [stdout] error[E0433]: cannot find `Win32` in `windows`
[INFO] [stdout]   --> src/scan/bluetooth.rs:17:14
[INFO] [stdout]    |
[INFO] [stdout] 17 | use windows::Win32::System::IO::DeviceIoControl;
[INFO] [stdout]    |              ^^^^^ could not find `Win32` in `windows`
[INFO] [stdout] 
[INFO] [stdout] 
[INFO] [stdout] error[E0432]: unresolved import `windows::Foundation`
[INFO] [stdout]   --> src/scan/bluetooth.rs:13:14
[INFO] [stdout]    |
[INFO] [stdout] 13 | use windows::Foundation::{AsyncStatus, IAsyncOperation};
[INFO] [stdout]    |              ^^^^^^^^^^ could not find `Foundation` in `windows`
[INFO] [stdout] 
[INFO] [stdout] 
[INFO] [stdout] error[E0433]: cannot find `Media` in `windows`
[INFO] [stdout]  --> src/scan/endpoints.rs:8:14
[INFO] [stdout]   |
[INFO] [stdout] 8 | use windows::Media::Audio::{SpatialAudioDeviceConfiguration, SpatialAudioFormatSubtype};
[INFO] [stdout]   |              ^^^^^ could not find `Media` in `windows`
[INFO] [stdout] 
[INFO] [stdout] 
[INFO] [stdout] error[E0433]: cannot find `Win32` in `windows`
[INFO] [stdout]  --> src/scan/endpoints.rs:9:14
[INFO] [stdout]   |
[INFO] [stdout] 9 | use windows::Win32::Devices::Properties::DEVPROPKEY;
[INFO] [stdout]   |              ^^^^^ could not find `Win32` in `windows`
[INFO] [stdout] 
[INFO] [stdout] 
[INFO] [stdout] error[E0433]: cannot find `Win32` in `windows`
[INFO] [stdout]   --> src/scan/endpoints.rs:10:14
[INFO] [stdout]    |
[INFO] [stdout] 10 | use windows::Win32::Foundation::CloseHandle;
[INFO] [stdout]    |              ^^^^^ could not find `Win32` in `windows`
[INFO] [stdout] 
[INFO] [stdout] 
[INFO] [stdout] error[E0433]: cannot find `Win32` in `windows`
[INFO] [stdout]   --> src/scan/endpoints.rs:11:14
[INFO] [stdout]    |
[INFO] [stdout] 11 | use windows::Win32::Media::Audio::Endpoints::{IAudioEndpointVolume, IAudioMeterInformation};
[INFO] [stdout]    |              ^^^^^ could not find `Win32` in `windows`
[INFO] [stdout] 
[INFO] [stdout] 
[INFO] [stdout] error[E0433]: cannot find `Win32` in `windows`
[INFO] [stdout]   --> src/scan/endpoints.rs:12:14
[INFO] [stdout]    |
[INFO] [stdout] 12 | use windows::Win32::Media::Audio::{
[INFO] [stdout]    |              ^^^^^ could not find `Win32` in `windows`
[INFO] [stdout] 
[INFO] [stdout] 
[INFO] [stdout] error[E0433]: cannot find `Win32` in `windows`
[INFO] [stdout]   --> src/scan/endpoints.rs:18:14
[INFO] [stdout]    |
[INFO] [stdout] 18 | use windows::Win32::Media::KernelStreaming::{
[INFO] [stdout]    |              ^^^^^ could not find `Win32` in `windows`
[INFO] [stdout] 
[INFO] [stdout] 
[INFO] [stdout] error[E0433]: cannot find `Win32` in `windows`
[INFO] [stdout]   --> src/scan/endpoints.rs:21:14
[INFO] [stdout]    |
[INFO] [stdout] 21 | use windows::Win32::System::Com::{CoCreateInstance, CoTaskMemFree, CLSCTX_ALL, CLSCTX_INPROC_SERVER, STGM_READ};
[INFO] [stdout]    |              ^^^^^ could not find `Win32` in `windows`
[INFO] [stdout] 
[INFO] [stdout] 
[INFO] [stdout] error[E0433]: cannot find `Win32` in `windows`
[INFO] [stdout]   --> src/scan/endpoints.rs:22:14
[INFO] [stdout]    |
[INFO] [stdout] 22 | use windows::Win32::System::Threading::{OpenProcess, QueryFullProcessImageNameW, PROCESS_NAME_WIN32, PROCESS_QUERY_LIMITED_INFORMATI...
[INFO] [stdout]    |              ^^^^^ could not find `Win32` in `windows`
[INFO] [stdout] 
[INFO] [stdout] 
[INFO] [stdout] error[E0433]: cannot find `Win32` in `windows`
[INFO] [stdout]   --> src/scan/endpoints.rs:23:14
[INFO] [stdout]    |
[INFO] [stdout] 23 | use windows::Win32::UI::Shell::PropertiesSystem::{IPropertyStore, PROPERTYKEY};
[INFO] [stdout]    |              ^^^^^ could not find `Win32` in `windows`
[INFO] [stdout] 
[INFO] [stdout] 
[INFO] [stdout] error[E0432]: unresolved import `windows::core`
[INFO] [stdout]  --> src/scan/endpoints.rs:7:14
[INFO] [stdout]   |
[INFO] [stdout] 7 | use windows::core::{Interface, GUID, HSTRING};
[INFO] [stdout]   |              ^^^^ could not find `core` in `windows`
[INFO] [stdout] 
[INFO] [stdout] 
[INFO] [stdout] error[E0432]: unresolved import `windows::core`
[INFO] [stdout]  --> src/scan/names.rs:6:14
[INFO] [stdout]   |
[INFO] [stdout] 6 | use windows::core::GUID;
[INFO] [stdout]   |              ^^^^ could not find `core` in `windows`
[INFO] [stdout] 
[INFO] [stdout] 
[INFO] [stdout] error[E0433]: cannot find `Win32` in `windows`
[INFO] [stdout]  --> src/scan/usb.rs:7:14
[INFO] [stdout]   |
[INFO] [stdout] 7 | use windows::Win32::Devices::Usb::{
[INFO] [stdout]   |              ^^^^^ could not find `Win32` in `windows`
[INFO] [stdout] 
[INFO] [stdout] 
[INFO] [stdout] error[E0433]: cannot find `Win32` in `windows`
[INFO] [stdout]   --> src/scan/usb.rs:11:14
[INFO] [stdout]    |
[INFO] [stdout] 11 | use windows::Win32::Foundation::{CloseHandle, GENERIC_WRITE, HANDLE};
[INFO] [stdout]    |              ^^^^^ could not find `Win32` in `windows`
[INFO] [stdout] 
[INFO] [stdout] 
[INFO] [stdout] error[E0433]: cannot find `Win32` in `windows`
[INFO] [stdout]   --> src/scan/usb.rs:12:14
[INFO] [stdout]    |
[INFO] [stdout] 12 | use windows::Win32::Storage::FileSystem::{CreateFileW, FILE_FLAGS_AND_ATTRIBUTES, FILE_SHARE_READ, FILE_SHARE_WRITE, OPEN_EXISTING};
[INFO] [stdout]    |              ^^^^^ could not find `Win32` in `windows`
[INFO] [stdout] 
[INFO] [stdout] 
[INFO] [stdout] error[E0433]: cannot find `Win32` in `windows`
[INFO] [stdout]   --> src/scan/usb.rs:13:14
[INFO] [stdout]    |
[INFO] [stdout] 13 | use windows::Win32::System::IO::DeviceIoControl;
[INFO] [stdout]    |              ^^^^^ could not find `Win32` in `windows`
[INFO] [stdout] 
[INFO] [stdout] 
[INFO] [stdout] error[E0433]: cannot find `Win32` in `windows`
[INFO] [stdout]  --> src/sys/clipboard.rs:3:14
[INFO] [stdout]   |
[INFO] [stdout] 3 | use windows::Win32::Foundation::{HANDLE, HWND};
[INFO] [stdout]   |              ^^^^^ could not find `Win32` in `windows`
[INFO] [stdout] 
[INFO] [stdout] 
[INFO] [stdout] error[E0433]: cannot find `Win32` in `windows`
[INFO] [stdout]  --> src/sys/clipboard.rs:4:14
[INFO] [stdout]   |
[INFO] [stdout] 4 | use windows::Win32::System::DataExchange::{CloseClipboard, EmptyClipboard, OpenClipboard, SetClipboardData};
[INFO] [stdout]   |              ^^^^^ could not find `Win32` in `windows`
[INFO] [stdout] 
[INFO] [stdout] 
[INFO] [stdout] error[E0433]: cannot find `Win32` in `windows`
[INFO] [stdout]  --> src/sys/clipboard.rs:5:14
[INFO] [stdout]   |
[INFO] [stdout] 5 | use windows::Win32::System::Memory::{GlobalAlloc, GlobalLock, GlobalUnlock, GMEM_MOVEABLE};
[INFO] [stdout]   |              ^^^^^ could not find `Win32` in `windows`
[INFO] [stdout] 
[INFO] [stdout] 
[INFO] [stdout] error[E0432]: unresolved import `windows::core`
[INFO] [stdout]  --> src/scan/usb.rs:6:14
[INFO] [stdout]   |
[INFO] [stdout] 6 | use windows::core::PCWSTR;
[INFO] [stdout]   |              ^^^^ could not find `core` in `windows`
[INFO] [stdout] 
[INFO] [stdout] 
[INFO] [stdout] error[E0433]: cannot find `Win32` in `windows`
[INFO] [stdout]  --> src/sys/devnode.rs:7:14
[INFO] [stdout]   |
[INFO] [stdout] 7 | use windows::Win32::Devices::DeviceAndDriverInstallation::{
[INFO] [stdout]   |              ^^^^^ could not find `Win32` in `windows`
[INFO] [stdout] 
[INFO] [stdout] 
[INFO] [stdout] error[E0433]: cannot find `Win32` in `windows`
[INFO] [stdout]   --> src/sys/devnode.rs:14:14
[INFO] [stdout]    |
[INFO] [stdout] 14 | use windows::Win32::Devices::Properties::{DEVPROPKEY, DEVPROPTYPE};
[INFO] [stdout]    |              ^^^^^ could not find `Win32` in `windows`
[INFO] [stdout] 
[INFO] [stdout] 
[INFO] [stdout] error[E0432]: unresolved import `windows::core`
[INFO] [stdout]  --> src/sys/devnode.rs:6:14
[INFO] [stdout]   |
[INFO] [stdout] 6 | use windows::core::{GUID, PCWSTR};
[INFO] [stdout]   |              ^^^^ could not find `core` in `windows`
[INFO] [stdout] 
[INFO] [stdout] 
[INFO] [stdout] error[E0433]: cannot find `Win32` in `windows`
[INFO] [stdout]  --> src/sys/elevation.rs:6:14
[INFO] [stdout]   |
[INFO] [stdout] 6 | use windows::Win32::Foundation::{CloseHandle, HANDLE};
[INFO] [stdout]   |              ^^^^^ could not find `Win32` in `windows`
[INFO] [stdout] 
[INFO] [stdout] 
[INFO] [stdout] error[E0433]: cannot find `Win32` in `windows`
[INFO] [stdout]  --> src/sys/elevation.rs:7:14
[INFO] [stdout]   |
[INFO] [stdout] 7 | use windows::Win32::Security::{GetTokenInformation, TokenElevation, TOKEN_ELEVATION, TOKEN_QUERY};
[INFO] [stdout]   |              ^^^^^ could not find `Win32` in `windows`
[INFO] [stdout] 
[INFO] [stdout] 
[INFO] [stdout] error[E0433]: cannot find `Win32` in `windows`
[INFO] [stdout]  --> src/sys/elevation.rs:8:14
[INFO] [stdout]   |
[INFO] [stdout] 8 | use windows::Win32::System::Threading::{GetCurrentProcess, OpenProcessToken};
[INFO] [stdout]   |              ^^^^^ could not find `Win32` in `windows`
[INFO] [stdout] 
[INFO] [stdout] 
[INFO] [stdout] error[E0433]: cannot find `Win32` in `windows`
[INFO] [stdout]  --> src/sys/elevation.rs:9:14
[INFO] [stdout]   |
[INFO] [stdout] 9 | use windows::Win32::UI::Shell::ShellExecuteW;
[INFO] [stdout]   |              ^^^^^ could not find `Win32` in `windows`
[INFO] [stdout] 
[INFO] [stdout] 
[INFO] [stdout] error[E0433]: cannot find `Win32` in `windows`
[INFO] [stdout]   --> src/sys/elevation.rs:10:14
[INFO] [stdout]    |
[INFO] [stdout] 10 | use windows::Win32::UI::WindowsAndMessaging::SW_SHOWNORMAL;
[INFO] [stdout]    |              ^^^^^ could not find `Win32` in `windows`
[INFO] [stdout] 
[INFO] [stdout] 
[INFO] [stdout] error[E0433]: cannot find `windows` in `os`
[INFO] [stdout]  --> src/sys/files.rs:7:14
[INFO] [stdout]   |
[INFO] [stdout] 7 | use std::os::windows::fs::{MetadataExt, OpenOptionsExt};
[INFO] [stdout]   |              ^^^^^^^ could not find `windows` in `os`
[INFO] [stdout]   |
[INFO] [stdout] note: found an item that was configured out
[INFO] [stdout]  --> /rustc/3154cc1a3e6424e44f438a95007d043ed5ceaaf6/library/std/src/os/mod.rs:62:4
[INFO] [stdout]   |
[INFO] [stdout]   = note: the item is gated behind the `windows` feature
[INFO] [stdout] 
[INFO] [stdout] 
[INFO] [stdout] error[E0432]: unresolved import `windows::core`
[INFO] [stdout]  --> src/sys/elevation.rs:5:14
[INFO] [stdout]   |
[INFO] [stdout] 5 | use windows::core::PCWSTR;
[INFO] [stdout]   |              ^^^^ could not find `core` in `windows`
[INFO] [stdout] 
[INFO] [stdout] 
[INFO] [stdout] error[E0433]: cannot find `Win32` in `windows`
[INFO] [stdout]   --> src/sys/keys.rs:10:14
[INFO] [stdout]    |
[INFO] [stdout] 10 | use windows::Win32::Devices::Properties::DEVPROPKEY;
[INFO] [stdout]    |              ^^^^^ could not find `Win32` in `windows`
[INFO] [stdout] 
[INFO] [stdout] 
[INFO] [stdout] error[E0432]: unresolved import `windows::core`
[INFO] [stdout]  --> src/sys/keys.rs:9:14
[INFO] [stdout]   |
[INFO] [stdout] 9 | use windows::core::GUID;
[INFO] [stdout]   |              ^^^^ could not find `core` in `windows`
[INFO] [stdout] 
[INFO] [stdout] 
[INFO] [stdout] error[E0432]: unresolved import `windows::core`
[INFO] [stdout]  --> src/sys/propvar.rs:3:14
[INFO] [stdout]   |
[INFO] [stdout] 3 | use windows::core::PROPVARIANT;
[INFO] [stdout]   |              ^^^^ could not find `core` in `windows`
[INFO] [stdout] 
[INFO] [stdout] 
[INFO] [stdout] error[E0433]: cannot find `Win32` in `windows`
[INFO] [stdout]  --> src/sys/registry.rs:4:14
[INFO] [stdout]   |
[INFO] [stdout] 4 | use windows::Win32::Foundation::ERROR_SUCCESS;
[INFO] [stdout]   |              ^^^^^ could not find `Win32` in `windows`
[INFO] [stdout] 
[INFO] [stdout] 
[INFO] [stdout] error[E0433]: cannot find `Win32` in `windows`
[INFO] [stdout]  --> src/sys/registry.rs:5:14
[INFO] [stdout]   |
[INFO] [stdout] 5 | use windows::Win32::System::Registry::{
[INFO] [stdout]   |              ^^^^^ could not find `Win32` in `windows`
[INFO] [stdout] 
[INFO] [stdout] 
[INFO] [stdout] error[E0432]: unresolved import `windows::core`
[INFO] [stdout]  --> src/sys/registry.rs:3:14
[INFO] [stdout]   |
[INFO] [stdout] 3 | use windows::core::PCWSTR;
[INFO] [stdout]   |              ^^^^ could not find `core` in `windows`
[INFO] [stdout] 
[INFO] [stdout] 
[INFO] [stdout] error[E0433]: cannot find `Win32` in `windows`
[INFO] [stdout]  --> src/util.rs:6:14
[INFO] [stdout]   |
[INFO] [stdout] 6 | use windows::Win32::Foundation::{FILETIME, SYSTEMTIME};
[INFO] [stdout]   |              ^^^^^ could not find `Win32` in `windows`
[INFO] [stdout] 
[INFO] [stdout] 
[INFO] [stdout] error[E0433]: cannot find `Win32` in `windows`
[INFO] [stdout]  --> src/util.rs:7:14
[INFO] [stdout]   |
[INFO] [stdout] 7 | use windows::Win32::System::Time::{FileTimeToSystemTime, SystemTimeToTzSpecificLocalTime};
[INFO] [stdout]   |              ^^^^^ could not find `Win32` in `windows`
[INFO] [stdout] 
[INFO] [stdout] 
[INFO] [stdout] error[E0433]: cannot find `Win32` in `windows`
[INFO] [stdout]   --> src/main.rs:22:14
[INFO] [stdout]    |
[INFO] [stdout] 22 | use windows::Win32::Foundation::RECT;
[INFO] [stdout]    |              ^^^^^ could not find `Win32` in `windows`
[INFO] [stdout] 
[INFO] [stdout] 
[INFO] [stdout] error[E0433]: cannot find `Win32` in `windows`
[INFO] [stdout]   --> src/main.rs:23:14
[INFO] [stdout]    |
[INFO] [stdout] 23 | use windows::Win32::UI::WindowsAndMessaging::{SystemParametersInfoW, SPI_GETWORKAREA, SYSTEM_PARAMETERS_INFO_UPDATE_FLAGS};
[INFO] [stdout]    |              ^^^^^ could not find `Win32` in `windows`
[INFO] [stdout] 
[INFO] [stdout] 
[INFO] [stdout] error[E0432]: unresolved import `windows::core`
[INFO] [stdout]  --> src/util.rs:5:14
[INFO] [stdout]   |
[INFO] [stdout] 5 | use windows::core::{GUID, PWSTR};
[INFO] [stdout]   |              ^^^^ could not find `core` in `windows`
[INFO] [stdout] 
[INFO] [stdout] 
[INFO] [stdout] error[E0433]: cannot find `Win32` in `windows`
[INFO] [stdout]   --> src/etw/mod.rs:20:14
[INFO] [stdout]    |
[INFO] [stdout] 20 | use windows::Win32::Foundation::{ERROR_ALREADY_EXISTS, ERROR_SUCCESS, WIN32_ERROR};
[INFO] [stdout]    |              ^^^^^ could not find `Win32` in `windows`
[INFO] [stdout] 
[INFO] [stdout] 
[INFO] [stdout] error[E0433]: cannot find `Win32` in `windows`
[INFO] [stdout]   --> src/etw/mod.rs:21:14
[INFO] [stdout]    |
[INFO] [stdout] 21 | use windows::Win32::System::Diagnostics::Etw::{
[INFO] [stdout]    |              ^^^^^ could not find `Win32` in `windows`
[INFO] [stdout] 
[INFO] [stdout] 
[INFO] [stdout] error[E0433]: cannot find `windows` in `os`
[INFO] [stdout]   --> src/scan/asio.rs:10:14
[INFO] [stdout]    |
[INFO] [stdout] 10 | use std::os::windows::process::CommandExt;
[INFO] [stdout]    |              ^^^^^^^ could not find `windows` in `os`
[INFO] [stdout]    |
[INFO] [stdout] note: found an item that was configured out
[INFO] [stdout]   --> /rustc/3154cc1a3e6424e44f438a95007d043ed5ceaaf6/library/std/src/os/mod.rs:62:4
[INFO] [stdout]    |
[INFO] [stdout]    = note: the item is gated behind the `windows` feature
[INFO] [stdout] 
[INFO] [stdout] 
[INFO] [stdout] error[E0432]: unresolved import `windows::core`
[INFO] [stdout]   --> src/etw/mod.rs:19:14
[INFO] [stdout]    |
[INFO] [stdout] 19 | use windows::core::{GUID, PCWSTR, PWSTR};
[INFO] [stdout]    |              ^^^^ could not find `core` in `windows`
[INFO] [stdout] 
[INFO] [stdout] 
[INFO] [stdout] error[E0433]: cannot find `Win32` in `windows`
[INFO] [stdout]   --> src/scan/asio.rs:15:14
[INFO] [stdout]    |
[INFO] [stdout] 15 | use windows::Win32::Foundation::HWND;
[INFO] [stdout]    |              ^^^^^ could not find `Win32` in `windows`
[INFO] [stdout] 
[INFO] [stdout] 
[INFO] [stdout] error[E0433]: cannot find `Win32` in `windows`
[INFO] [stdout]   --> src/scan/asio.rs:16:14
[INFO] [stdout]    |
[INFO] [stdout] 16 | use windows::Win32::System::Com::{CoInitializeEx, COINIT_APARTMENTTHREADED};
[INFO] [stdout]    |              ^^^^^ could not find `Win32` in `windows`
[INFO] [stdout] 
[INFO] [stdout] 
[INFO] [stdout] error[E0433]: cannot find `Win32` in `windows`
[INFO] [stdout]   --> src/scan/asio.rs:17:14
[INFO] [stdout]    |
[INFO] [stdout] 17 | use windows::Win32::UI::WindowsAndMessaging::{CreateWindowExW, DestroyWindow, WINDOW_EX_STYLE, WINDOW_STYLE};
[INFO] [stdout]    |              ^^^^^ could not find `Win32` in `windows`
[INFO] [stdout] 
[INFO] [stdout] 
[INFO] [stdout] error[E0432]: unresolved import `windows::core`
[INFO] [stdout]   --> src/scan/asio.rs:14:14
[INFO] [stdout]    |
[INFO] [stdout] 14 | use windows::core::{GUID, PCWSTR};
[INFO] [stdout]    |              ^^^^ could not find `core` in `windows`
[INFO] [stdout] 
[INFO] [stdout] 
[INFO] [stdout] error[E0433]: cannot find `Devices` in `windows`
[INFO] [stdout]   --> src/scan/bluetooth.rs:11:14
[INFO] [stdout]    |
[INFO] [stdout] 11 | use windows::Devices::Bluetooth::{BluetoothCacheMode, BluetoothConnectionStatus, BluetoothDevice, BluetoothLEDevice};
[INFO] [stdout]    |              ^^^^^^^ could not find `Devices` in `windows`
[INFO] [stdout] 
[INFO] [stdout] 
[INFO] [stdout] error[E0433]: cannot find `Devices` in `windows`
[INFO] [stdout]   --> src/scan/bluetooth.rs:12:14
[INFO] [stdout]    |
[INFO] [stdout] 12 | use windows::Devices::Radios::{Radio, RadioKind, RadioState};
[INFO] [stdout]    |              ^^^^^^^ could not find `Devices` in `windows`
[INFO] [stdout] 
[INFO] [stdout] 
[INFO] [stdout] error[E0432]: unresolved import `windows::core`
[INFO] [stdout]   --> src/scan/bluetooth.rs:10:14
[INFO] [stdout]    |
[INFO] [stdout] 10 | use windows::core::{RuntimeType, GUID};
[INFO] [stdout]    |              ^^^^ could not find `core` in `windows`
[INFO] [stdout] 
[INFO] [stdout] 
[INFO] [stdout] error[E0433]: cannot find `Storage` in `windows`
[INFO] [stdout]   --> src/scan/bluetooth.rs:14:14
[INFO] [stdout]    |
[INFO] [stdout] 14 | use windows::Storage::Streams::DataReader;
[INFO] [stdout]    |              ^^^^^^^ could not find `Storage` in `windows`
[INFO] [stdout] 
[INFO] [stdout] 
[INFO] [stdout] error[E0433]: cannot find `Win32` in `windows`
[INFO] [stdout]   --> src/scan/bluetooth.rs:15:14
[INFO] [stdout]    |
[INFO] [stdout] 15 | use windows::Win32::Devices::Bluetooth::{BluetoothFindFirstRadio, BluetoothFindNextRadio, BluetoothFindRadioClose, BLUETOOTH_FIND_RA...
[INFO] [stdout]    |              ^^^^^ could not find `Win32` in `windows`
[INFO] [stdout] 
[INFO] [stdout] 
[INFO] [stdout] error[E0433]: cannot find `Win32` in `windows`
[INFO] [stdout]   --> src/scan/bluetooth.rs:16:14
[INFO] [stdout]    |
[INFO] [stdout] 16 | use windows::Win32::Foundation::{CloseHandle, HANDLE};
[INFO] [stdout]    |              ^^^^^ could not find `Win32` in `windows`
[INFO] [stdout] 
[INFO] [stdout] 
[INFO] [stdout] error[E0433]: cannot find `Win32` in `windows`
[INFO] [stdout]   --> src/scan/bluetooth.rs:17:14
[INFO] [stdout]    |
[INFO] [stdout] 17 | use windows::Win32::System::IO::DeviceIoControl;
[INFO] [stdout]    |              ^^^^^ could not find `Win32` in `windows`
[INFO] [stdout] 
[INFO] [stdout] 
[INFO] [stdout] error[E0432]: unresolved import `windows::Foundation`
[INFO] [stdout]   --> src/scan/bluetooth.rs:13:14
[INFO] [stdout]    |
[INFO] [stdout] 13 | use windows::Foundation::{AsyncStatus, IAsyncOperation};
[INFO] [stdout]    |              ^^^^^^^^^^ could not find `Foundation` in `windows`
[INFO] [stdout] 
[INFO] [stdout] 
[INFO] [stdout] error[E0433]: cannot find `Media` in `windows`
[INFO] [stdout]  --> src/scan/endpoints.rs:8:14
[INFO] [stdout]   |
[INFO] [stdout] 8 | use windows::Media::Audio::{SpatialAudioDeviceConfiguration, SpatialAudioFormatSubtype};
[INFO] [stdout]   |              ^^^^^ could not find `Media` in `windows`
[INFO] [stdout] 
[INFO] [stdout] 
[INFO] [stdout] error[E0433]: cannot find `Win32` in `windows`
[INFO] [stdout]  --> src/scan/endpoints.rs:9:14
[INFO] [stdout]   |
[INFO] [stdout] 9 | use windows::Win32::Devices::Properties::DEVPROPKEY;
[INFO] [stdout]   |              ^^^^^ could not find `Win32` in `windows`
[INFO] [stdout] 
[INFO] [stdout] 
[INFO] [stdout] error[E0433]: cannot find `Win32` in `windows`
[INFO] [stdout]   --> src/scan/endpoints.rs:10:14
[INFO] [stdout]    |
[INFO] [stdout] 10 | use windows::Win32::Foundation::CloseHandle;
[INFO] [stdout]    |              ^^^^^ could not find `Win32` in `windows`
[INFO] [stdout] 
[INFO] [stdout] 
[INFO] [stdout] error[E0433]: cannot find `Win32` in `windows`
[INFO] [stdout]   --> src/scan/endpoints.rs:11:14
[INFO] [stdout]    |
[INFO] [stdout] 11 | use windows::Win32::Media::Audio::Endpoints::{IAudioEndpointVolume, IAudioMeterInformation};
[INFO] [stdout]    |              ^^^^^ could not find `Win32` in `windows`
[INFO] [stdout] 
[INFO] [stdout] 
[INFO] [stdout] error[E0433]: cannot find `Win32` in `windows`
[INFO] [stdout]   --> src/scan/endpoints.rs:12:14
[INFO] [stdout]    |
[INFO] [stdout] 12 | use windows::Win32::Media::Audio::{
[INFO] [stdout]    |              ^^^^^ could not find `Win32` in `windows`
[INFO] [stdout] 
[INFO] [stdout] 
[INFO] [stdout] error[E0433]: cannot find `Win32` in `windows`
[INFO] [stdout]   --> src/scan/endpoints.rs:18:14
[INFO] [stdout]    |
[INFO] [stdout] 18 | use windows::Win32::Media::KernelStreaming::{
[INFO] [stdout]    |              ^^^^^ could not find `Win32` in `windows`
[INFO] [stdout] 
[INFO] [stdout] 
[INFO] [stdout] error[E0433]: cannot find `Win32` in `windows`
[INFO] [stdout]   --> src/scan/endpoints.rs:21:14
[INFO] [stdout]    |
[INFO] [stdout] 21 | use windows::Win32::System::Com::{CoCreateInstance, CoTaskMemFree, CLSCTX_ALL, CLSCTX_INPROC_SERVER, STGM_READ};
[INFO] [stdout]    |              ^^^^^ could not find `Win32` in `windows`
[INFO] [stdout] 
[INFO] [stdout] 
[INFO] [stdout] error[E0433]: cannot find `Win32` in `windows`
[INFO] [stdout]   --> src/scan/endpoints.rs:22:14
[INFO] [stdout]    |
[INFO] [stdout] 22 | use windows::Win32::System::Threading::{OpenProcess, QueryFullProcessImageNameW, PROCESS_NAME_WIN32, PROCESS_QUERY_LIMITED_INFORMATI...
[INFO] [stdout]    |              ^^^^^ could not find `Win32` in `windows`
[INFO] [stdout] 
[INFO] [stdout] 
[INFO] [stdout] error[E0433]: cannot find `Win32` in `windows`
[INFO] [stdout]   --> src/scan/endpoints.rs:23:14
[INFO] [stdout]    |
[INFO] [stdout] 23 | use windows::Win32::UI::Shell::PropertiesSystem::{IPropertyStore, PROPERTYKEY};
[INFO] [stdout]    |              ^^^^^ could not find `Win32` in `windows`
[INFO] [stdout] 
[INFO] [stdout] 
[INFO] [stdout] error[E0432]: unresolved import `windows::core`
[INFO] [stdout]  --> src/scan/endpoints.rs:7:14
[INFO] [stdout]   |
[INFO] [stdout] 7 | use windows::core::{Interface, GUID, HSTRING};
[INFO] [stdout]   |              ^^^^ could not find `core` in `windows`
[INFO] [stdout] 
[INFO] [stdout] 
[INFO] [stdout] error[E0432]: unresolved import `windows::core`
[INFO] [stdout]  --> src/scan/names.rs:6:14
[INFO] [stdout]   |
[INFO] [stdout] 6 | use windows::core::GUID;
[INFO] [stdout]   |              ^^^^ could not find `core` in `windows`
[INFO] [stdout] 
[INFO] [stdout] 
[INFO] [stdout] error[E0433]: cannot find `Win32` in `windows`
[INFO] [stdout]  --> src/scan/usb.rs:7:14
[INFO] [stdout]   |
[INFO] [stdout] 7 | use windows::Win32::Devices::Usb::{
[INFO] [stdout]   |              ^^^^^ could not find `Win32` in `windows`
[INFO] [stdout] 
[INFO] [stdout] 
[INFO] [stdout] error[E0433]: cannot find `Win32` in `windows`
[INFO] [stdout]   --> src/scan/usb.rs:11:14
[INFO] [stdout]    |
[INFO] [stdout] 11 | use windows::Win32::Foundation::{CloseHandle, GENERIC_WRITE, HANDLE};
[INFO] [stdout]    |              ^^^^^ could not find `Win32` in `windows`
[INFO] [stdout] 
[INFO] [stdout] 
[INFO] [stdout] error[E0433]: cannot find `Win32` in `windows`
[INFO] [stdout]   --> src/scan/usb.rs:12:14
[INFO] [stdout]    |
[INFO] [stdout] 12 | use windows::Win32::Storage::FileSystem::{CreateFileW, FILE_FLAGS_AND_ATTRIBUTES, FILE_SHARE_READ, FILE_SHARE_WRITE, OPEN_EXISTING};
[INFO] [stdout]    |              ^^^^^ could not find `Win32` in `windows`
[INFO] [stdout] 
[INFO] [stdout] 
[INFO] [stdout] error[E0433]: cannot find `Win32` in `windows`
[INFO] [stdout]   --> src/scan/usb.rs:13:14
[INFO] [stdout]    |
[INFO] [stdout] 13 | use windows::Win32::System::IO::DeviceIoControl;
[INFO] [stdout]    |              ^^^^^ could not find `Win32` in `windows`
[INFO] [stdout] 
[INFO] [stdout] 
[INFO] [stdout] error[E0433]: cannot find `Win32` in `windows`
[INFO] [stdout]  --> src/sys/clipboard.rs:3:14
[INFO] [stdout]   |
[INFO] [stdout] 3 | use windows::Win32::Foundation::{HANDLE, HWND};
[INFO] [stdout]   |              ^^^^^ could not find `Win32` in `windows`
[INFO] [stdout] 
[INFO] [stdout] 
[INFO] [stdout] error[E0433]: cannot find `Win32` in `windows`
[INFO] [stdout]  --> src/sys/clipboard.rs:4:14
[INFO] [stdout]   |
[INFO] [stdout] 4 | use windows::Win32::System::DataExchange::{CloseClipboard, EmptyClipboard, OpenClipboard, SetClipboardData};
[INFO] [stdout]   |              ^^^^^ could not find `Win32` in `windows`
[INFO] [stdout] 
[INFO] [stdout] 
[INFO] [stdout] error[E0433]: cannot find `Win32` in `windows`
[INFO] [stdout]  --> src/sys/clipboard.rs:5:14
[INFO] [stdout]   |
[INFO] [stdout] 5 | use windows::Win32::System::Memory::{GlobalAlloc, GlobalLock, GlobalUnlock, GMEM_MOVEABLE};
[INFO] [stdout]   |              ^^^^^ could not find `Win32` in `windows`
[INFO] [stdout] 
[INFO] [stdout] 
[INFO] [stdout] error[E0432]: unresolved import `windows::core`
[INFO] [stdout]  --> src/scan/usb.rs:6:14
[INFO] [stdout]   |
[INFO] [stdout] 6 | use windows::core::PCWSTR;
[INFO] [stdout]   |              ^^^^ could not find `core` in `windows`
[INFO] [stdout] 
[INFO] [stdout] 
[INFO] [stdout] error[E0433]: cannot find `Win32` in `windows`
[INFO] [stdout]  --> src/sys/devnode.rs:7:14
[INFO] [stdout]   |
[INFO] [stdout] 7 | use windows::Win32::Devices::DeviceAndDriverInstallation::{
[INFO] [stdout]   |              ^^^^^ could not find `Win32` in `windows`
[INFO] [stdout] 
[INFO] [stdout] 
[INFO] [stdout] error[E0433]: cannot find `Win32` in `windows`
[INFO] [stdout]   --> src/sys/devnode.rs:14:14
[INFO] [stdout]    |
[INFO] [stdout] 14 | use windows::Win32::Devices::Properties::{DEVPROPKEY, DEVPROPTYPE};
[INFO] [stdout]    |              ^^^^^ could not find `Win32` in `windows`
[INFO] [stdout] 
[INFO] [stdout] 
[INFO] [stdout] error[E0432]: unresolved import `windows::core`
[INFO] [stdout]  --> src/sys/devnode.rs:6:14
[INFO] [stdout]   |
[INFO] [stdout] 6 | use windows::core::{GUID, PCWSTR};
[INFO] [stdout]   |              ^^^^ could not find `core` in `windows`
[INFO] [stdout] 
[INFO] [stdout] 
[INFO] [stdout] error[E0433]: cannot find `Win32` in `windows`
[INFO] [stdout]  --> src/sys/elevation.rs:6:14
[INFO] [stdout]   |
[INFO] [stdout] 6 | use windows::Win32::Foundation::{CloseHandle, HANDLE};
[INFO] [stdout]   |              ^^^^^ could not find `Win32` in `windows`
[INFO] [stdout] 
[INFO] [stdout] 
[INFO] [stdout] error[E0433]: cannot find `Win32` in `windows`
[INFO] [stdout]  --> src/sys/elevation.rs:7:14
[INFO] [stdout]   |
[INFO] [stdout] 7 | use windows::Win32::Security::{GetTokenInformation, TokenElevation, TOKEN_ELEVATION, TOKEN_QUERY};
[INFO] [stdout]   |              ^^^^^ could not find `Win32` in `windows`
[INFO] [stdout] 
[INFO] [stdout] 
[INFO] [stdout] error[E0433]: cannot find `Win32` in `windows`
[INFO] [stdout]  --> src/sys/elevation.rs:8:14
[INFO] [stdout]   |
[INFO] [stdout] 8 | use windows::Win32::System::Threading::{GetCurrentProcess, OpenProcessToken};
[INFO] [stdout]   |              ^^^^^ could not find `Win32` in `windows`
[INFO] [stdout] 
[INFO] [stdout] 
[INFO] [stdout] error[E0433]: cannot find `Win32` in `windows`
[INFO] [stdout]  --> src/sys/elevation.rs:9:14
[INFO] [stdout]   |
[INFO] [stdout] 9 | use windows::Win32::UI::Shell::ShellExecuteW;
[INFO] [stdout]   |              ^^^^^ could not find `Win32` in `windows`
[INFO] [stdout] 
[INFO] [stdout] 
[INFO] [stdout] error[E0433]: cannot find `Win32` in `windows`
[INFO] [stdout]   --> src/sys/elevation.rs:10:14
[INFO] [stdout]    |
[INFO] [stdout] 10 | use windows::Win32::UI::WindowsAndMessaging::SW_SHOWNORMAL;
[INFO] [stdout]    |              ^^^^^ could not find `Win32` in `windows`
[INFO] [stdout] 
[INFO] [stdout] 
[INFO] [stdout] error[E0433]: cannot find `windows` in `os`
[INFO] [stdout]  --> src/sys/files.rs:7:14
[INFO] [stdout]   |
[INFO] [stdout] 7 | use std::os::windows::fs::{MetadataExt, OpenOptionsExt};
[INFO] [stdout]   |              ^^^^^^^ could not find `windows` in `os`
[INFO] [stdout]   |
[INFO] [stdout] note: found an item that was configured out
[INFO] [stdout]  --> /rustc/3154cc1a3e6424e44f438a95007d043ed5ceaaf6/library/std/src/os/mod.rs:62:4
[INFO] [stdout]   |
[INFO] [stdout]   = note: the item is gated behind the `windows` feature
[INFO] [stdout] 
[INFO] [stdout] 
[INFO] [stdout] error[E0432]: unresolved import `windows::core`
[INFO] [stdout]  --> src/sys/elevation.rs:5:14
[INFO] [stdout]   |
[INFO] [stdout] 5 | use windows::core::PCWSTR;
[INFO] [stdout]   |              ^^^^ could not find `core` in `windows`
[INFO] [stdout] 
[INFO] [stdout] 
[INFO] [stdout] error[E0433]: cannot find `Win32` in `windows`
[INFO] [stdout]   --> src/sys/keys.rs:10:14
[INFO] [stdout]    |
[INFO] [stdout] 10 | use windows::Win32::Devices::Properties::DEVPROPKEY;
[INFO] [stdout]    |              ^^^^^ could not find `Win32` in `windows`
[INFO] [stdout] 
[INFO] [stdout] 
[INFO] [stdout] error[E0432]: unresolved import `windows::core`
[INFO] [stdout]  --> src/sys/keys.rs:9:14
[INFO] [stdout]   |
[INFO] [stdout] 9 | use windows::core::GUID;
[INFO] [stdout]   |              ^^^^ could not find `core` in `windows`
[INFO] [stdout] 
[INFO] [stdout] 
[INFO] [stdout] error[E0432]: unresolved import `windows::core`
[INFO] [stdout]  --> src/sys/propvar.rs:3:14
[INFO] [stdout]   |
[INFO] [stdout] 3 | use windows::core::PROPVARIANT;
[INFO] [stdout]   |              ^^^^ could not find `core` in `windows`
[INFO] [stdout] 
[INFO] [stdout] 
[INFO] [stdout] error[E0433]: cannot find `Win32` in `windows`
[INFO] [stdout]  --> src/sys/registry.rs:4:14
[INFO] [stdout]   |
[INFO] [stdout] 4 | use windows::Win32::Foundation::ERROR_SUCCESS;
[INFO] [stdout]   |              ^^^^^ could not find `Win32` in `windows`
[INFO] [stdout] 
[INFO] [stdout] 
[INFO] [stdout] error[E0433]: cannot find `Win32` in `windows`
[INFO] [stdout]  --> src/sys/registry.rs:5:14
[INFO] [stdout]   |
[INFO] [stdout] 5 | use windows::Win32::System::Registry::{
[INFO] [stdout]   |              ^^^^^ could not find `Win32` in `windows`
[INFO] [stdout] 
[INFO] [stdout] 
[INFO] [stdout] error[E0432]: unresolved import `windows::core`
[INFO] [stdout]  --> src/sys/registry.rs:3:14
[INFO] [stdout]   |
[INFO] [stdout] 3 | use windows::core::PCWSTR;
[INFO] [stdout]   |              ^^^^ could not find `core` in `windows`
[INFO] [stdout] 
[INFO] [stdout] 
[INFO] [stdout] error[E0433]: cannot find `Win32` in `windows`
[INFO] [stdout]  --> src/util.rs:6:14
[INFO] [stdout]   |
[INFO] [stdout] 6 | use windows::Win32::Foundation::{FILETIME, SYSTEMTIME};
[INFO] [stdout]   |              ^^^^^ could not find `Win32` in `windows`
[INFO] [stdout] 
[INFO] [stdout] 
[INFO] [stdout] error[E0433]: cannot find `Win32` in `windows`
[INFO] [stdout]  --> src/util.rs:7:14
[INFO] [stdout]   |
[INFO] [stdout] 7 | use windows::Win32::System::Time::{FileTimeToSystemTime, SystemTimeToTzSpecificLocalTime};
[INFO] [stdout]   |              ^^^^^ could not find `Win32` in `windows`
[INFO] [stdout] 
[INFO] [stdout] 
[INFO] [stdout] error[E0433]: cannot find `Win32` in `windows`
[INFO] [stdout]   --> src/main.rs:22:14
[INFO] [stdout]    |
[INFO] [stdout] 22 | use windows::Win32::Foundation::RECT;
[INFO] [stdout]    |              ^^^^^ could not find `Win32` in `windows`
[INFO] [stdout] 
[INFO] [stdout] 
[INFO] [stdout] error[E0433]: cannot find `Win32` in `windows`
[INFO] [stdout]   --> src/main.rs:23:14
[INFO] [stdout]    |
[INFO] [stdout] 23 | use windows::Win32::UI::WindowsAndMessaging::{SystemParametersInfoW, SPI_GETWORKAREA, SYSTEM_PARAMETERS_INFO_UPDATE_FLAGS};
[INFO] [stdout]    |              ^^^^^ could not find `Win32` in `windows`
[INFO] [stdout] 
[INFO] [stdout] 
[INFO] [stdout] error[E0432]: unresolved import `windows::core`
[INFO] [stdout]  --> src/util.rs:5:14
[INFO] [stdout]   |
[INFO] [stdout] 5 | use windows::core::{GUID, PWSTR};
[INFO] [stdout]   |              ^^^^ could not find `core` in `windows`
[INFO] [stdout] 
[INFO] [stdout] 
[INFO] [stdout] error[E0433]: cannot find `core` in `windows`
[INFO] [stdout]   --> src/scan/bluetooth.rs:36:48
[INFO] [stdout]    |
[INFO] [stdout] 36 | fn wait<T: RuntimeType + 'static>(op: windows::core::Result<IAsyncOperation<T>>, ms: u64) -> Option<T> {
[INFO] [stdout]    |                                                ^^^^ could not find `core` in `windows`
[INFO] [stdout] 
[INFO] [stdout] 
[INFO] [stdout] error[E0433]: cannot find `core` in `windows`
[INFO] [stdout]    --> src/scan/endpoints.rs:171:77
[INFO] [stdout]     |
[INFO] [stdout] 171 |         let ok = QueryFullProcessImageNameW(h, PROCESS_NAME_WIN32, windows::core::PWSTR(buf.as_mut_ptr()), &mut len).is_ok();
[INFO] [stdout]     |                                                                             ^^^^ could not find `core` in `windows`
[INFO] [stdout] 
[INFO] [stdout] 
[INFO] [stdout] error[E0433]: cannot find `core` in `windows`
[INFO] [stdout]    --> src/scan/endpoints.rs:182:30
[INFO] [stdout]     |
[INFO] [stdout] 182 |     pub fn new() -> windows::core::Result<Self> {
[INFO] [stdout]     |                              ^^^^ could not find `core` in `windows`
[INFO] [stdout] 
[INFO] [stdout] 
[INFO] [stdout] error[E0433]: cannot find `core` in `windows`
[INFO] [stdout]    --> src/scan/endpoints.rs:222:112
[INFO] [stdout]     |
[INFO] [stdout] 222 |     fn read(&mut self, dev: &IMMDevice, defaults: &HashMap<String, Vec<&'static str>>, full: bool) -> windows::core::Result<EpRaw> {
[INFO] [stdout]     |                                                                                                                ^^^^ could not find `core` in `windows`
[INFO] [stdout] 
[INFO] [stdout] 
[INFO] [stdout] error[E0433]: cannot find `core` in `windows`
[INFO] [stdout]    --> src/scan/endpoints.rs:616:45
[INFO] [stdout]     |
[INFO] [stdout] 616 |         let table: [(&str, fn() -> windows::core::Result<HSTRING>); 6] = [
[INFO] [stdout]     |                                             ^^^^ could not find `core` in `windows`
[INFO] [stdout] 
[INFO] [stdout] 
[INFO] [stdout] error[E0433]: cannot find `core` in `windows`
[INFO] [stdout]   --> src/scan/bluetooth.rs:36:48
[INFO] [stdout]    |
[INFO] [stdout] 36 | fn wait<T: RuntimeType + 'static>(op: windows::core::Result<IAsyncOperation<T>>, ms: u64) -> Option<T> {
[INFO] [stdout]    |                                                ^^^^ could not find `core` in `windows`
[INFO] [stdout] 
[INFO] [stdout] 
[INFO] [stdout] error[E0433]: cannot find `core` in `windows`
[INFO] [stdout]   --> src/scan/usb.rs:55:74
[INFO] [stdout]    |
[INFO] [stdout] 55 | fn ioctl(hub: &Hub, code: u32, buf: &mut [u8]) -> Result<usize, windows::core::Error> {
[INFO] [stdout]    |                                                                          ^^^^ could not find `core` in `windows`
[INFO] [stdout] 
[INFO] [stdout] 
[INFO] [stdout] error[E0433]: cannot find `core` in `windows`
[INFO] [stdout]    --> src/scan/endpoints.rs:171:77
[INFO] [stdout]     |
[INFO] [stdout] 171 |         let ok = QueryFullProcessImageNameW(h, PROCESS_NAME_WIN32, windows::core::PWSTR(buf.as_mut_ptr()), &mut len).is_ok();
[INFO] [stdout]     |                                                                             ^^^^ could not find `core` in `windows`
[INFO] [stdout] 
[INFO] [stdout] 
[INFO] [stdout] error[E0433]: cannot find `core` in `windows`
[INFO] [stdout]   --> src/sys/propvar.rs:50:46
[INFO] [stdout]    |
[INFO] [stdout] 50 |                     PropValue::Guid(windows::core::GUID::from_values(g.data1, g.data2, g.data3, g.data4))
[INFO] [stdout]    |                                              ^^^^ could not find `core` in `windows`
[INFO] [stdout] 
[INFO] [stdout] 
[INFO] [stdout] error[E0433]: cannot find `core` in `windows`
[INFO] [stdout]    --> src/scan/endpoints.rs:182:30
[INFO] [stdout]     |
[INFO] [stdout] 182 |     pub fn new() -> windows::core::Result<Self> {
[INFO] [stdout]     |                              ^^^^ could not find `core` in `windows`
[INFO] [stdout] 
[INFO] [stdout] 
[INFO] [stdout] error[E0433]: cannot find `core` in `windows`
[INFO] [stdout]    --> src/sys/registry.rs:123:51
[INFO] [stdout]     |
[INFO] [stdout] 123 | ...   RegEnumKeyExW(self.0, i, windows::core::PWSTR(name.as_mut_ptr()), &mut len, None, windows::core::PWSTR::null(), None, None)
[INFO] [stdout]     |                                         ^^^^ could not find `core` in `windows`
[INFO] [stdout] 
[INFO] [stdout] 
[INFO] [stdout] error[E0433]: cannot find `core` in `windows`
[INFO] [stdout]    --> src/scan/endpoints.rs:222:112
[INFO] [stdout]     |
[INFO] [stdout] 222 |     fn read(&mut self, dev: &IMMDevice, defaults: &HashMap<String, Vec<&'static str>>, full: bool) -> windows::core::Result<EpRaw> {
[INFO] [stdout]     |                                                                                                                ^^^^ could not find `core` in `windows`
[INFO] [stdout] 
[INFO] [stdout] 
[INFO] [stdout] error[E0433]: cannot find `core` in `windows`
[INFO] [stdout]    --> src/sys/registry.rs:123:108
[INFO] [stdout]     |
[INFO] [stdout] 123 | ...ame.as_mut_ptr()), &mut len, None, windows::core::PWSTR::null(), None, None)
[INFO] [stdout]     |                                                ^^^^ could not find `core` in `windows`
[INFO] [stdout] 
[INFO] [stdout] 
[INFO] [stdout] error[E0433]: cannot find `core` in `windows`
[INFO] [stdout]    --> src/scan/endpoints.rs:616:45
[INFO] [stdout]     |
[INFO] [stdout] 616 |         let table: [(&str, fn() -> windows::core::Result<HSTRING>); 6] = [
[INFO] [stdout]     |                                             ^^^^ could not find `core` in `windows`
[INFO] [stdout] 
[INFO] [stdout] 
[INFO] [stdout] error[E0433]: cannot find `core` in `windows`
[INFO] [stdout]    --> src/sys/registry.rs:165:51
[INFO] [stdout]     |
[INFO] [stdout] 165 | ...   RegEnumValueW(self.0, i, windows::core::PWSTR(name.as_mut_ptr()), &mut name_len, None, Some(&mut ty), None, Some(&mut size))
[INFO] [stdout]     |                                         ^^^^ could not find `core` in `windows`
[INFO] [stdout] 
[INFO] [stdout] 
[INFO] [stdout] error[E0433]: cannot find `core` in `windows`
[INFO] [stdout]    --> src/sys/registry.rs:176:30
[INFO] [stdout]     |
[INFO] [stdout] 176 |                     windows::core::PWSTR(name.as_mut_ptr()),
[INFO] [stdout]     |                              ^^^^ could not find `core` in `windows`
[INFO] [stdout] 
[INFO] [stdout] 
[INFO] [stdout] error[E0433]: cannot find `core` in `windows`
[INFO] [stdout]   --> src/scan/usb.rs:55:74
[INFO] [stdout]    |
[INFO] [stdout] 55 | fn ioctl(hub: &Hub, code: u32, buf: &mut [u8]) -> Result<usize, windows::core::Error> {
[INFO] [stdout]    |                                                                          ^^^^ could not find `core` in `windows`
[INFO] [stdout] 
[INFO] [stdout] 
[INFO] [stdout] error[E0433]: cannot find `Win32` in `windows`
[INFO] [stdout]   --> src/util.rs:70:14
[INFO] [stdout]    |
[INFO] [stdout] 70 |     windows::Win32::System::Com::CoTaskMemFree(Some(p.0 as *const _));
[INFO] [stdout]    |              ^^^^^ could not find `Win32` in `windows`
[INFO] [stdout] 
[INFO] [stdout] 
[INFO] [stdout] error[E0433]: cannot find `core` in `windows`
[INFO] [stdout]   --> src/sys/propvar.rs:50:46
[INFO] [stdout]    |
[INFO] [stdout] 50 |                     PropValue::Guid(windows::core::GUID::from_values(g.data1, g.data2, g.data3, g.data4))
[INFO] [stdout]    |                                              ^^^^ could not find `core` in `windows`
[INFO] [stdout] 
[INFO] [stdout] 
[INFO] [stdout] error[E0433]: cannot find `core` in `windows`
[INFO] [stdout]    --> src/util.rs:124:30
[INFO] [stdout]     |
[INFO] [stdout] 124 | pub fn err_text(e: &windows::core::Error) -> String {
[INFO] [stdout]     |                              ^^^^ could not find `core` in `windows`
[INFO] [stdout] 
[INFO] [stdout] 
[INFO] [stdout] error[E0433]: cannot find `core` in `windows`
[INFO] [stdout]    --> src/sys/registry.rs:123:51
[INFO] [stdout]     |
[INFO] [stdout] 123 | ...   RegEnumKeyExW(self.0, i, windows::core::PWSTR(name.as_mut_ptr()), &mut len, None, windows::core::PWSTR::null(), None, None)
[INFO] [stdout]     |                                         ^^^^ could not find `core` in `windows`
[INFO] [stdout] 
[INFO] [stdout] 
[INFO] [stdout] error[E0433]: cannot find `Win32` in `windows`
[INFO] [stdout]   --> src/worker.rs:49:26
[INFO] [stdout]    |
[INFO] [stdout] 49 |         let _ = windows::Win32::System::Com::CoInitializeEx(None, windows::Win32::System::Com::COINIT_MULTITHREADED);
[INFO] [stdout]    |                          ^^^^^ could not find `Win32` in `windows`
[INFO] [stdout] 
[INFO] [stdout] 
[INFO] [stdout] error[E0433]: cannot find `core` in `windows`
[INFO] [stdout]    --> src/sys/registry.rs:123:108
[INFO] [stdout]     |
[INFO] [stdout] 123 | ...ame.as_mut_ptr()), &mut len, None, windows::core::PWSTR::null(), None, None)
[INFO] [stdout]     |                                                ^^^^ could not find `core` in `windows`
[INFO] [stdout] 
[INFO] [stdout] 
[INFO] [stdout] error[E0433]: cannot find `Win32` in `windows`
[INFO] [stdout]   --> src/worker.rs:49:76
[INFO] [stdout]    |
[INFO] [stdout] 49 |         let _ = windows::Win32::System::Com::CoInitializeEx(None, windows::Win32::System::Com::COINIT_MULTITHREADED);
[INFO] [stdout]    |                                                                            ^^^^^ could not find `Win32` in `windows`
[INFO] [stdout] 
[INFO] [stdout] 
[INFO] [stdout] error[E0433]: cannot find `core` in `windows`
[INFO] [stdout]    --> src/sys/registry.rs:165:51
[INFO] [stdout]     |
[INFO] [stdout] 165 | ...   RegEnumValueW(self.0, i, windows::core::PWSTR(name.as_mut_ptr()), &mut name_len, None, Some(&mut ty), None, Some(&mut size))
[INFO] [stdout]     |                                         ^^^^ could not find `core` in `windows`
[INFO] [stdout] 
[INFO] [stdout] 
[INFO] [stdout] error[E0433]: cannot find `Win32` in `windows`
[INFO] [stdout]   --> src/main.rs:46:30
[INFO] [stdout]    |
[INFO] [stdout] 46 |             let _ = windows::Win32::System::Com::CoInitializeEx(None, windows::Win32::System::Com::COINIT_MULTITHREADED);
[INFO] [stdout]    |                              ^^^^^ could not find `Win32` in `windows`
[INFO] [stdout] 
[INFO] [stdout] 
[INFO] [stdout] error[E0433]: cannot find `core` in `windows`
[INFO] [stdout]    --> src/sys/registry.rs:176:30
[INFO] [stdout]     |
[INFO] [stdout] 176 |                     windows::core::PWSTR(name.as_mut_ptr()),
[INFO] [stdout]     |                              ^^^^ could not find `core` in `windows`
[INFO] [stdout] 
[INFO] [stdout] 
[INFO] [stdout] error[E0433]: cannot find `Win32` in `windows`
[INFO] [stdout]   --> src/main.rs:46:80
[INFO] [stdout]    |
[INFO] [stdout] 46 |             let _ = windows::Win32::System::Com::CoInitializeEx(None, windows::Win32::System::Com::COINIT_MULTITHREADED);
[INFO] [stdout]    |                                                                                ^^^^^ could not find `Win32` in `windows`
[INFO] [stdout] 
[INFO] [stdout] 
[INFO] [stdout] error[E0433]: cannot find `Win32` in `windows`
[INFO] [stdout]   --> src/util.rs:70:14
[INFO] [stdout]    |
[INFO] [stdout] 70 |     windows::Win32::System::Com::CoTaskMemFree(Some(p.0 as *const _));
[INFO] [stdout]    |              ^^^^^ could not find `Win32` in `windows`
[INFO] [stdout] 
[INFO] [stdout] 
[INFO] [stdout] error[E0433]: cannot find `Win32` in `windows`
[INFO] [stdout]   --> src/main.rs:61:30
[INFO] [stdout]    |
[INFO] [stdout] 61 |             let _ = windows::Win32::System::Com::CoInitializeEx(None, windows::Win32::System::Com::COINIT_MULTITHREADED);
[INFO] [stdout]    |                              ^^^^^ could not find `Win32` in `windows`
[INFO] [stdout] 
[INFO] [stdout] 
[INFO] [stdout] error[E0433]: cannot find `core` in `windows`
[INFO] [stdout]    --> src/util.rs:124:30
[INFO] [stdout]     |
[INFO] [stdout] 124 | pub fn err_text(e: &windows::core::Error) -> String {
[INFO] [stdout]     |                              ^^^^ could not find `core` in `windows`
[INFO] [stdout] 
[INFO] [stdout] 
[INFO] [stdout] error[E0433]: cannot find `Win32` in `windows`
[INFO] [stdout]   --> src/main.rs:61:80
[INFO] [stdout]    |
[INFO] [stdout] 61 |             let _ = windows::Win32::System::Com::CoInitializeEx(None, windows::Win32::System::Com::COINIT_MULTITHREADED);
[INFO] [stdout]    |                                                                                ^^^^^ could not find `Win32` in `windows`
[INFO] [stdout] 
[INFO] [stdout] 
[INFO] [stdout] error[E0433]: cannot find `Win32` in `windows`
[INFO] [stdout]   --> src/worker.rs:49:26
[INFO] [stdout]    |
[INFO] [stdout] 49 |         let _ = windows::Win32::System::Com::CoInitializeEx(None, windows::Win32::System::Com::COINIT_MULTITHREADED);
[INFO] [stdout]    |                          ^^^^^ could not find `Win32` in `windows`
[INFO] [stdout] 
[INFO] [stdout] 
[INFO] [stdout] error[E0433]: cannot find `Win32` in `windows`
[INFO] [stdout]   --> src/worker.rs:49:76
[INFO] [stdout]    |
[INFO] [stdout] 49 |         let _ = windows::Win32::System::Com::CoInitializeEx(None, windows::Win32::System::Com::COINIT_MULTITHREADED);
[INFO] [stdout]    |                                                                            ^^^^^ could not find `Win32` in `windows`
[INFO] [stdout] 
[INFO] [stdout] 
[INFO] [stdout] error[E0433]: cannot find `Win32` in `windows`
[INFO] [stdout]   --> src/main.rs:46:30
[INFO] [stdout]    |
[INFO] [stdout] 46 |             let _ = windows::Win32::System::Com::CoInitializeEx(None, windows::Win32::System::Com::COINIT_MULTITHREADED);
[INFO] [stdout]    |                              ^^^^^ could not find `Win32` in `windows`
[INFO] [stdout] 
[INFO] [stdout] 
[INFO] [stdout] error[E0433]: cannot find `Win32` in `windows`
[INFO] [stdout]   --> src/main.rs:46:80
[INFO] [stdout]    |
[INFO] [stdout] 46 |             let _ = windows::Win32::System::Com::CoInitializeEx(None, windows::Win32::System::Com::COINIT_MULTITHREADED);
[INFO] [stdout]    |                                                                                ^^^^^ could not find `Win32` in `windows`
[INFO] [stdout] 
[INFO] [stdout] 
[INFO] [stdout] error[E0433]: cannot find `Win32` in `windows`
[INFO] [stdout]   --> src/main.rs:61:30
[INFO] [stdout]    |
[INFO] [stdout] 61 |             let _ = windows::Win32::System::Com::CoInitializeEx(None, windows::Win32::System::Com::COINIT_MULTITHREADED);
[INFO] [stdout]    |                              ^^^^^ could not find `Win32` in `windows`
[INFO] [stdout] 
[INFO] [stdout] 
[INFO] [stdout] error[E0433]: cannot find `Win32` in `windows`
[INFO] [stdout]   --> src/main.rs:61:80
[INFO] [stdout]    |
[INFO] [stdout] 61 |             let _ = windows::Win32::System::Com::CoInitializeEx(None, windows::Win32::System::Com::COINIT_MULTITHREADED);
[INFO] [stdout]    |                                                                                ^^^^^ could not find `Win32` in `windows`
[INFO] [stdout] 
[INFO] [stdout] 
[INFO] [stdout] Some errors have detailed explanations: E0432, E0433.
[INFO] [stdout] 
[INFO] [stdout] For more information about an error, try `rustc --explain E0432`.
[INFO] [stdout] 
[INFO] [stderr] error: could not compile `audio-inspector` (bin "AudioInspector") due to 75 previous errors
[INFO] [stderr] warning: build failed, waiting for other jobs to finish...
[INFO] [stdout] Some errors have detailed explanations: E0432, E0433.
[INFO] [stdout] 
[INFO] [stdout] For more information about an error, try `rustc --explain E0432`.
[INFO] [stdout] 
[INFO] [stderr] error: could not compile `audio-inspector` (bin "AudioInspector" test) due to 75 previous errors
[INFO] running `Command { std: "docker" "inspect" "f9003ea4f564c53191ffdf0e7152b3c6e83d0d227caae9cbb165ee96ba596c04", kill_on_drop: false }`
[INFO] running `Command { std: "docker" "rm" "-f" "f9003ea4f564c53191ffdf0e7152b3c6e83d0d227caae9cbb165ee96ba596c04", kill_on_drop: false }`
[INFO] [stdout] f9003ea4f564c53191ffdf0e7152b3c6e83d0d227caae9cbb165ee96ba596c04
