[INFO] cloning repository https://github.com/Wollac/reth-trie-rebuild-bench
[INFO] running `Command { std: "git" "-c" "credential.helper=" "-c" "credential.helper=/workspace/cargo-home/bin/git-credential-null" "clone" "--bare" "https://github.com/Wollac/reth-trie-rebuild-bench" "/workspace/cache/git-repos/https%3A%2F%2Fgithub.com%2FWollac%2Freth-trie-rebuild-bench", kill_on_drop: false }`
[INFO] [stderr] Cloning into bare repository '/workspace/cache/git-repos/https%3A%2F%2Fgithub.com%2FWollac%2Freth-trie-rebuild-bench'...
[INFO] running `Command { std: "git" "rev-parse" "HEAD", kill_on_drop: false }`
[INFO] [stdout] 3d5a6dd294e4167390f3aad0010c1991d90e591c
[INFO] checking Wollac/reth-trie-rebuild-bench/3d5a6dd294e4167390f3aad0010c1991d90e591c against 3154cc1a3e6424e44f438a95007d043ed5ceaaf6+rustflags=-Znext-solver=coherence for pr-133502-30
[INFO] running `Command { std: "git" "clone" "/workspace/cache/git-repos/https%3A%2F%2Fgithub.com%2FWollac%2Freth-trie-rebuild-bench" "/workspace/builds/worker-0-tc1/source", kill_on_drop: false }`
[INFO] [stderr] Cloning into '/workspace/builds/worker-0-tc1/source'...
[INFO] [stderr] done.
[INFO] started tweaking git repo https://github.com/Wollac/reth-trie-rebuild-bench
[INFO] finished tweaking git repo https://github.com/Wollac/reth-trie-rebuild-bench
[INFO] tweaked toml for git repo https://github.com/Wollac/reth-trie-rebuild-bench written to /workspace/builds/worker-0-tc1/source/Cargo.toml
[INFO] validating manifest of git repo https://github.com/Wollac/reth-trie-rebuild-bench on toolchain 3154cc1a3e6424e44f438a95007d043ed5ceaaf6
[INFO] running `Command { std: CARGO_HOME="/workspace/cargo-home" RUSTUP_HOME="/workspace/rustup-home" "/workspace/cargo-home/bin/cargo" "+3154cc1a3e6424e44f438a95007d043ed5ceaaf6" "metadata" "--manifest-path" "Cargo.toml" "--no-deps", kill_on_drop: false }`
[INFO] crate git repo https://github.com/Wollac/reth-trie-rebuild-bench already has a lockfile, it will not be regenerated
[INFO] running `Command { std: CARGO_HOME="/workspace/cargo-home" RUSTUP_HOME="/workspace/rustup-home" "/workspace/cargo-home/bin/cargo" "+3154cc1a3e6424e44f438a95007d043ed5ceaaf6" "fetch" "--manifest-path" "Cargo.toml", kill_on_drop: false }`
[INFO] [stderr]     Updating git repository `https://github.com/Wollac/reth.git`
[INFO] [stderr]     Blocking waiting for file lock on package cache
[INFO] [stderr]  Downloading crates ...
[INFO] [stderr]   Downloaded revm v43.0.2
[INFO] [stderr]   Downloaded unicode-ident v1.0.25
[INFO] [stderr]   Downloaded alloy-primitives v1.7.3
[INFO] [stderr]   Downloaded ruint v1.20.1
[INFO] [stderr]   Downloaded const-hex v1.19.3
[INFO] [stderr]   Downloaded alloy-eip7928 v0.4.11
[INFO] [stderr]   Downloaded revm-precompile v43.0.2
[INFO] [stderr]   Downloaded revm-context-interface v43.0.1
[INFO] [stderr]   Downloaded reth-primitives-traits v0.7.1
[INFO] [stderr]   Downloaded revm-context v43.0.2
[INFO] [stderr]   Downloaded reth-codecs v0.7.1
[INFO] [stderr]   Downloaded revm-handler v43.0.2
[INFO] [stderr]   Downloaded derive-where v1.7.0
[INFO] [stderr]   Downloaded revm-inspector v43.0.2
[INFO] [stderr]   Downloaded revm-interpreter v43.0.1
[INFO] [stderr]   Downloaded reth-zstd-compressors v0.7.1
[INFO] [stderr]   Downloaded reth-codecs-derive v0.7.1
[INFO] [stderr]   Downloaded alloy-sol-macro v1.7.3
[INFO] [stderr]   Downloaded alloy-sol-type-parser v1.7.3
[INFO] [stderr]   Downloaded alloy-sol-macro-input v1.7.3
[INFO] [stderr]   Downloaded alloy-json-abi v1.7.3
[INFO] [stderr]   Downloaded syn-solidity v1.7.3
[INFO] [stderr]   Downloaded alloy-sol-macro-expander v1.7.3
[INFO] [stderr]   Downloaded alloy-sol-types v1.7.3
[INFO] [stderr]   Downloaded alloy-chains v0.2.39
[INFO] running `Command { std: "docker" "create" "-v" "/var/lib/crater-agent-workspace/builds/worker-0-tc1/source:/opt/rustwide/workdir:ro,Z" "-v" "/var/lib/crater-agent-workspace/builds/worker-0-tc1/target:/opt/rustwide/target:rw,Z" "-v" "/var/lib/crater-agent-workspace/cargo-home:/opt/rustwide/cargo-home:ro,Z" "-v" "/var/lib/crater-agent-workspace/rustup-home:/opt/rustwide/rustup-home:ro,Z" "-m" "1610612736" "--network" "none" "ghcr.io/rust-lang/crates-build-env/linux@sha256:77db811e55d90add9212f6832c23229e3de5f1c1f9905e8cb07319ea15df73ac" "sleep" "infinity", kill_on_drop: false }`
[INFO] [stdout] f4a17ac5d4d81fc9746c617be3db4a19671fdb51da2606ef1867945466bc210b
[INFO] running `Command { std: "docker" "start" "f4a17ac5d4d81fc9746c617be3db4a19671fdb51da2606ef1867945466bc210b", kill_on_drop: false }`
[INFO] running `Command { std: "docker" "inspect" "f4a17ac5d4d81fc9746c617be3db4a19671fdb51da2606ef1867945466bc210b", kill_on_drop: false }`
[INFO] running `Command { std: "docker" "exec" "-e" "SOURCE_DIR=/opt/rustwide/workdir" "-e" "CARGO_HOME=/opt/rustwide/cargo-home" "-e" "RUSTUP_HOME=/opt/rustwide/rustup-home" "-e" "CARGO_TARGET_DIR=/opt/rustwide/target" "-w" "/opt/rustwide/workdir" "--user" "0:0" "f4a17ac5d4d81fc9746c617be3db4a19671fdb51da2606ef1867945466bc210b" "/opt/rustwide/cargo-home/bin/cargo" "+3154cc1a3e6424e44f438a95007d043ed5ceaaf6" "metadata" "--no-deps" "--format-version=1", kill_on_drop: false }`
[INFO] running `Command { std: "docker" "inspect" "f4a17ac5d4d81fc9746c617be3db4a19671fdb51da2606ef1867945466bc210b", kill_on_drop: false }`
[INFO] running `Command { std: "docker" "exec" "-e" "SOURCE_DIR=/opt/rustwide/workdir" "-e" "CARGO_HOME=/opt/rustwide/cargo-home" "-e" "RUSTUP_HOME=/opt/rustwide/rustup-home" "-e" "CARGO_TARGET_DIR=/opt/rustwide/target" "-e" "CARGO_INCREMENTAL=0" "-e" "RUST_BACKTRACE=full" "-e" "RUSTFLAGS=--cap-lints=forbid -Znext-solver=coherence" "-e" "RUSTDOCFLAGS=--cap-lints=forbid" "-w" "/opt/rustwide/workdir" "--user" "0:0" "f4a17ac5d4d81fc9746c617be3db4a19671fdb51da2606ef1867945466bc210b" "/opt/rustwide/cargo-home/bin/cargo" "+3154cc1a3e6424e44f438a95007d043ed5ceaaf6" "check" "--frozen" "--all" "--all-targets" "--message-format=json", kill_on_drop: false }`
[INFO] [stderr]    Compiling unicode-ident v1.0.25
[INFO] [stderr]     Checking cfg-if v1.0.5
[INFO] [stderr]    Compiling portable-atomic v1.15.0
[INFO] [stderr]    Compiling num-traits v0.2.19
[INFO] [stderr]    Compiling generic-array v0.14.9
[INFO] [stderr]     Checking foldhash v0.2.0
[INFO] [stderr]     Checking der v0.7.10
[INFO] [stderr]     Checking getrandom v0.2.17
[INFO] [stderr]     Checking getrandom v0.3.4
[INFO] [stderr]     Checking getrandom v0.4.3
[INFO] [stderr]     Checking rustix v1.1.4
[INFO] [stderr]     Checking digest v0.11.3
[INFO] [stderr]    Compiling secp256k1-sys v0.11.0
[INFO] [stderr]    Compiling ruint-macro v1.2.1
[INFO] [stderr]     Checking keccak v0.2.2
[INFO] [stderr]     Checking const-hex v1.19.3
[INFO] [stderr]    Compiling proc-macro2 v1.0.107
[INFO] [stderr]    Compiling serde_json v1.0.151
[INFO] [stderr]     Checking hashbrown v0.17.1
[INFO] [stderr]     Checking rand_core v0.9.5
[INFO] [stderr]    Compiling crossbeam-utils v0.8.23
[INFO] [stderr]     Checking rand_core v0.6.4
[INFO] [stderr]    Compiling zstd-sys v2.1.0+zstd.1.5.7
[INFO] [stderr]     Checking sha3 v0.11.0
[INFO] [stderr]     Checking rand_chacha v0.9.0
[INFO] [stderr]     Checking rand_xorshift v0.4.0
[INFO] [stderr]     Checking ff v0.13.1
[INFO] [stderr]     Checking rand_chacha v0.3.1
[INFO] [stderr]     Checking rand v0.9.5
[INFO] [stderr]     Checking group v0.13.0
[INFO] [stderr]    Compiling serde v1.0.229
[INFO] [stderr]     Checking mio v1.2.3
[INFO] [stderr]    Compiling secp256k1-sys v0.10.1
[INFO] [stderr]    Compiling zstd-safe v7.3.0
[INFO] [stderr]    Compiling crossbeam-epoch v0.9.21
[INFO] [stderr]     Checking konst_macro_rules v0.2.19
[INFO] [stderr]    Compiling quote v1.0.47
[INFO] [stderr]     Checking once_cell v1.21.4
[INFO] [stderr]    Compiling syn v3.0.6
[INFO] [stderr]    Compiling syn v2.0.119
[INFO] [stderr]    Compiling crossbeam-deque v0.8.8
[INFO] [stderr]     Checking konst v0.2.20
[INFO] [stderr]    Compiling const_format_proc_macros v0.2.34
[INFO] [stderr]    Compiling parity-scale-codec v3.7.5
[INFO] [stderr]     Checking block-buffer v0.10.4
[INFO] [stderr]     Checking crypto-common v0.1.6
[INFO] [stderr]     Checking tracing-core v0.1.36
[INFO] [stderr]     Checking spki v0.7.3
[INFO] [stderr]     Checking crypto-bigint v0.5.5
[INFO] [stderr]     Checking digest v0.10.7
[INFO] [stderr]     Checking pkcs8 v0.10.2
[INFO] [stderr]     Checking ahash v0.8.12
[INFO] [stderr]     Checking num-integer v0.1.47
[INFO] [stderr]     Checking num-complex v0.4.6
[INFO] [stderr]     Checking tempfile v3.27.0
[INFO] [stderr]     Checking num-bigint v0.4.8
[INFO] [stderr]     Checking num-iter v0.1.46
[INFO] [stderr]     Checking byte-slice-cast v1.2.3
[INFO] [stderr]     Checking hmac v0.12.1
[INFO] [stderr]     Checking signature v2.2.0
[INFO] [stderr]     Checking rfc6979 v0.4.0
[INFO] [stderr]     Checking sha2 v0.10.9
[INFO] [stderr]     Checking hashbrown v0.14.5
[INFO] [stderr]     Checking sha2 v0.11.0
[INFO] [stderr]     Checking rayon-core v1.13.0
[INFO] [stderr]     Checking rusty-fork v0.3.1
[INFO] [stderr]     Checking ripemd v0.2.0
[INFO] [stderr]     Checking proptest v1.11.0
[INFO] [stderr]     Checking raw-cpuid v11.6.0
[INFO] [stderr]    Compiling hybrid-array v0.4.15
[INFO] [stderr]     Checking const_format v0.2.36
[INFO] [stderr]     Checking phf_shared v0.14.0
[INFO] [stderr]     Checking plain_hasher v0.2.3
[INFO] [stderr]    Compiling proc-macro-error-attr3 v3.0.1
[INFO] [stderr]     Checking hash-db v0.15.2
[INFO] [stderr]     Checking phf v0.14.0
[INFO] [stderr]     Checking dyn-clone v1.0.20
[INFO] [stderr]     Checking rapidhash v4.5.1
[INFO] [stderr]     Checking rustc-hash v2.1.3
[INFO] [stderr]    Compiling libloading v0.8.9
[INFO] [stderr]     Checking regex-automata v0.4.18
[INFO] [stderr]    Compiling bindgen v0.72.1
[INFO] [stderr]    Compiling block-buffer v0.12.1
[INFO] [stderr]    Compiling crypto-common v0.2.2
[INFO] [stderr]     Checking num-rational v0.4.2
[INFO] [stderr]    Compiling clang-sys v1.9.1
[INFO] [stderr]    Compiling itertools v0.14.0
[INFO] [stderr]     Checking num v0.4.3
[INFO] [stderr]     Checking tracing-log v0.2.0
[INFO] [stderr]     Checking thread_local v1.1.10
[INFO] [stderr]     Checking aurora-engine-modexp v1.2.0
[INFO] [stderr]     Checking roaring v0.11.5
[INFO] [stderr]     Checking metrics v0.24.6
[INFO] [stderr]     Checking rustls v0.23.45
[INFO] [stderr]    Compiling slotmap v1.1.1
[INFO] [stderr]    Compiling libz-sys v1.1.29
[INFO] [stderr]    Compiling bzip2-sys v0.1.13+1.0.8
[INFO] [stderr]    Compiling lz4-sys v1.11.1+lz4-1.10.0
[INFO] [stderr]     Checking clap_builder v4.6.7
[INFO] [stderr]     Checking time v0.3.55
[INFO] [stderr]     Checking chrono v0.4.45
[INFO] [stderr]     Checking quanta v0.12.6
[INFO] [stderr]     Checking eyre v0.6.14
[INFO] [stderr]     Checking secp256k1 v0.31.1
[INFO] [stderr]    Compiling inotify-sys v0.1.8
[INFO] [stderr]     Checking crossbeam-channel v0.5.17
[INFO] [stderr]     Checking matchers v0.2.0
[INFO] [stderr]     Checking fixed-cache v0.1.10
[INFO] [stderr]     Checking opentelemetry-semantic-conventions v0.32.1
[INFO] [stderr]     Checking symlink v0.1.0
[INFO] [stderr]     Checking crossbeam-queue v0.3.14
[INFO] [stderr]     Checking lz4_flex v0.12.2
[INFO] [stderr]     Checking thread-priority v3.1.1
[INFO] [stderr]     Checking sysinfo v0.38.4
[INFO] [stderr]     Checking inotify v0.11.5
[INFO] [stderr]     Checking notify-types v2.1.0
[INFO] [stderr]     Checking page_size v0.6.0
[INFO] [stderr]     Checking foldhash v0.1.5
[INFO] [stderr]     Checking notify v8.2.0
[INFO] [stderr]     Checking rolling-file v0.2.0
[INFO] [stderr]    Compiling darling_core v0.23.0
[INFO] [stderr]    Compiling macro-string v0.2.0
[INFO] [stderr]    Compiling syn-solidity v1.7.3
[INFO] [stderr]    Compiling proc-macro-error3 v3.0.1
[INFO] [stderr]    Compiling darling_core v0.24.1
[INFO] [stderr]    Compiling synstructure v0.14.0
[INFO] [stderr]     Checking rustls-platform-verifier v0.7.0
[INFO] [stderr]    Compiling derive_arbitrary v1.4.2
[INFO] [stderr]    Compiling tracing-attributes v0.1.31
[INFO] [stderr]    Compiling derive_more-impl v2.1.1
[INFO] [stderr]    Compiling alloy-rlp-derive v0.3.16
[INFO] [stderr]    Compiling serde_derive v1.0.229
[INFO] [stderr]     Checking arbitrary v1.4.2
[INFO] [stderr]    Compiling thiserror-impl v2.0.20
[INFO] [stderr]    Compiling proptest-derive v0.8.0
[INFO] [stderr]    Compiling auto_impl v1.3.0
[INFO] [stderr]    Compiling enum-ordinalize-derive v4.4.2
[INFO] [stderr]    Compiling ark-serialize-derive v0.6.0
[INFO] [stderr]     Checking indexmap v2.14.2
[INFO] [stderr]    Compiling tokio-macros v2.7.2
[INFO] [stderr]    Compiling enum-ordinalize v4.4.2
[INFO] [stderr]    Compiling educe v0.6.0
[INFO] [stderr]     Checking thiserror v2.0.20
[INFO] [stderr]     Checking tracing v0.1.44
[INFO] [stderr]    Compiling zerofrom-derive v0.1.8
[INFO] [stderr]    Compiling ark-ff-macros v0.6.0
[INFO] [stderr]    Compiling darling_macro v0.23.0
[INFO] [stderr]    Compiling proptest-derive v0.7.0
[INFO] [stderr]    Compiling ark-ff-asm v0.6.0
[INFO] [stderr]    Compiling darling v0.23.0
[INFO] [stderr]    Compiling yoke-derive v0.8.3
[INFO] [stderr]    Compiling alloy-tx-macros v2.4.2
[INFO] [stderr]     Checking zstd v0.13.3
[INFO] [stderr]    Compiling zerovec-derive v0.11.6
[INFO] [stderr]    Compiling displaydoc v0.2.7
[INFO] [stderr]    Compiling darling_macro v0.24.1
[INFO] [stderr]    Compiling modular-bitfield-impl v0.13.1
[INFO] [stderr]    Compiling impl-trait-for-tuples v0.2.3
[INFO] [stderr]     Checking zerofrom v0.1.8
[INFO] [stderr]     Checking reth-zstd-compressors v0.7.1
[INFO] [stderr]     Checking yoke v0.8.3
[INFO] [stderr]    Compiling derive-where v1.7.0
[INFO] [stderr]    Compiling darling v0.24.1
[INFO] [stderr]    Compiling reth-codecs-derive v0.7.1
[INFO] [stderr]    Compiling serde_with_macros v3.23.0
[INFO] [stderr]    Compiling visibility v0.1.1
[INFO] [stderr]     Checking proptest-arbitrary-interop v0.1.0
[INFO] [stderr]     Checking zerotrie v0.2.5
[INFO] [stderr]    Compiling futures-macro v0.3.34
[INFO] [stderr]     Checking zerovec v0.11.8
[INFO] [stderr]    Compiling num_enum_derive v0.7.6
[INFO] [stderr]    Compiling alloy-sol-macro-input v1.7.3
[INFO] [stderr]    Compiling strum_macros v0.27.2
[INFO] [stderr]    Compiling fixed-map-derive v0.9.5
[INFO] [stderr]    Compiling pin-project-internal v1.1.13
[INFO] [stderr]     Checking serde_with v3.23.0
[INFO] [stderr]    Compiling alloy-sol-macro-expander v1.7.3
[INFO] [stderr]     Checking futures-util v0.3.34
[INFO] [stderr]     Checking modular-bitfield v0.13.1
[INFO] [stderr]     Checking tinystr v0.8.4
[INFO] [stderr]     Checking potential_utf v0.1.6
[INFO] [stderr]     Checking icu_collections v2.3.0
[INFO] [stderr]    Compiling async-trait v0.1.92
[INFO] [stderr]     Checking icu_locale_core v2.3.0
[INFO] [stderr]    Compiling metrics-derive v0.1.2
[INFO] [stderr]     Checking num_enum v0.7.6
[INFO] [stderr]    Compiling prost-derive v0.14.4
[INFO] [stderr]     Checking icu_provider v2.3.1
[INFO] [stderr]     Checking icu_properties v2.3.0
[INFO] [stderr]     Checking bytes v1.12.1
[INFO] [stderr]     Checking smallvec v1.16.1
[INFO] [stderr]     Checking serdect v0.2.0
[INFO] [stderr]     Checking sec1 v0.7.3
[INFO] [stderr]     Checking arrayvec v0.7.8
[INFO] [stderr]     Checking elliptic-curve v0.13.8
[INFO] [stderr]     Checking rand v0.8.8
[INFO] [stderr]     Checking either v1.18.0
[INFO] [stderr]     Checking bitvec v1.1.1
[INFO] [stderr]     Checking nonmax v0.5.5
[INFO] [stderr]     Checking alloy-rlp v0.3.16
[INFO] [stderr]     Checking tokio v1.53.1
[INFO] [stderr]     Checking ruint v1.20.1
[INFO] [stderr]     Checking ecdsa v0.16.9
[INFO] [stderr]     Checking derive_more v2.1.1
[INFO] [stderr]     Checking secp256k1 v0.30.0
[INFO] [stderr]     Checking ark-std v0.6.0
[INFO] [stderr]     Checking ark-serialize v0.6.0
[INFO] [stderr]     Checking k256 v0.13.4
[INFO] [stderr]     Checking parking_lot_core v0.9.12
[INFO] [stderr]     Checking ark-ff v0.6.0
[INFO] [stderr]     Checking primeorder v0.13.6
[INFO] [stderr]     Checking dashmap v6.2.1
[INFO] [stderr]     Checking rayon v1.12.0
[INFO] [stderr]     Checking icu_normalizer v2.3.0
[INFO] [stderr]     Checking strum v0.27.2
[INFO] [stderr]     Checking http v1.5.0
[INFO] [stderr]     Checking p256 v0.13.2
[INFO] [stderr]     Checking fixed-map v0.9.5
[INFO] [stderr]     Checking alloy-primitives v1.7.3
[INFO] [stderr]     Checking nybbles v0.4.8
[INFO] [stderr]     Checking pin-project v1.1.13
[INFO] [stderr]     Checking tracing-serde v0.2.0
[INFO] [stderr]     Checking prost v0.14.4
[INFO] [stderr]     Checking reth-metrics v2.5.2 (https://github.com/Wollac/reth.git?rev=801a4d0119#801a4d01)
[INFO] [stderr]     Checking tracing-subscriber v0.3.23
[INFO] [stderr]     Checking opentelemetry v0.32.0
[INFO] [stderr]     Checking futures-executor v0.3.34
[INFO] [stderr]    Compiling alloy-sol-macro v1.7.3
[INFO] [stderr]     Checking idna_adapter v1.2.2
[INFO] [stderr]     Checking parking_lot v0.12.5
[INFO] [stderr]    Compiling reth-mdbx-sys v2.5.2 (https://github.com/Wollac/reth.git?rev=801a4d0119#801a4d01)
[INFO] [stderr]     Checking http-body v1.1.0
[INFO] [stderr]    Compiling clap_derive v4.6.7
[INFO] [stderr]     Checking idna v1.1.0
[INFO] [stderr]     Checking prost-types v0.14.4
[INFO] [stderr]    Compiling librocksdb-sys v0.17.3+10.4.2
[INFO] [stderr]     Checking http-body-util v0.1.5
[INFO] [stderr]     Checking futures v0.3.34
[INFO] [stderr]     Checking bincode v1.3.3
[INFO] [stderr]     Checking url v2.5.8
[INFO] [stderr]     Checking reth-fs-util v2.5.2 (https://github.com/Wollac/reth.git?rev=801a4d0119#801a4d01)
[INFO] [stderr]     Checking tracing-futures v0.2.5
[INFO] [stderr]     Checking reth-nippy-jar v2.5.2 (https://github.com/Wollac/reth.git?rev=801a4d0119#801a4d01)
[INFO] [stderr]     Checking opentelemetry_sdk v0.32.1
[INFO] [stderr]     Checking alloy-eip7928 v0.4.11
[INFO] [stderr]     Checking alloy-eip2930 v0.2.4
[INFO] [stderr]     Checking alloy-eip7702 v0.6.3
[INFO] [stderr]     Checking revm-primitives v43.0.0
[INFO] [stderr]     Checking alloy-eip2124 v0.2.0
[INFO] [stderr]     Checking alloy-serde v2.4.2
[INFO] [stderr]     Checking revm-bytecode v43.0.0
[INFO] [stderr]     Checking alloy-trie v0.9.5
[INFO] [stderr]     Checking alloy-chains v0.2.39
[INFO] [stderr]     Checking alloy-sol-types v1.7.3
[INFO] [stderr]     Checking reth-network-peers v2.5.2 (https://github.com/Wollac/reth.git?rev=801a4d0119#801a4d01)
[INFO] [stderr]     Checking tracing-opentelemetry v0.33.0
[INFO] [stderr]     Checking tracing-appender v0.2.5
[INFO] [stderr]     Checking tracing-logfmt v0.3.7
[INFO] [stderr]     Checking tracing-samply v0.1.5
[INFO] [stderr]     Checking tracing-chrome v0.7.2
[INFO] [stderr]     Checking tracing-journald v0.3.2
[INFO] [stderr]     Checking alloy-hardforks v0.4.8
[INFO] [stderr]     Checking revm-state v43.0.0
[INFO] [stderr]     Checking alloy-eips v2.4.2
[INFO] [stderr]     Checking reth-ethereum-forks v2.5.2 (https://github.com/Wollac/reth.git?rev=801a4d0119#801a4d01)
[INFO] [stderr]     Checking clap v4.6.7
[INFO] [stderr]     Checking revm-database-interface v43.0.0
[INFO] [stderr]     Checking tokio-util v0.7.19
[INFO] [stderr]     Checking tokio-rustls v0.26.5
[INFO] [stderr]     Checking reth-tasks v2.5.2 (https://github.com/Wollac/reth.git?rev=801a4d0119#801a4d01)
[INFO] [stderr]     Checking revm-context-interface v43.0.1
[INFO] [stderr]     Checking revm-database v43.0.0
[INFO] [stderr]     Checking tokio-stream v0.1.19
[INFO] [stderr]     Checking h2 v0.4.19
[INFO] [stderr]     Checking tower v0.5.3
[INFO] [stderr]     Checking reth-tokio-util v2.5.2 (https://github.com/Wollac/reth.git?rev=801a4d0119#801a4d01)
[INFO] [stderr]     Checking alloy-consensus v2.4.2
[INFO] [stderr]     Checking alloy-genesis v2.4.2
[INFO] [stderr]     Checking tower-http v0.6.11
[INFO] [stderr]     Checking revm-context v43.0.2
[INFO] [stderr]     Checking revm-interpreter v43.0.1
[INFO] [stderr] error: could not compile `ark-ff` (lib)
[INFO] [stderr] 
[INFO] [stderr] Caused by:
[INFO] [stderr]   process didn't exit successfully: `/opt/rustwide/rustup-home/toolchains/3154cc1a3e6424e44f438a95007d043ed5ceaaf6/bin/rustc --crate-name ark_ff --edition=2021 /opt/rustwide/cargo-home/registry/src/index.crates.io-1949cf8c6b5b557f/ark-ff-0.6.0/src/lib.rs --error-format=json --json=diagnostic-rendered-ansi,artifacts,future-incompat,unused-externs-silent --crate-type lib --emit=dep-info,metadata -C embed-bitcode=no -C debuginfo=2 --cfg 'feature="asm"' --cfg 'feature="std"' --check-cfg 'cfg(docsrs,test)' --check-cfg 'cfg(feature, values("asm", "default", "parallel", "rayon", "std"))' -C metadata=28efab6cec6ea920 -C extra-filename=-0d3e2606ff796b89 --out-dir /opt/rustwide/target/debug/build/ark-ff/0d3e2606ff796b89/out -L dependency=/opt/rustwide/target/debug/build/ark-serialize-derive/f2663a002be5caa0/out -L dependency=/opt/rustwide/target/debug/build/ark-std/13bf7550d106d829/out -L dependency=/opt/rustwide/target/debug/build/block-buffer/9d9f94c6513b46f0/out -L dependency=/opt/rustwide/target/debug/build/cfg-if/54e253622f068d0a/out -L dependency=/opt/rustwide/target/debug/build/const-oid/44e5b4d64fbafe41/out -L dependency=/opt/rustwide/target/debug/build/crypto-common/40c5fe7145449247/out -L dependency=/opt/rustwide/target/debug/build/digest/55506e6e34bc59f6/out -L dependency=/opt/rustwide/target/debug/build/generic-array/19af7a146301c0e8/out -L dependency=/opt/rustwide/target/debug/build/getrandom/f0182c01435a6f4e/out -L dependency=/opt/rustwide/target/debug/build/libc/6c469ea5525a8374/out -L dependency=/opt/rustwide/target/debug/build/libm/2e0fe817bf4c866c/out -L dependency=/opt/rustwide/target/debug/build/num-bigint/31d62fd8248ea367/out -L dependency=/opt/rustwide/target/debug/build/num-integer/a38c88f72095b7a2/out -L dependency=/opt/rustwide/target/debug/build/num-traits/01cd34f09208508c/out -L dependency=/opt/rustwide/target/debug/build/ppv-lite86/27d5d4f7cd5cfe6a/out -L dependency=/opt/rustwide/target/debug/build/rand/2db9604db69b418e/out -L dependency=/opt/rustwide/target/debug/build/rand_chacha/2e6609e4acb30b62/out -L dependency=/opt/rustwide/target/debug/build/rand_core/4c7b8accce7e968e/out -L dependency=/opt/rustwide/target/debug/build/serde/f029dacc8f3343c8/out -L dependency=/opt/rustwide/target/debug/build/serde_core/f0a96c5bb6baa60d/out -L dependency=/opt/rustwide/target/debug/build/serde_derive/55f010398083b5ba/out -L dependency=/opt/rustwide/target/debug/build/subtle/9108c656ab3dab30/out -L dependency=/opt/rustwide/target/debug/build/typenum/b4ecb8bd4c48de35/out -L dependency=/opt/rustwide/target/debug/build/zerocopy/f50dcddd0109ad84/out -L dependency=/opt/rustwide/target/debug/build/zeroize/3eac6d5ae8ba8e2f/out --extern ark_ff_asm=/opt/rustwide/target/debug/build/ark-ff-asm/75795eb25d334f7e/out/libark_ff_asm-75795eb25d334f7e.so --extern ark_ff_macros=/opt/rustwide/target/debug/build/ark-ff-macros/752907f994badfda/out/libark_ff_macros-752907f994badfda.so --extern ark_serialize=/opt/rustwide/target/debug/build/ark-serialize/ac4af04d3954da6a/out/libark_serialize-ac4af04d3954da6a.rmeta --extern ark_std=/opt/rustwide/target/debug/build/ark-std/13bf7550d106d829/out/libark_std-13bf7550d106d829.rmeta --extern digest=/opt/rustwide/target/debug/build/digest/55506e6e34bc59f6/out/libdigest-55506e6e34bc59f6.rmeta --extern educe=/opt/rustwide/target/debug/build/educe/3c42a1321e8cc18e/out/libeduce-3c42a1321e8cc18e.so --extern num_bigint=/opt/rustwide/target/debug/build/num-bigint/31d62fd8248ea367/out/libnum_bigint-31d62fd8248ea367.rmeta --extern num_traits=/opt/rustwide/target/debug/build/num-traits/01cd34f09208508c/out/libnum_traits-01cd34f09208508c.rmeta --extern zeroize=/opt/rustwide/target/debug/build/zeroize/3eac6d5ae8ba8e2f/out/libzeroize-3eac6d5ae8ba8e2f.rmeta --cap-lints allow --cap-lints=forbid -Znext-solver=coherence --force-warn=unused_crate_dependencies` (signal: 9, SIGKILL: kill)
[INFO] [stderr] warning: build failed, waiting for other jobs to finish...
[INFO] [stderr] warning: reth-mdbx-sys@2.5.2: cc: fatal error: Killed signal terminated program cc1
[INFO] [stderr] warning: reth-mdbx-sys@2.5.2: compilation terminated.
[INFO] [stderr] error: failed to run custom build command for `reth-mdbx-sys v2.5.2 (https://github.com/Wollac/reth.git?rev=801a4d0119#801a4d01)`
[INFO] [stderr] note: To improve backtraces for build dependencies, set the CARGO_PROFILE_DEV_BUILD_OVERRIDE_DEBUG=true environment variable to enable debug information generation.
[INFO] [stderr] 
[INFO] [stderr] Caused by:
[INFO] [stderr]   process didn't exit successfully: `/opt/rustwide/target/debug/build/reth-mdbx-sys/d5e5bdcf80fcdd05/out/build_script_build` (exit status: 1)
[INFO] [stderr]   --- stdout
[INFO] [stderr]   cargo:rerun-if-changed=/opt/rustwide/cargo-home/git/checkouts/reth-912a895194d1ce69/801a4d0/crates/storage/libmdbx-rs/mdbx-sys/libmdbx
[INFO] [stderr]   cargo:rerun-if-env-changed=CC_x86_64-unknown-linux-gnu
[INFO] [stderr]   CC_x86_64-unknown-linux-gnu = None
[INFO] [stderr]   cargo:rerun-if-env-changed=CC_x86_64_unknown_linux_gnu
[INFO] [stderr]   CC_x86_64_unknown_linux_gnu = None
[INFO] [stderr]   cargo:rerun-if-env-changed=HOST_CC
[INFO] [stderr]   HOST_CC = None
[INFO] [stderr]   cargo:rerun-if-env-changed=CC
[INFO] [stderr]   CC = None
[INFO] [stderr]   cargo:rerun-if-env-changed=CC_ENABLE_DEBUG_OUTPUT
[INFO] [stderr]   cargo:rerun-if-env-changed=CRATE_CC_NO_DEFAULTS
[INFO] [stderr]   CRATE_CC_NO_DEFAULTS = None
[INFO] [stderr]   cargo:rerun-if-env-changed=CRATE_CC_NO_DEFAULTS
[INFO] [stderr]   CRATE_CC_NO_DEFAULTS = None
[INFO] [stderr]   cargo:rerun-if-env-changed=CFLAGS
[INFO] [stderr]   CFLAGS = None
[INFO] [stderr]   cargo:rerun-if-env-changed=HOST_CFLAGS
[INFO] [stderr]   HOST_CFLAGS = None
[INFO] [stderr]   cargo:rerun-if-env-changed=CFLAGS_x86_64_unknown_linux_gnu
[INFO] [stderr]   CFLAGS_x86_64_unknown_linux_gnu = None
[INFO] [stderr]   cargo:rerun-if-env-changed=CFLAGS_x86_64-unknown-linux-gnu
[INFO] [stderr]   CFLAGS_x86_64-unknown-linux-gnu = None
[INFO] [stderr]   cargo:rerun-if-env-changed=CFLAGS
[INFO] [stderr]   CFLAGS = None
[INFO] [stderr]   cargo:rerun-if-env-changed=HOST_CFLAGS
[INFO] [stderr]   HOST_CFLAGS = None
[INFO] [stderr]   cargo:rerun-if-env-changed=CFLAGS_x86_64_unknown_linux_gnu
[INFO] [stderr]   CFLAGS_x86_64_unknown_linux_gnu = None
[INFO] [stderr]   cargo:rerun-if-env-changed=CFLAGS_x86_64-unknown-linux-gnu
[INFO] [stderr]   CFLAGS_x86_64-unknown-linux-gnu = None
[INFO] [stderr]   cargo:rerun-if-env-changed=CRATE_CC_NO_DEFAULTS
[INFO] [stderr]   CRATE_CC_NO_DEFAULTS = None
[INFO] [stderr]   cargo:rerun-if-env-changed=CFLAGS
[INFO] [stderr]   CFLAGS = None
[INFO] [stderr]   cargo:rerun-if-env-changed=HOST_CFLAGS
[INFO] [stderr]   HOST_CFLAGS = None
[INFO] [stderr]   cargo:rerun-if-env-changed=CFLAGS_x86_64_unknown_linux_gnu
[INFO] [stderr]   CFLAGS_x86_64_unknown_linux_gnu = None
[INFO] [stderr]   cargo:rerun-if-env-changed=CFLAGS_x86_64-unknown-linux-gnu
[INFO] [stderr]   CFLAGS_x86_64-unknown-linux-gnu = None
[INFO] [stderr]   cargo:rerun-if-env-changed=CRATE_CC_NO_DEFAULTS
[INFO] [stderr]   CRATE_CC_NO_DEFAULTS = None
[INFO] [stderr]   cargo:rerun-if-env-changed=CFLAGS
[INFO] [stderr]   CFLAGS = None
[INFO] [stderr]   cargo:rerun-if-env-changed=HOST_CFLAGS
[INFO] [stderr]   HOST_CFLAGS = None
[INFO] [stderr]   cargo:rerun-if-env-changed=CFLAGS_x86_64_unknown_linux_gnu
[INFO] [stderr]   CFLAGS_x86_64_unknown_linux_gnu = None
[INFO] [stderr]   cargo:rerun-if-env-changed=CFLAGS_x86_64-unknown-linux-gnu
[INFO] [stderr]   CFLAGS_x86_64-unknown-linux-gnu = None
[INFO] [stderr]   cargo:rerun-if-env-changed=CC_FORCE_DISABLE
[INFO] [stderr]   CC_FORCE_DISABLE = None
[INFO] [stderr]   cargo:rerun-if-env-changed=CC_x86_64-unknown-linux-gnu
[INFO] [stderr]   CC_x86_64-unknown-linux-gnu = None
[INFO] [stderr]   cargo:rerun-if-env-changed=CC_x86_64_unknown_linux_gnu
[INFO] [stderr]   CC_x86_64_unknown_linux_gnu = None
[INFO] [stderr]   cargo:rerun-if-env-changed=HOST_CC
[INFO] [stderr]   HOST_CC = None
[INFO] [stderr]   cargo:rerun-if-env-changed=CC
[INFO] [stderr]   CC = None
[INFO] [stderr]   cargo:rerun-if-env-changed=CRATE_CC_NO_DEFAULTS
[INFO] [stderr]   CRATE_CC_NO_DEFAULTS = None
[INFO] [stderr]   cargo:rerun-if-env-changed=CFLAGS
[INFO] [stderr]   CFLAGS = None
[INFO] [stderr]   cargo:rerun-if-env-changed=HOST_CFLAGS
[INFO] [stderr]   HOST_CFLAGS = None
[INFO] [stderr]   cargo:rerun-if-env-changed=CFLAGS_x86_64_unknown_linux_gnu
[INFO] [stderr]   CFLAGS_x86_64_unknown_linux_gnu = None
[INFO] [stderr]   cargo:rerun-if-env-changed=CFLAGS_x86_64-unknown-linux-gnu
[INFO] [stderr]   CFLAGS_x86_64-unknown-linux-gnu = None
[INFO] [stderr]   cargo:warning=cc: fatal error: Killed signal terminated program cc1
[INFO] [stderr]   cargo:warning=compilation terminated.
[INFO] [stderr] 
[INFO] [stderr]   --- stderr
[INFO] [stderr]   error: 'rustfmt' is not installed for the custom toolchain '3154cc1a3e6424e44f438a95007d043ed5ceaaf6'.
[INFO] [stderr]   note: this is a custom toolchain, which cannot use `rustup component add`
[INFO] [stderr]   help: if you built this toolchain from source, and used `rustup toolchain link`, then you may be able to build the component with `x.py`
[INFO] [stderr]   Failed to run rustfmt: Internal rustfmt error (non-fatal, continuing)
[INFO] [stderr] 
[INFO] [stderr] 
[INFO] [stderr]   error occurred in cc-rs: command did not execute successfully (status code exit status: 1): LC_ALL="C" "cc" "-O0" "-ffunction-sections" "-fdata-sections" "-fPIC" "-g" "-gdwarf-4" "-fno-omit-frame-pointer" "-mno-omit-leaf-frame-pointer" "-m64" "-Wall" "-Wextra" "-Wno-unused-parameter" "-Wuninitialized" "-DMDBX_BUILD_FLAGS=\"-O0 -ffunction-sections -fdata-sections -fPIC -g -gdwarf-4 -fno-omit-frame-pointer -mno-omit-leaf-frame-pointer -m64 -Wall -Wextra -Wno-unused-parameter -Wuninitialized\"" "-DMDBX_TXN_CHECKOWNER=0" "-DMDBX_USE_FALLOCATE=0" "-DMDBX_DEBUG=1" "-DMDBX_ENABLE_PROFGC=1" "-o" "/opt/rustwide/target/debug/build/reth-mdbx-sys/fca77fbf9e5b9e0d/out/98e59b3378c30fa4-mdbx.o" "-c" "/opt/rustwide/cargo-home/git/checkouts/reth-912a895194d1ce69/801a4d0/crates/storage/libmdbx-rs/mdbx-sys/libmdbx/mdbx.c"
[INFO] [stderr] 
[INFO] [stderr] 
[INFO] [stderr] error: could not compile `alloy-consensus` (lib)
[INFO] [stderr] 
[INFO] [stderr] Caused by:
[INFO] [stderr]   process didn't exit successfully: `/opt/rustwide/rustup-home/toolchains/3154cc1a3e6424e44f438a95007d043ed5ceaaf6/bin/rustc --crate-name alloy_consensus --edition=2021 /opt/rustwide/cargo-home/registry/src/index.crates.io-1949cf8c6b5b557f/alloy-consensus-2.4.2/src/lib.rs --error-format=json --json=diagnostic-rendered-ansi,artifacts,future-incompat,unused-externs-silent --crate-type lib --emit=dep-info,metadata -C embed-bitcode=no -C debuginfo=2 --cfg 'feature="arbitrary"' --cfg 'feature="k256"' --cfg 'feature="secp256k1"' --cfg 'feature="serde"' --cfg 'feature="std"' --check-cfg 'cfg(docsrs,test)' --check-cfg 'cfg(feature, values("arbitrary", "borsh", "crypto-backend", "default", "k256", "kzg", "secp256k1", "serde", "serde-bincode-compat", "serde_with", "std"))' -C metadata=eb69d643c8f4e6af -C extra-filename=-a954b7e9b5340d77 --out-dir /opt/rustwide/target/debug/build/alloy-consensus/a954b7e9b5340d77/out -L dependency=/opt/rustwide/target/debug/build/allocator-api2/320a7223f6faf4b8/out -L dependency=/opt/rustwide/target/debug/build/alloy-eip2124/47dd59f513ce609a/out -L dependency=/opt/rustwide/target/debug/build/alloy-eip2930/8868dbf4bd1580b6/out -L dependency=/opt/rustwide/target/debug/build/alloy-eip7702/1a464ba40a4e258d/out -L dependency=/opt/rustwide/target/debug/build/alloy-eip7928/8ff6ad724936500f/out -L dependency=/opt/rustwide/target/debug/build/alloy-primitives/fd88c1873227d2e1/out -L dependency=/opt/rustwide/target/debug/build/alloy-rlp-derive/c0458ce6fee99ff9/out -L dependency=/opt/rustwide/target/debug/build/alloy-rlp/51dcc740ba5a5ba8/out -L dependency=/opt/rustwide/target/debug/build/alloy-serde/8e7392e2d91774aa/out -L dependency=/opt/rustwide/target/debug/build/arbitrary/4a7eda1a3e28a7fb/out -L dependency=/opt/rustwide/target/debug/build/arrayvec/6a2d37f34bb2a2d8/out -L dependency=/opt/rustwide/target/debug/build/auto_impl/cd4909be7c876234/out -L dependency=/opt/rustwide/target/debug/build/base16ct/c739859802a2455c/out -L dependency=/opt/rustwide/target/debug/build/bit-set/beed8ef3a9012317/out -L dependency=/opt/rustwide/target/debug/build/bit-vec/99568281a650de7f/out -L dependency=/opt/rustwide/target/debug/build/bitflags/611021b85db1dc63/out -L dependency=/opt/rustwide/target/debug/build/block-buffer/1446e5c71e4a6fb0/out -L dependency=/opt/rustwide/target/debug/build/block-buffer/9d9f94c6513b46f0/out -L dependency=/opt/rustwide/target/debug/build/bytes/b694041ad4abc04c/out -L dependency=/opt/rustwide/target/debug/build/cfg-if/54e253622f068d0a/out -L dependency=/opt/rustwide/target/debug/build/const-hex/a2aa854fa1c3a2ce/out -L dependency=/opt/rustwide/target/debug/build/const-oid/44e5b4d64fbafe41/out -L dependency=/opt/rustwide/target/debug/build/cpufeatures/d69d304f9ccab94d/out -L dependency=/opt/rustwide/target/debug/build/crc-catalog/281fd66f15baae29/out -L dependency=/opt/rustwide/target/debug/build/crc/5722c826f5223421/out -L dependency=/opt/rustwide/target/debug/build/critical-section/eccb42b79f92499e/out -L dependency=/opt/rustwide/target/debug/build/crypto-bigint/344dc74f77db3677/out -L dependency=/opt/rustwide/target/debug/build/crypto-common/40c5fe7145449247/out -L dependency=/opt/rustwide/target/debug/build/crypto-common/57a4b503925f64cc/out -L dependency=/opt/rustwide/target/debug/build/der/7930d4259ec5cfea/out -L dependency=/opt/rustwide/target/debug/build/derive_arbitrary/b8a3cc76d85e3c45/out -L dependency=/opt/rustwide/target/debug/build/derive_more-impl/e90a2a805f27f163/out -L dependency=/opt/rustwide/target/debug/build/derive_more/af7d15a21ff99f8f/out -L dependency=/opt/rustwide/target/debug/build/digest/55506e6e34bc59f6/out -L dependency=/opt/rustwide/target/debug/build/digest/9ef9d7fd5e3e6796/out -L dependency=/opt/rustwide/target/debug/build/ecdsa/bafa131a3c029552/out -L dependency=/opt/rustwide/target/debug/build/either/87e3e6b2cdb6ccfb/out -L dependency=/opt/rustwide/target/debug/build/elliptic-curve/58cd0d9f384bcd56/out -L dependency=/opt/rustwide/target/debug/build/equivalent/53277b141c879f87/out -L dependency=/opt/rustwide/target/debug/build/fastrand/bcc29a0d1db74e44/out -L dependency=/opt/rustwide/target/debug/build/ff/5a23a09dad91e77d/out -L dependency=/opt/rustwide/target/debug/build/fnv/65440ab31d1f3d7a/out -L dependency=/opt/rustwide/target/debug/build/foldhash/090522e7774996d0/out -L dependency=/opt/rustwide/target/debug/build/generic-array/19af7a146301c0e8/out -L dependency=/opt/rustwide/target/debug/build/getrandom/387627e83f4086f7/out -L dependency=/opt/rustwide/target/debug/build/getrandom/906baea8288f571b/out -L dependency=/opt/rustwide/target/debug/build/getrandom/f0182c01435a6f4e/out -L dependency=/opt/rustwide/target/debug/build/group/386386146ddddcf1/out -L dependency=/opt/rustwide/target/debug/build/hashbrown/8b45d831a9a9695b/out -L dependency=/opt/rustwide/target/debug/build/hmac/8d9cb52e8f93d9f8/out -L dependency=/opt/rustwide/target/debug/build/hybrid-array/191ac62ccf6e1398/out -L dependency=/opt/rustwide/target/debug/build/indexmap/f6ee3759090cfec2/out -L dependency=/opt/rustwide/target/debug/build/itoa/9757112bd9972718/out -L dependency=/opt/rustwide/target/debug/build/k256/04602f8a365749d2/out -L dependency=/opt/rustwide/target/debug/build/keccak/6ec203e02475b30a/out -L dependency=/opt/rustwide/target/debug/build/libc/6c469ea5525a8374/out -L dependency=/opt/rustwide/target/debug/build/libm/2e0fe817bf4c866c/out -L dependency=/opt/rustwide/target/debug/build/linux-raw-sys/d7c2b8f3e85e9f02/out -L dependency=/opt/rustwide/target/debug/build/memchr/1dee75255e878028/out -L dependency=/opt/rustwide/target/debug/build/num-traits/01cd34f09208508c/out -L dependency=/opt/rustwide/target/debug/build/nybbles/bffb6aa662ebf74b/out -L dependency=/opt/rustwide/target/debug/build/once_cell/38f6cef8d00c96e1/out -L dependency=/opt/rustwide/target/debug/build/paste/ed0d01cb7994f7d7/out -L dependency=/opt/rustwide/target/debug/build/pin-project-lite/bc36f7de3f04be06/out -L dependency=/opt/rustwide/target/debug/build/pkcs8/ca4516e3e3ae7e85/out -L dependency=/opt/rustwide/target/debug/build/portable-atomic/453b7194305fe8c1/out -L dependency=/opt/rustwide/target/debug/build/ppv-lite86/27d5d4f7cd5cfe6a/out -L dependency=/opt/rustwide/target/debug/build/proptest-derive/7f4a7d4e4e04805c/out -L dependency=/opt/rustwide/target/debug/build/proptest-derive/94ca4e7f2bdc4cae/out -L dependency=/opt/rustwide/target/debug/build/proptest/7be98215b3c98334/out -L dependency=/opt/rustwide/target/debug/build/quick-error/3fd2f7aa78d8fbd5/out -L dependency=/opt/rustwide/target/debug/build/rand/2d52414f73cc993f/out -L dependency=/opt/rustwide/target/debug/build/rand/2db9604db69b418e/out -L dependency=/opt/rustwide/target/debug/build/rand_chacha/2e6609e4acb30b62/out -L dependency=/opt/rustwide/target/debug/build/rand_chacha/301a37feef6a3bd9/out -L dependency=/opt/rustwide/target/debug/build/rand_core/4c7b8accce7e968e/out -L dependency=/opt/rustwide/target/debug/build/rand_core/b9357b1d2b33d41c/out -L dependency=/opt/rustwide/target/debug/build/rand_xorshift/f0e415948c872f46/out -L dependency=/opt/rustwide/target/debug/build/regex-syntax/8191e3a61fa341b7/out -L dependency=/opt/rustwide/target/debug/build/rfc6979/1c18a1f32c495274/out -L dependency=/opt/rustwide/target/debug/build/ruint-macro/e40e3845fb6a17e6/out -L dependency=/opt/rustwide/target/debug/build/ruint/6404ea6947a13d67/out -L dependency=/opt/rustwide/target/debug/build/rustix/9a71efb30ab62388/out -L dependency=/opt/rustwide/target/debug/build/rusty-fork/46ece3c20544bd56/out -L dependency=/opt/rustwide/target/debug/build/sec1/f1d4c452bfa18069/out -L dependency=/opt/rustwide/target/debug/build/secp256k1-sys/28c0987891384557/out -L dependency=/opt/rustwide/target/debug/build/secp256k1-sys/50fc0a4f473c20c7/out -L dependency=/opt/rustwide/target/debug/build/secp256k1/6ea376d88d103512/out -L dependency=/opt/rustwide/target/debug/build/serde/f029dacc8f3343c8/out -L dependency=/opt/rustwide/target/debug/build/serde_core/f0a96c5bb6baa60d/out -L dependency=/opt/rustwide/target/debug/build/serde_derive/55f010398083b5ba/out -L dependency=/opt/rustwide/target/debug/build/serde_json/5ddd5e25b0e1cf18/out -L dependency=/opt/rustwide/target/debug/build/serde_with/174b912fa31cfc0d/out -L dependency=/opt/rustwide/target/debug/build/serde_with_macros/16deee8112d228d4/out -L dependency=/opt/rustwide/target/debug/build/serdect/989d10b69d0c1bb4/out -L dependency=/opt/rustwide/target/debug/build/sha2/fe032c349705f051/out -L dependency=/opt/rustwide/target/debug/build/sha3/fe5351c433b38977/out -L dependency=/opt/rustwide/target/debug/build/signature/1c0a83fcad1f2cfc/out -L dependency=/opt/rustwide/target/debug/build/smallvec/75b094375414bb52/out -L dependency=/opt/rustwide/target/debug/build/spki/9db47a0bad25831c/out -L dependency=/opt/rustwide/target/debug/build/subtle/9108c656ab3dab30/out -L dependency=/opt/rustwide/target/debug/build/tempfile/d9f285e6adb91db1/out -L dependency=/opt/rustwide/target/debug/build/thiserror-impl/3c55594619817e25/out -L dependency=/opt/rustwide/target/debug/build/thiserror/40cda61ed3a1d5e9/out -L dependency=/opt/rustwide/target/debug/build/tracing-attributes/ff2e8153264d9586/out -L dependency=/opt/rustwide/target/debug/build/tracing-core/c42749863d8b0db2/out -L dependency=/opt/rustwide/target/debug/build/tracing/0bea0c44f6c87dcb/out -L dependency=/opt/rustwide/target/debug/build/typenum/b4ecb8bd4c48de35/out -L dependency=/opt/rustwide/target/debug/build/unarray/69d933218ec98005/out -L dependency=/opt/rustwide/target/debug/build/wait-timeout/2569be4afa73ecfa/out -L dependency=/opt/rustwide/target/debug/build/zerocopy/f50dcddd0109ad84/out -L dependency=/opt/rustwide/target/debug/build/zeroize/3eac6d5ae8ba8e2f/out -L dependency=/opt/rustwide/target/debug/build/zmij/7db290db90de1c50/out --extern alloy_eips=/opt/rustwide/target/debug/build/alloy-eips/7839d6adf3d9f9f6/out/liballoy_eips-7839d6adf3d9f9f6.rmeta --extern alloy_primitives=/opt/rustwide/target/debug/build/alloy-primitives/fd88c1873227d2e1/out/liballoy_primitives-fd88c1873227d2e1.rmeta --extern alloy_rlp=/opt/rustwide/target/debug/build/alloy-rlp/51dcc740ba5a5ba8/out/liballoy_rlp-51dcc740ba5a5ba8.rmeta --extern alloy_serde=/opt/rustwide/target/debug/build/alloy-serde/8e7392e2d91774aa/out/liballoy_serde-8e7392e2d91774aa.rmeta --extern alloy_trie=/opt/rustwide/target/debug/build/alloy-trie/3209238e852d0484/out/liballoy_trie-3209238e852d0484.rmeta --extern alloy_tx_macros=/opt/rustwide/target/debug/build/alloy-tx-macros/8b6c7119b3beaa8d/out/liballoy_tx_macros-8b6c7119b3beaa8d.so --extern arbitrary=/opt/rustwide/target/debug/build/arbitrary/4a7eda1a3e28a7fb/out/libarbitrary-4a7eda1a3e28a7fb.rmeta --extern auto_impl=/opt/rustwide/target/debug/build/auto_impl/cd4909be7c876234/out/libauto_impl-cd4909be7c876234.so --extern derive_more=/opt/rustwide/target/debug/build/derive_more/af7d15a21ff99f8f/out/libderive_more-af7d15a21ff99f8f.rmeta --extern either=/opt/rustwide/target/debug/build/either/87e3e6b2cdb6ccfb/out/libeither-87e3e6b2cdb6ccfb.rmeta --extern k256=/opt/rustwide/target/debug/build/k256/04602f8a365749d2/out/libk256-04602f8a365749d2.rmeta --extern once_cell=/opt/rustwide/target/debug/build/once_cell/38f6cef8d00c96e1/out/libonce_cell-38f6cef8d00c96e1.rmeta --extern rand=/opt/rustwide/target/debug/build/rand/2db9604db69b418e/out/librand-2db9604db69b418e.rmeta --extern secp256k1=/opt/rustwide/target/debug/build/secp256k1/d998255c9b3f3213/out/libsecp256k1-d998255c9b3f3213.rmeta --extern serde=/opt/rustwide/target/debug/build/serde/f029dacc8f3343c8/out/libserde-f029dacc8f3343c8.rmeta --extern serde_json=/opt/rustwide/target/debug/build/serde_json/5ddd5e25b0e1cf18/out/libserde_json-5ddd5e25b0e1cf18.rmeta --extern thiserror=/opt/rustwide/target/debug/build/thiserror/40cda61ed3a1d5e9/out/libthiserror-40cda61ed3a1d5e9.rmeta --cap-lints allow --cap-lints=forbid -Znext-solver=coherence --force-warn=unused_crate_dependencies -L native=/opt/rustwide/target/debug/build/secp256k1-sys/2f1f5551b5bf9b93/out -L native=/opt/rustwide/target/debug/build/secp256k1-sys/aca2e6cff9d67a51/out` (signal: 9, SIGKILL: kill)
[INFO] [stderr] error: could not compile `revm-interpreter` (lib)
[INFO] [stderr] 
[INFO] [stderr] Caused by:
[INFO] [stderr]   process didn't exit successfully: `/opt/rustwide/rustup-home/toolchains/3154cc1a3e6424e44f438a95007d043ed5ceaaf6/bin/rustc --crate-name revm_interpreter --edition=2021 /opt/rustwide/cargo-home/registry/src/index.crates.io-1949cf8c6b5b557f/revm-interpreter-43.0.1/src/lib.rs --error-format=json --json=diagnostic-rendered-ansi,artifacts,future-incompat,unused-externs-silent --crate-type lib --emit=dep-info,metadata -C embed-bitcode=no -C debuginfo=2 --cfg 'feature="serde"' --cfg 'feature="std"' --check-cfg 'cfg(docsrs,test)' --check-cfg 'cfg(feature, values("arbitrary", "default", "hashbrown", "memory_limit", "serde", "std"))' -C metadata=2d83f2e4287c5dcb -C extra-filename=-f4c331bdbc2b460a --out-dir /opt/rustwide/target/debug/build/revm-interpreter/f4c331bdbc2b460a/out -L dependency=/opt/rustwide/target/debug/build/allocator-api2/320a7223f6faf4b8/out -L dependency=/opt/rustwide/target/debug/build/alloy-eip2930/8868dbf4bd1580b6/out -L dependency=/opt/rustwide/target/debug/build/alloy-eip7702/1a464ba40a4e258d/out -L dependency=/opt/rustwide/target/debug/build/alloy-eip7928/8ff6ad724936500f/out -L dependency=/opt/rustwide/target/debug/build/alloy-primitives/fd88c1873227d2e1/out -L dependency=/opt/rustwide/target/debug/build/alloy-rlp-derive/c0458ce6fee99ff9/out -L dependency=/opt/rustwide/target/debug/build/alloy-rlp/51dcc740ba5a5ba8/out -L dependency=/opt/rustwide/target/debug/build/arbitrary/4a7eda1a3e28a7fb/out -L dependency=/opt/rustwide/target/debug/build/arrayvec/6a2d37f34bb2a2d8/out -L dependency=/opt/rustwide/target/debug/build/auto_impl/cd4909be7c876234/out -L dependency=/opt/rustwide/target/debug/build/base16ct/c739859802a2455c/out -L dependency=/opt/rustwide/target/debug/build/bit-set/beed8ef3a9012317/out -L dependency=/opt/rustwide/target/debug/build/bit-vec/99568281a650de7f/out -L dependency=/opt/rustwide/target/debug/build/bitflags/611021b85db1dc63/out -L dependency=/opt/rustwide/target/debug/build/bitvec/00b414e8e9263e7e/out -L dependency=/opt/rustwide/target/debug/build/block-buffer/1446e5c71e4a6fb0/out -L dependency=/opt/rustwide/target/debug/build/block-buffer/9d9f94c6513b46f0/out -L dependency=/opt/rustwide/target/debug/build/bytes/b694041ad4abc04c/out -L dependency=/opt/rustwide/target/debug/build/cfg-if/54e253622f068d0a/out -L dependency=/opt/rustwide/target/debug/build/const-hex/a2aa854fa1c3a2ce/out -L dependency=/opt/rustwide/target/debug/build/const-oid/44e5b4d64fbafe41/out -L dependency=/opt/rustwide/target/debug/build/cpufeatures/d69d304f9ccab94d/out -L dependency=/opt/rustwide/target/debug/build/critical-section/eccb42b79f92499e/out -L dependency=/opt/rustwide/target/debug/build/crypto-bigint/344dc74f77db3677/out -L dependency=/opt/rustwide/target/debug/build/crypto-common/40c5fe7145449247/out -L dependency=/opt/rustwide/target/debug/build/crypto-common/57a4b503925f64cc/out -L dependency=/opt/rustwide/target/debug/build/der/7930d4259ec5cfea/out -L dependency=/opt/rustwide/target/debug/build/derive_arbitrary/b8a3cc76d85e3c45/out -L dependency=/opt/rustwide/target/debug/build/derive_more-impl/e90a2a805f27f163/out -L dependency=/opt/rustwide/target/debug/build/derive_more/af7d15a21ff99f8f/out -L dependency=/opt/rustwide/target/debug/build/digest/55506e6e34bc59f6/out -L dependency=/opt/rustwide/target/debug/build/digest/9ef9d7fd5e3e6796/out -L dependency=/opt/rustwide/target/debug/build/ecdsa/bafa131a3c029552/out -L dependency=/opt/rustwide/target/debug/build/either/87e3e6b2cdb6ccfb/out -L dependency=/opt/rustwide/target/debug/build/elliptic-curve/58cd0d9f384bcd56/out -L dependency=/opt/rustwide/target/debug/build/equivalent/53277b141c879f87/out -L dependency=/opt/rustwide/target/debug/build/fastrand/bcc29a0d1db74e44/out -L dependency=/opt/rustwide/target/debug/build/ff/5a23a09dad91e77d/out -L dependency=/opt/rustwide/target/debug/build/fnv/65440ab31d1f3d7a/out -L dependency=/opt/rustwide/target/debug/build/foldhash/090522e7774996d0/out -L dependency=/opt/rustwide/target/debug/build/funty/afe18b9c1a364713/out -L dependency=/opt/rustwide/target/debug/build/generic-array/19af7a146301c0e8/out -L dependency=/opt/rustwide/target/debug/build/getrandom/387627e83f4086f7/out -L dependency=/opt/rustwide/target/debug/build/getrandom/906baea8288f571b/out -L dependency=/opt/rustwide/target/debug/build/getrandom/f0182c01435a6f4e/out -L dependency=/opt/rustwide/target/debug/build/group/386386146ddddcf1/out -L dependency=/opt/rustwide/target/debug/build/hashbrown/8b45d831a9a9695b/out -L dependency=/opt/rustwide/target/debug/build/hmac/8d9cb52e8f93d9f8/out -L dependency=/opt/rustwide/target/debug/build/hybrid-array/191ac62ccf6e1398/out -L dependency=/opt/rustwide/target/debug/build/indexmap/f6ee3759090cfec2/out -L dependency=/opt/rustwide/target/debug/build/itoa/9757112bd9972718/out -L dependency=/opt/rustwide/target/debug/build/k256/04602f8a365749d2/out -L dependency=/opt/rustwide/target/debug/build/keccak/6ec203e02475b30a/out -L dependency=/opt/rustwide/target/debug/build/libc/6c469ea5525a8374/out -L dependency=/opt/rustwide/target/debug/build/libm/2e0fe817bf4c866c/out -L dependency=/opt/rustwide/target/debug/build/linux-raw-sys/d7c2b8f3e85e9f02/out -L dependency=/opt/rustwide/target/debug/build/nonmax/a1b8279dc3d86477/out -L dependency=/opt/rustwide/target/debug/build/num-traits/01cd34f09208508c/out -L dependency=/opt/rustwide/target/debug/build/once_cell/38f6cef8d00c96e1/out -L dependency=/opt/rustwide/target/debug/build/paste/ed0d01cb7994f7d7/out -L dependency=/opt/rustwide/target/debug/build/pkcs8/ca4516e3e3ae7e85/out -L dependency=/opt/rustwide/target/debug/build/portable-atomic/453b7194305fe8c1/out -L dependency=/opt/rustwide/target/debug/build/ppv-lite86/27d5d4f7cd5cfe6a/out -L dependency=/opt/rustwide/target/debug/build/proptest-derive/94ca4e7f2bdc4cae/out -L dependency=/opt/rustwide/target/debug/build/proptest/7be98215b3c98334/out -L dependency=/opt/rustwide/target/debug/build/quick-error/3fd2f7aa78d8fbd5/out -L dependency=/opt/rustwide/target/debug/build/radium/9ca7325be4e4a02a/out -L dependency=/opt/rustwide/target/debug/build/rand/2d52414f73cc993f/out -L dependency=/opt/rustwide/target/debug/build/rand/2db9604db69b418e/out -L dependency=/opt/rustwide/target/debug/build/rand_chacha/2e6609e4acb30b62/out -L dependency=/opt/rustwide/target/debug/build/rand_chacha/301a37feef6a3bd9/out -L dependency=/opt/rustwide/target/debug/build/rand_core/4c7b8accce7e968e/out -L dependency=/opt/rustwide/target/debug/build/rand_core/b9357b1d2b33d41c/out -L dependency=/opt/rustwide/target/debug/build/rand_xorshift/f0e415948c872f46/out -L dependency=/opt/rustwide/target/debug/build/regex-syntax/8191e3a61fa341b7/out -L dependency=/opt/rustwide/target/debug/build/revm-bytecode/10476390a912f55d/out -L dependency=/opt/rustwide/target/debug/build/revm-database-interface/960fba30fd936fe8/out -L dependency=/opt/rustwide/target/debug/build/revm-primitives/47a61ed294653008/out -L dependency=/opt/rustwide/target/debug/build/revm-state/c4b0803a8a85fa6f/out -L dependency=/opt/rustwide/target/debug/build/rfc6979/1c18a1f32c495274/out -L dependency=/opt/rustwide/target/debug/build/ruint-macro/e40e3845fb6a17e6/out -L dependency=/opt/rustwide/target/debug/build/ruint/6404ea6947a13d67/out -L dependency=/opt/rustwide/target/debug/build/rustix/9a71efb30ab62388/out -L dependency=/opt/rustwide/target/debug/build/rusty-fork/46ece3c20544bd56/out -L dependency=/opt/rustwide/target/debug/build/sec1/f1d4c452bfa18069/out -L dependency=/opt/rustwide/target/debug/build/secp256k1-sys/28c0987891384557/out -L dependency=/opt/rustwide/target/debug/build/secp256k1/6ea376d88d103512/out -L dependency=/opt/rustwide/target/debug/build/serde/f029dacc8f3343c8/out -L dependency=/opt/rustwide/target/debug/build/serde_core/f0a96c5bb6baa60d/out -L dependency=/opt/rustwide/target/debug/build/serde_derive/55f010398083b5ba/out -L dependency=/opt/rustwide/target/debug/build/serdect/989d10b69d0c1bb4/out -L dependency=/opt/rustwide/target/debug/build/sha2/fe032c349705f051/out -L dependency=/opt/rustwide/target/debug/build/sha3/fe5351c433b38977/out -L dependency=/opt/rustwide/target/debug/build/signature/1c0a83fcad1f2cfc/out -L dependency=/opt/rustwide/target/debug/build/spki/9db47a0bad25831c/out -L dependency=/opt/rustwide/target/debug/build/subtle/9108c656ab3dab30/out -L dependency=/opt/rustwide/target/debug/build/tap/3e66966ee826b1a4/out -L dependency=/opt/rustwide/target/debug/build/tempfile/d9f285e6adb91db1/out -L dependency=/opt/rustwide/target/debug/build/thiserror-impl/3c55594619817e25/out -L dependency=/opt/rustwide/target/debug/build/thiserror/40cda61ed3a1d5e9/out -L dependency=/opt/rustwide/target/debug/build/typenum/b4ecb8bd4c48de35/out -L dependency=/opt/rustwide/target/debug/build/unarray/69d933218ec98005/out -L dependency=/opt/rustwide/target/debug/build/wait-timeout/2569be4afa73ecfa/out -L dependency=/opt/rustwide/target/debug/build/wyz/76895a3b0c18a9ee/out -L dependency=/opt/rustwide/target/debug/build/zerocopy/f50dcddd0109ad84/out -L dependency=/opt/rustwide/target/debug/build/zeroize/3eac6d5ae8ba8e2f/out --extern bytecode=/opt/rustwide/target/debug/build/revm-bytecode/10476390a912f55d/out/librevm_bytecode-10476390a912f55d.rmeta --extern context_interface=/opt/rustwide/target/debug/build/revm-context-interface/d82bfbeb81b6d952/out/librevm_context_interface-d82bfbeb81b6d952.rmeta --extern primitives=/opt/rustwide/target/debug/build/revm-primitives/47a61ed294653008/out/librevm_primitives-47a61ed294653008.rmeta --extern state=/opt/rustwide/target/debug/build/revm-state/c4b0803a8a85fa6f/out/librevm_state-c4b0803a8a85fa6f.rmeta --extern serde=/opt/rustwide/target/debug/build/serde/f029dacc8f3343c8/out/libserde-f029dacc8f3343c8.rmeta --cap-lints allow --cap-lints=forbid -Znext-solver=coherence --force-warn=unused_crate_dependencies -L native=/opt/rustwide/target/debug/build/secp256k1-sys/2f1f5551b5bf9b93/out` (signal: 9, SIGKILL: kill)
[ERROR] error running command: no output for 300 seconds
[INFO] running `Command { std: "docker" "inspect" "f4a17ac5d4d81fc9746c617be3db4a19671fdb51da2606ef1867945466bc210b", kill_on_drop: false }`
[INFO] running `Command { std: "docker" "rm" "-f" "f4a17ac5d4d81fc9746c617be3db4a19671fdb51da2606ef1867945466bc210b", kill_on_drop: false }`
[INFO] [stdout] f4a17ac5d4d81fc9746c617be3db4a19671fdb51da2606ef1867945466bc210b
