[INFO] cloning repository https://github.com/WendyBnn/desafio-rust
[INFO] running `Command { std: "git" "-c" "credential.helper=" "-c" "credential.helper=/workspace/cargo-home/bin/git-credential-null" "clone" "--bare" "https://github.com/WendyBnn/desafio-rust" "/workspace/cache/git-repos/https%3A%2F%2Fgithub.com%2FWendyBnn%2Fdesafio-rust", kill_on_drop: false }`
[INFO] [stderr] Cloning into bare repository '/workspace/cache/git-repos/https%3A%2F%2Fgithub.com%2FWendyBnn%2Fdesafio-rust'...
[INFO] running `Command { std: "git" "rev-parse" "HEAD", kill_on_drop: false }`
[INFO] [stdout] 71d28a1c8c7956752aeceab08d3c518fe4439351
[INFO] checking WendyBnn/desafio-rust against 3154cc1a3e6424e44f438a95007d043ed5ceaaf6+rustflags=-Znext-solver=coherence for pr-133502-30
[INFO] running `Command { std: "git" "clone" "/workspace/cache/git-repos/https%3A%2F%2Fgithub.com%2FWendyBnn%2Fdesafio-rust" "/workspace/builds/worker-1-tc1/source", kill_on_drop: false }`
[INFO] [stderr] Cloning into '/workspace/builds/worker-1-tc1/source'...
[INFO] [stderr] done.
[INFO] started tweaking git repo https://github.com/WendyBnn/desafio-rust
[INFO] finished tweaking git repo https://github.com/WendyBnn/desafio-rust
[INFO] tweaked toml for git repo https://github.com/WendyBnn/desafio-rust written to /workspace/builds/worker-1-tc1/source/Cargo.toml
[INFO] validating manifest of git repo https://github.com/WendyBnn/desafio-rust on toolchain 3154cc1a3e6424e44f438a95007d043ed5ceaaf6
[INFO] running `Command { std: CARGO_HOME="/workspace/cargo-home" RUSTUP_HOME="/workspace/rustup-home" "/workspace/cargo-home/bin/cargo" "+3154cc1a3e6424e44f438a95007d043ed5ceaaf6" "metadata" "--manifest-path" "Cargo.toml" "--no-deps", kill_on_drop: false }`
[INFO] crate git repo https://github.com/WendyBnn/desafio-rust already has a lockfile, it will not be regenerated
[INFO] running `Command { std: CARGO_HOME="/workspace/cargo-home" RUSTUP_HOME="/workspace/rustup-home" "/workspace/cargo-home/bin/cargo" "+3154cc1a3e6424e44f438a95007d043ed5ceaaf6" "fetch" "--manifest-path" "Cargo.toml", kill_on_drop: false }`
[INFO] [stderr]     Updating crates.io index
[INFO] [stderr]  Downloading crates ...
[INFO] [stderr]   Downloaded wasm-bindgen v0.2.115
[INFO] [stderr]   Downloaded wasm-bindgen-shared v0.2.115
[INFO] [stderr]   Downloaded wasm-bindgen-macro v0.2.115
[INFO] [stderr]   Downloaded cpubits v0.1.0
[INFO] [stderr]   Downloaded wasm-bindgen-macro-support v0.2.115
[INFO] [stderr]   Downloaded password-auth v1.0.0
[INFO] [stderr]   Downloaded fslock v0.2.1
[INFO] [stderr]   Downloaded hybrid-array v0.4.8
[INFO] [stderr]   Downloaded jwt-simple v0.12.14
[INFO] [stderr]   Downloaded js-sys v0.3.92
[INFO] [stderr]   Downloaded aes v0.9.0-rc.4
[INFO] [stderr]   Downloaded superboring v0.1.7
[INFO] [stderr]   Downloaded insta v1.47.0
[INFO] [stderr]   Downloaded boring v4.21.2
[INFO] [stderr]   Downloaded axum-extra v0.12.5
[INFO] [stderr]   Downloaded winnow v1.0.0
[INFO] [stderr]   Downloaded boring-sys v4.21.2
[INFO] running `Command { std: "docker" "create" "-v" "/var/lib/crater-agent-workspace/builds/worker-1-tc1/source:/opt/rustwide/workdir:ro,Z" "-v" "/var/lib/crater-agent-workspace/builds/worker-1-tc1/target:/opt/rustwide/target:rw,Z" "-v" "/var/lib/crater-agent-workspace/cargo-home:/opt/rustwide/cargo-home:ro,Z" "-v" "/var/lib/crater-agent-workspace/rustup-home:/opt/rustwide/rustup-home:ro,Z" "-m" "1610612736" "--network" "none" "ghcr.io/rust-lang/crates-build-env/linux@sha256:77db811e55d90add9212f6832c23229e3de5f1c1f9905e8cb07319ea15df73ac" "sleep" "infinity", kill_on_drop: false }`
[INFO] [stdout] 6adfee432db966a2d6541c7132c37949feee9c81c643787e2ddf00c48d6ba6ac
[INFO] running `Command { std: "docker" "start" "6adfee432db966a2d6541c7132c37949feee9c81c643787e2ddf00c48d6ba6ac", kill_on_drop: false }`
[INFO] running `Command { std: "docker" "inspect" "6adfee432db966a2d6541c7132c37949feee9c81c643787e2ddf00c48d6ba6ac", kill_on_drop: false }`
[INFO] running `Command { std: "docker" "exec" "-e" "SOURCE_DIR=/opt/rustwide/workdir" "-e" "CARGO_HOME=/opt/rustwide/cargo-home" "-e" "RUSTUP_HOME=/opt/rustwide/rustup-home" "-e" "CARGO_TARGET_DIR=/opt/rustwide/target" "-w" "/opt/rustwide/workdir" "--user" "0:0" "6adfee432db966a2d6541c7132c37949feee9c81c643787e2ddf00c48d6ba6ac" "/opt/rustwide/cargo-home/bin/cargo" "+3154cc1a3e6424e44f438a95007d043ed5ceaaf6" "metadata" "--no-deps" "--format-version=1", kill_on_drop: false }`
[INFO] running `Command { std: "docker" "inspect" "6adfee432db966a2d6541c7132c37949feee9c81c643787e2ddf00c48d6ba6ac", kill_on_drop: false }`
[INFO] running `Command { std: "docker" "exec" "-e" "SOURCE_DIR=/opt/rustwide/workdir" "-e" "CARGO_HOME=/opt/rustwide/cargo-home" "-e" "RUSTUP_HOME=/opt/rustwide/rustup-home" "-e" "CARGO_TARGET_DIR=/opt/rustwide/target" "-e" "CARGO_INCREMENTAL=0" "-e" "RUST_BACKTRACE=full" "-e" "RUSTFLAGS=--cap-lints=forbid -Znext-solver=coherence" "-e" "RUSTDOCFLAGS=--cap-lints=forbid" "-w" "/opt/rustwide/workdir" "--user" "0:0" "6adfee432db966a2d6541c7132c37949feee9c81c643787e2ddf00c48d6ba6ac" "/opt/rustwide/cargo-home/bin/cargo" "+3154cc1a3e6424e44f438a95007d043ed5ceaaf6" "check" "--frozen" "--all" "--all-targets" "--message-format=json", kill_on_drop: false }`
[INFO] [stderr]    Compiling libc v0.2.183
[INFO] [stderr]    Compiling serde_core v1.0.228
[INFO] [stderr]    Compiling icu_normalizer_data v2.1.1
[INFO] [stderr]    Compiling icu_properties_data v2.1.2
[INFO] [stderr]    Compiling zerocopy v0.8.47
[INFO] [stderr]    Compiling syn v2.0.117
[INFO] [stderr]     Checking generic-array v0.14.7
[INFO] [stderr]    Compiling serde_json v1.0.149
[INFO] [stderr]     Checking log v0.4.29
[INFO] [stderr]    Compiling litemap v0.8.1
[INFO] [stderr]    Compiling writeable v0.6.2
[INFO] [stderr]     Checking pem-rfc7468 v0.7.0
[INFO] [stderr]    Compiling num-traits v0.2.19
[INFO] [stderr]    Compiling bitflags v2.11.0
[INFO] [stderr]     Checking der v0.7.10
[INFO] [stderr]     Checking futures-sink v0.3.32
[INFO] [stderr]    Compiling glob v0.3.3
[INFO] [stderr]    Compiling crossbeam-utils v0.8.21
[INFO] [stderr]    Compiling regex-syntax v0.8.10
[INFO] [stderr]    Compiling nom v7.1.3
[INFO] [stderr]    Compiling libloading v0.8.9
[INFO] [stderr]    Compiling bytes v1.11.1
[INFO] [stderr]    Compiling crypto-common v0.1.7
[INFO] [stderr]    Compiling block-buffer v0.10.4
[INFO] [stderr]    Compiling clang-sys v1.8.1
[INFO] [stderr]    Compiling digest v0.10.7
[INFO] [stderr]    Compiling bindgen v0.72.1
[INFO] [stderr]    Compiling foldhash v0.1.5
[INFO] [stderr]     Checking futures-util v0.3.32
[INFO] [stderr]    Compiling hashbrown v0.15.5
[INFO] [stderr]    Compiling tinyvec v1.11.0
[INFO] [stderr]    Compiling cc v1.2.58
[INFO] [stderr]     Checking hmac v0.12.1
[INFO] [stderr]     Checking sha2 v0.10.9
[INFO] [stderr]     Checking getrandom v0.2.17
[INFO] [stderr]     Checking mio v1.2.0
[INFO] [stderr]     Checking rand_core v0.6.4
[INFO] [stderr]     Checking socket2 v0.6.3
[INFO] [stderr]     Checking hkdf v0.12.4
[INFO] [stderr]     Checking spki v0.7.3
[INFO] [stderr]     Checking ff v0.13.1
[INFO] [stderr]     Checking pkcs8 v0.10.2
[INFO] [stderr]     Checking group v0.13.0
[INFO] [stderr]     Checking sec1 v0.7.3
[INFO] [stderr]     Checking crypto-bigint v0.5.5
[INFO] [stderr]    Compiling concurrent-queue v2.5.0
[INFO] [stderr]    Compiling tokio v1.50.0
[INFO] [stderr]     Checking http-body v1.0.1
[INFO] [stderr]    Compiling regex-automata v0.4.14
[INFO] [stderr]     Checking futures-channel v0.3.32
[INFO] [stderr]    Compiling hashbrown v0.16.1
[INFO] [stderr]    Compiling crc-catalog v2.4.0
[INFO] [stderr]    Compiling event-listener v5.4.1
[INFO] [stderr]    Compiling crc v3.4.0
[INFO] [stderr]    Compiling cmake v0.1.58
[INFO] [stderr]    Compiling hashlink v0.10.0
[INFO] [stderr]    Compiling synstructure v0.13.2
[INFO] [stderr]    Compiling cexpr v0.6.0
[INFO] [stderr]    Compiling indexmap v2.13.0
[INFO] [stderr]     Checking signature v2.2.0
[INFO] [stderr]    Compiling crossbeam-queue v0.3.12
[INFO] [stderr]    Compiling unicode-normalization v0.1.25
[INFO] [stderr]     Checking elliptic-curve v0.13.8
[INFO] [stderr]     Checking rfc6979 v0.4.0
[INFO] [stderr]    Compiling fslock v0.2.1
[INFO] [stderr]    Compiling base64 v0.22.1
[INFO] [stderr]     Checking ecdsa v0.16.9
[INFO] [stderr]    Compiling md-5 v0.10.6
[INFO] [stderr]     Checking ppv-lite86 v0.2.21
[INFO] [stderr]     Checking tracing-log v0.2.0
[INFO] [stderr]    Compiling winnow v1.0.0
[INFO] [stderr]     Checking thread_local v1.1.9
[INFO] [stderr]    Compiling home v0.5.12
[INFO] [stderr]    Compiling owo-colors v4.3.0
[INFO] [stderr]    Compiling getrandom v0.3.4
[INFO] [stderr]    Compiling regex v1.12.3
[INFO] [stderr]    Compiling whoami v1.6.1
[INFO] [stderr]     Checking sync_wrapper v1.0.2
[INFO] [stderr]    Compiling object v0.37.3
[INFO] [stderr]     Checking deranged v0.5.8
[INFO] [stderr]    Compiling time-macros v0.2.27
[INFO] [stderr]    Compiling stringprep v0.1.5
[INFO] [stderr]     Checking rand_chacha v0.3.1
[INFO] [stderr]    Compiling atoi v2.0.0
[INFO] [stderr]     Checking rand v0.8.5
[INFO] [stderr]     Checking primeorder v0.13.6
[INFO] [stderr]     Checking http-body-util v0.1.3
[INFO] [stderr]    Compiling serde_derive v1.0.228
[INFO] [stderr]    Compiling zerofrom-derive v0.1.6
[INFO] [stderr]    Compiling yoke-derive v0.8.1
[INFO] [stderr]    Compiling zerovec-derive v0.11.2
[INFO] [stderr]    Compiling displaydoc v0.2.5
[INFO] [stderr]    Compiling tracing-attributes v0.1.31
[INFO] [stderr]    Compiling tokio-macros v2.6.1
[INFO] [stderr]    Compiling thiserror-impl v2.0.18
[INFO] [stderr]    Compiling foreign-types-macros v0.2.3
[INFO] [stderr]    Compiling cookie v0.18.1
[INFO] [stderr]     Checking foreign-types-shared v0.3.1
[INFO] [stderr]    Compiling color-spantrace v0.3.0
[INFO] [stderr]    Compiling eyre v0.6.12
[INFO] [stderr]     Checking gimli v0.32.3
[INFO] [stderr]     Checking foreign-types v0.5.0
[INFO] [stderr]     Checking miniz_oxide v0.8.9
[INFO] [stderr]    Compiling axum-macros v0.5.0
[INFO] [stderr]    Compiling openssl-macros v0.1.1
[INFO] [stderr]     Checking time v0.3.47
[INFO] [stderr]     Checking serde_path_to_error v0.1.20
[INFO] [stderr]    Compiling zerofrom v0.1.6
[INFO] [stderr]    Compiling yoke v0.8.1
[INFO] [stderr]     Checking tracing v0.1.44
[INFO] [stderr]    Compiling zerovec v0.11.5
[INFO] [stderr]    Compiling zerotrie v0.2.3
[INFO] [stderr]     Checking axum-core v0.5.6
[INFO] [stderr]     Checking password-hash v0.5.0
[INFO] [stderr]     Checking blake2 v0.10.6
[INFO] [stderr]    Compiling thiserror v2.0.18
[INFO] [stderr]     Checking rustc-demangle v0.1.27
[INFO] [stderr]     Checking indenter v0.3.4
[INFO] [stderr]     Checking ct-codecs v1.1.6
[INFO] [stderr]     Checking rustix v1.1.4
[INFO] [stderr]     Checking blake2b_simd v1.0.4
[INFO] [stderr]     Checking ed25519-compact v2.2.0
[INFO] [stderr]    Compiling tokio-stream v0.1.18
[INFO] [stderr]    Compiling tinystr v0.8.2
[INFO] [stderr]    Compiling potential_utf v0.1.4
[INFO] [stderr]    Compiling icu_collections v2.1.1
[INFO] [stderr]    Compiling icu_locale_core v2.1.1
[INFO] [stderr]     Checking argon2 v0.5.3
[INFO] [stderr]     Checking getrandom v0.4.2
[INFO] [stderr]     Checking p384 v0.13.1
[INFO] [stderr]     Checking p256 v0.13.2
[INFO] [stderr]     Checking k256 v0.13.4
[INFO] [stderr]     Checking coarsetime v0.1.37
[INFO] [stderr]     Checking hmac-sha256 v1.1.14
[INFO] [stderr]     Checking hmac-sha512 v1.1.12
[INFO] [stderr]     Checking binstring v0.1.7
[INFO] [stderr]     Checking hmac-sha1-compact v1.1.7
[INFO] [stderr]     Checking password-auth v1.0.0
[INFO] [stderr]     Checking console v0.16.3
[INFO] [stderr]     Checking similar v2.7.0
[INFO] [stderr]     Checking icu_provider v2.1.1
[INFO] [stderr]     Checking icu_properties v2.1.2
[INFO] [stderr]    Compiling serde v1.0.228
[INFO] [stderr]     Checking addr2line v0.25.1
[INFO] [stderr]     Checking smallvec v1.15.1
[INFO] [stderr]     Checking either v1.15.0
[INFO] [stderr]     Checking serde_urlencoded v0.7.1
[INFO] [stderr]     Checking tempfile v3.27.0
[INFO] [stderr]     Checking insta v1.47.0
[INFO] [stderr]     Checking icu_normalizer v2.1.1
[INFO] [stderr]     Checking parking_lot_core v0.9.12
[INFO] [stderr]     Checking tracing-subscriber v0.3.23
[INFO] [stderr]     Checking parking_lot v0.12.5
[INFO] [stderr]     Checking futures-intrusive v0.5.0
[INFO] [stderr]    Compiling basic-toml v0.1.10
[INFO] [stderr]    Compiling askama_parser v0.15.6
[INFO] [stderr]    Compiling itertools v0.13.0
[INFO] [stderr]     Checking idna_adapter v1.2.1
[INFO] [stderr]     Checking idna v1.1.0
[INFO] [stderr]    Compiling url v2.5.8
[INFO] [stderr]     Checking tracing-error v0.2.1
[INFO] [stderr]     Checking backtrace v0.3.76
[INFO] [stderr]    Compiling sqlx-core v0.8.6
[INFO] [stderr]     Checking hyper v1.8.1
[INFO] [stderr]     Checking tower v0.5.3
[INFO] [stderr]     Checking color-eyre v0.6.5
[INFO] [stderr]     Checking hyper-util v0.1.20
[INFO] [stderr]     Checking axum v0.8.8
[INFO] [stderr]    Compiling askama_derive v0.15.6
[INFO] [stderr]    Compiling sqlx-postgres v0.8.6
[INFO] [stderr]     Checking axum-extra v0.12.5
[INFO] [stderr]    Compiling boring-sys v4.21.2
[INFO] [stderr]    Compiling askama_macros v0.15.6
[INFO] [stderr]     Checking askama v0.15.6
[INFO] [stderr]    Compiling sqlx-macros-core v0.8.6
[INFO] [stderr]    Compiling sqlx-macros v0.8.6
[INFO] [stderr]     Checking sqlx v0.8.6
[INFO] [stderr]     Checking boring v4.21.2
[INFO] [stderr]     Checking jwt-simple v0.12.14
[INFO] [stderr]     Checking wallet-live v0.1.0 (/opt/rustwide/workdir)
[INFO] [stdout] error: error communicating with database: Connection refused (os error 111)
[INFO] [stdout]   --> src/repository.rs:44:9
[INFO] [stdout]    |
[INFO] [stdout] 44 | /         sqlx::query_as!(
[INFO] [stdout] 45 | |             Asset,
[INFO] [stdout] 46 | |             "SELECT id, name, unit_value
[INFO] [stdout] 47 | |             FROM assets;"
[INFO] [stdout] 48 | |         )
[INFO] [stdout]    | |_________^
[INFO] [stdout]    |
[INFO] [stdout]    = note: this error originates in the macro `$crate::sqlx_macros::expand_query` which comes from the expansion of the macro `sqlx::query_as` (in Nightly builds, run with -Z macro-backtrace for more info)
[INFO] [stdout] 
[INFO] [stdout] 
[INFO] [stdout] error: error communicating with database: Connection refused (os error 111)
[INFO] [stdout]   --> src/repository.rs:54:9
[INFO] [stdout]    |
[INFO] [stdout] 54 | /         sqlx::query_as!(
[INFO] [stdout] 55 | |             Asset,
[INFO] [stdout] 56 | |             "INSERT INTO assets (name, unit_value)
[INFO] [stdout] 57 | |             VALUES ($1, $2)
[INFO] [stdout] ...  |
[INFO] [stdout] 60 | |             unit_value
[INFO] [stdout] 61 | |         )
[INFO] [stdout]    | |_________^
[INFO] [stdout]    |
[INFO] [stdout]    = note: this error originates in the macro `$crate::sqlx_macros::expand_query` which comes from the expansion of the macro `sqlx::query_as` (in Nightly builds, run with -Z macro-backtrace for more info)
[INFO] [stdout] 
[INFO] [stdout] 
[INFO] [stdout] error: error communicating with database: Connection refused (os error 111)
[INFO] [stdout]   --> src/repository.rs:72:9
[INFO] [stdout]    |
[INFO] [stdout] 72 | /         sqlx::query_as!(
[INFO] [stdout] 73 | |             Asset,
[INFO] [stdout] 74 | |             "UPDATE assets
[INFO] [stdout] 75 | |             SET name=COALESCE($2, name),
[INFO] [stdout] ...  |
[INFO] [stdout] 81 | |             unit_value
[INFO] [stdout] 82 | |         )
[INFO] [stdout]    | |_________^
[INFO] [stdout]    |
[INFO] [stdout]    = note: this error originates in the macro `$crate::sqlx_macros::expand_query` which comes from the expansion of the macro `sqlx::query_as` (in Nightly builds, run with -Z macro-backtrace for more info)
[INFO] [stdout] 
[INFO] [stdout] 
[INFO] [stdout] error: error communicating with database: Connection refused (os error 111)
[INFO] [stdout]   --> src/repository.rs:88:9
[INFO] [stdout]    |
[INFO] [stdout] 88 | /         sqlx::query_as!(
[INFO] [stdout] 89 | |             UserRecord,
[INFO] [stdout] 90 | |             "INSERT INTO users (username, password_hash)
[INFO] [stdout] 91 | |             VALUES ($1, $2)
[INFO] [stdout] ...  |
[INFO] [stdout] 94 | |             password_hash,
[INFO] [stdout] 95 | |         )
[INFO] [stdout]    | |_________^
[INFO] [stdout]    |
[INFO] [stdout]    = note: this error originates in the macro `$crate::sqlx_macros::expand_query` which comes from the expansion of the macro `sqlx::query_as` (in Nightly builds, run with -Z macro-backtrace for more info)
[INFO] [stdout] 
[INFO] [stdout] 
[INFO] [stdout] error: error communicating with database: Connection refused (os error 111)
[INFO] [stdout]    --> src/repository.rs:101:9
[INFO] [stdout]     |
[INFO] [stdout] 101 | /         sqlx::query_as!(
[INFO] [stdout] 102 | |             UserRecord,
[INFO] [stdout] 103 | |             "SELECT id, username, password_hash
[INFO] [stdout] 104 | |             FROM users
[INFO] [stdout] 105 | |             WHERE username = $1;",
[INFO] [stdout] 106 | |             username
[INFO] [stdout] 107 | |         )
[INFO] [stdout]     | |_________^
[INFO] [stdout]     |
[INFO] [stdout]     = note: this error originates in the macro `$crate::sqlx_macros::expand_query` which comes from the expansion of the macro `sqlx::query_as` (in Nightly builds, run with -Z macro-backtrace for more info)
[INFO] [stdout] 
[INFO] [stdout] 
[INFO] [stdout] warning: unused import: `Dashboard`
[INFO] [stdout]  --> src/repository.rs:8:21
[INFO] [stdout]   |
[INFO] [stdout] 8 |     models::{Asset, Dashboard, UserRecord},
[INFO] [stdout]   |                     ^^^^^^^^^
[INFO] [stdout]   |
[INFO] [stdout]   = note: `#[warn(unused_imports)]` (part of `#[warn(unused)]`) on by default
[INFO] [stdout] 
[INFO] [stdout] 
[INFO] [stdout] error: error communicating with database: Connection refused (os error 111)
[INFO] [stdout]   --> src/repository.rs:44:9
[INFO] [stdout]    |
[INFO] [stdout] 44 | /         sqlx::query_as!(
[INFO] [stdout] 45 | |             Asset,
[INFO] [stdout] 46 | |             "SELECT id, name, unit_value
[INFO] [stdout] 47 | |             FROM assets;"
[INFO] [stdout] 48 | |         )
[INFO] [stdout]    | |_________^
[INFO] [stdout]    |
[INFO] [stdout]    = note: this error originates in the macro `$crate::sqlx_macros::expand_query` which comes from the expansion of the macro `sqlx::query_as` (in Nightly builds, run with -Z macro-backtrace for more info)
[INFO] [stdout] 
[INFO] [stdout] 
[INFO] [stdout] error: error communicating with database: Connection refused (os error 111)
[INFO] [stdout]   --> src/repository.rs:54:9
[INFO] [stdout]    |
[INFO] [stdout] 54 | /         sqlx::query_as!(
[INFO] [stdout] 55 | |             Asset,
[INFO] [stdout] 56 | |             "INSERT INTO assets (name, unit_value)
[INFO] [stdout] 57 | |             VALUES ($1, $2)
[INFO] [stdout] ...  |
[INFO] [stdout] 60 | |             unit_value
[INFO] [stdout] 61 | |         )
[INFO] [stdout]    | |_________^
[INFO] [stdout]    |
[INFO] [stdout]    = note: this error originates in the macro `$crate::sqlx_macros::expand_query` which comes from the expansion of the macro `sqlx::query_as` (in Nightly builds, run with -Z macro-backtrace for more info)
[INFO] [stdout] 
[INFO] [stdout] 
[INFO] [stdout] error: error communicating with database: Connection refused (os error 111)
[INFO] [stdout]   --> src/repository.rs:72:9
[INFO] [stdout]    |
[INFO] [stdout] 72 | /         sqlx::query_as!(
[INFO] [stdout] 73 | |             Asset,
[INFO] [stdout] 74 | |             "UPDATE assets
[INFO] [stdout] 75 | |             SET name=COALESCE($2, name),
[INFO] [stdout] ...  |
[INFO] [stdout] 81 | |             unit_value
[INFO] [stdout] 82 | |         )
[INFO] [stdout]    | |_________^
[INFO] [stdout]    |
[INFO] [stdout]    = note: this error originates in the macro `$crate::sqlx_macros::expand_query` which comes from the expansion of the macro `sqlx::query_as` (in Nightly builds, run with -Z macro-backtrace for more info)
[INFO] [stdout] 
[INFO] [stdout] 
[INFO] [stdout] error: error communicating with database: Connection refused (os error 111)
[INFO] [stdout]   --> src/repository.rs:88:9
[INFO] [stdout]    |
[INFO] [stdout] 88 | /         sqlx::query_as!(
[INFO] [stdout] 89 | |             UserRecord,
[INFO] [stdout] 90 | |             "INSERT INTO users (username, password_hash)
[INFO] [stdout] 91 | |             VALUES ($1, $2)
[INFO] [stdout] ...  |
[INFO] [stdout] 94 | |             password_hash,
[INFO] [stdout] 95 | |         )
[INFO] [stdout]    | |_________^
[INFO] [stdout]    |
[INFO] [stdout]    = note: this error originates in the macro `$crate::sqlx_macros::expand_query` which comes from the expansion of the macro `sqlx::query_as` (in Nightly builds, run with -Z macro-backtrace for more info)
[INFO] [stdout] 
[INFO] [stdout] 
[INFO] [stdout] error: error communicating with database: Connection refused (os error 111)
[INFO] [stdout]    --> src/repository.rs:101:9
[INFO] [stdout]     |
[INFO] [stdout] 101 | /         sqlx::query_as!(
[INFO] [stdout] 102 | |             UserRecord,
[INFO] [stdout] 103 | |             "SELECT id, username, password_hash
[INFO] [stdout] 104 | |             FROM users
[INFO] [stdout] 105 | |             WHERE username = $1;",
[INFO] [stdout] 106 | |             username
[INFO] [stdout] 107 | |         )
[INFO] [stdout]     | |_________^
[INFO] [stdout]     |
[INFO] [stdout]     = note: this error originates in the macro `$crate::sqlx_macros::expand_query` which comes from the expansion of the macro `sqlx::query_as` (in Nightly builds, run with -Z macro-backtrace for more info)
[INFO] [stdout] 
[INFO] [stdout] 
[INFO] [stdout] warning: unused import: `Dashboard`
[INFO] [stdout]  --> src/repository.rs:8:21
[INFO] [stdout]   |
[INFO] [stdout] 8 |     models::{Asset, Dashboard, UserRecord},
[INFO] [stdout]   |                     ^^^^^^^^^
[INFO] [stdout]   |
[INFO] [stdout]   = note: `#[warn(unused_imports)]` (part of `#[warn(unused)]`) on by default
[INFO] [stdout] 
[INFO] [stdout] 
[INFO] [stderr] error: could not compile `wallet-live` (bin "wallet-live") due to 5 previous errors; 1 warning emitted
[INFO] [stderr] warning: build failed, waiting for other jobs to finish...
[INFO] [stderr] error: could not compile `wallet-live` (bin "wallet-live" test) due to 5 previous errors; 1 warning emitted
[INFO] running `Command { std: "docker" "inspect" "6adfee432db966a2d6541c7132c37949feee9c81c643787e2ddf00c48d6ba6ac", kill_on_drop: false }`
[INFO] running `Command { std: "docker" "rm" "-f" "6adfee432db966a2d6541c7132c37949feee9c81c643787e2ddf00c48d6ba6ac", kill_on_drop: false }`
[INFO] [stdout] 6adfee432db966a2d6541c7132c37949feee9c81c643787e2ddf00c48d6ba6ac
